Jun 21 15:56:38.841979 dv-cinder-763306-12-smb devstack@c-api.service[107006]: DEBUG cinder.api.openstack.wsgi [None req-3e61d7a1-a19a-4319-bf2a-b2ad8d829a18 tempest-AttachVolumeNegativeTest-1304719114 tempest-AttachVolumeNegativeTest-1304719114-project] Empty body provided in request {{(pid=107006) get_body /opt/stack/cinder/cinder/api/openstack/wsgi.py:713}}
Jun 21 15:56:38.845620 dv-cinder-763306-12-smb devstack@c-api.service[107006]: DEBUG cinder.api.openstack.wsgi [None req-3e61d7a1-a19a-4319-bf2a-b2ad8d829a18 tempest-AttachVolumeNegativeTest-1304719114 tempest-AttachVolumeNegativeTest-1304719114-project] Calling method 'show' {{(pid=107006) _process_stack /opt/stack/cinder/cinder/api/openstack/wsgi.py:866}}
Jun 21 15:56:38.856338 dv-cinder-763306-12-smb devstack@c-api.service[107006]: /usr/local/lib/python3.8/dist-packages/oslo_context/context.py:105: DeprecationWarning: Policy enforcement is depending on the value of is_admin. This key is deprecated. Please update your policy file to use the standard policy values.
Jun 21 15:56:38.856338 dv-cinder-763306-12-smb devstack@c-api.service[107006]: warnings.warn('Policy enforcement is depending on the value of '
Jun 21 15:56:38.863832 dv-cinder-763306-12-smb devstack@c-api.service[107006]: INFO cinder.volume.api [None req-3e61d7a1-a19a-4319-bf2a-b2ad8d829a18 tempest-AttachVolumeNegativeTest-1304719114 tempest-AttachVolumeNegativeTest-1304719114-project] Volume info retrieved successfully.
Jun 21 15:56:38.865839 dv-cinder-763306-12-smb devstack@c-api.service[107007]: INFO cinder.api.openstack.wsgi [req-923222a0-71e7-4cf0-aa56-25d0c153078d req-c5281180-dfd3-48d4-89e1-7265b4e94490 tempest-DeleteServersTestJSON-1497588584 tempest-DeleteServersTestJSON-1497588584-project] http://10.222.0.64/volume/v3/9aa0b010f1cb41fea8bb75fbe55eb99d/attachments returned with HTTP 200
Jun 21 15:56:38.866862 dv-cinder-763306-12-smb devstack@c-api.service[107007]: [pid: 107007|app: 0|req: 129/279] 10.222.0.64 () {66 vars in 1575 bytes} [Mon Jun 21 15:56:38 2021] POST /volume/v3/9aa0b010f1cb41fea8bb75fbe55eb99d/attachments => generated 273 bytes in 456 msecs (HTTP/1.1 200) 7 headers in 286 bytes (1 switches on core 0)
Jun 21 15:56:38.870896 dv-cinder-763306-12-smb devstack@c-api.service[107007]: INFO cinder.api.openstack.wsgi [None req-786308f9-f236-4760-8319-64c632f9d574 tempest-GroupSnapshotsTest-1304524614 tempest-GroupSnapshotsTest-1304524614-project] GET http://10.222.0.64/volume/v3/98d52ce199ba4a2a943f81b9f43effa4/group_snapshots/c3a2b311-bbf2-43c1-921c-09630cbefc2c
Jun 21 15:56:38.874367 dv-cinder-763306-12-smb devstack@c-api.service[107007]: DEBUG cinder.api.openstack.wsgi [None req-786308f9-f236-4760-8319-64c632f9d574 tempest-GroupSnapshotsTest-1304524614 tempest-GroupSnapshotsTest-1304524614-project] Empty body provided in request {{(pid=107007) get_body /opt/stack/cinder/cinder/api/openstack/wsgi.py:713}}
Jun 21 15:56:38.874367 dv-cinder-763306-12-smb devstack@c-api.service[107007]: /usr/local/lib/python3.8/dist-packages/webob/acceptparse.py:1047: DeprecationWarning: The behavior of AcceptValidHeader.best_match is currently being maintained for backward compatibility, but it will be deprecated in the future, as it does not conform to the RFC.
Jun 21 15:56:38.874367 dv-cinder-763306-12-smb devstack@c-api.service[107007]: warnings.warn(
Jun 21 15:56:38.874367 dv-cinder-763306-12-smb devstack@c-api.service[107007]: DEBUG cinder.api.openstack.wsgi [None req-786308f9-f236-4760-8319-64c632f9d574 tempest-GroupSnapshotsTest-1304524614 tempest-GroupSnapshotsTest-1304524614-project] Calling method 'version_select' {{(pid=107007) _process_stack /opt/stack/cinder/cinder/api/openstack/wsgi.py:866}}
Jun 21 15:56:38.874367 dv-cinder-763306-12-smb devstack@c-api.service[107007]: DEBUG cinder.api.v3.group_snapshots [None req-786308f9-f236-4760-8319-64c632f9d574 tempest-GroupSnapshotsTest-1304524614 tempest-GroupSnapshotsTest-1304524614-project] show called for member c3a2b311-bbf2-43c1-921c-09630cbefc2c {{(pid=107007) show /opt/stack/cinder/cinder/api/v3/group_snapshots.py:58}}
Jun 21 15:56:38.879920 dv-cinder-763306-12-smb devstack@c-api.service[107006]: INFO cinder.api.openstack.wsgi [None req-3e61d7a1-a19a-4319-bf2a-b2ad8d829a18 tempest-AttachVolumeNegativeTest-1304719114 tempest-AttachVolumeNegativeTest-1304719114-project] http://10.222.0.64/volume/v3/1893632e35254e73b86c45b54a5ed478/volumes/6aee580e-48b9-4e7b-88ff-6adba477000a returned with HTTP 200
Jun 21 15:56:38.881349 dv-cinder-763306-12-smb devstack@c-api.service[107006]: [pid: 107006|app: 0|req: 151/280] 10.222.0.64 () {58 vars in 1325 bytes} [Mon Jun 21 15:56:38 2021] GET /volume/v3/1893632e35254e73b86c45b54a5ed478/volumes/6aee580e-48b9-4e7b-88ff-6adba477000a => generated 915 bytes in 43 msecs (HTTP/1.1 200) 7 headers in 285 bytes (1 switches on core 0)
Jun 21 15:56:38.883259 dv-cinder-763306-12-smb devstack@c-api.service[107007]: /usr/local/lib/python3.8/dist-packages/oslo_context/context.py:105: DeprecationWarning: Policy enforcement is depending on the value of is_admin. This key is deprecated. Please update your policy file to use the standard policy values.
Jun 21 15:56:38.883259 dv-cinder-763306-12-smb devstack@c-api.service[107007]: warnings.warn('Policy enforcement is depending on the value of '
Jun 21 15:56:38.886864 dv-cinder-763306-12-smb devstack@c-api.service[107006]: INFO cinder.api.openstack.wsgi [None req-7e32ab82-01d2-468f-835b-0c08f50cac02 tempest-VolumeTypesExtraSpecsTest-1225046241 tempest-VolumeTypesExtraSpecsTest-1225046241-project-admin] PUT http://10.222.0.64/volume/v3/3dfee35f707145e5a7e39599a86c0007/types/e628fc6e-4947-45bb-9ae1-48fe63127757/extra_specs/spec2
Jun 21 15:56:38.887248 dv-cinder-763306-12-smb devstack@c-api.service[107006]: /usr/local/lib/python3.8/dist-packages/webob/acceptparse.py:1047: DeprecationWarning: The behavior of AcceptValidHeader.best_match is currently being maintained for backward compatibility, but it will be deprecated in the future, as it does not conform to the RFC.
Jun 21 15:56:38.887248 dv-cinder-763306-12-smb devstack@c-api.service[107006]: warnings.warn(
Jun 21 15:56:38.887609 dv-cinder-763306-12-smb devstack@c-api.service[107006]: DEBUG cinder.api.openstack.wsgi [None req-7e32ab82-01d2-468f-835b-0c08f50cac02 tempest-VolumeTypesExtraSpecsTest-1225046241 tempest-VolumeTypesExtraSpecsTest-1225046241-project-admin] Action: 'update', calling method: update, body: {"spec2": "val2"} {{(pid=107006) _process_stack /opt/stack/cinder/cinder/api/openstack/wsgi.py:864}}
Jun 21 15:56:38.896029 dv-cinder-763306-12-smb devstack@c-api.service[107007]: INFO cinder.api.openstack.wsgi [None req-786308f9-f236-4760-8319-64c632f9d574 tempest-GroupSnapshotsTest-1304524614 tempest-GroupSnapshotsTest-1304524614-project] http://10.222.0.64/volume/v3/98d52ce199ba4a2a943f81b9f43effa4/group_snapshots/c3a2b311-bbf2-43c1-921c-09630cbefc2c returned with HTTP 200
Jun 21 15:56:38.897190 dv-cinder-763306-12-smb devstack@c-api.service[107007]: [pid: 107007|app: 0|req: 130/281] 10.222.0.64 () {60 vars in 1390 bytes} [Mon Jun 21 15:56:38 2021] GET /volume/v3/98d52ce199ba4a2a943f81b9f43effa4/group_snapshots/c3a2b311-bbf2-43c1-921c-09630cbefc2c => generated 308 bytes in 30 msecs (HTTP/1.1 200) 7 headers in 286 bytes (1 switches on core 0)
Jun 21 15:56:38.907208 dv-cinder-763306-12-smb devstack@c-api.service[107007]: INFO cinder.api.openstack.wsgi [None req-e9c54996-3d10-42be-ac85-969c8ed798d9 tempest-GroupSnapshotsTest-1304524614 tempest-GroupSnapshotsTest-1304524614-project] GET http://10.222.0.64/volume/v3/98d52ce199ba4a2a943f81b9f43effa4/snapshots/detail
Jun 21 15:56:38.907660 dv-cinder-763306-12-smb devstack@c-api.service[107007]: DEBUG cinder.api.openstack.wsgi [None req-e9c54996-3d10-42be-ac85-969c8ed798d9 tempest-GroupSnapshotsTest-1304524614 tempest-GroupSnapshotsTest-1304524614-project] Empty body provided in request {{(pid=107007) get_body /opt/stack/cinder/cinder/api/openstack/wsgi.py:713}}
Jun 21 15:56:38.907851 dv-cinder-763306-12-smb devstack@c-api.service[107007]: /usr/local/lib/python3.8/dist-packages/webob/acceptparse.py:1047: DeprecationWarning: The behavior of AcceptValidHeader.best_match is currently being maintained for backward compatibility, but it will be deprecated in the future, as it does not conform to the RFC.
Jun 21 15:56:38.907851 dv-cinder-763306-12-smb devstack@c-api.service[107007]: warnings.warn(
Jun 21 15:56:38.908151 dv-cinder-763306-12-smb devstack@c-api.service[107007]: DEBUG cinder.api.openstack.wsgi [None req-e9c54996-3d10-42be-ac85-969c8ed798d9 tempest-GroupSnapshotsTest-1304524614 tempest-GroupSnapshotsTest-1304524614-project] Calling method 'detail' {{(pid=107007) _process_stack /opt/stack/cinder/cinder/api/openstack/wsgi.py:866}}
Jun 21 15:56:38.908770 dv-cinder-763306-12-smb devstack@c-api.service[107007]: DEBUG cinder.api.api_utils [None req-e9c54996-3d10-42be-ac85-969c8ed798d9 tempest-GroupSnapshotsTest-1304524614 tempest-GroupSnapshotsTest-1304524614-project] Removing options '' from query. {{(pid=107007) remove_invalid_filter_options /opt/stack/cinder/cinder/api/api_utils.py:73}}
Jun 21 15:56:38.910920 dv-cinder-763306-12-smb devstack@c-api.service[107007]: DEBUG cinder.db.sqlalchemy.api [None req-e9c54996-3d10-42be-ac85-969c8ed798d9 tempest-GroupSnapshotsTest-1304524614 tempest-GroupSnapshotsTest-1304524614-project] Building query based on filter {{(pid=107007) _process_snaps_filters /opt/stack/cinder/cinder/db/sqlalchemy/api.py:3138}}
Jun 21 15:56:38.917315 dv-cinder-763306-12-smb devstack@c-api.service[107007]: INFO cinder.volume.api [None req-e9c54996-3d10-42be-ac85-969c8ed798d9 tempest-GroupSnapshotsTest-1304524614 tempest-GroupSnapshotsTest-1304524614-project] Get all snapshots completed successfully.
Jun 21 15:56:38.918129 dv-cinder-763306-12-smb devstack@c-api.service[107007]: /usr/local/lib/python3.8/dist-packages/oslo_context/context.py:105: DeprecationWarning: Policy enforcement is depending on the value of is_admin. This key is deprecated. Please update your policy file to use the standard policy values.
Jun 21 15:56:38.918129 dv-cinder-763306-12-smb devstack@c-api.service[107007]: warnings.warn('Policy enforcement is depending on the value of '
Jun 21 15:56:38.919269 dv-cinder-763306-12-smb devstack@c-api.service[107007]: INFO cinder.api.openstack.wsgi [None req-e9c54996-3d10-42be-ac85-969c8ed798d9 tempest-GroupSnapshotsTest-1304524614 tempest-GroupSnapshotsTest-1304524614-project] http://10.222.0.64/volume/v3/98d52ce199ba4a2a943f81b9f43effa4/snapshots/detail returned with HTTP 200
Jun 21 15:56:38.919991 dv-cinder-763306-12-smb devstack@c-api.service[107007]: [pid: 107007|app: 0|req: 131/282] 10.222.0.64 () {58 vars in 1241 bytes} [Mon Jun 21 15:56:38 2021] GET /volume/v3/98d52ce199ba4a2a943f81b9f43effa4/snapshots/detail => generated 520 bytes in 17 msecs (HTTP/1.1 200) 7 headers in 285 bytes (1 switches on core 0)
Jun 21 15:56:38.930645 dv-cinder-763306-12-smb devstack@c-api.service[107007]: INFO cinder.api.openstack.wsgi [None req-84b53d56-2054-4dd9-9e6b-23181dddfb0f tempest-GroupSnapshotsTest-1304524614 tempest-GroupSnapshotsTest-1304524614-project] GET http://10.222.0.64/volume/v3/98d52ce199ba4a2a943f81b9f43effa4/snapshots/999598df-c825-4388-a116-1e96096684ab
Jun 21 15:56:38.931092 dv-cinder-763306-12-smb devstack@c-api.service[107007]: DEBUG cinder.api.openstack.wsgi [None req-84b53d56-2054-4dd9-9e6b-23181dddfb0f tempest-GroupSnapshotsTest-1304524614 tempest-GroupSnapshotsTest-1304524614-project] Empty body provided in request {{(pid=107007) get_body /opt/stack/cinder/cinder/api/openstack/wsgi.py:713}}
Jun 21 15:56:38.931260 dv-cinder-763306-12-smb devstack@c-api.service[107007]: /usr/local/lib/python3.8/dist-packages/webob/acceptparse.py:1047: DeprecationWarning: The behavior of AcceptValidHeader.best_match is currently being maintained for backward compatibility, but it will be deprecated in the future, as it does not conform to the RFC.
Jun 21 15:56:38.931260 dv-cinder-763306-12-smb devstack@c-api.service[107007]: warnings.warn(
Jun 21 15:56:38.931581 dv-cinder-763306-12-smb devstack@c-api.service[107007]: DEBUG cinder.api.openstack.wsgi [None req-84b53d56-2054-4dd9-9e6b-23181dddfb0f tempest-GroupSnapshotsTest-1304524614 tempest-GroupSnapshotsTest-1304524614-project] Calling method 'show' {{(pid=107007) _process_stack /opt/stack/cinder/cinder/api/openstack/wsgi.py:866}}
Jun 21 15:56:38.940881 dv-cinder-763306-12-smb devstack@c-api.service[107007]: /usr/local/lib/python3.8/dist-packages/oslo_context/context.py:105: DeprecationWarning: Policy enforcement is depending on the value of is_admin. This key is deprecated. Please update your policy file to use the standard policy values.
Jun 21 15:56:38.940881 dv-cinder-763306-12-smb devstack@c-api.service[107007]: warnings.warn('Policy enforcement is depending on the value of '
Jun 21 15:56:38.941901 dv-cinder-763306-12-smb devstack@c-api.service[107007]: INFO cinder.volume.api [None req-84b53d56-2054-4dd9-9e6b-23181dddfb0f tempest-GroupSnapshotsTest-1304524614 tempest-GroupSnapshotsTest-1304524614-project] Snapshot retrieved successfully.
Jun 21 15:56:38.944366 dv-cinder-763306-12-smb devstack@c-api.service[107007]: INFO cinder.api.openstack.wsgi [None req-84b53d56-2054-4dd9-9e6b-23181dddfb0f tempest-GroupSnapshotsTest-1304524614 tempest-GroupSnapshotsTest-1304524614-project] http://10.222.0.64/volume/v3/98d52ce199ba4a2a943f81b9f43effa4/snapshots/999598df-c825-4388-a116-1e96096684ab returned with HTTP 200
Jun 21 15:56:38.945085 dv-cinder-763306-12-smb devstack@c-api.service[107007]: [pid: 107007|app: 0|req: 132/283] 10.222.0.64 () {58 vars in 1331 bytes} [Mon Jun 21 15:56:38 2021] GET /volume/v3/98d52ce199ba4a2a943f81b9f43effa4/snapshots/999598df-c825-4388-a116-1e96096684ab => generated 517 bytes in 19 msecs (HTTP/1.1 200) 7 headers in 285 bytes (2 switches on core 0)
Jun 21 15:56:38.954623 dv-cinder-763306-12-smb devstack@c-api.service[107007]: INFO cinder.api.openstack.wsgi [None req-f4341871-5714-4cad-88c7-1c11955c0f0f tempest-GroupSnapshotsTest-1304524614 tempest-GroupSnapshotsTest-1304524614-project] GET http://10.222.0.64/volume/v3/98d52ce199ba4a2a943f81b9f43effa4/group_snapshots/c3a2b311-bbf2-43c1-921c-09630cbefc2c
Jun 21 15:56:38.955112 dv-cinder-763306-12-smb devstack@c-api.service[107007]: DEBUG cinder.api.openstack.wsgi [None req-f4341871-5714-4cad-88c7-1c11955c0f0f tempest-GroupSnapshotsTest-1304524614 tempest-GroupSnapshotsTest-1304524614-project] Empty body provided in request {{(pid=107007) get_body /opt/stack/cinder/cinder/api/openstack/wsgi.py:713}}
Jun 21 15:56:38.955279 dv-cinder-763306-12-smb devstack@c-api.service[107007]: /usr/local/lib/python3.8/dist-packages/webob/acceptparse.py:1047: DeprecationWarning: The behavior of AcceptValidHeader.best_match is currently being maintained for backward compatibility, but it will be deprecated in the future, as it does not conform to the RFC.
Jun 21 15:56:38.955279 dv-cinder-763306-12-smb devstack@c-api.service[107007]: warnings.warn(
Jun 21 15:56:38.955601 dv-cinder-763306-12-smb devstack@c-api.service[107007]: DEBUG cinder.api.openstack.wsgi [None req-f4341871-5714-4cad-88c7-1c11955c0f0f tempest-GroupSnapshotsTest-1304524614 tempest-GroupSnapshotsTest-1304524614-project] Calling method 'version_select' {{(pid=107007) _process_stack /opt/stack/cinder/cinder/api/openstack/wsgi.py:866}}
Jun 21 15:56:38.956025 dv-cinder-763306-12-smb devstack@c-api.service[107007]: DEBUG cinder.api.v3.group_snapshots [None req-f4341871-5714-4cad-88c7-1c11955c0f0f tempest-GroupSnapshotsTest-1304524614 tempest-GroupSnapshotsTest-1304524614-project] show called for member c3a2b311-bbf2-43c1-921c-09630cbefc2c {{(pid=107007) show /opt/stack/cinder/cinder/api/v3/group_snapshots.py:58}}
Jun 21 15:56:38.960955 dv-cinder-763306-12-smb devstack@c-api.service[107007]: /usr/local/lib/python3.8/dist-packages/oslo_context/context.py:105: DeprecationWarning: Policy enforcement is depending on the value of is_admin. This key is deprecated. Please update your policy file to use the standard policy values.
Jun 21 15:56:38.960955 dv-cinder-763306-12-smb devstack@c-api.service[107007]: warnings.warn('Policy enforcement is depending on the value of '
Jun 21 15:56:38.966639 dv-cinder-763306-12-smb devstack@c-api.service[107007]: INFO cinder.api.openstack.wsgi [None req-f4341871-5714-4cad-88c7-1c11955c0f0f tempest-GroupSnapshotsTest-1304524614 tempest-GroupSnapshotsTest-1304524614-project] http://10.222.0.64/volume/v3/98d52ce199ba4a2a943f81b9f43effa4/group_snapshots/c3a2b311-bbf2-43c1-921c-09630cbefc2c returned with HTTP 200
Jun 21 15:56:38.967392 dv-cinder-763306-12-smb devstack@c-api.service[107007]: [pid: 107007|app: 0|req: 133/284] 10.222.0.64 () {60 vars in 1390 bytes} [Mon Jun 21 15:56:38 2021] GET /volume/v3/98d52ce199ba4a2a943f81b9f43effa4/group_snapshots/c3a2b311-bbf2-43c1-921c-09630cbefc2c => generated 308 bytes in 16 msecs (HTTP/1.1 200) 7 headers in 286 bytes (2 switches on core 0)
Jun 21 15:56:38.975877 dv-cinder-763306-12-smb devstack@c-api.service[107007]: INFO cinder.api.openstack.wsgi [None req-3e42a3f9-fa67-4e76-ab9c-2a1bb92784fc tempest-GroupSnapshotsTest-1304524614 tempest-GroupSnapshotsTest-1304524614-project] GET http://10.222.0.64/volume/v3/98d52ce199ba4a2a943f81b9f43effa4/group_snapshots/detail
Jun 21 15:56:38.976424 dv-cinder-763306-12-smb devstack@c-api.service[107007]: DEBUG cinder.api.openstack.wsgi [None req-3e42a3f9-fa67-4e76-ab9c-2a1bb92784fc tempest-GroupSnapshotsTest-1304524614 tempest-GroupSnapshotsTest-1304524614-project] Empty body provided in request {{(pid=107007) get_body /opt/stack/cinder/cinder/api/openstack/wsgi.py:713}}
Jun 21 15:56:38.976598 dv-cinder-763306-12-smb devstack@c-api.service[107007]: /usr/local/lib/python3.8/dist-packages/webob/acceptparse.py:1047: DeprecationWarning: The behavior of AcceptValidHeader.best_match is currently being maintained for backward compatibility, but it will be deprecated in the future, as it does not conform to the RFC.
Jun 21 15:56:38.976598 dv-cinder-763306-12-smb devstack@c-api.service[107007]: warnings.warn(
Jun 21 15:56:38.976918 dv-cinder-763306-12-smb devstack@c-api.service[107007]: DEBUG cinder.api.openstack.wsgi [None req-3e42a3f9-fa67-4e76-ab9c-2a1bb92784fc tempest-GroupSnapshotsTest-1304524614 tempest-GroupSnapshotsTest-1304524614-project] Calling method 'version_select' {{(pid=107007) _process_stack /opt/stack/cinder/cinder/api/openstack/wsgi.py:866}}
Jun 21 15:56:38.990108 dv-cinder-763306-12-smb devstack@c-api.service[107007]: INFO cinder.api.openstack.wsgi [None req-3e42a3f9-fa67-4e76-ab9c-2a1bb92784fc tempest-GroupSnapshotsTest-1304524614 tempest-GroupSnapshotsTest-1304524614-project] http://10.222.0.64/volume/v3/98d52ce199ba4a2a943f81b9f43effa4/group_snapshots/detail returned with HTTP 200
Jun 21 15:56:38.990741 dv-cinder-763306-12-smb devstack@c-api.service[107007]: [pid: 107007|app: 0|req: 134/285] 10.222.0.64 () {60 vars in 1300 bytes} [Mon Jun 21 15:56:38 2021] GET /volume/v3/98d52ce199ba4a2a943f81b9f43effa4/group_snapshots/detail => generated 311 bytes in 18 msecs (HTTP/1.1 200) 7 headers in 286 bytes (2 switches on core 0)
Jun 21 15:56:39.000033 dv-cinder-763306-12-smb devstack@c-api.service[107007]: INFO cinder.api.openstack.wsgi [None req-3bb85a76-3bed-4606-beb7-9fae10b8123c tempest-GroupSnapshotsTest-1304524614 tempest-GroupSnapshotsTest-1304524614-project] DELETE http://10.222.0.64/volume/v3/98d52ce199ba4a2a943f81b9f43effa4/group_snapshots/c3a2b311-bbf2-43c1-921c-09630cbefc2c
Jun 21 15:56:39.000525 dv-cinder-763306-12-smb devstack@c-api.service[107007]: DEBUG cinder.api.openstack.wsgi [None req-3bb85a76-3bed-4606-beb7-9fae10b8123c tempest-GroupSnapshotsTest-1304524614 tempest-GroupSnapshotsTest-1304524614-project] Empty body provided in request {{(pid=107007) get_body /opt/stack/cinder/cinder/api/openstack/wsgi.py:713}}
Jun 21 15:56:39.000695 dv-cinder-763306-12-smb devstack@c-api.service[107007]: /usr/local/lib/python3.8/dist-packages/webob/acceptparse.py:1047: DeprecationWarning: The behavior of AcceptValidHeader.best_match is currently being maintained for backward compatibility, but it will be deprecated in the future, as it does not conform to the RFC.
Jun 21 15:56:39.000695 dv-cinder-763306-12-smb devstack@c-api.service[107007]: warnings.warn(
Jun 21 15:56:39.001018 dv-cinder-763306-12-smb devstack@c-api.service[107007]: DEBUG cinder.api.openstack.wsgi [None req-3bb85a76-3bed-4606-beb7-9fae10b8123c tempest-GroupSnapshotsTest-1304524614 tempest-GroupSnapshotsTest-1304524614-project] Calling method 'version_select' {{(pid=107007) _process_stack /opt/stack/cinder/cinder/api/openstack/wsgi.py:866}}
Jun 21 15:56:39.001400 dv-cinder-763306-12-smb devstack@c-api.service[107007]: DEBUG cinder.api.v3.group_snapshots [None req-3bb85a76-3bed-4606-beb7-9fae10b8123c tempest-GroupSnapshotsTest-1304524614 tempest-GroupSnapshotsTest-1304524614-project] delete called for member c3a2b311-bbf2-43c1-921c-09630cbefc2c {{(pid=107007) delete /opt/stack/cinder/cinder/api/v3/group_snapshots.py:72}}
Jun 21 15:56:39.001696 dv-cinder-763306-12-smb devstack@c-api.service[107007]: INFO cinder.api.v3.group_snapshots [None req-3bb85a76-3bed-4606-beb7-9fae10b8123c tempest-GroupSnapshotsTest-1304524614 tempest-GroupSnapshotsTest-1304524614-project] Delete group_snapshot with id: c3a2b311-bbf2-43c1-921c-09630cbefc2c
Jun 21 15:56:39.007303 dv-cinder-763306-12-smb devstack@c-api.service[107007]: /usr/local/lib/python3.8/dist-packages/oslo_context/context.py:105: DeprecationWarning: Policy enforcement is depending on the value of is_admin. This key is deprecated. Please update your policy file to use the standard policy values.
Jun 21 15:56:39.007303 dv-cinder-763306-12-smb devstack@c-api.service[107007]: warnings.warn('Policy enforcement is depending on the value of '
Jun 21 15:56:39.020724 dv-cinder-763306-12-smb devstack@c-api.service[107006]: INFO cinder.api.openstack.wsgi [None req-7e32ab82-01d2-468f-835b-0c08f50cac02 tempest-VolumeTypesExtraSpecsTest-1225046241 tempest-VolumeTypesExtraSpecsTest-1225046241-project-admin] http://10.222.0.64/volume/v3/3dfee35f707145e5a7e39599a86c0007/types/e628fc6e-4947-45bb-9ae1-48fe63127757/extra_specs/spec2 returned with HTTP 200
Jun 21 15:56:39.021862 dv-cinder-763306-12-smb devstack@c-api.service[107006]: [pid: 107006|app: 0|req: 152/286] 10.222.0.64 () {60 vars in 1393 bytes} [Mon Jun 21 15:56:38 2021] PUT /volume/v3/3dfee35f707145e5a7e39599a86c0007/types/e628fc6e-4947-45bb-9ae1-48fe63127757/extra_specs/spec2 => generated 17 bytes in 140 msecs (HTTP/1.1 200) 7 headers in 284 bytes (1 switches on core 0)
Jun 21 15:56:39.031539 dv-cinder-763306-12-smb devstack@c-api.service[107006]: INFO cinder.api.openstack.wsgi [None req-5e62e54a-3d15-440e-93b7-a575cc9fc8b2 tempest-VolumeTypesExtraSpecsTest-1225046241 tempest-VolumeTypesExtraSpecsTest-1225046241-project-admin] GET http://10.222.0.64/volume/v3/3dfee35f707145e5a7e39599a86c0007/types/e628fc6e-4947-45bb-9ae1-48fe63127757/extra_specs/spec2
Jun 21 15:56:39.031997 dv-cinder-763306-12-smb devstack@c-api.service[107006]: DEBUG cinder.api.openstack.wsgi [None req-5e62e54a-3d15-440e-93b7-a575cc9fc8b2 tempest-VolumeTypesExtraSpecsTest-1225046241 tempest-VolumeTypesExtraSpecsTest-1225046241-project-admin] Empty body provided in request {{(pid=107006) get_body /opt/stack/cinder/cinder/api/openstack/wsgi.py:713}}
Jun 21 15:56:39.032422 dv-cinder-763306-12-smb devstack@c-api.service[107006]: DEBUG cinder.api.openstack.wsgi [None req-5e62e54a-3d15-440e-93b7-a575cc9fc8b2 tempest-VolumeTypesExtraSpecsTest-1225046241 tempest-VolumeTypesExtraSpecsTest-1225046241-project-admin] Calling method 'show' {{(pid=107006) _process_stack /opt/stack/cinder/cinder/api/openstack/wsgi.py:866}}
Jun 21 15:56:39.041549 dv-cinder-763306-12-smb devstack@c-api.service[107006]: INFO cinder.api.openstack.wsgi [None req-5e62e54a-3d15-440e-93b7-a575cc9fc8b2 tempest-VolumeTypesExtraSpecsTest-1225046241 tempest-VolumeTypesExtraSpecsTest-1225046241-project-admin] http://10.222.0.64/volume/v3/3dfee35f707145e5a7e39599a86c0007/types/e628fc6e-4947-45bb-9ae1-48fe63127757/extra_specs/spec2 returned with HTTP 200
Jun 21 15:56:39.043717 dv-cinder-763306-12-smb devstack@c-api.service[107006]: [pid: 107006|app: 0|req: 153/287] 10.222.0.64 () {58 vars in 1373 bytes} [Mon Jun 21 15:56:39 2021] GET /volume/v3/3dfee35f707145e5a7e39599a86c0007/types/e628fc6e-4947-45bb-9ae1-48fe63127757/extra_specs/spec2 => generated 17 bytes in 17 msecs (HTTP/1.1 200) 7 headers in 284 bytes (2 switches on core 0)
Jun 21 15:56:39.051587 dv-cinder-763306-12-smb devstack@c-api.service[107006]: INFO cinder.api.openstack.wsgi [None req-e6f82478-0853-4e93-8612-eb5818497b86 tempest-VolumeTypesExtraSpecsTest-1225046241 tempest-VolumeTypesExtraSpecsTest-1225046241-project-admin] POST http://10.222.0.64/volume/v3/3dfee35f707145e5a7e39599a86c0007/types/e628fc6e-4947-45bb-9ae1-48fe63127757/extra_specs
Jun 21 15:56:39.052805 dv-cinder-763306-12-smb devstack@c-api.service[107006]: DEBUG cinder.api.openstack.wsgi [None req-e6f82478-0853-4e93-8612-eb5818497b86 tempest-VolumeTypesExtraSpecsTest-1225046241 tempest-VolumeTypesExtraSpecsTest-1225046241-project-admin] Action: 'create', calling method: create, body: {"extra_specs": {"spec2": "val3", "spec4": "val4"}} {{(pid=107006) _process_stack /opt/stack/cinder/cinder/api/openstack/wsgi.py:864}}
Jun 21 15:56:39.213778 dv-cinder-763306-12-smb devstack@c-api.service[107006]: INFO cinder.api.openstack.wsgi [None req-e6f82478-0853-4e93-8612-eb5818497b86 tempest-VolumeTypesExtraSpecsTest-1225046241 tempest-VolumeTypesExtraSpecsTest-1225046241-project-admin] http://10.222.0.64/volume/v3/3dfee35f707145e5a7e39599a86c0007/types/e628fc6e-4947-45bb-9ae1-48fe63127757/extra_specs returned with HTTP 200
Jun 21 15:56:39.214947 dv-cinder-763306-12-smb devstack@c-api.service[107006]: [pid: 107006|app: 0|req: 154/288] 10.222.0.64 () {60 vars in 1376 bytes} [Mon Jun 21 15:56:39 2021] POST /volume/v3/3dfee35f707145e5a7e39599a86c0007/types/e628fc6e-4947-45bb-9ae1-48fe63127757/extra_specs => generated 51 bytes in 168 msecs (HTTP/1.1 200) 7 headers in 284 bytes (2 switches on core 0)
Jun 21 15:56:39.218578 dv-cinder-763306-12-smb devstack@c-api.service[107006]: INFO cinder.api.openstack.wsgi [None req-4386a6d6-b9b8-48e5-a68c-6f7474fbe651 tempest-DeleteServersTestJSON-1497588584 tempest-DeleteServersTestJSON-1497588584-project] GET http://10.222.0.64/volume/v3/9aa0b010f1cb41fea8bb75fbe55eb99d/volumes/78ea2803-692d-44a9-9954-7506a31248ef
Jun 21 15:56:39.219010 dv-cinder-763306-12-smb devstack@c-api.service[107006]: DEBUG cinder.api.openstack.wsgi [None req-4386a6d6-b9b8-48e5-a68c-6f7474fbe651 tempest-DeleteServersTestJSON-1497588584 tempest-DeleteServersTestJSON-1497588584-project] Empty body provided in request {{(pid=107006) get_body /opt/stack/cinder/cinder/api/openstack/wsgi.py:713}}
Jun 21 15:56:39.219433 dv-cinder-763306-12-smb devstack@c-api.service[107006]: DEBUG cinder.api.openstack.wsgi [None req-4386a6d6-b9b8-48e5-a68c-6f7474fbe651 tempest-DeleteServersTestJSON-1497588584 tempest-DeleteServersTestJSON-1497588584-project] Calling method 'show' {{(pid=107006) _process_stack /opt/stack/cinder/cinder/api/openstack/wsgi.py:866}}
Jun 21 15:56:39.233245 dv-cinder-763306-12-smb devstack@c-api.service[107006]: /usr/local/lib/python3.8/dist-packages/oslo_context/context.py:105: DeprecationWarning: Policy enforcement is depending on the value of is_admin. This key is deprecated. Please update your policy file to use the standard policy values.
Jun 21 15:56:39.233245 dv-cinder-763306-12-smb devstack@c-api.service[107006]: warnings.warn('Policy enforcement is depending on the value of '
Jun 21 15:56:39.241474 dv-cinder-763306-12-smb devstack@c-api.service[107007]: INFO cinder.api.openstack.wsgi [None req-3bb85a76-3bed-4606-beb7-9fae10b8123c tempest-GroupSnapshotsTest-1304524614 tempest-GroupSnapshotsTest-1304524614-project] http://10.222.0.64/volume/v3/98d52ce199ba4a2a943f81b9f43effa4/group_snapshots/c3a2b311-bbf2-43c1-921c-09630cbefc2c returned with HTTP 202
Jun 21 15:56:39.242614 dv-cinder-763306-12-smb devstack@c-api.service[107007]: [pid: 107007|app: 0|req: 135/289] 10.222.0.64 () {60 vars in 1393 bytes} [Mon Jun 21 15:56:38 2021] DELETE /volume/v3/98d52ce199ba4a2a943f81b9f43effa4/group_snapshots/c3a2b311-bbf2-43c1-921c-09630cbefc2c => generated 0 bytes in 246 msecs (HTTP/1.1 202) 6 headers in 234 bytes (2 switches on core 0)
Jun 21 15:56:39.246176 dv-cinder-763306-12-smb devstack@c-api.service[107006]: INFO cinder.volume.api [None req-4386a6d6-b9b8-48e5-a68c-6f7474fbe651 tempest-DeleteServersTestJSON-1497588584 tempest-DeleteServersTestJSON-1497588584-project] Volume info retrieved successfully.
Jun 21 15:56:39.246829 dv-cinder-763306-12-smb devstack@c-api.service[107007]: INFO cinder.api.openstack.wsgi [req-a947aec4-68db-4bc6-86c8-90def64d5fe7 req-a0db2e46-2239-4c85-924a-abd25c6056a9 tempest-AttachVolumeNegativeTest-1304719114 tempest-AttachVolumeNegativeTest-1304719114-project] GET http://10.222.0.64/volume/v3/1893632e35254e73b86c45b54a5ed478/volumes/6aee580e-48b9-4e7b-88ff-6adba477000a
Jun 21 15:56:39.247376 dv-cinder-763306-12-smb devstack@c-api.service[107007]: DEBUG cinder.api.openstack.wsgi [req-a947aec4-68db-4bc6-86c8-90def64d5fe7 req-a0db2e46-2239-4c85-924a-abd25c6056a9 tempest-AttachVolumeNegativeTest-1304719114 tempest-AttachVolumeNegativeTest-1304719114-project] Empty body provided in request {{(pid=107007) get_body /opt/stack/cinder/cinder/api/openstack/wsgi.py:713}}
Jun 21 15:56:39.247549 dv-cinder-763306-12-smb devstack@c-api.service[107007]: /usr/local/lib/python3.8/dist-packages/webob/acceptparse.py:1047: DeprecationWarning: The behavior of AcceptValidHeader.best_match is currently being maintained for backward compatibility, but it will be deprecated in the future, as it does not conform to the RFC.
Jun 21 15:56:39.247549 dv-cinder-763306-12-smb devstack@c-api.service[107007]: warnings.warn(
Jun 21 15:56:39.247876 dv-cinder-763306-12-smb devstack@c-api.service[107007]: DEBUG cinder.api.openstack.wsgi [req-a947aec4-68db-4bc6-86c8-90def64d5fe7 req-a0db2e46-2239-4c85-924a-abd25c6056a9 tempest-AttachVolumeNegativeTest-1304719114 tempest-AttachVolumeNegativeTest-1304719114-project] Calling method 'show' {{(pid=107007) _process_stack /opt/stack/cinder/cinder/api/openstack/wsgi.py:866}}
Jun 21 15:56:39.260900 dv-cinder-763306-12-smb devstack@c-api.service[107006]: /usr/local/lib/python3.8/dist-packages/oslo_context/context.py:105: DeprecationWarning: Policy enforcement is depending on the value of is_admin. This key is deprecated. Please update your policy file to use the standard policy values.
Jun 21 15:56:39.260900 dv-cinder-763306-12-smb devstack@c-api.service[107006]: warnings.warn('Policy enforcement is depending on the value of '
Jun 21 15:56:39.261933 dv-cinder-763306-12-smb devstack@c-api.service[107007]: /usr/local/lib/python3.8/dist-packages/oslo_context/context.py:105: DeprecationWarning: Policy enforcement is depending on the value of is_admin. This key is deprecated. Please update your policy file to use the standard policy values.
Jun 21 15:56:39.261933 dv-cinder-763306-12-smb devstack@c-api.service[107007]: warnings.warn('Policy enforcement is depending on the value of '
Jun 21 15:56:39.268676 dv-cinder-763306-12-smb devstack@c-api.service[107006]: INFO cinder.api.openstack.wsgi [None req-4386a6d6-b9b8-48e5-a68c-6f7474fbe651 tempest-DeleteServersTestJSON-1497588584 tempest-DeleteServersTestJSON-1497588584-project] http://10.222.0.64/volume/v3/9aa0b010f1cb41fea8bb75fbe55eb99d/volumes/78ea2803-692d-44a9-9954-7506a31248ef returned with HTTP 200
Jun 21 15:56:39.277738 dv-cinder-763306-12-smb devstack@c-api.service[107006]: [pid: 107006|app: 0|req: 155/290] 10.222.0.64 () {58 vars in 1325 bytes} [Mon Jun 21 15:56:39 2021] GET /volume/v3/9aa0b010f1cb41fea8bb75fbe55eb99d/volumes/78ea2803-692d-44a9-9954-7506a31248ef => generated 913 bytes in 54 msecs (HTTP/1.1 200) 7 headers in 285 bytes (1 switches on core 0)
Jun 21 15:56:39.277927 dv-cinder-763306-12-smb devstack@c-api.service[107007]: INFO cinder.volume.api [req-a947aec4-68db-4bc6-86c8-90def64d5fe7 req-a0db2e46-2239-4c85-924a-abd25c6056a9 tempest-AttachVolumeNegativeTest-1304719114 tempest-AttachVolumeNegativeTest-1304719114-project] Volume info retrieved successfully.
Jun 21 15:56:39.278029 dv-cinder-763306-12-smb devstack@c-api.service[107006]: INFO cinder.api.openstack.wsgi [None req-cf224479-0657-4477-83f1-0ead977e3c76 tempest-VolumeTypesExtraSpecsTest-1225046241 tempest-VolumeTypesExtraSpecsTest-1225046241-project-admin] GET http://10.222.0.64/volume/v3/3dfee35f707145e5a7e39599a86c0007/types/e628fc6e-4947-45bb-9ae1-48fe63127757/extra_specs
Jun 21 15:56:39.278029 dv-cinder-763306-12-smb devstack@c-api.service[107006]: DEBUG cinder.api.openstack.wsgi [None req-cf224479-0657-4477-83f1-0ead977e3c76 tempest-VolumeTypesExtraSpecsTest-1225046241 tempest-VolumeTypesExtraSpecsTest-1225046241-project-admin] Empty body provided in request {{(pid=107006) get_body /opt/stack/cinder/cinder/api/openstack/wsgi.py:713}}
Jun 21 15:56:39.278029 dv-cinder-763306-12-smb devstack@c-api.service[107006]: /usr/local/lib/python3.8/dist-packages/webob/acceptparse.py:1047: DeprecationWarning: The behavior of AcceptValidHeader.best_match is currently being maintained for backward compatibility, but it will be deprecated in the future, as it does not conform to the RFC.
Jun 21 15:56:39.278029 dv-cinder-763306-12-smb devstack@c-api.service[107006]: warnings.warn(
Jun 21 15:56:39.278029 dv-cinder-763306-12-smb devstack@c-api.service[107006]: DEBUG cinder.api.openstack.wsgi [None req-cf224479-0657-4477-83f1-0ead977e3c76 tempest-VolumeTypesExtraSpecsTest-1225046241 tempest-VolumeTypesExtraSpecsTest-1225046241-project-admin] Calling method 'index' {{(pid=107006) _process_stack /opt/stack/cinder/cinder/api/openstack/wsgi.py:866}}
Jun 21 15:56:39.284274 dv-cinder-763306-12-smb devstack@c-api.service[107007]: INFO cinder.api.openstack.wsgi [req-a947aec4-68db-4bc6-86c8-90def64d5fe7 req-a0db2e46-2239-4c85-924a-abd25c6056a9 tempest-AttachVolumeNegativeTest-1304719114 tempest-AttachVolumeNegativeTest-1304719114-project] http://10.222.0.64/volume/v3/1893632e35254e73b86c45b54a5ed478/volumes/6aee580e-48b9-4e7b-88ff-6adba477000a returned with HTTP 200
Jun 21 15:56:39.285128 dv-cinder-763306-12-smb devstack@c-api.service[107007]: [pid: 107007|app: 0|req: 136/291] 10.222.0.64 () {60 vars in 1579 bytes} [Mon Jun 21 15:56:39 2021] GET /volume/v3/1893632e35254e73b86c45b54a5ed478/volumes/6aee580e-48b9-4e7b-88ff-6adba477000a => generated 915 bytes in 42 msecs (HTTP/1.1 200) 7 headers in 285 bytes (1 switches on core 0)
Jun 21 15:56:39.285356 dv-cinder-763306-12-smb devstack@c-api.service[107006]: INFO cinder.api.openstack.wsgi [None req-cf224479-0657-4477-83f1-0ead977e3c76 tempest-VolumeTypesExtraSpecsTest-1225046241 tempest-VolumeTypesExtraSpecsTest-1225046241-project-admin] http://10.222.0.64/volume/v3/3dfee35f707145e5a7e39599a86c0007/types/e628fc6e-4947-45bb-9ae1-48fe63127757/extra_specs returned with HTTP 200
Jun 21 15:56:39.287936 dv-cinder-763306-12-smb devstack@c-api.service[107006]: [pid: 107006|app: 0|req: 156/292] 10.222.0.64 () {58 vars in 1355 bytes} [Mon Jun 21 15:56:39 2021] GET /volume/v3/3dfee35f707145e5a7e39599a86c0007/types/e628fc6e-4947-45bb-9ae1-48fe63127757/extra_specs => generated 68 bytes in 18 msecs (HTTP/1.1 200) 7 headers in 284 bytes (1 switches on core 0)
Jun 21 15:56:39.288814 dv-cinder-763306-12-smb devstack@c-api.service[107006]: INFO cinder.api.openstack.wsgi [None req-cf224479-0657-4477-83f1-0ead977e3c76 tempest-VolumeTypesExtraSpecsTest-1225046241 tempest-VolumeTypesExtraSpecsTest-1225046241-project-admin] GET http://10.222.0.64/volume//
Jun 21 15:56:39.289258 dv-cinder-763306-12-smb devstack@c-api.service[107006]: DEBUG cinder.api.openstack.wsgi [None req-cf224479-0657-4477-83f1-0ead977e3c76 tempest-VolumeTypesExtraSpecsTest-1225046241 tempest-VolumeTypesExtraSpecsTest-1225046241-project-admin] Empty body provided in request {{(pid=107006) get_body /opt/stack/cinder/cinder/api/openstack/wsgi.py:713}}
Jun 21 15:56:39.294664 dv-cinder-763306-12-smb devstack@c-api.service[107007]: INFO cinder.api.openstack.wsgi [None req-1200999b-fbc6-455d-9293-b521c2cb87a7 tempest-GroupSnapshotsTest-1304524614 tempest-GroupSnapshotsTest-1304524614-project] GET http://10.222.0.64/volume/v3/98d52ce199ba4a2a943f81b9f43effa4/volumes/detail
Jun 21 15:56:39.294982 dv-cinder-763306-12-smb devstack@c-api.service[107006]: DEBUG cinder.api.openstack.wsgi [None req-cf224479-0657-4477-83f1-0ead977e3c76 tempest-VolumeTypesExtraSpecsTest-1225046241 tempest-VolumeTypesExtraSpecsTest-1225046241-project-admin] Calling method 'all' {{(pid=107006) _process_stack /opt/stack/cinder/cinder/api/openstack/wsgi.py:866}}
Jun 21 15:56:39.295062 dv-cinder-763306-12-smb devstack@c-api.service[107007]: DEBUG cinder.api.openstack.wsgi [None req-1200999b-fbc6-455d-9293-b521c2cb87a7 tempest-GroupSnapshotsTest-1304524614 tempest-GroupSnapshotsTest-1304524614-project] Empty body provided in request {{(pid=107007) get_body /opt/stack/cinder/cinder/api/openstack/wsgi.py:713}}
Jun 21 15:56:39.295062 dv-cinder-763306-12-smb devstack@c-api.service[107007]: /usr/local/lib/python3.8/dist-packages/webob/acceptparse.py:1047: DeprecationWarning: The behavior of AcceptValidHeader.best_match is currently being maintained for backward compatibility, but it will be deprecated in the future, as it does not conform to the RFC.
Jun 21 15:56:39.295062 dv-cinder-763306-12-smb devstack@c-api.service[107007]: warnings.warn(
Jun 21 15:56:39.295062 dv-cinder-763306-12-smb devstack@c-api.service[107007]: DEBUG cinder.api.openstack.wsgi [None req-1200999b-fbc6-455d-9293-b521c2cb87a7 tempest-GroupSnapshotsTest-1304524614 tempest-GroupSnapshotsTest-1304524614-project] Calling method 'detail' {{(pid=107007) _process_stack /opt/stack/cinder/cinder/api/openstack/wsgi.py:866}}
Jun 21 15:56:39.295338 dv-cinder-763306-12-smb devstack@c-api.service[107006]: INFO cinder.api.openstack.wsgi [None req-cf224479-0657-4477-83f1-0ead977e3c76 tempest-VolumeTypesExtraSpecsTest-1225046241 tempest-VolumeTypesExtraSpecsTest-1225046241-project-admin] http://10.222.0.64/volume// returned with HTTP 300
Jun 21 15:56:39.295495 dv-cinder-763306-12-smb devstack@c-api.service[107007]: DEBUG cinder.api.api_utils [None req-1200999b-fbc6-455d-9293-b521c2cb87a7 tempest-GroupSnapshotsTest-1304524614 tempest-GroupSnapshotsTest-1304524614-project] Removing options '' from query. {{(pid=107007) remove_invalid_filter_options /opt/stack/cinder/cinder/api/api_utils.py:73}}
Jun 21 15:56:39.295579 dv-cinder-763306-12-smb devstack@c-api.service[107006]: [pid: 107006|app: 0|req: 157/293] 10.222.0.26 () {56 vars in 1099 bytes} [Mon Jun 21 15:56:39 2021] GET /volume/ => generated 754 bytes in 3 msecs (HTTP/1.1 300) 5 headers in 169 bytes (1 switches on core 0)
Jun 21 15:56:39.295656 dv-cinder-763306-12-smb devstack@c-api.service[107007]: DEBUG cinder.volume.api [None req-1200999b-fbc6-455d-9293-b521c2cb87a7 tempest-GroupSnapshotsTest-1304524614 tempest-GroupSnapshotsTest-1304524614-project] Searching by: MultiDict([('no_migration_targets', True)]). {{(pid=107007) get_all /opt/stack/cinder/cinder/volume/api.py:617}}
Jun 21 15:56:39.298508 dv-cinder-763306-12-smb devstack@c-api.service[107006]: INFO cinder.api.openstack.wsgi [None req-6a6d6a3c-9be2-4190-8a0e-09b7c22b1ef3 tempest-VolumeTypesExtraSpecsTest-1225046241 tempest-VolumeTypesExtraSpecsTest-1225046241-project-admin] DELETE http://10.222.0.64/volume/v3/3dfee35f707145e5a7e39599a86c0007/types/e628fc6e-4947-45bb-9ae1-48fe63127757
Jun 21 15:56:39.298964 dv-cinder-763306-12-smb devstack@c-api.service[107006]: DEBUG cinder.api.openstack.wsgi [None req-6a6d6a3c-9be2-4190-8a0e-09b7c22b1ef3 tempest-VolumeTypesExtraSpecsTest-1225046241 tempest-VolumeTypesExtraSpecsTest-1225046241-project-admin] Empty body provided in request {{(pid=107006) get_body /opt/stack/cinder/cinder/api/openstack/wsgi.py:713}}
Jun 21 15:56:39.299407 dv-cinder-763306-12-smb devstack@c-api.service[107006]: DEBUG cinder.api.openstack.wsgi [None req-6a6d6a3c-9be2-4190-8a0e-09b7c22b1ef3 tempest-VolumeTypesExtraSpecsTest-1225046241 tempest-VolumeTypesExtraSpecsTest-1225046241-project-admin] Calling method '_delete' {{(pid=107006) _process_stack /opt/stack/cinder/cinder/api/openstack/wsgi.py:866}}
Jun 21 15:56:39.343221 dv-cinder-763306-12-smb devstack@c-api.service[107007]: INFO cinder.volume.api [None req-1200999b-fbc6-455d-9293-b521c2cb87a7 tempest-GroupSnapshotsTest-1304524614 tempest-GroupSnapshotsTest-1304524614-project] Get all volumes completed successfully.
Jun 21 15:56:39.344639 dv-cinder-763306-12-smb devstack@c-api.service[107007]: WARNING stevedore.named [None req-1200999b-fbc6-455d-9293-b521c2cb87a7 tempest-GroupSnapshotsTest-1304524614 tempest-GroupSnapshotsTest-1304524614-project] Could not load cinder.keymgr.conf_key_mgr.ConfKeyManager
Jun 21 15:56:39.345029 dv-cinder-763306-12-smb devstack@c-api.service[107007]: WARNING castellan.key_manager [None req-1200999b-fbc6-455d-9293-b521c2cb87a7 tempest-GroupSnapshotsTest-1304524614 tempest-GroupSnapshotsTest-1304524614-project] Deprecation Warning : cinder.keymgr.conf_key_mgr.ConfKeyManager is not a stevedore based driver, trying to load it as a class: stevedore.exception.NoMatches: No 'castellan.drivers' driver found, looking for 'cinder.keymgr.conf_key_mgr.ConfKeyManager'
Jun 21 15:56:39.352889 dv-cinder-763306-12-smb devstack@c-api.service[107007]: DEBUG oslo_db.sqlalchemy.engines [None req-1200999b-fbc6-455d-9293-b521c2cb87a7 tempest-GroupSnapshotsTest-1304524614 tempest-GroupSnapshotsTest-1304524614-project] MySQL server mode set to STRICT_TRANS_TABLES,STRICT_ALL_TABLES,NO_ZERO_IN_DATE,NO_ZERO_DATE,ERROR_FOR_DIVISION_BY_ZERO,TRADITIONAL,NO_ENGINE_SUBSTITUTION {{(pid=107007) _check_effective_sql_mode /usr/local/lib/python3.8/dist-packages/oslo_db/sqlalchemy/engines.py:314}}
Jun 21 15:56:39.358138 dv-cinder-763306-12-smb devstack@c-api.service[107007]: /usr/local/lib/python3.8/dist-packages/oslo_context/context.py:105: DeprecationWarning: Policy enforcement is depending on the value of is_admin. This key is deprecated. Please update your policy file to use the standard policy values.
Jun 21 15:56:39.358138 dv-cinder-763306-12-smb devstack@c-api.service[107007]: warnings.warn('Policy enforcement is depending on the value of '
Jun 21 15:56:39.375618 dv-cinder-763306-12-smb devstack@c-api.service[107007]: INFO cinder.api.openstack.wsgi [None req-1200999b-fbc6-455d-9293-b521c2cb87a7 tempest-GroupSnapshotsTest-1304524614 tempest-GroupSnapshotsTest-1304524614-project] http://10.222.0.64/volume/v3/98d52ce199ba4a2a943f81b9f43effa4/volumes/detail returned with HTTP 200
Jun 21 15:56:39.376601 dv-cinder-763306-12-smb devstack@c-api.service[107007]: [pid: 107007|app: 0|req: 137/294] 10.222.0.64 () {60 vars in 1276 bytes} [Mon Jun 21 15:56:39 2021] GET /volume/v3/98d52ce199ba4a2a943f81b9f43effa4/volumes/detail => generated 1003 bytes in 91 msecs (HTTP/1.1 200) 7 headers in 287 bytes (1 switches on core 0)
Jun 21 15:56:39.380872 dv-cinder-763306-12-smb devstack@c-api.service[107007]: INFO cinder.api.openstack.wsgi [req-923222a0-71e7-4cf0-aa56-25d0c153078d req-8f37e782-49ea-4d1d-9b7c-053e2172e7b1 tempest-DeleteServersTestJSON-1497588584 tempest-DeleteServersTestJSON-1497588584-project] GET http://10.222.0.64/volume/v3/9aa0b010f1cb41fea8bb75fbe55eb99d/volumes/78ea2803-692d-44a9-9954-7506a31248ef
Jun 21 15:56:39.381555 dv-cinder-763306-12-smb devstack@c-api.service[107007]: DEBUG cinder.api.openstack.wsgi [req-923222a0-71e7-4cf0-aa56-25d0c153078d req-8f37e782-49ea-4d1d-9b7c-053e2172e7b1 tempest-DeleteServersTestJSON-1497588584 tempest-DeleteServersTestJSON-1497588584-project] Empty body provided in request {{(pid=107007) get_body /opt/stack/cinder/cinder/api/openstack/wsgi.py:713}}
Jun 21 15:56:39.381853 dv-cinder-763306-12-smb devstack@c-api.service[107007]: /usr/local/lib/python3.8/dist-packages/webob/acceptparse.py:1047: DeprecationWarning: The behavior of AcceptValidHeader.best_match is currently being maintained for backward compatibility, but it will be deprecated in the future, as it does not conform to the RFC.
Jun 21 15:56:39.381853 dv-cinder-763306-12-smb devstack@c-api.service[107007]: warnings.warn(
Jun 21 15:56:39.382355 dv-cinder-763306-12-smb devstack@c-api.service[107007]: DEBUG cinder.api.openstack.wsgi [req-923222a0-71e7-4cf0-aa56-25d0c153078d req-8f37e782-49ea-4d1d-9b7c-053e2172e7b1 tempest-DeleteServersTestJSON-1497588584 tempest-DeleteServersTestJSON-1497588584-project] Calling method 'show' {{(pid=107007) _process_stack /opt/stack/cinder/cinder/api/openstack/wsgi.py:866}}
Jun 21 15:56:39.399393 dv-cinder-763306-12-smb devstack@c-api.service[107007]: /usr/local/lib/python3.8/dist-packages/oslo_context/context.py:105: DeprecationWarning: Policy enforcement is depending on the value of is_admin. This key is deprecated. Please update your policy file to use the standard policy values.
Jun 21 15:56:39.399393 dv-cinder-763306-12-smb devstack@c-api.service[107007]: warnings.warn('Policy enforcement is depending on the value of '
Jun 21 15:56:39.406531 dv-cinder-763306-12-smb devstack@c-api.service[107007]: INFO cinder.volume.api [req-923222a0-71e7-4cf0-aa56-25d0c153078d req-8f37e782-49ea-4d1d-9b7c-053e2172e7b1 tempest-DeleteServersTestJSON-1497588584 tempest-DeleteServersTestJSON-1497588584-project] Volume info retrieved successfully.
Jun 21 15:56:39.408750 dv-cinder-763306-12-smb devstack@c-api.service[107006]: INFO cinder.api.openstack.wsgi [None req-6a6d6a3c-9be2-4190-8a0e-09b7c22b1ef3 tempest-VolumeTypesExtraSpecsTest-1225046241 tempest-VolumeTypesExtraSpecsTest-1225046241-project-admin] http://10.222.0.64/volume/v3/3dfee35f707145e5a7e39599a86c0007/types/e628fc6e-4947-45bb-9ae1-48fe63127757 returned with HTTP 202
Jun 21 15:56:39.410363 dv-cinder-763306-12-smb devstack@c-api.service[107006]: [pid: 107006|app: 0|req: 158/295] 10.222.0.64 () {58 vars in 1322 bytes} [Mon Jun 21 15:56:39 2021] DELETE /volume/v3/3dfee35f707145e5a7e39599a86c0007/types/e628fc6e-4947-45bb-9ae1-48fe63127757 => generated 0 bytes in 115 msecs (HTTP/1.1 202) 6 headers in 233 bytes (2 switches on core 0)
Jun 21 15:56:39.419142 dv-cinder-763306-12-smb devstack@c-api.service[107007]: /usr/local/lib/python3.8/dist-packages/oslo_context/context.py:105: DeprecationWarning: Policy enforcement is depending on the value of is_admin. This key is deprecated. Please update your policy file to use the standard policy values.
Jun 21 15:56:39.419142 dv-cinder-763306-12-smb devstack@c-api.service[107007]: warnings.warn('Policy enforcement is depending on the value of '
Jun 21 15:56:39.423771 dv-cinder-763306-12-smb devstack@c-api.service[107006]: INFO cinder.api.openstack.wsgi [None req-d3d17c5b-a23c-43c1-9b11-bdad417f3264 tempest-GroupSnapshotsTest-1304524614 tempest-GroupSnapshotsTest-1304524614-project] GET http://10.222.0.64/volume/v3/98d52ce199ba4a2a943f81b9f43effa4/snapshots/detail
Jun 21 15:56:39.424335 dv-cinder-763306-12-smb devstack@c-api.service[107006]: DEBUG cinder.api.openstack.wsgi [None req-d3d17c5b-a23c-43c1-9b11-bdad417f3264 tempest-GroupSnapshotsTest-1304524614 tempest-GroupSnapshotsTest-1304524614-project] Empty body provided in request {{(pid=107006) get_body /opt/stack/cinder/cinder/api/openstack/wsgi.py:713}}
Jun 21 15:56:39.424906 dv-cinder-763306-12-smb devstack@c-api.service[107006]: DEBUG cinder.api.openstack.wsgi [None req-d3d17c5b-a23c-43c1-9b11-bdad417f3264 tempest-GroupSnapshotsTest-1304524614 tempest-GroupSnapshotsTest-1304524614-project] Calling method 'detail' {{(pid=107006) _process_stack /opt/stack/cinder/cinder/api/openstack/wsgi.py:866}}
Jun 21 15:56:39.425696 dv-cinder-763306-12-smb devstack@c-api.service[107006]: DEBUG cinder.api.api_utils [None req-d3d17c5b-a23c-43c1-9b11-bdad417f3264 tempest-GroupSnapshotsTest-1304524614 tempest-GroupSnapshotsTest-1304524614-project] Removing options '' from query. {{(pid=107006) remove_invalid_filter_options /opt/stack/cinder/cinder/api/api_utils.py:73}}
Jun 21 15:56:39.428233 dv-cinder-763306-12-smb devstack@c-api.service[107007]: INFO cinder.api.openstack.wsgi [req-923222a0-71e7-4cf0-aa56-25d0c153078d req-8f37e782-49ea-4d1d-9b7c-053e2172e7b1 tempest-DeleteServersTestJSON-1497588584 tempest-DeleteServersTestJSON-1497588584-project] http://10.222.0.64/volume/v3/9aa0b010f1cb41fea8bb75fbe55eb99d/volumes/78ea2803-692d-44a9-9954-7506a31248ef returned with HTTP 200
Jun 21 15:56:39.428723 dv-cinder-763306-12-smb devstack@c-api.service[107006]: DEBUG cinder.db.sqlalchemy.api [None req-d3d17c5b-a23c-43c1-9b11-bdad417f3264 tempest-GroupSnapshotsTest-1304524614 tempest-GroupSnapshotsTest-1304524614-project] Building query based on filter {{(pid=107006) _process_snaps_filters /opt/stack/cinder/cinder/db/sqlalchemy/api.py:3138}}
Jun 21 15:56:39.429020 dv-cinder-763306-12-smb devstack@c-api.service[107007]: [pid: 107007|app: 0|req: 138/296] 10.222.0.26 () {60 vars in 1413 bytes} [Mon Jun 21 15:56:39 2021] GET /volume/v3/9aa0b010f1cb41fea8bb75fbe55eb99d/volumes/78ea2803-692d-44a9-9954-7506a31248ef => generated 1012 bytes in 52 msecs (HTTP/1.1 200) 7 headers in 287 bytes (1 switches on core 0)
Jun 21 15:56:39.432884 dv-cinder-763306-12-smb devstack@c-api.service[107007]: INFO cinder.api.openstack.wsgi [None req-2f9c7e99-0618-4e13-8b0e-e7c6c1ed9ee7 tempest-VolumeManageAdminTest-1678777657 tempest-VolumeManageAdminTest-1678777657-project-admin] GET http://10.222.0.64/volume/v3/47f05a81c1e1427f999b1b60f7a802a7/volumes/d033d822-839a-454f-9752-9c04930f2ac0
Jun 21 15:56:39.433578 dv-cinder-763306-12-smb devstack@c-api.service[107007]: DEBUG cinder.api.openstack.wsgi [None req-2f9c7e99-0618-4e13-8b0e-e7c6c1ed9ee7 tempest-VolumeManageAdminTest-1678777657 tempest-VolumeManageAdminTest-1678777657-project-admin] Empty body provided in request {{(pid=107007) get_body /opt/stack/cinder/cinder/api/openstack/wsgi.py:713}}
