May 11 16:32:19.334991 dv-cinder-761113-11-smb neutron-server[79308]: DEBUG neutron_lib.callbacks.manager [None req-6f2c0e7e-fa8e-4afd-9156-50446620e94a None None] Notify callbacks ['neutron.plugins.ml2.plugin.SecurityGroupServerNotifierRpcMixin.notify_sg_on_port_change-7818430', 'neutron.plugins.ml2.ovo_rpc._ObjectChangeHandler.handle_event-147095', 'neutron.api.rpc.agentnotifiers.dhcp_rpc_agent_api.DhcpAgentNotifyAPI._native_event_send_dhcp_notification-7873669', 'neutron.db.l3_db.L3RpcNotifierMixin._notify_gateway_port_ip_changed-8726991788903', 'neutron.db.l3_dvrscheduler_db._notify_l3_agent_port_update-8726991370262', 'neutron.db.l3_hascheduler_db._notify_l3_agent_ha_port_update-8726991370307'] for port, after_update {{(pid=79308) _notify_loop /usr/local/lib/python3.8/dist-packages/neutron_lib/callbacks/manager.py:192}}
May 11 16:32:19.346575 dv-cinder-761113-11-smb neutron-server[79308]: DEBUG oslo_concurrency.lockutils [None req-236f6324-49f4-467a-90b9-af62fba9c39c None None] Lock "event-dispatch" acquired by "neutron.plugins.ml2.ovo_rpc._ObjectChangeHandler.dispatch_events" :: waited 0.000s {{(pid=79308) inner /usr/local/lib/python3.8/dist-packages/oslo_concurrency/lockutils.py:355}}
May 11 16:32:19.400039 dv-cinder-761113-11-smb neutron-server[79306]: INFO neutron.wsgi [req-95e0ce63-d630-4540-9914-00a9d07da154 req-a37c3fa0-e13b-4148-8a51-1b954a3632c6 service neutron] 10.222.0.69 "GET /v2.0/networks/75895cd7-86cc-4311-898a-fb981ed5ac7d?fields=provider%3Aphysical_network&fields=provider%3Anetwork_type HTTP/1.1" status: 200 len: 281 time: 0.3269186
May 11 16:32:19.424622 dv-cinder-761113-11-smb neutron-server[79308]: DEBUG neutron.api.rpc.handlers.resources_rpc [None req-6f2c0e7e-fa8e-4afd-9156-50446620e94a None None] Pushing event updated for resources: {'Port': ['ID=b377cd6a-4a82-45bf-9338-527616009d42,revision_number=4']} {{(pid=79308) push /opt/stack/neutron/neutron/api/rpc/handlers/resources_rpc.py:237}}
May 11 16:32:19.436432 dv-cinder-761113-11-smb neutron-server[79308]: DEBUG oslo_concurrency.lockutils [None req-6f2c0e7e-fa8e-4afd-9156-50446620e94a None None] Lock "event-dispatch" released by "neutron.plugins.ml2.ovo_rpc._ObjectChangeHandler.dispatch_events" :: held 0.090s {{(pid=79308) inner /usr/local/lib/python3.8/dist-packages/oslo_concurrency/lockutils.py:367}}
May 11 16:32:19.441065 dv-cinder-761113-11-smb neutron-server[79308]: DEBUG neutron_lib.callbacks.manager [None req-6f2c0e7e-fa8e-4afd-9156-50446620e94a None None] Notify callbacks ['neutron.plugins.ml2.plugin.SecurityGroupDbMixin._ensure_default_security_group_handler-7818493'] for port, before_update {{(pid=79308) _notify_loop /usr/local/lib/python3.8/dist-packages/neutron_lib/callbacks/manager.py:192}}
May 11 16:32:19.488416 dv-cinder-761113-11-smb neutron-server[79308]: DEBUG neutron.notifiers.nova [-] Sending events: [{'server_uuid': 'c40543e8-146e-42f6-a758-8e2aa08ab6e8', 'name': 'network-vif-plugged', 'status': 'completed', 'tag': '66074108-7443-4b1a-ab4f-aa0e697d0925'}] {{(pid=79308) send_events /opt/stack/neutron/neutron/notifiers/nova.py:262}}
May 11 16:32:19.605680 dv-cinder-761113-11-smb neutron-server[79306]: DEBUG neutron.pecan_wsgi.hooks.policy_enforcement [req-364fdbb2-a87c-4e02-80e9-2334a8e5ca18 req-c8759f00-00db-4e21-9869-efd153d7b9bc tempest-DeleteServersTestJSON-548089818 tempest-DeleteServersTestJSON-548089818-project] Attributes excluded by policy engine: ['standard_attr_id', 'binding:profile', 'binding:host_id', 'binding:vif_type', 'binding:vif_details'] {{(pid=79306) _exclude_attributes_by_policy /opt/stack/neutron/neutron/pecan_wsgi/hooks/policy_enforcement.py:255}}
May 11 16:32:19.613355 dv-cinder-761113-11-smb neutron-server[79306]: INFO neutron.wsgi [req-364fdbb2-a87c-4e02-80e9-2334a8e5ca18 req-c8759f00-00db-4e21-9869-efd153d7b9bc tempest-DeleteServersTestJSON-548089818 tempest-DeleteServersTestJSON-548089818-project] 10.222.0.69 "GET /v2.0/ports?device_id=c40543e8-146e-42f6-a758-8e2aa08ab6e8 HTTP/1.1" status: 200 len: 944 time: 0.2844582
May 11 16:32:19.616112 dv-cinder-761113-11-smb neutron-server[79308]: DEBUG neutron.db.provisioning_blocks [None req-6b712ce1-78b6-4953-90b6-c23221bea32e None None] Provisioning complete for port 7cef8ae1-c0e2-4470-b5c6-afd2827ff728 triggered by entity L2. {{(pid=79308) provisioning_complete /opt/stack/neutron/neutron/db/provisioning_blocks.py:139}}
May 11 16:32:19.619574 dv-cinder-761113-11-smb neutron-server[79308]: DEBUG neutron_lib.callbacks.manager [None req-6b712ce1-78b6-4953-90b6-c23221bea32e None None] Notify callbacks ['neutron.plugins.ml2.plugin.Ml2Plugin._port_provisioned-7697002'] for port, provisioning_complete {{(pid=79308) _notify_loop /usr/local/lib/python3.8/dist-packages/neutron_lib/callbacks/manager.py:192}}
May 11 16:32:19.676721 dv-cinder-761113-11-smb neutron-server[79308]: DEBUG neutron.plugins.ml2.db [None req-6f2c0e7e-fa8e-4afd-9156-50446620e94a None None] get_ports_and_sgs() called for port_ids ['b377cd6a-4a82-45bf-9338-527616009d42'] {{(pid=79308) get_ports_and_sgs /opt/stack/neutron/neutron/plugins/ml2/db.py:164}}
May 11 16:32:19.708753 dv-cinder-761113-11-smb neutron-server[79306]: INFO neutron.wsgi [req-364fdbb2-a87c-4e02-80e9-2334a8e5ca18 req-e448db06-0ef6-4827-b8b5-804ad64f6a6e tempest-DeleteServersTestJSON-548089818 tempest-DeleteServersTestJSON-548089818-project] 10.222.0.69 "GET /v2.0/security-groups?id=43f5741b-27d6-49ed-a30f-ae5f8a702eb0&fields=id&fields=name HTTP/1.1" status: 200 len: 286 time: 0.0945473
May 11 16:32:19.756335 dv-cinder-761113-11-smb neutron-server[79308]: DEBUG neutron.plugins.ml2.db [None req-6f2c0e7e-fa8e-4afd-9156-50446620e94a None None] For port 66074108-7443-4b1a-ab4f-aa0e697d0925, host hv-cinder-76111, got binding levels [PortBindingLevel(driver='hyperv',host='hv-cinder-76111',level=0,port_id=66074108-7443-4b1a-ab4f-aa0e697d0925,segment=NetworkSegment(8bc88e88-c0ba-45ec-9793-330abd4968c6),segment_id=8bc88e88-c0ba-45ec-9793-330abd4968c6)] {{(pid=79308) get_binding_level_objs /opt/stack/neutron/neutron/plugins/ml2/db.py:75}}
May 11 16:32:19.785695 dv-cinder-761113-11-smb neutron-server[79306]: DEBUG neutron_lib.callbacks.manager [req-c6645c78-0b11-4104-915d-e36794298e00 req-c9013729-4d1b-4034-8296-a5dc8d00f2de tempest-AttachVolumeTestJSON-1340870389 tempest-AttachVolumeTestJSON-1340870389-project] Notify callbacks [] for port, precommit_create {{(pid=79306) _notify_loop /usr/local/lib/python3.8/dist-packages/neutron_lib/callbacks/manager.py:192}}
May 11 16:32:19.842076 dv-cinder-761113-11-smb neutron-server[79306]: DEBUG neutron.db.provisioning_blocks [req-c6645c78-0b11-4104-915d-e36794298e00 req-c9013729-4d1b-4034-8296-a5dc8d00f2de tempest-AttachVolumeTestJSON-1340870389 tempest-AttachVolumeTestJSON-1340870389-project] Transition to ACTIVE for port object 7d5f6a24-8b30-4765-8ece-f0771ac13f32 will not be triggered until provisioned by entity DHCP. {{(pid=79306) add_provisioning_component /opt/stack/neutron/neutron/db/provisioning_blocks.py:73}}
May 11 16:32:19.889024 dv-cinder-761113-11-smb neutron-server[79308]: DEBUG neutron_lib.callbacks.manager [None req-6f2c0e7e-fa8e-4afd-9156-50446620e94a None None] Notify callbacks ['neutron.plugins.ml2.plugin.SecurityGroupServerNotifierRpcMixin.notify_sg_on_port_change-7818430', 'neutron.plugins.ml2.ovo_rpc._ObjectChangeHandler.handle_event-147095', 'neutron.api.rpc.agentnotifiers.dhcp_rpc_agent_api.DhcpAgentNotifyAPI._native_event_send_dhcp_notification-7873669', 'neutron.db.l3_db.L3RpcNotifierMixin._notify_gateway_port_ip_changed-8726991788903', 'neutron.db.l3_dvrscheduler_db._notify_l3_agent_port_update-8726991370262', 'neutron.db.l3_hascheduler_db._notify_l3_agent_ha_port_update-8726991370307'] for port, after_update {{(pid=79308) _notify_loop /usr/local/lib/python3.8/dist-packages/neutron_lib/callbacks/manager.py:192}}
May 11 16:32:19.891149 dv-cinder-761113-11-smb neutron-server[79308]: DEBUG oslo_concurrency.lockutils [None req-6b712ce1-78b6-4953-90b6-c23221bea32e None None] Lock "event-dispatch" acquired by "neutron.plugins.ml2.ovo_rpc._ObjectChangeHandler.dispatch_events" :: waited 0.000s {{(pid=79308) inner /usr/local/lib/python3.8/dist-packages/oslo_concurrency/lockutils.py:355}}
May 11 16:32:20.169179 dv-cinder-761113-11-smb neutron-server[79306]: DEBUG neutron_lib.callbacks.manager [req-c6645c78-0b11-4104-915d-e36794298e00 req-c9013729-4d1b-4034-8296-a5dc8d00f2de tempest-AttachVolumeTestJSON-1340870389 tempest-AttachVolumeTestJSON-1340870389-project] Notify callbacks ['neutron.plugins.ml2.plugin.SecurityGroupServerNotifierRpcMixin.notify_sg_on_port_change-7818430', 'neutron.plugins.ml2.ovo_rpc._ObjectChangeHandler.handle_event-147095', 'neutron.api.rpc.agentnotifiers.dhcp_rpc_agent_api.DhcpAgentNotifyAPI._native_event_send_dhcp_notification-7873669', 'neutron.db.l3_dvrscheduler_db._notify_l3_agent_new_port-8726991370244'] for port, after_create {{(pid=79306) _notify_loop /usr/local/lib/python3.8/dist-packages/neutron_lib/callbacks/manager.py:192}}
May 11 16:32:20.195032 dv-cinder-761113-11-smb neutron-server[79306]: DEBUG oslo_concurrency.lockutils [-] Lock "event-dispatch" acquired by "neutron.plugins.ml2.ovo_rpc._ObjectChangeHandler.dispatch_events" :: waited 0.000s {{(pid=79306) inner /usr/local/lib/python3.8/dist-packages/oslo_concurrency/lockutils.py:355}}
May 11 16:32:20.250993 dv-cinder-761113-11-smb neutron-server[79308]: DEBUG neutron.api.rpc.handlers.resources_rpc [None req-6f2c0e7e-fa8e-4afd-9156-50446620e94a None None] Pushing event updated for resources: {'Port': ['ID=66074108-7443-4b1a-ab4f-aa0e697d0925,revision_number=5']} {{(pid=79308) push /opt/stack/neutron/neutron/api/rpc/handlers/resources_rpc.py:237}}
May 11 16:32:20.252839 dv-cinder-761113-11-smb neutron-server[79306]: DEBUG neutron.pecan_wsgi.hooks.policy_enforcement [req-57a428d1-bfd4-4181-b66d-b02d06df0cfe req-5ef53f1d-87e0-4cb2-a306-7e04547279a1 tempest-ServerRescueNegativeTestJSON-562573633 tempest-ServerRescueNegativeTestJSON-562573633-project] Attributes excluded by policy engine: ['standard_attr_id', 'vlan_transparent', 'provider:network_type', 'provider:physical_network', 'provider:segmentation_id'] {{(pid=79306) _exclude_attributes_by_policy /opt/stack/neutron/neutron/pecan_wsgi/hooks/policy_enforcement.py:255}}
May 11 16:32:20.254294 dv-cinder-761113-11-smb neutron-server[79306]: INFO neutron.wsgi [req-57a428d1-bfd4-4181-b66d-b02d06df0cfe req-5ef53f1d-87e0-4cb2-a306-7e04547279a1 tempest-ServerRescueNegativeTestJSON-562573633 tempest-ServerRescueNegativeTestJSON-562573633-project] 10.222.0.69 "GET /v2.0/networks?id=8cc7056a-c37c-408d-a6c0-cc2e4ba5d349 HTTP/1.1" status: 200 len: 818 time: 0.3495612
May 11 16:32:20.259455 dv-cinder-761113-11-smb neutron-server[79308]: DEBUG oslo_concurrency.lockutils [None req-6f2c0e7e-fa8e-4afd-9156-50446620e94a None None] Lock "event-dispatch" released by "neutron.plugins.ml2.ovo_rpc._ObjectChangeHandler.dispatch_events" :: held 0.363s {{(pid=79308) inner /usr/local/lib/python3.8/dist-packages/oslo_concurrency/lockutils.py:367}}
May 11 16:32:20.299100 dv-cinder-761113-11-smb neutron-server[79306]: DEBUG neutron.scheduler.dhcp_agent_scheduler [req-c6645c78-0b11-4104-915d-e36794298e00 req-c9013729-4d1b-4034-8296-a5dc8d00f2de tempest-AttachVolumeTestJSON-1340870389 tempest-AttachVolumeTestJSON-1340870389-project] Network e5d3872e-73cd-4309-a063-c76018d68b05 is already hosted by enough agents. {{(pid=79306) _get_dhcp_agents_hosting_network /opt/stack/neutron/neutron/scheduler/dhcp_agent_scheduler.py:275}}
May 11 16:32:20.300694 dv-cinder-761113-11-smb neutron-server[79306]: INFO neutron.wsgi [req-57a428d1-bfd4-4181-b66d-b02d06df0cfe req-fb00cd50-fe12-43c8-a6a0-35af9e48aae1 tempest-ServerRescueNegativeTestJSON-562573633 tempest-ServerRescueNegativeTestJSON-562573633-project] 10.222.0.69 "GET /v2.0/quotas/43090811c61044408241c79e8f6afe8c HTTP/1.1" status: 200 len: 375 time: 0.0294733
May 11 16:32:20.304181 dv-cinder-761113-11-smb neutron-server[79306]: DEBUG neutron.scheduler.base_scheduler [req-c6645c78-0b11-4104-915d-e36794298e00 req-c9013729-4d1b-4034-8296-a5dc8d00f2de tempest-AttachVolumeTestJSON-1340870389 tempest-AttachVolumeTestJSON-1340870389-project] Resources bound (agent type, host, resource id): {{(pid=79306) schedule /opt/stack/neutron/neutron/scheduler/base_scheduler.py:57}}
May 11 16:32:20.318633 dv-cinder-761113-11-smb neutron-server[79306]: DEBUG neutron.db.l3_dvrscheduler_db [req-c6645c78-0b11-4104-915d-e36794298e00 req-c9013729-4d1b-4034-8296-a5dc8d00f2de tempest-AttachVolumeTestJSON-1340870389 tempest-AttachVolumeTestJSON-1340870389-project] Received port after_create {{(pid=79306) _notify_l3_agent_new_port /opt/stack/neutron/neutron/db/l3_dvrscheduler_db.py:537}}
May 11 16:32:20.324100 dv-cinder-761113-11-smb neutron-server[79306]: DEBUG neutron.pecan_wsgi.hooks.policy_enforcement [req-c6645c78-0b11-4104-915d-e36794298e00 req-c9013729-4d1b-4034-8296-a5dc8d00f2de tempest-AttachVolumeTestJSON-1340870389 tempest-AttachVolumeTestJSON-1340870389-project] Attributes excluded by policy engine: ['standard_attr_id', 'binding:profile', 'binding:host_id', 'binding:vif_type', 'binding:vif_details', 'network'] {{(pid=79306) _exclude_attributes_by_policy /opt/stack/neutron/neutron/pecan_wsgi/hooks/policy_enforcement.py:255}}
May 11 16:32:20.328854 dv-cinder-761113-11-smb neutron-server[79306]: DEBUG neutron_lib.callbacks.manager [req-c6645c78-0b11-4104-915d-e36794298e00 req-c9013729-4d1b-4034-8296-a5dc8d00f2de tempest-AttachVolumeTestJSON-1340870389 tempest-AttachVolumeTestJSON-1340870389-project] Notify callbacks ['neutron.notifiers.nova.Notifier._send_nova_notification-58076', 'neutron.api.rpc.agentnotifiers.dhcp_rpc_agent_api.DhcpAgentNotifyAPI._send_dhcp_notification-7873707'] for port, before_response {{(pid=79306) _notify_loop /usr/local/lib/python3.8/dist-packages/neutron_lib/callbacks/manager.py:192}}
May 11 16:32:20.370728 dv-cinder-761113-11-smb neutron-server[79306]: DEBUG neutron.api.rpc.handlers.resources_rpc [None req-c9013729-4d1b-4034-8296-a5dc8d00f2de tempest-AttachVolumeTestJSON-1340870389 tempest-AttachVolumeTestJSON-1340870389-project] Pushing event updated for resources: {'Port': ['ID=7d5f6a24-8b30-4765-8ece-f0771ac13f32,revision_number=1']} {{(pid=79306) push /opt/stack/neutron/neutron/api/rpc/handlers/resources_rpc.py:237}}
May 11 16:32:20.382196 dv-cinder-761113-11-smb neutron-server[79306]: DEBUG oslo_concurrency.lockutils [None req-c9013729-4d1b-4034-8296-a5dc8d00f2de tempest-AttachVolumeTestJSON-1340870389 tempest-AttachVolumeTestJSON-1340870389-project] Lock "event-dispatch" released by "neutron.plugins.ml2.ovo_rpc._ObjectChangeHandler.dispatch_events" :: held 0.187s {{(pid=79306) inner /usr/local/lib/python3.8/dist-packages/oslo_concurrency/lockutils.py:367}}
May 11 16:32:20.389558 dv-cinder-761113-11-smb neutron-server[79308]: DEBUG neutron_lib.callbacks.manager [None req-600e7eab-21f0-47e2-a7f2-24c2c8113b55 None None] Notify callbacks ['neutron.services.segments.db._update_segment_host_mapping_for_agent-8726991795110', 'neutron.plugins.ml2.plugin.Ml2Plugin._retry_binding_revived_agents-7697113'] for agent, after_update {{(pid=79308) _notify_loop /usr/local/lib/python3.8/dist-packages/neutron_lib/callbacks/manager.py:192}}
May 11 16:32:20.420812 dv-cinder-761113-11-smb neutron-server[79306]: DEBUG neutron.pecan_wsgi.hooks.policy_enforcement [req-8c9b5450-0693-472d-a1ae-453a74fd9ce2 req-2d5b71e0-f8fc-46a9-aa50-59a1c63d8338 tempest-AttachVolumeNegativeTest-1500853786 tempest-AttachVolumeNegativeTest-1500853786-project] Attributes excluded by policy engine: ['standard_attr_id', 'binding:profile', 'binding:host_id', 'binding:vif_type', 'binding:vif_details'] {{(pid=79306) _exclude_attributes_by_policy /opt/stack/neutron/neutron/pecan_wsgi/hooks/policy_enforcement.py:255}}
May 11 16:32:20.422365 dv-cinder-761113-11-smb neutron-server[79306]: INFO neutron.wsgi [req-8c9b5450-0693-472d-a1ae-453a74fd9ce2 req-2d5b71e0-f8fc-46a9-aa50-59a1c63d8338 tempest-AttachVolumeNegativeTest-1500853786 tempest-AttachVolumeNegativeTest-1500853786-project] 10.222.0.69 "GET /v2.0/ports?device_id=9d850223-9315-4af4-8ca9-58338e4a5035 HTTP/1.1" status: 200 len: 945 time: 0.3949993
May 11 16:32:20.490688 dv-cinder-761113-11-smb neutron-server[79306]: INFO neutron.wsgi [req-8c9b5450-0693-472d-a1ae-453a74fd9ce2 req-96df5624-da00-4e19-af75-b57a5388ba0d tempest-AttachVolumeNegativeTest-1500853786 tempest-AttachVolumeNegativeTest-1500853786-project] 10.222.0.69 "GET /v2.0/security-groups?id=bbabc2a5-4b4b-47fe-b80e-0b3630be334d&fields=id&fields=name HTTP/1.1" status: 200 len: 286 time: 0.0558944
May 11 16:32:20.502307 dv-cinder-761113-11-smb neutron-server[79306]: INFO neutron.wsgi [req-c6645c78-0b11-4104-915d-e36794298e00 req-c9013729-4d1b-4034-8296-a5dc8d00f2de tempest-AttachVolumeTestJSON-1340870389 tempest-AttachVolumeTestJSON-1340870389-project] 10.222.0.86 "POST /v2.0/ports HTTP/1.1" status: 201 len: 933 time: 2.3705382
May 11 16:32:20.514660 dv-cinder-761113-11-smb neutron-server[79306]: INFO neutron.wsgi [req-57a428d1-bfd4-4181-b66d-b02d06df0cfe req-d794ffe7-2915-4ce0-b089-28c81756ae54 tempest-ServerRescueNegativeTestJSON-562573633 tempest-ServerRescueNegativeTestJSON-562573633-project] 10.222.0.69 "GET /v2.0/ports?tenant_id=43090811c61044408241c79e8f6afe8c&fields=id HTTP/1.1" status: 200 len: 255 time: 0.2031679
May 11 16:32:20.556367 dv-cinder-761113-11-smb neutron-server[79306]: DEBUG neutron.api.v2.base [req-c6645c78-0b11-4104-915d-e36794298e00 req-4d4b4d9c-2dae-434e-9f3e-db3066809fad service neutron] Request body: {'port': {'device_id': '54d9f198-27bc-403a-bc52-44911b7c861b', 'device_owner': 'compute:nova', 'binding:host_id': 'hv-cinder-76111'}} {{(pid=79306) prepare_request_body /opt/stack/neutron/neutron/api/v2/base.py:729}}
May 11 16:32:20.704781 dv-cinder-761113-11-smb neutron-server[79308]: DEBUG neutron.db.provisioning_blocks [None req-77567d68-549f-4bdf-b8e2-6bb587db8da5 None None] Provisioning for port 7d5f6a24-8b30-4765-8ece-f0771ac13f32 completed by entity DHCP. {{(pid=79308) provisioning_complete /opt/stack/neutron/neutron/db/provisioning_blocks.py:133}}
May 11 16:32:20.712156 dv-cinder-761113-11-smb neutron-server[79308]: DEBUG neutron.db.provisioning_blocks [None req-77567d68-549f-4bdf-b8e2-6bb587db8da5 None None] Provisioning complete for port 7d5f6a24-8b30-4765-8ece-f0771ac13f32 triggered by entity DHCP. {{(pid=79308) provisioning_complete /opt/stack/neutron/neutron/db/provisioning_blocks.py:139}}
May 11 16:32:20.713273 dv-cinder-761113-11-smb neutron-server[79308]: DEBUG neutron_lib.callbacks.manager [None req-77567d68-549f-4bdf-b8e2-6bb587db8da5 None None] Notify callbacks ['neutron.plugins.ml2.plugin.Ml2Plugin._port_provisioned-7697002'] for port, provisioning_complete {{(pid=79308) _notify_loop /usr/local/lib/python3.8/dist-packages/neutron_lib/callbacks/manager.py:192}}
May 11 16:32:20.735303 dv-cinder-761113-11-smb neutron-server[79306]: INFO neutron.wsgi [req-fe42b6bf-b512-436d-80c5-379d7a900d1e req-7515df83-39a6-420d-8a51-19e2d21df701 tempest-AttachVolumeShelveTestJSON-167394791 tempest-AttachVolumeShelveTestJSON-167394791-project] 10.222.0.69 "GET /v2.0/ports?device_id=e65c2589-6bd9-4efb-98cb-dd736e4b5ded HTTP/1.1" status: 200 len: 210 time: 0.1501677
May 11 16:32:20.818409 dv-cinder-761113-11-smb neutron-server[79308]: DEBUG neutron.plugins.ml2.plugin [None req-77567d68-549f-4bdf-b8e2-6bb587db8da5 None None] Port 7d5f6a24-8b30-4765-8ece-f0771ac13f32 cannot update to ACTIVE because it is not bound. {{(pid=79308) _port_provisioned /opt/stack/neutron/neutron/plugins/ml2/plugin.py:337}}
May 11 16:32:20.937798 dv-cinder-761113-11-smb neutron-server[79306]: INFO neutron.wsgi [req-57a428d1-bfd4-4181-b66d-b02d06df0cfe req-d0e1dc6f-d5e7-4a6f-ae88-6c1c90380cc2 service neutron] 10.222.0.69 "GET /v2.0/networks/8cc7056a-c37c-408d-a6c0-cc2e4ba5d349?fields=segments HTTP/1.1" status: 200 len: 212 time: 0.4222312
May 11 16:32:20.955883 dv-cinder-761113-11-smb neutron-server[79306]: DEBUG neutron_lib.callbacks.manager [req-c6645c78-0b11-4104-915d-e36794298e00 req-4d4b4d9c-2dae-434e-9f3e-db3066809fad service neutron] Notify callbacks ['neutron.plugins.ml2.plugin.SecurityGroupDbMixin._ensure_default_security_group_handler-7818493'] for port, before_update {{(pid=79306) _notify_loop /usr/local/lib/python3.8/dist-packages/neutron_lib/callbacks/manager.py:192}}
May 11 16:32:21.217387 dv-cinder-761113-11-smb neutron-server[79306]: DEBUG neutron.pecan_wsgi.hooks.policy_enforcement [req-510891b6-b956-4424-9068-e7442d44de4f req-069c005a-3ee1-4a2b-990d-81417e12e390 tempest-ServerRescueNegativeTestJSON-562573633 tempest-ServerRescueNegativeTestJSON-562573633-project] Attributes excluded by policy engine: ['standard_attr_id', 'vlan_transparent', 'provider:network_type', 'provider:physical_network', 'provider:segmentation_id'] {{(pid=79306) _exclude_attributes_by_policy /opt/stack/neutron/neutron/pecan_wsgi/hooks/policy_enforcement.py:255}}
May 11 16:32:21.218872 dv-cinder-761113-11-smb neutron-server[79306]: INFO neutron.wsgi [req-510891b6-b956-4424-9068-e7442d44de4f req-069c005a-3ee1-4a2b-990d-81417e12e390 tempest-ServerRescueNegativeTestJSON-562573633 tempest-ServerRescueNegativeTestJSON-562573633-project] 10.222.0.86 "GET /v2.0/networks?id=8cc7056a-c37c-408d-a6c0-cc2e4ba5d349 HTTP/1.1" status: 200 len: 818 time: 0.5953066
May 11 16:32:21.248581 dv-cinder-761113-11-smb neutron-server[79306]: DEBUG neutron.api.v2.base [req-510891b6-b956-4424-9068-e7442d44de4f req-5c764058-8560-46c4-a16c-1ef0e5a0de38 tempest-ServerRescueNegativeTestJSON-562573633 tempest-ServerRescueNegativeTestJSON-562573633-project] Request body: {'port': {'device_id': '8051703e-5151-44be-b67e-e3eaee1b6f33', 'network_id': '8cc7056a-c37c-408d-a6c0-cc2e4ba5d349', 'admin_state_up': True, 'tenant_id': '43090811c61044408241c79e8f6afe8c'}} {{(pid=79306) prepare_request_body /opt/stack/neutron/neutron/api/v2/base.py:729}}
May 11 16:32:21.486177 dv-cinder-761113-11-smb neutron-server[79306]: INFO neutron.wsgi [req-57a428d1-bfd4-4181-b66d-b02d06df0cfe req-7d360ea9-03c7-4b23-839c-4410b884ecbb service neutron] 10.222.0.69 "GET /v2.0/networks/8cc7056a-c37c-408d-a6c0-cc2e4ba5d349?fields=provider%3Aphysical_network&fields=provider%3Anetwork_type HTTP/1.1" status: 200 len: 281 time: 0.5312614
May 11 16:32:21.546454 dv-cinder-761113-11-smb neutron-server[79306]: DEBUG neutron.pecan_wsgi.hooks.policy_enforcement [req-6dc85c72-90ce-4e8d-885e-6aa64bc49ef1 req-2f7530a8-244e-409d-a56e-b2a17f3a1426 tempest-AttachVolumeTestJSON-1340870389 tempest-AttachVolumeTestJSON-1340870389-project] Attributes excluded by policy engine: ['standard_attr_id', 'binding:profile', 'binding:host_id', 'binding:vif_type', 'binding:vif_details'] {{(pid=79306) _exclude_attributes_by_policy /opt/stack/neutron/neutron/pecan_wsgi/hooks/policy_enforcement.py:255}}
May 11 16:32:21.547173 dv-cinder-761113-11-smb neutron-server[79306]: DEBUG neutron.quota.resource [req-6dc85c72-90ce-4e8d-885e-6aa64bc49ef1 req-2f7530a8-244e-409d-a56e-b2a17f3a1426 tempest-AttachVolumeTestJSON-1340870389 tempest-AttachVolumeTestJSON-1340870389-project] Synchronizing usage tracker for tenant:35ecae22abf744578e8aee4aa7c16f97 on resource:port {{(pid=79306) resync /opt/stack/neutron/neutron/quota/resource.py:241}}
May 11 16:32:21.568176 dv-cinder-761113-11-smb neutron-server[79306]: DEBUG neutron.db.quota.driver [req-510891b6-b956-4424-9068-e7442d44de4f req-5c764058-8560-46c4-a16c-1ef0e5a0de38 tempest-ServerRescueNegativeTestJSON-562573633 tempest-ServerRescueNegativeTestJSON-562573633-project] Resources subnetpool have unlimited quota limit. It is not required to calculate headroom {{(pid=79306) make_reservation /opt/stack/neutron/neutron/db/quota/driver.py:219}}
May 11 16:32:21.635888 dv-cinder-761113-11-smb neutron-server[79306]: DEBUG neutron.db.quota.driver [req-510891b6-b956-4424-9068-e7442d44de4f req-5c764058-8560-46c4-a16c-1ef0e5a0de38 tempest-ServerRescueNegativeTestJSON-562573633 tempest-ServerRescueNegativeTestJSON-562573633-project] Attempting to reserve 1 items for resource port. Total usage: 1; quota limit: 500; headroom:499 {{(pid=79306) make_reservation /opt/stack/neutron/neutron/db/quota/driver.py:246}}
May 11 16:32:21.785887 dv-cinder-761113-11-smb neutron-server[79306]: DEBUG neutron.notifiers.nova [req-c6645c78-0b11-4104-915d-e36794298e00 req-4d4b4d9c-2dae-434e-9f3e-db3066809fad service neutron] Ignoring state change previous_port_status: DOWN current_port_status: DOWN port_id 7d5f6a24-8b30-4765-8ece-f0771ac13f32 {{(pid=79306) record_port_status_changed /opt/stack/neutron/neutron/notifiers/nova.py:224}}
May 11 16:32:21.808996 dv-cinder-761113-11-smb neutron-server[79306]: DEBUG neutron_lib.callbacks.manager [req-c6645c78-0b11-4104-915d-e36794298e00 req-4d4b4d9c-2dae-434e-9f3e-db3066809fad service neutron] Notify callbacks [] for port, precommit_update {{(pid=79306) _notify_loop /usr/local/lib/python3.8/dist-packages/neutron_lib/callbacks/manager.py:192}}
May 11 16:32:21.840938 dv-cinder-761113-11-smb neutron-server[79306]: DEBUG neutron.quota.resource [req-6dc85c72-90ce-4e8d-885e-6aa64bc49ef1 req-2f7530a8-244e-409d-a56e-b2a17f3a1426 tempest-AttachVolumeTestJSON-1340870389 tempest-AttachVolumeTestJSON-1340870389-project] Unset dirty status for tenant:35ecae22abf744578e8aee4aa7c16f97 on resource:port {{(pid=79306) _resync /opt/stack/neutron/neutron/quota/resource.py:233}}
May 11 16:32:21.842309 dv-cinder-761113-11-smb neutron-server[79306]: INFO neutron.wsgi [req-6dc85c72-90ce-4e8d-885e-6aa64bc49ef1 req-2f7530a8-244e-409d-a56e-b2a17f3a1426 tempest-AttachVolumeTestJSON-1340870389 tempest-AttachVolumeTestJSON-1340870389-project] 10.222.0.69 "GET /v2.0/ports?device_id=54d9f198-27bc-403a-bc52-44911b7c861b HTTP/1.1" status: 200 len: 931 time: 0.6968045
May 11 16:32:21.846640 dv-cinder-761113-11-smb neutron-server[79306]: DEBUG neutron.pecan_wsgi.hooks.quota_enforcement [req-510891b6-b956-4424-9068-e7442d44de4f req-5c764058-8560-46c4-a16c-1ef0e5a0de38 tempest-ServerRescueNegativeTestJSON-562573633 tempest-ServerRescueNegativeTestJSON-562573633-project] Made reservation on behalf of 43090811c61044408241c79e8f6afe8c for: {'port': 1} {{(pid=79306) before /opt/stack/neutron/neutron/pecan_wsgi/hooks/quota_enforcement.py:53}}
May 11 16:32:21.850340 dv-cinder-761113-11-smb neutron-server[79306]: DEBUG neutron_lib.callbacks.manager [req-510891b6-b956-4424-9068-e7442d44de4f req-5c764058-8560-46c4-a16c-1ef0e5a0de38 tempest-ServerRescueNegativeTestJSON-562573633 tempest-ServerRescueNegativeTestJSON-562573633-project] Notify callbacks ['neutron.plugins.ml2.plugin.SecurityGroupDbMixin._ensure_default_security_group_handler-7818493'] for port, before_create {{(pid=79306) _notify_loop /usr/local/lib/python3.8/dist-packages/neutron_lib/callbacks/manager.py:192}}
May 11 16:32:21.865665 dv-cinder-761113-11-smb neutron-server[79306]: DEBUG neutron.db.provisioning_blocks [req-c6645c78-0b11-4104-915d-e36794298e00 req-4d4b4d9c-2dae-434e-9f3e-db3066809fad service neutron] Transition to ACTIVE for port object 7d5f6a24-8b30-4765-8ece-f0771ac13f32 will not be triggered until provisioned by entity L2. {{(pid=79306) add_provisioning_component /opt/stack/neutron/neutron/db/provisioning_blocks.py:73}}
May 11 16:32:21.902629 dv-cinder-761113-11-smb neutron-server[79308]: INFO neutron.notifiers.nova [-] Nova event response: {'server_uuid': 'c40543e8-146e-42f6-a758-8e2aa08ab6e8', 'name': 'network-vif-plugged', 'status': 'completed', 'tag': '66074108-7443-4b1a-ab4f-aa0e697d0925', 'code': 200}
May 11 16:32:21.964011 dv-cinder-761113-11-smb neutron-server[79306]: INFO neutron.wsgi [req-6dc85c72-90ce-4e8d-885e-6aa64bc49ef1 req-16d4723b-2fca-4ee0-bfce-7d9e85e16294 tempest-AttachVolumeTestJSON-1340870389 tempest-AttachVolumeTestJSON-1340870389-project] 10.222.0.69 "GET /v2.0/security-groups?id=31a6cf4d-8875-4ea3-8cdf-8363ba0f37f4&fields=id&fields=name HTTP/1.1" status: 200 len: 312 time: 0.0970917
May 11 16:32:22.103643 dv-cinder-761113-11-smb neutron-server[79306]: DEBUG neutron_lib.callbacks.manager [req-c6645c78-0b11-4104-915d-e36794298e00 req-4d4b4d9c-2dae-434e-9f3e-db3066809fad service neutron] Notify callbacks ['neutron.plugins.ml2.plugin.SecurityGroupServerNotifierRpcMixin.notify_sg_on_port_change-7818430', 'neutron.plugins.ml2.ovo_rpc._ObjectChangeHandler.handle_event-147095', 'neutron.api.rpc.agentnotifiers.dhcp_rpc_agent_api.DhcpAgentNotifyAPI._native_event_send_dhcp_notification-7873669', 'neutron.db.l3_db.L3RpcNotifierMixin._notify_gateway_port_ip_changed-8726991788903', 'neutron.db.l3_dvrscheduler_db._notify_l3_agent_port_update-8726991370262', 'neutron.db.l3_hascheduler_db._notify_l3_agent_ha_port_update-8726991370307'] for port, after_update {{(pid=79306) _notify_loop /usr/local/lib/python3.8/dist-packages/neutron_lib/callbacks/manager.py:192}}
May 11 16:32:22.145145 dv-cinder-761113-11-smb neutron-server[79306]: DEBUG oslo_concurrency.lockutils [None req-3ae9e557-b122-4586-9ada-922ef0cbd593 admin admin] Lock "event-dispatch" acquired by "neutron.plugins.ml2.ovo_rpc._ObjectChangeHandler.dispatch_events" :: waited 0.000s {{(pid=79306) inner /usr/local/lib/python3.8/dist-packages/oslo_concurrency/lockutils.py:355}}
May 11 16:32:22.321338 dv-cinder-761113-11-smb neutron-server[79307]: DEBUG neutron.wsgi [-] (79307) accepted ('10.222.0.86', 54752) {{(pid=79307) server /usr/local/lib/python3.8/dist-packages/eventlet/wsgi.py:992}}
May 11 16:32:22.329147 dv-cinder-761113-11-smb neutron-server[79306]: DEBUG neutron.db.db_base_plugin_common [req-510891b6-b956-4424-9068-e7442d44de4f req-5c764058-8560-46c4-a16c-1ef0e5a0de38 tempest-ServerRescueNegativeTestJSON-562573633 tempest-ServerRescueNegativeTestJSON-562573633-project] Allocated IP 172.20.0.4 (8cc7056a-c37c-408d-a6c0-cc2e4ba5d349/8cf7b756-6d88-4955-8db1-8a7a09f3073b/a5b21616-e2b4-46ba-9d87-c96b071dddfa) {{(pid=79306) _store_ip_allocation /opt/stack/neutron/neutron/db/db_base_plugin_common.py:131}}
May 11 16:32:22.340964 dv-cinder-761113-11-smb neutron-server[79306]: DEBUG neutron.api.rpc.handlers.resources_rpc [None req-4d4b4d9c-2dae-434e-9f3e-db3066809fad service neutron] Pushing event updated for resources: {'Port': ['ID=7d5f6a24-8b30-4765-8ece-f0771ac13f32,revision_number=2']} {{(pid=79306) push /opt/stack/neutron/neutron/api/rpc/handlers/resources_rpc.py:237}}
May 11 16:32:22.351235 dv-cinder-761113-11-smb neutron-server[79306]: DEBUG neutron.pecan_wsgi.hooks.policy_enforcement [req-94f948f8-b1a2-432d-975c-b1e436aca385 req-0fd4c977-5847-47ac-8092-e65b2336fdae tempest-DeleteServersTestJSON-548089818 tempest-DeleteServersTestJSON-548089818-project] Attributes excluded by policy engine: ['standard_attr_id', 'binding:profile', 'binding:host_id', 'binding:vif_type', 'binding:vif_details'] {{(pid=79306) _exclude_attributes_by_policy /opt/stack/neutron/neutron/pecan_wsgi/hooks/policy_enforcement.py:255}}
May 11 16:32:22.353429 dv-cinder-761113-11-smb neutron-server[79306]: INFO neutron.wsgi [req-94f948f8-b1a2-432d-975c-b1e436aca385 req-0fd4c977-5847-47ac-8092-e65b2336fdae tempest-DeleteServersTestJSON-548089818 tempest-DeleteServersTestJSON-548089818-project] 10.222.0.69 "GET /v2.0/ports?device_id=c40543e8-146e-42f6-a758-8e2aa08ab6e8 HTTP/1.1" status: 200 len: 945 time: 0.3539495
May 11 16:32:22.354342 dv-cinder-761113-11-smb neutron-server[79306]: DEBUG oslo_concurrency.lockutils [None req-4d4b4d9c-2dae-434e-9f3e-db3066809fad service neutron] Lock "event-dispatch" released by "neutron.plugins.ml2.ovo_rpc._ObjectChangeHandler.dispatch_events" :: held 0.209s {{(pid=79306) inner /usr/local/lib/python3.8/dist-packages/oslo_concurrency/lockutils.py:367}}
May 11 16:32:22.402766 dv-cinder-761113-11-smb neutron-server[79307]: DEBUG neutron.pecan_wsgi.hooks.policy_enforcement [req-ae079668-2d65-4c71-bc98-1e0ec6c49470 req-dea86bf9-42f3-4d9d-a42f-7169dba61e3d service neutron] Attributes excluded by policy engine: ['standard_attr_id'] {{(pid=79307) _exclude_attributes_by_policy /opt/stack/neutron/neutron/pecan_wsgi/hooks/policy_enforcement.py:255}}
May 11 16:32:22.404612 dv-cinder-761113-11-smb neutron-server[79307]: INFO neutron.wsgi [req-ae079668-2d65-4c71-bc98-1e0ec6c49470 req-dea86bf9-42f3-4d9d-a42f-7169dba61e3d service neutron] 10.222.0.86 "GET /v2.0/ports?device_id=c40543e8-146e-42f6-a758-8e2aa08ab6e8 HTTP/1.1" status: 200 len: 1098 time: 0.0818205
May 11 16:32:22.463016 dv-cinder-761113-11-smb neutron-server[79307]: DEBUG neutron_lib.callbacks.manager [req-ae079668-2d65-4c71-bc98-1e0ec6c49470 req-5f71507f-c2e1-4f37-8d92-f0fb6bcb134f service neutron] Notify callbacks [] for security_group, before_create {{(pid=79307) _notify_loop /usr/local/lib/python3.8/dist-packages/neutron_lib/callbacks/manager.py:192}}
May 11 16:32:22.502891 dv-cinder-761113-11-smb neutron-server[79307]: DEBUG neutron.db.quota.driver [req-ae079668-2d65-4c71-bc98-1e0ec6c49470 req-5f71507f-c2e1-4f37-8d92-f0fb6bcb134f service neutron] Resources subnetpool have unlimited quota limit. It is not required to calculate headroom {{(pid=79307) make_reservation /opt/stack/neutron/neutron/db/quota/driver.py:219}}
May 11 16:32:22.511495 dv-cinder-761113-11-smb neutron-server[79307]: DEBUG neutron.quota.resource [req-ae079668-2d65-4c71-bc98-1e0ec6c49470 req-5f71507f-c2e1-4f37-8d92-f0fb6bcb134f service neutron] Usage tracker for resource:security_group_rule and tenant:00a3688d12f340da94f61e84ad5e5007 is out of sync, need to count used quota {{(pid=79307) count_used /opt/stack/neutron/neutron/quota/resource.py:270}}
May 11 16:32:22.518030 dv-cinder-761113-11-smb neutron-server[79306]: DEBUG neutron.plugins.ml2.managers [req-c6645c78-0b11-4104-915d-e36794298e00 req-4d4b4d9c-2dae-434e-9f3e-db3066809fad service neutron] Attempting to bind port 7d5f6a24-8b30-4765-8ece-f0771ac13f32 on host hv-cinder-76111 for vnic_type normal with profile {{(pid=79306) bind_port /opt/stack/neutron/neutron/plugins/ml2/managers.py:790}}
May 11 16:32:22.518030 dv-cinder-761113-11-smb neutron-server[79306]: DEBUG neutron.plugins.ml2.managers [req-c6645c78-0b11-4104-915d-e36794298e00 req-4d4b4d9c-2dae-434e-9f3e-db3066809fad service neutron] Attempting to bind port 7d5f6a24-8b30-4765-8ece-f0771ac13f32 by drivers openvswitch,hyperv on host hv-cinder-76111 at level 0 using segments [{'id': '221358b3-8dae-4f2b-a952-233952b7cc7a', 'network_type': 'vlan', 'physical_network': 'physnet1', 'segmentation_id': 874, 'network_id': 'e5d3872e-73cd-4309-a063-c76018d68b05'}] {{(pid=79306) _bind_port_level /opt/stack/neutron/neutron/plugins/ml2/managers.py:815}}
May 11 16:32:22.518030 dv-cinder-761113-11-smb neutron-server[79306]: DEBUG neutron.plugins.ml2.drivers.mech_agent [req-c6645c78-0b11-4104-915d-e36794298e00 req-4d4b4d9c-2dae-434e-9f3e-db3066809fad service neutron] Attempting to bind port 7d5f6a24-8b30-4765-8ece-f0771ac13f32 on network e5d3872e-73cd-4309-a063-c76018d68b05 {{(pid=79306) bind_port /opt/stack/neutron/neutron/plugins/ml2/drivers/mech_agent.py:86}}
May 11 16:32:22.519359 dv-cinder-761113-11-smb neutron-server[79307]: DEBUG neutron.quota.resource [req-ae079668-2d65-4c71-bc98-1e0ec6c49470 req-5f71507f-c2e1-4f37-8d92-f0fb6bcb134f service neutron] Quota usage for security_group_rule was recalculated. Used quota:0. {{(pid=79307) count_used /opt/stack/neutron/neutron/quota/resource.py:290}}
May 11 16:32:22.527733 dv-cinder-761113-11-smb neutron-server[79307]: DEBUG neutron.db.quota.driver [req-ae079668-2d65-4c71-bc98-1e0ec6c49470 req-5f71507f-c2e1-4f37-8d92-f0fb6bcb134f service neutron] Attempting to reserve 4 items for resource security_group_rule. Total usage: 0; quota limit: 100; headroom:100 {{(pid=79307) make_reservation /opt/stack/neutron/neutron/db/quota/driver.py:246}}
May 11 16:32:22.533073 dv-cinder-761113-11-smb neutron-server[79306]: INFO neutron.wsgi [req-94f948f8-b1a2-432d-975c-b1e436aca385 req-2b8220a4-9bde-4077-8d96-637ed02bda7a tempest-DeleteServersTestJSON-548089818 tempest-DeleteServersTestJSON-548089818-project] 10.222.0.69 "GET /v2.0/security-groups?id=43f5741b-27d6-49ed-a30f-ae5f8a702eb0&fields=id&fields=name HTTP/1.1" status: 200 len: 286 time: 0.1618364
May 11 16:32:22.568776 dv-cinder-761113-11-smb neutron-server[79306]: DEBUG neutron.pecan_wsgi.hooks.policy_enforcement [req-9bf8b111-3446-42d8-9fb7-71e23ae40bc5 req-4e4dad06-dd0d-4560-af6f-b865a69a6bc6 tempest-AttachVolumeNegativeTest-1500853786 tempest-AttachVolumeNegativeTest-1500853786-project] Attributes excluded by policy engine: ['standard_attr_id', 'binding:profile', 'binding:host_id', 'binding:vif_type', 'binding:vif_details'] {{(pid=79306) _exclude_attributes_by_policy /opt/stack/neutron/neutron/pecan_wsgi/hooks/policy_enforcement.py:255}}
May 11 16:32:22.570281 dv-cinder-761113-11-smb neutron-server[79306]: INFO neutron.wsgi [req-9bf8b111-3446-42d8-9fb7-71e23ae40bc5 req-4e4dad06-dd0d-4560-af6f-b865a69a6bc6 tempest-AttachVolumeNegativeTest-1500853786 tempest-AttachVolumeNegativeTest-1500853786-project] 10.222.0.69 "GET /v2.0/ports?device_id=9d850223-9315-4af4-8ca9-58338e4a5035 HTTP/1.1" status: 200 len: 945 time: 0.4641476
May 11 16:32:22.570905 dv-cinder-761113-11-smb neutron-server[79306]: DEBUG neutron.plugins.ml2.drivers.mech_agent [req-c6645c78-0b11-4104-915d-e36794298e00 req-4d4b4d9c-2dae-434e-9f3e-db3066809fad service neutron] Port 7d5f6a24-8b30-4765-8ece-f0771ac13f32 on network e5d3872e-73cd-4309-a063-c76018d68b05 not bound, no agent of type Open vSwitch agent registered on host hv-cinder-76111 {{(pid=79306) bind_port /opt/stack/neutron/neutron/plugins/ml2/drivers/mech_agent.py:98}}
May 11 16:32:22.571231 dv-cinder-761113-11-smb neutron-server[79306]: DEBUG neutron.plugins.ml2.drivers.mech_agent [req-c6645c78-0b11-4104-915d-e36794298e00 req-4d4b4d9c-2dae-434e-9f3e-db3066809fad service neutron] Attempting to bind port 7d5f6a24-8b30-4765-8ece-f0771ac13f32 on network e5d3872e-73cd-4309-a063-c76018d68b05 {{(pid=79306) bind_port /opt/stack/neutron/neutron/plugins/ml2/drivers/mech_agent.py:86}}
May 11 16:32:22.586717 dv-cinder-761113-11-smb neutron-server[79308]: DEBUG neutron.plugins.ml2.rpc [None req-6f2c0e7e-fa8e-4afd-9156-50446620e94a None None] Device b377cd6a-4a82-45bf-9338-527616009d42 up at agent hyperv_hv-cinder-76111 {{(pid=79308) update_device_up /opt/stack/neutron/neutron/plugins/ml2/rpc.py:278}}
May 11 16:32:22.711605 dv-cinder-761113-11-smb neutron-server[79307]: DEBUG neutron_lib.callbacks.manager [req-ae079668-2d65-4c71-bc98-1e0ec6c49470 req-5f71507f-c2e1-4f37-8d92-f0fb6bcb134f service neutron] Notify callbacks [] for security_group, precommit_create {{(pid=79307) _notify_loop /usr/local/lib/python3.8/dist-packages/neutron_lib/callbacks/manager.py:192}}
May 11 16:32:22.737215 dv-cinder-761113-11-smb neutron-server[79307]: DEBUG neutron.wsgi [-] (79307) accepted ('10.222.0.86', 54753) {{(pid=79307) server /usr/local/lib/python3.8/dist-packages/eventlet/wsgi.py:992}}
May 11 16:32:22.751347 dv-cinder-761113-11-smb neutron-server[79306]: DEBUG neutron.plugins.ml2.drivers.mech_agent [req-c6645c78-0b11-4104-915d-e36794298e00 req-4d4b4d9c-2dae-434e-9f3e-db3066809fad service neutron] Checking agent: {'id': 'ad95f03b-b48d-40b0-b52a-fbbb52c3340f', 'agent_type': 'HyperV agent', 'binary': 'neutron-hyperv-agent', 'topic': 'N/A', 'host': 'hv-cinder-76111', 'admin_state_up': True, 'created_at': datetime.datetime(2021, 5, 11, 16, 30, 4), 'started_at': datetime.datetime(2021, 5, 11, 16, 30, 4), 'heartbeat_timestamp': datetime.datetime(2021, 5, 11, 16, 32, 4), 'description': None, 'resources_synced': None, 'availability_zone': None, 'alive': True, 'configurations': {'vswitch_mappings': {'physnet1$': 'br-data'}}, 'resource_versions': {}} {{(pid=79306) bind_port /opt/stack/neutron/neutron/plugins/ml2/drivers/mech_agent.py:105}}
May 11 16:32:22.751638 dv-cinder-761113-11-smb neutron-server[79306]: DEBUG neutron.plugins.ml2.drivers.mech_agent [req-c6645c78-0b11-4104-915d-e36794298e00 req-4d4b4d9c-2dae-434e-9f3e-db3066809fad service neutron] Checking segment: {'id': '221358b3-8dae-4f2b-a952-233952b7cc7a', 'network_type': 'vlan', 'physical_network': 'physnet1', 'segmentation_id': 874, 'network_id': 'e5d3872e-73cd-4309-a063-c76018d68b05'} for mappings: {'physnet1$': 'br-data'} with network types: ['local', 'flat', 'vlan'] {{(pid=79306) check_segment_for_agent /opt/stack/neutron/neutron/plugins/ml2/drivers/mech_agent.py:341}}
May 11 16:32:22.752028 dv-cinder-761113-11-smb neutron-server[79306]: DEBUG neutron.plugins.ml2.drivers.mech_agent [req-c6645c78-0b11-4104-915d-e36794298e00 req-4d4b4d9c-2dae-434e-9f3e-db3066809fad service neutron] Bound using segment: {'id': '221358b3-8dae-4f2b-a952-233952b7cc7a', 'network_type': 'vlan', 'physical_network': 'physnet1', 'segmentation_id': 874, 'network_id': 'e5d3872e-73cd-4309-a063-c76018d68b05'} {{(pid=79306) bind_port /opt/stack/neutron/neutron/plugins/ml2/drivers/mech_agent.py:115}}
May 11 16:32:22.752476 dv-cinder-761113-11-smb neutron-server[79306]: DEBUG neutron.plugins.ml2.managers [req-c6645c78-0b11-4104-915d-e36794298e00 req-4d4b4d9c-2dae-434e-9f3e-db3066809fad service neutron] Bound port: 7d5f6a24-8b30-4765-8ece-f0771ac13f32, host: hv-cinder-76111, vif_type: hyperv, vif_details: {"connectivity": "legacy", "port_filter": false}, binding_levels: [{'bound_driver': 'hyperv', 'bound_segment': {'id': '221358b3-8dae-4f2b-a952-233952b7cc7a', 'network_type': 'vlan', 'physical_network': 'physnet1', 'segmentation_id': 874, 'network_id': 'e5d3872e-73cd-4309-a063-c76018d68b05'}}] {{(pid=79306) _bind_port_level /opt/stack/neutron/neutron/plugins/ml2/managers.py:928}}
May 11 16:32:22.752826 dv-cinder-761113-11-smb neutron-server[79306]: DEBUG neutron_lib.callbacks.manager [req-c6645c78-0b11-4104-915d-e36794298e00 req-4d4b4d9c-2dae-434e-9f3e-db3066809fad service neutron] Notify callbacks ['neutron.plugins.ml2.plugin.SecurityGroupDbMixin._ensure_default_security_group_handler-7818493'] for port, before_update {{(pid=79306) _notify_loop /usr/local/lib/python3.8/dist-packages/neutron_lib/callbacks/manager.py:192}}
May 11 16:32:22.774089 dv-cinder-761113-11-smb neutron-server[79308]: DEBUG neutron.db.provisioning_blocks [None req-6f2c0e7e-fa8e-4afd-9156-50446620e94a None None] Provisioning for port b377cd6a-4a82-45bf-9338-527616009d42 completed by entity L2. {{(pid=79308) provisioning_complete /opt/stack/neutron/neutron/db/provisioning_blocks.py:133}}
May 11 16:32:22.779790 dv-cinder-761113-11-smb neutron-server[79308]: DEBUG neutron.db.provisioning_blocks [None req-6f2c0e7e-fa8e-4afd-9156-50446620e94a None None] Provisioning complete for port b377cd6a-4a82-45bf-9338-527616009d42 triggered by entity L2. {{(pid=79308) provisioning_complete /opt/stack/neutron/neutron/db/provisioning_blocks.py:139}}
May 11 16:32:22.780248 dv-cinder-761113-11-smb neutron-server[79308]: DEBUG neutron_lib.callbacks.manager [None req-6f2c0e7e-fa8e-4afd-9156-50446620e94a None None] Notify callbacks ['neutron.plugins.ml2.plugin.Ml2Plugin._port_provisioned-7697002'] for port, provisioning_complete {{(pid=79308) _notify_loop /usr/local/lib/python3.8/dist-packages/neutron_lib/callbacks/manager.py:192}}
May 11 16:32:22.795732 dv-cinder-761113-11-smb neutron-server[79306]: INFO neutron.wsgi [req-4b965c1f-45c1-4e34-8655-1370bffb3caf req-9bf9310f-19f5-4558-b32f-a2b39d9f0ab5 tempest-ServerRescueNegativeTestJSON-562573633 tempest-ServerRescueNegativeTestJSON-562573633-project] 10.222.0.69 "GET /v2.0/ports?device_id=e9ebf7ba-e67a-4d27-a480-ad5269da179d HTTP/1.1" status: 200 len: 210 time: 0.1138971
May 11 16:32:22.840140 dv-cinder-761113-11-smb neutron-server[79307]: DEBUG neutron_lib.callbacks.manager [req-ae079668-2d65-4c71-bc98-1e0ec6c49470 req-5f71507f-c2e1-4f37-8d92-f0fb6bcb134f service neutron] Notify callbacks ['neutron.plugins.ml2.ovo_rpc._ObjectChangeHandler.handle_event-462738'] for security_group, after_create {{(pid=79307) _notify_loop /usr/local/lib/python3.8/dist-packages/neutron_lib/callbacks/manager.py:192}}
May 11 16:32:22.852304 dv-cinder-761113-11-smb neutron-server[79307]: DEBUG oslo_concurrency.lockutils [-] Lock "event-dispatch" acquired by "neutron.plugins.ml2.ovo_rpc._ObjectChangeHandler.dispatch_events" :: waited 0.000s {{(pid=79307) inner /usr/local/lib/python3.8/dist-packages/oslo_concurrency/lockutils.py:355}}
May 11 16:32:22.889283 dv-cinder-761113-11-smb neutron-server[79307]: INFO neutron.wsgi [req-ae079668-2d65-4c71-bc98-1e0ec6c49470 req-5f71507f-c2e1-4f37-8d92-f0fb6bcb134f service neutron] 10.222.0.86 "GET /v2.0/security-groups?id=43f5741b-27d6-49ed-a30f-ae5f8a702eb0&fields=id&fields=name HTTP/1.1" status: 200 len: 286 time: 0.4750061
May 11 16:32:22.899010 dv-cinder-761113-11-smb neutron-server[79306]: INFO neutron.wsgi [req-9bf8b111-3446-42d8-9fb7-71e23ae40bc5 req-0ef995af-0f9c-490f-bf76-d3cb698e7c94 tempest-AttachVolumeNegativeTest-1500853786 tempest-AttachVolumeNegativeTest-1500853786-project] 10.222.0.69 "GET /v2.0/security-groups?id=bbabc2a5-4b4b-47fe-b80e-0b3630be334d&fields=id&fields=name HTTP/1.1" status: 200 len: 286 time: 0.2192686
May 11 16:32:22.970222 dv-cinder-761113-11-smb neutron-server[79307]: DEBUG neutron.api.rpc.handlers.resources_rpc [None req-5f71507f-c2e1-4f37-8d92-f0fb6bcb134f service neutron] Pushing event updated for resources: {'SecurityGroup': ['ID=c733cbc0-0ead-4c5b-ba91-b737f6696a51,revision_number=1']} {{(pid=79307) push /opt/stack/neutron/neutron/api/rpc/handlers/resources_rpc.py:237}}
May 11 16:32:22.977784 dv-cinder-761113-11-smb neutron-server[79307]: DEBUG oslo_concurrency.lockutils [None req-5f71507f-c2e1-4f37-8d92-f0fb6bcb134f service neutron] Lock "event-dispatch" released by "neutron.plugins.ml2.ovo_rpc._ObjectChangeHandler.dispatch_events" :: held 0.126s {{(pid=79307) inner /usr/local/lib/python3.8/dist-packages/oslo_concurrency/lockutils.py:367}}
May 11 16:32:23.061627 dv-cinder-761113-11-smb neutron-server[79307]: DEBUG neutron.pecan_wsgi.hooks.policy_enforcement [req-95e0ce63-d630-4540-9914-00a9d07da154 req-b9ca9e9a-f36e-4872-b8e1-7bcfed945d89 tempest-AttachVolumeShelveTestJSON-167394791 tempest-AttachVolumeShelveTestJSON-167394791-project] Attributes excluded by policy engine: ['standard_attr_id', 'vlan_transparent', 'provider:network_type', 'provider:physical_network', 'provider:segmentation_id'] {{(pid=79307) _exclude_attributes_by_policy /opt/stack/neutron/neutron/pecan_wsgi/hooks/policy_enforcement.py:255}}
May 11 16:32:23.063093 dv-cinder-761113-11-smb neutron-server[79307]: INFO neutron.wsgi [req-95e0ce63-d630-4540-9914-00a9d07da154 req-b9ca9e9a-f36e-4872-b8e1-7bcfed945d89 tempest-AttachVolumeShelveTestJSON-167394791 tempest-AttachVolumeShelveTestJSON-167394791-project] 10.222.0.86 "GET /v2.0/networks?id=75895cd7-86cc-4311-898a-fb981ed5ac7d HTTP/1.1" status: 200 len: 816 time: 0.3245521
May 11 16:32:23.079230 dv-cinder-761113-11-smb neutron-server[79308]: DEBUG neutron_lib.callbacks.manager [None req-6f2c0e7e-fa8e-4afd-9156-50446620e94a None None] Notify callbacks ['neutron.plugins.ml2.plugin.SecurityGroupDbMixin._ensure_default_security_group_handler-7818493'] for port, before_update {{(pid=79308) _notify_loop /usr/local/lib/python3.8/dist-packages/neutron_lib/callbacks/manager.py:192}}
May 11 16:32:23.120739 dv-cinder-761113-11-smb neutron-server[79307]: DEBUG neutron.quota.resource [req-95e0ce63-d630-4540-9914-00a9d07da154 req-3b5a3dc6-e544-4633-b8bc-d13fefd8703a tempest-AttachVolumeShelveTestJSON-167394791 tempest-AttachVolumeShelveTestJSON-167394791-project] Synchronizing usage tracker for tenant:0947d58a4f784ffdb486149eb985047a on resource:security_group {{(pid=79307) resync /opt/stack/neutron/neutron/quota/resource.py:241}}
May 11 16:32:23.133950 dv-cinder-761113-11-smb neutron-server[79307]: DEBUG neutron.quota.resource [req-95e0ce63-d630-4540-9914-00a9d07da154 req-3b5a3dc6-e544-4633-b8bc-d13fefd8703a tempest-AttachVolumeShelveTestJSON-167394791 tempest-AttachVolumeShelveTestJSON-167394791-project] Unset dirty status for tenant:0947d58a4f784ffdb486149eb985047a on resource:security_group {{(pid=79307) _resync /opt/stack/neutron/neutron/quota/resource.py:233}}
May 11 16:32:23.135091 dv-cinder-761113-11-smb neutron-server[79307]: INFO neutron.wsgi [req-95e0ce63-d630-4540-9914-00a9d07da154 req-3b5a3dc6-e544-4633-b8bc-d13fefd8703a tempest-AttachVolumeShelveTestJSON-167394791 tempest-AttachVolumeShelveTestJSON-167394791-project] 10.222.0.86 "GET /v2.0/security-groups?fields=id&fields=name&tenant_id=0947d58a4f784ffdb486149eb985047a HTTP/1.1" status: 200 len: 380 time: 0.0592701
May 11 16:32:23.148105 dv-cinder-761113-11-smb neutron-server[79307]: DEBUG neutron.api.v2.base [req-95e0ce63-d630-4540-9914-00a9d07da154 req-7ed8b263-9a8d-408a-8a5e-3aa79cbf5214 tempest-AttachVolumeShelveTestJSON-167394791 tempest-AttachVolumeShelveTestJSON-167394791-project] Request body: {'port': {'device_id': 'e65c2589-6bd9-4efb-98cb-dd736e4b5ded', 'network_id': '75895cd7-86cc-4311-898a-fb981ed5ac7d', 'admin_state_up': True, 'tenant_id': '0947d58a4f784ffdb486149eb985047a', 'security_groups': ['38dad229-500c-4935-bf49-0214e82fefcd']}} {{(pid=79307) prepare_request_body /opt/stack/neutron/neutron/api/v2/base.py:729}}
May 11 16:32:23.157608 dv-cinder-761113-11-smb neutron-server[79308]: DEBUG neutron.plugins.ml2.db [None req-6f2c0e7e-fa8e-4afd-9156-50446620e94a None None] For port b377cd6a-4a82-45bf-9338-527616009d42, host hv-cinder-76111, got binding levels [PortBindingLevel(driver='hyperv',host='hv-cinder-76111',level=0,port_id=b377cd6a-4a82-45bf-9338-527616009d42,segment=NetworkSegment(50b8bb3e-d6b2-428b-b765-971239e5f1ed),segment_id=50b8bb3e-d6b2-428b-b765-971239e5f1ed)] {{(pid=79308) get_binding_level_objs /opt/stack/neutron/neutron/plugins/ml2/db.py:75}}
