Sep 11 14:20:27.947560 dv-cinder-760197-9-smb neutron-server[93918]: DEBUG neutron.scheduler.l3_agent_scheduler [None req-d08eb951-812f-409c-b877-18239a2552b0 admin admin] Router a39c0bdc-1a66-454c-8067-f0976c655429 has already been hosted by L3 agent 452f7ee0-4f25-4b71-acd6-59f692350b16 {{(pid=93918) _get_candidates /opt/stack/neutron/neutron/scheduler/l3_agent_scheduler.py:126}}
Sep 11 14:20:28.051562 dv-cinder-760197-9-smb neutron-server[93919]: DEBUG neutron.api.rpc.handlers.dhcp_rpc [None req-affd3114-e269-4928-ac93-476c42d6ba50 None None] Create dhcp port {'port': {'name': '', 'admin_state_up': True, 'device_id': 'dhcp44fdd043-5e45-5c6c-bc9a-a27f61cc404d-39dd7cce-6cce-465c-8723-275a79843429', 'network_id': '39dd7cce-6cce-465c-8723-275a79843429', 'tenant_id': '1644f1cbdc804aa9b6db6f0a1f999a40', 'fixed_ips': [{'subnet_id': '3beab739-c6a6-41ad-89c8-bbc5277681b4'}]}} from dv-cinder-760197-9-smb. {{(pid=93919) create_dhcp_port /opt/stack/neutron/neutron/api/rpc/handlers/dhcp_rpc.py:285}}
Sep 11 14:20:28.052573 dv-cinder-760197-9-smb neutron-server[93919]: DEBUG neutron_lib.callbacks.manager [None req-affd3114-e269-4928-ac93-476c42d6ba50 None None] Notify callbacks ['neutron.plugins.ml2.plugin.SecurityGroupDbMixin._ensure_default_security_group_handler-3734239'] for port, before_create {{(pid=93919) _notify_loop /usr/local/lib/python3.8/dist-packages/neutron_lib/callbacks/manager.py:192}}
Sep 11 14:20:28.061605 dv-cinder-760197-9-smb neutron-server[93917]: DEBUG neutron.wsgi [-] (93917) accepted ('10.222.0.18', 43368) {{(pid=93917) server /usr/local/lib/python3.8/dist-packages/eventlet/wsgi.py:982}}
Sep 11 14:20:28.165450 dv-cinder-760197-9-smb neutron-server[93918]: DEBUG neutron_lib.callbacks.manager [None req-6349ac5a-39c7-4808-b832-9be94a89de27 admin admin] Notify callbacks ['neutron.plugins.ml2.ovo_rpc._ObjectChangeHandler.handle_event-528267', 'neutron.api.rpc.agentnotifiers.dhcp_rpc_agent_api.DhcpAgentNotifyAPI._native_event_send_dhcp_notification-741411'] for subnet, after_create {{(pid=93918) _notify_loop /usr/local/lib/python3.8/dist-packages/neutron_lib/callbacks/manager.py:192}}
Sep 11 14:20:28.247366 dv-cinder-760197-9-smb neutron-server[93917]: DEBUG neutron_lib.callbacks.manager [None req-c44f9b4c-39b8-4a75-827d-0447813c81d4 admin admin] Notify callbacks [] for router_gateway, precommit_update {{(pid=93917) _notify_loop /usr/local/lib/python3.8/dist-packages/neutron_lib/callbacks/manager.py:192}}
Sep 11 14:20:28.287151 dv-cinder-760197-9-smb neutron-server[93919]: DEBUG neutron.db.db_base_plugin_common [None req-affd3114-e269-4928-ac93-476c42d6ba50 None None] Allocated IP 172.20.0.2 (39dd7cce-6cce-465c-8723-275a79843429/3beab739-c6a6-41ad-89c8-bbc5277681b4/926d46a9-8d07-422a-840f-e067ad40904e) {{(pid=93919) _store_ip_allocation /opt/stack/neutron/neutron/db/db_base_plugin_common.py:131}}
Sep 11 14:20:28.289926 dv-cinder-760197-9-smb neutron-server[93917]: DEBUG neutron_lib.callbacks.manager [None req-00971e71-c37b-4ef1-9a8e-3537d70d16f8 admin admin] Notify callbacks [] for security_group, before_create {{(pid=93917) _notify_loop /usr/local/lib/python3.8/dist-packages/neutron_lib/callbacks/manager.py:192}}
Sep 11 14:20:28.295430 dv-cinder-760197-9-smb neutron-server[93918]: DEBUG neutron_lib.callbacks.manager [None req-01c259c6-63dc-449f-b6d8-545c26580dd2 admin admin] Notify callbacks [] for security_group, before_create {{(pid=93918) _notify_loop /usr/local/lib/python3.8/dist-packages/neutron_lib/callbacks/manager.py:192}}
Sep 11 14:20:28.300144 dv-cinder-760197-9-smb neutron-server[93917]: DEBUG neutron.wsgi [req-84311668-86ed-4983-ae9e-28edd1d36b1c req-932f72e4-86e6-4dbf-b309-0650a5ec647c service neutron] http://10.222.0.18:9696/v2.0/extensions returned with HTTP 200 {{(pid=93917) __call__ /opt/stack/neutron/neutron/wsgi.py:729}}
Sep 11 14:20:28.301066 dv-cinder-760197-9-smb neutron-server[93917]: INFO neutron.wsgi [req-84311668-86ed-4983-ae9e-28edd1d36b1c req-932f72e4-86e6-4dbf-b309-0650a5ec647c service neutron] 10.222.0.18 "GET /v2.0/extensions HTTP/1.1" status: 200 len: 13640 time: 0.1798511
Sep 11 14:20:28.353523 dv-cinder-760197-9-smb neutron-server[93918]: DEBUG neutron.api.rpc.handlers.resources_rpc [None req-6349ac5a-39c7-4808-b832-9be94a89de27 admin admin] Pushing event updated for resources: {'Subnet': ['ID=f0bb4b08-f363-4937-8f73-1c19d1c090ed,revision_number=0']} {{(pid=93918) push /opt/stack/neutron/neutron/api/rpc/handlers/resources_rpc.py:237}}
Sep 11 14:20:28.390881 dv-cinder-760197-9-smb neutron-server[93918]: DEBUG neutron.api.rpc.agentnotifiers.l3_rpc_agent_api [None req-d08eb951-812f-409c-b877-18239a2552b0 admin admin] Notify agent at l3_agent.dv-cinder-760197-9-smb the message routers_updated {{(pid=93918) _agent_notification /opt/stack/neutron/neutron/api/rpc/agentnotifiers/l3_rpc_agent_api.py:65}}
Sep 11 14:20:28.407957 dv-cinder-760197-9-smb neutron-server[93918]: INFO neutron.wsgi [None req-d08eb951-812f-409c-b877-18239a2552b0 admin admin] 10.222.0.18 "PUT /v2.0/routers/a39c0bdc-1a66-454c-8067-f0976c655429/add_router_interface HTTP/1.1" status: 200 len: 503 time: 4.3843827
Sep 11 14:20:28.407957 dv-cinder-760197-9-smb neutron-server[93918]: DEBUG neutron.plugins.ml2.drivers.mech_agent [None req-6349ac5a-39c7-4808-b832-9be94a89de27 admin admin] Checking segment: {'id': '54e1c31b-3a40-4f84-8f6b-a6aa7f1141c7', 'network_type': 'vlan', 'physical_network': 'physnet1', 'segmentation_id': 213, 'network_id': '7777315f-7bc5-4aed-b3ef-2f2ded80129f'} for mappings: {'physnet1': 'br-data'} with network types: ['local', 'flat', 'vlan'] {{(pid=93918) check_segment_for_agent /opt/stack/neutron/neutron/plugins/ml2/drivers/mech_agent.py:352}}
Sep 11 14:20:28.407957 dv-cinder-760197-9-smb neutron-server[93918]: DEBUG neutron.scheduler.dhcp_agent_scheduler [None req-6349ac5a-39c7-4808-b832-9be94a89de27 admin admin] Network hostable DHCP agents. Network: 7777315f-7bc5-4aed-b3ef-2f2ded80129f, hostable agents: ['bf795aad-2d53-4f87-9d21-b54f948d0d87'], hosted agents: [] {{(pid=93918) _get_network_hostable_dhcp_agents /opt/stack/neutron/neutron/scheduler/dhcp_agent_scheduler.py:329}}
Sep 11 14:20:28.453895 dv-cinder-760197-9-smb neutron-server[93917]: INFO neutron.wsgi [req-84311668-86ed-4983-ae9e-28edd1d36b1c req-eda54cfd-1779-4c20-9b2c-cfc599c630de service neutron] 10.222.0.18 "GET /v2.0/networks/940e5101-4b89-41d3-a324-8e4ac64c6348?fields=segments HTTP/1.1" status: 200 len: 212 time: 0.1332114
Sep 11 14:20:28.499749 dv-cinder-760197-9-smb neutron-server[93918]: DEBUG neutron.scheduler.dhcp_agent_scheduler [None req-6349ac5a-39c7-4808-b832-9be94a89de27 admin admin] Network 7777315f-7bc5-4aed-b3ef-2f2ded80129f is scheduled to be hosted by DHCP agent bf795aad-2d53-4f87-9d21-b54f948d0d87 with binding_index 1 {{(pid=93918) bind /opt/stack/neutron/neutron/scheduler/dhcp_agent_scheduler.py:227}}
Sep 11 14:20:28.522145 dv-cinder-760197-9-smb neutron-server[93918]: DEBUG neutron.scheduler.base_scheduler [None req-6349ac5a-39c7-4808-b832-9be94a89de27 admin admin] Resources bound (agent type, host, resource id): (DHCP agent, dv-cinder-760197-9-smb, 7777315f-7bc5-4aed-b3ef-2f2ded80129f) {{(pid=93918) schedule /opt/stack/neutron/neutron/scheduler/base_scheduler.py:57}}
Sep 11 14:20:28.528080 dv-cinder-760197-9-smb neutron-server[93918]: DEBUG neutron.pecan_wsgi.hooks.policy_enforcement [None req-6349ac5a-39c7-4808-b832-9be94a89de27 admin admin] Attributes excluded by policy engine: ['standard_attr_id', 'shared', 'network'] {{(pid=93918) _exclude_attributes_by_policy /opt/stack/neutron/neutron/pecan_wsgi/hooks/policy_enforcement.py:255}}
Sep 11 14:20:28.530487 dv-cinder-760197-9-smb neutron-server[93918]: DEBUG neutron_lib.callbacks.manager [None req-6349ac5a-39c7-4808-b832-9be94a89de27 admin admin] Notify callbacks ['neutron.api.rpc.agentnotifiers.dhcp_rpc_agent_api.DhcpAgentNotifyAPI._send_dhcp_notification-741425'] for subnet, before_response {{(pid=93918) _notify_loop /usr/local/lib/python3.8/dist-packages/neutron_lib/callbacks/manager.py:192}}
Sep 11 14:20:28.567764 dv-cinder-760197-9-smb neutron-server[93919]: DEBUG neutron_lib.callbacks.manager [None req-affd3114-e269-4928-ac93-476c42d6ba50 None None] Notify callbacks [] for port, precommit_create {{(pid=93919) _notify_loop /usr/local/lib/python3.8/dist-packages/neutron_lib/callbacks/manager.py:192}}
Sep 11 14:20:28.578358 dv-cinder-760197-9-smb neutron-server[93919]: DEBUG neutron.db.provisioning_blocks [None req-affd3114-e269-4928-ac93-476c42d6ba50 None None] Transition to ACTIVE for port object 926d46a9-8d07-422a-840f-e067ad40904e will not be triggered until provisioned by entity L2. {{(pid=93919) add_provisioning_component /opt/stack/neutron/neutron/db/provisioning_blocks.py:73}}
Sep 11 14:20:28.583812 dv-cinder-760197-9-smb neutron-server[93919]: DEBUG neutron.api.rpc.handlers.dhcp_rpc [None req-417bb72d-291e-4c28-9323-e3f707ce543f None None] Network 7777315f-7bc5-4aed-b3ef-2f2ded80129f requested from dv-cinder-760197-9-smb {{(pid=93919) get_network_info /opt/stack/neutron/neutron/api/rpc/handlers/dhcp_rpc.py:218}}
Sep 11 14:20:28.638225 dv-cinder-760197-9-smb neutron-server[93918]: DEBUG neutron_lib.callbacks.manager [None req-01c259c6-63dc-449f-b6d8-545c26580dd2 admin admin] Notify callbacks [] for security_group, precommit_create {{(pid=93918) _notify_loop /usr/local/lib/python3.8/dist-packages/neutron_lib/callbacks/manager.py:192}}
Sep 11 14:20:28.639157 dv-cinder-760197-9-smb neutron-server[93919]: DEBUG neutron.db.provisioning_blocks [None req-affd3114-e269-4928-ac93-476c42d6ba50 None None] Transition to ACTIVE for port object 926d46a9-8d07-422a-840f-e067ad40904e will not be triggered until provisioned by entity DHCP. {{(pid=93919) add_provisioning_component /opt/stack/neutron/neutron/db/provisioning_blocks.py:73}}
Sep 11 14:20:28.644347 dv-cinder-760197-9-smb neutron-server[93918]: DEBUG neutron_lib.callbacks.manager [None req-01c259c6-63dc-449f-b6d8-545c26580dd2 admin admin] Notify callbacks ['neutron.plugins.ml2.ovo_rpc._ObjectChangeHandler.handle_event-784095'] for security_group, after_create {{(pid=93918) _notify_loop /usr/local/lib/python3.8/dist-packages/neutron_lib/callbacks/manager.py:192}}
Sep 11 14:20:28.685291 dv-cinder-760197-9-smb neutron-server[93917]: INFO neutron.wsgi [req-84311668-86ed-4983-ae9e-28edd1d36b1c req-ec6e3ed2-244f-46e4-9209-59c749b41525 service neutron] 10.222.0.18 "GET /v2.0/networks/940e5101-4b89-41d3-a324-8e4ac64c6348?fields=provider%3Aphysical_network&fields=provider%3Anetwork_type HTTP/1.1" status: 200 len: 281 time: 0.1631343
Sep 11 14:20:28.701768 dv-cinder-760197-9-smb neutron-server[93918]: DEBUG neutron.api.rpc.handlers.resources_rpc [None req-01c259c6-63dc-449f-b6d8-545c26580dd2 admin admin] Pushing event updated for resources: {'SecurityGroup': ['ID=c9752ba7-d1fe-4ff9-8749-caf4cae732d3,revision_number=1']} {{(pid=93918) push /opt/stack/neutron/neutron/api/rpc/handlers/resources_rpc.py:237}}
Sep 11 14:20:28.730087 dv-cinder-760197-9-smb neutron-server[93918]: INFO neutron.wsgi [None req-01c259c6-63dc-449f-b6d8-545c26580dd2 admin admin] 10.222.0.18 "GET /v2.0/security-groups?tenant_id=67b9cd474699479392c9e3b7db4abb73&name=default HTTP/1.1" status: 200 len: 2975 time: 0.8191900
Sep 11 14:20:28.733029 dv-cinder-760197-9-smb neutron-server[93918]: DEBUG neutron.wsgi [-] (93918) accepted ('10.222.0.18', 43398) {{(pid=93918) server /usr/local/lib/python3.8/dist-packages/eventlet/wsgi.py:982}}
Sep 11 14:20:28.826909 dv-cinder-760197-9-smb neutron-server[93918]: DEBUG neutron_lib.callbacks.manager [None req-82fa3584-7cc2-4163-9706-3884b6819a2a admin admin] Notify callbacks [] for security_group, before_delete {{(pid=93918) _notify_loop /usr/local/lib/python3.8/dist-packages/neutron_lib/callbacks/manager.py:192}}
Sep 11 14:20:28.843148 dv-cinder-760197-9-smb neutron-server[93919]: DEBUG neutron_lib.callbacks.manager [None req-affd3114-e269-4928-ac93-476c42d6ba50 None None] Notify callbacks ['neutron.plugins.ml2.plugin.SecurityGroupServerNotifierRpcMixin._notify_sg_on_port_change-3734160', 'neutron.plugins.ml2.ovo_rpc._ObjectChangeHandler.handle_event-120236', 'neutron.api.rpc.agentnotifiers.dhcp_rpc_agent_api.DhcpAgentNotifyAPI._native_event_send_dhcp_notification-741411', 'neutron.db.l3_dvrscheduler_db._notify_l3_agent_new_port-8727408511425'] for port, after_create {{(pid=93919) _notify_loop /usr/local/lib/python3.8/dist-packages/neutron_lib/callbacks/manager.py:192}}
Sep 11 14:20:28.863624 dv-cinder-760197-9-smb neutron-server[93919]: DEBUG neutron_lib.callbacks.manager [None req-1f5dce07-7aff-4305-a49c-72dc8d3a879c None None] Notify callbacks ['neutron.services.segments.db._update_segment_host_mapping_for_agent-8727409039243', 'neutron.plugins.ml2.plugin.Ml2Plugin._retry_binding_revived_agents-3740870'] for agent, after_update {{(pid=93919) _notify_loop /usr/local/lib/python3.8/dist-packages/neutron_lib/callbacks/manager.py:192}}
Sep 11 14:20:28.875331 dv-cinder-760197-9-smb neutron-server[93918]: DEBUG neutron_lib.callbacks.manager [None req-82fa3584-7cc2-4163-9706-3884b6819a2a admin admin] Notify callbacks [] for security_group, precommit_delete {{(pid=93918) _notify_loop /usr/local/lib/python3.8/dist-packages/neutron_lib/callbacks/manager.py:192}}
Sep 11 14:20:28.896453 dv-cinder-760197-9-smb neutron-server[93919]: DEBUG neutron.scheduler.dhcp_agent_scheduler [None req-affd3114-e269-4928-ac93-476c42d6ba50 None None] Network 39dd7cce-6cce-465c-8723-275a79843429 is already hosted by enough agents. {{(pid=93919) _get_dhcp_agents_hosting_network /opt/stack/neutron/neutron/scheduler/dhcp_agent_scheduler.py:275}}
Sep 11 14:20:28.918477 dv-cinder-760197-9-smb neutron-server[93919]: DEBUG neutron.scheduler.base_scheduler [None req-affd3114-e269-4928-ac93-476c42d6ba50 None None] Resources bound (agent type, host, resource id): {{(pid=93919) schedule /opt/stack/neutron/neutron/scheduler/base_scheduler.py:57}}
Sep 11 14:20:28.932046 dv-cinder-760197-9-smb neutron-server[93917]: DEBUG neutron_lib.callbacks.manager [None req-c44f9b4c-39b8-4a75-827d-0447813c81d4 admin admin] Notify callbacks [] for router_gateway, before_create {{(pid=93917) _notify_loop /usr/local/lib/python3.8/dist-packages/neutron_lib/callbacks/manager.py:192}}
Sep 11 14:20:28.934583 dv-cinder-760197-9-smb neutron-server[93919]: DEBUG neutron.db.l3_dvrscheduler_db [None req-affd3114-e269-4928-ac93-476c42d6ba50 None None] Received port after_create {{(pid=93919) _notify_l3_agent_new_port /opt/stack/neutron/neutron/db/l3_dvrscheduler_db.py:535}}
Sep 11 14:20:28.950448 dv-cinder-760197-9-smb neutron-server[93918]: DEBUG neutron_lib.callbacks.manager [None req-82fa3584-7cc2-4163-9706-3884b6819a2a admin admin] Notify callbacks ['neutron.plugins.ml2.ovo_rpc._ObjectChangeHandler.handle_event-784095'] for security_group, after_delete {{(pid=93918) _notify_loop /usr/local/lib/python3.8/dist-packages/neutron_lib/callbacks/manager.py:192}}
Sep 11 14:20:28.958311 dv-cinder-760197-9-smb neutron-server[93918]: DEBUG neutron_lib.callbacks.manager [None req-82fa3584-7cc2-4163-9706-3884b6819a2a admin admin] Notify callbacks [] for security_group, before_response {{(pid=93918) _notify_loop /usr/local/lib/python3.8/dist-packages/neutron_lib/callbacks/manager.py:192}}
Sep 11 14:20:28.975870 dv-cinder-760197-9-smb neutron-server[93918]: INFO neutron.wsgi [None req-82fa3584-7cc2-4163-9706-3884b6819a2a admin admin] 10.222.0.18 "DELETE /v2.0/security-groups/c9752ba7-d1fe-4ff9-8749-caf4cae732d3 HTTP/1.1" status: 204 len: 168 time: 0.2276902
Sep 11 14:20:29.002555 dv-cinder-760197-9-smb neutron-server[93918]: DEBUG neutron.api.rpc.handlers.resources_rpc [None req-82fa3584-7cc2-4163-9706-3884b6819a2a admin admin] Pushing event deleted for resources: {'SecurityGroup': ['ID=c9752ba7-d1fe-4ff9-8749-caf4cae732d3,revision_number=None']} {{(pid=93918) push /opt/stack/neutron/neutron/api/rpc/handlers/resources_rpc.py:237}}
Sep 11 14:20:29.020841 dv-cinder-760197-9-smb neutron-server[93917]: DEBUG neutron_lib.callbacks.manager [None req-c44f9b4c-39b8-4a75-827d-0447813c81d4 admin admin] Notify callbacks ['neutron.plugins.ml2.plugin.SecurityGroupDbMixin._ensure_default_security_group_handler-3734239'] for port, before_create {{(pid=93917) _notify_loop /usr/local/lib/python3.8/dist-packages/neutron_lib/callbacks/manager.py:192}}
Sep 11 14:20:29.029623 dv-cinder-760197-9-smb neutron-server[93919]: DEBUG neutron.api.rpc.handlers.resources_rpc [None req-affd3114-e269-4928-ac93-476c42d6ba50 None None] Pushing event updated for resources: {'Port': ['ID=926d46a9-8d07-422a-840f-e067ad40904e,revision_number=1']} {{(pid=93919) push /opt/stack/neutron/neutron/api/rpc/handlers/resources_rpc.py:237}}
Sep 11 14:20:29.044453 dv-cinder-760197-9-smb neutron-server[93919]: DEBUG neutron.plugins.ml2.rpc [None req-b74aacce-4077-4860-a403-0e41ce872af6 None None] Device f805bdc1-4d3b-49dc-abfb-818dfd3a2324 up at agent ovs-agent-dv-cinder-760197-9-smb {{(pid=93919) update_device_up /opt/stack/neutron/neutron/plugins/ml2/rpc.py:296}}
Sep 11 14:20:29.103837 dv-cinder-760197-9-smb neutron-server[93919]: DEBUG neutron_lib.callbacks.manager [None req-b74aacce-4077-4860-a403-0e41ce872af6 None None] Notify callbacks ['neutron.services.segments.db._update_segment_host_mapping_for_agent-8727409039243', 'neutron.plugins.ml2.plugin.Ml2Plugin._retry_binding_revived_agents-3740870'] for agent, after_update {{(pid=93919) _notify_loop /usr/local/lib/python3.8/dist-packages/neutron_lib/callbacks/manager.py:192}}
Sep 11 14:20:29.152264 dv-cinder-760197-9-smb neutron-server[93919]: DEBUG neutron.api.rpc.handlers.dhcp_rpc [None req-f4e84d92-bb74-475a-94ff-5a0de83ad3c6 None None] Network 7777315f-7bc5-4aed-b3ef-2f2ded80129f requested from dv-cinder-760197-9-smb {{(pid=93919) get_network_info /opt/stack/neutron/neutron/api/rpc/handlers/dhcp_rpc.py:218}}
Sep 11 14:20:29.152506 dv-cinder-760197-9-smb neutron-server[93917]: DEBUG neutron_lib.callbacks.manager [None req-00971e71-c37b-4ef1-9a8e-3537d70d16f8 admin admin] Notify callbacks [] for security_group, precommit_create {{(pid=93917) _notify_loop /usr/local/lib/python3.8/dist-packages/neutron_lib/callbacks/manager.py:192}}
Sep 11 14:20:29.169031 dv-cinder-760197-9-smb neutron-server[93917]: DEBUG neutron_lib.callbacks.manager [None req-00971e71-c37b-4ef1-9a8e-3537d70d16f8 admin admin] Notify callbacks ['neutron.plugins.ml2.ovo_rpc._ObjectChangeHandler.handle_event-784095'] for security_group, after_create {{(pid=93917) _notify_loop /usr/local/lib/python3.8/dist-packages/neutron_lib/callbacks/manager.py:192}}
Sep 11 14:20:29.192594 dv-cinder-760197-9-smb neutron-server[93918]: INFO neutron.wsgi [None req-6349ac5a-39c7-4808-b832-9be94a89de27 admin admin] 10.222.0.18 "POST /v2.0/subnets HTTP/1.1" status: 201 len: 855 time: 2.4778159
Sep 11 14:20:29.195847 dv-cinder-760197-9-smb neutron-server[93918]: DEBUG neutron.wsgi [-] (93918) accepted ('10.222.0.18', 43412) {{(pid=93918) server /usr/local/lib/python3.8/dist-packages/eventlet/wsgi.py:982}}
Sep 11 14:20:29.219182 dv-cinder-760197-9-smb neutron-server[93918]: DEBUG neutron.api.v2.base [None req-c2ee2cfa-6baa-43e9-8453-46eb13607f19 admin admin] Request body: {'router': {'name': 'tempest-ServerRescueNegativeTestJSON-660175071-router', 'tenant_id': '3a92529414164226a1bcdbec38eaeaaa', 'external_gateway_info': {'network_id': '2c9143f4-a1f6-4ee4-bb67-ab44a5ecf603'}}} {{(pid=93918) prepare_request_body /opt/stack/neutron/neutron/api/v2/base.py:730}}
Sep 11 14:20:29.237335 dv-cinder-760197-9-smb neutron-server[93917]: DEBUG neutron.api.rpc.handlers.resources_rpc [None req-00971e71-c37b-4ef1-9a8e-3537d70d16f8 admin admin] Pushing event updated for resources: {'SecurityGroup': ['ID=0ff6c429-8305-4396-ab24-4b9e1e41e9ec,revision_number=1']} {{(pid=93917) push /opt/stack/neutron/neutron/api/rpc/handlers/resources_rpc.py:237}}
Sep 11 14:20:29.292708 dv-cinder-760197-9-smb neutron-server[93917]: INFO neutron.wsgi [None req-00971e71-c37b-4ef1-9a8e-3537d70d16f8 admin admin] 10.222.0.18 "GET /v2.0/security-groups?tenant_id=bf2ae76b929143e699ee4868b59f913a&name=default HTTP/1.1" status: 200 len: 2975 time: 1.2270086
Sep 11 14:20:29.302051 dv-cinder-760197-9-smb neutron-server[93917]: DEBUG neutron.wsgi [-] (93917) accepted ('10.222.0.18', 43418) {{(pid=93917) server /usr/local/lib/python3.8/dist-packages/eventlet/wsgi.py:982}}
Sep 11 14:20:29.319492 dv-cinder-760197-9-smb neutron-server[93917]: DEBUG neutron.db.db_base_plugin_common [None req-c44f9b4c-39b8-4a75-827d-0447813c81d4 admin admin] Allocated IP 172.28.3.194 (2c9143f4-a1f6-4ee4-bb67-ab44a5ecf603/6b8679a7-2355-4848-b8ce-f5855a9ec9a7/9f5cf965-5329-4c86-a109-868eece4d5bc) {{(pid=93917) _store_ip_allocation /opt/stack/neutron/neutron/db/db_base_plugin_common.py:131}}
Sep 11 14:20:29.333298 dv-cinder-760197-9-smb neutron-server[93918]: DEBUG neutron_lib.callbacks.manager [None req-c2ee2cfa-6baa-43e9-8453-46eb13607f19 admin admin] Notify callbacks ['neutron.services.l3_router.l3_router_plugin.L3_HA_NAT_db_mixin._before_router_create_handler-536991', 'neutron.services.l3_router.service_providers.driver_controller.DriverController._check_router_request-14015'] for router, before_create {{(pid=93918) _notify_loop /usr/local/lib/python3.8/dist-packages/neutron_lib/callbacks/manager.py:192}}
Sep 11 14:20:29.337032 dv-cinder-760197-9-smb neutron-server[93918]: DEBUG neutron_lib.callbacks.manager [None req-c2ee2cfa-6baa-43e9-8453-46eb13607f19 admin admin] Notify callbacks ['neutron.services.l3_router.l3_router_plugin.L3_HA_NAT_db_mixin._precommit_router_create-575503', 'neutron.services.l3_router.l3_router_plugin.DVRResourceOperationHandler._set_distributed_flag-537759', 'neutron.services.l3_router.l3_router_plugin.RouterAvailabilityZoneMixin._process_az_request-972068', 'neutron.services.l3_router.service_providers.driver_controller.DriverController._set_router_provider-14006'] for router, precommit_create {{(pid=93918) _notify_loop /usr/local/lib/python3.8/dist-packages/neutron_lib/callbacks/manager.py:192}}
Sep 11 14:20:29.417370 dv-cinder-760197-9-smb neutron-server[93919]: DEBUG neutron.api.rpc.handlers.l3_rpc [None req-3b369638-de96-4b7d-b65c-3ffec1e3d711 None None] Sync routers for ids ['a39c0bdc-1a66-454c-8067-f0976c655429'] in dv-cinder-760197-9-smb {{(pid=93919) sync_routers /opt/stack/neutron/neutron/api/rpc/handlers/l3_rpc.py:125}}
Sep 11 14:20:29.448769 dv-cinder-760197-9-smb neutron-server[93919]: DEBUG neutron.plugins.ml2.managers [None req-affd3114-e269-4928-ac93-476c42d6ba50 None None] Attempting to bind port 926d46a9-8d07-422a-840f-e067ad40904e on host dv-cinder-760197-9-smb for vnic_type normal with profile {{(pid=93919) bind_port /opt/stack/neutron/neutron/plugins/ml2/managers.py:790}}
Sep 11 14:20:29.449143 dv-cinder-760197-9-smb neutron-server[93919]: DEBUG neutron.plugins.ml2.managers [None req-affd3114-e269-4928-ac93-476c42d6ba50 None None] Attempting to bind port 926d46a9-8d07-422a-840f-e067ad40904e by drivers openvswitch,hyperv on host dv-cinder-760197-9-smb at level 0 using segments [{'id': 'ad8d7a2b-7a08-444a-8568-50a7c217705e', 'network_type': 'vlan', 'physical_network': 'physnet1', 'segmentation_id': 236, 'network_id': '39dd7cce-6cce-465c-8723-275a79843429'}] {{(pid=93919) _bind_port_level /opt/stack/neutron/neutron/plugins/ml2/managers.py:815}}
Sep 11 14:20:29.449500 dv-cinder-760197-9-smb neutron-server[93919]: DEBUG neutron.plugins.ml2.drivers.mech_agent [None req-affd3114-e269-4928-ac93-476c42d6ba50 None None] Attempting to bind port 926d46a9-8d07-422a-840f-e067ad40904e on network 39dd7cce-6cce-465c-8723-275a79843429 {{(pid=93919) bind_port /opt/stack/neutron/neutron/plugins/ml2/drivers/mech_agent.py:85}}
Sep 11 14:20:29.482810 dv-cinder-760197-9-smb neutron-server[93917]: DEBUG neutron_lib.callbacks.manager [None req-b9ec3ed0-30f0-4350-a435-ba1998b42768 admin admin] Notify callbacks [] for security_group, before_delete {{(pid=93917) _notify_loop /usr/local/lib/python3.8/dist-packages/neutron_lib/callbacks/manager.py:192}}
Sep 11 14:20:29.494839 dv-cinder-760197-9-smb neutron-server[93919]: DEBUG neutron.db.l3_dvrscheduler_db [None req-3b369638-de96-4b7d-b65c-3ffec1e3d711 None None] Routers {'a39c0bdc-1a66-454c-8067-f0976c655429'} bound to L3 agent in host dv-cinder-760197-9-smb {{(pid=93919) _get_router_ids_for_agent /opt/stack/neutron/neutron/db/l3_dvrscheduler_db.py:420}}
Sep 11 14:20:29.497223 dv-cinder-760197-9-smb neutron-server[93919]: DEBUG neutron.db.l3_hamode_db [None req-3b369638-de96-4b7d-b65c-3ffec1e3d711 None None] neutron.services.l3_router.l3_router_plugin.L3RouterPlugin method get_ha_sync_data_for_host called with arguments (, 'dv-cinder-760197-9-smb', Agent(admin_state_up=True,agent_type='L3 agent',availability_zone='nova',binary='neutron-l3-agent',configurations={"agent_mode": "legacy", "ex_gw_ports": 2, "extensions": [], "floating_ips": 0, "handle_internal_only_routers": true, "interface_driver": "openvswitch", "interfaces": 1, "log_agent_heartbeats": false, "routers": 2},created_at=2021-09-11T14:12:29Z,description=,heartbeat_timestamp=2021-09-11T14:20:29Z,host='dv-cinder-760197-9-smb',id=452f7ee0-4f25-4b71-acd6-59f692350b16,load=0,resource_versions=,resources_synced=,started_at=2021-09-11T14:12:29Z,topic='l3_agent')) {'router_ids': ['a39c0bdc-1a66-454c-8067-f0976c655429'], 'active': True} {{(pid=93919) wrapper /usr/local/lib/python3.8/dist-packages/oslo_log/helpers.py:65}}
Sep 11 14:20:29.525243 dv-cinder-760197-9-smb neutron-server[93918]: DEBUG neutron_lib.callbacks.manager [None req-c2ee2cfa-6baa-43e9-8453-46eb13607f19 admin admin] Notify callbacks [] for router_controller, precommit_add_association {{(pid=93918) _notify_loop /usr/local/lib/python3.8/dist-packages/neutron_lib/callbacks/manager.py:192}}
Sep 11 14:20:29.565250 dv-cinder-760197-9-smb neutron-server[93919]: DEBUG neutron.db.provisioning_blocks [None req-b74aacce-4077-4860-a403-0e41ce872af6 None None] Provisioning for port f805bdc1-4d3b-49dc-abfb-818dfd3a2324 completed by entity L2. {{(pid=93919) provisioning_complete /opt/stack/neutron/neutron/db/provisioning_blocks.py:133}}
Sep 11 14:20:29.573286 dv-cinder-760197-9-smb neutron-server[93919]: DEBUG neutron.db.provisioning_blocks [None req-b74aacce-4077-4860-a403-0e41ce872af6 None None] Provisioning complete for port f805bdc1-4d3b-49dc-abfb-818dfd3a2324 triggered by entity L2. {{(pid=93919) provisioning_complete /opt/stack/neutron/neutron/db/provisioning_blocks.py:139}}
Sep 11 14:20:29.573932 dv-cinder-760197-9-smb neutron-server[93919]: DEBUG neutron_lib.callbacks.manager [None req-b74aacce-4077-4860-a403-0e41ce872af6 None None] Notify callbacks ['neutron.plugins.ml2.plugin.Ml2Plugin._port_provisioned-3741739'] for port, provisioning_complete {{(pid=93919) _notify_loop /usr/local/lib/python3.8/dist-packages/neutron_lib/callbacks/manager.py:192}}
Sep 11 14:20:29.609741 dv-cinder-760197-9-smb neutron-server[93919]: DEBUG neutron.plugins.ml2.drivers.mech_agent [None req-affd3114-e269-4928-ac93-476c42d6ba50 None None] Checking agent: {'id': '089edb01-02cd-42cd-b3f6-119ba21cf722', 'agent_type': 'Open vSwitch agent', 'binary': 'neutron-openvswitch-agent', 'topic': 'N/A', 'host': 'dv-cinder-760197-9-smb', 'admin_state_up': True, 'created_at': datetime.datetime(2021, 9, 11, 14, 12, 29), 'started_at': datetime.datetime(2021, 9, 11, 14, 12, 59), 'heartbeat_timestamp': datetime.datetime(2021, 9, 11, 14, 20, 29), 'description': None, 'resources_synced': None, 'availability_zone': None, 'alive': True, 'configurations': {'arp_responder_enabled': False, 'baremetal_smartnic': False, 'bridge_mappings': {'physnet1': 'br-data'}, 'datapath_type': 'system', 'devices': 0, 'enable_distributed_routing': False, 'extensions': [], 'in_distributed_mode': False, 'integration_bridge': 'br-int', 'l2_population': False, 'log_agent_heartbeats': False, 'ovs_capabilities': {'datapath_types': ['netdev', 'system'], 'iface_types': ['erspan', 'geneve', 'gre', 'internal', 'ip6erspan', 'ip6gre', 'lisp', 'patch', 'stt', 'system', 'tap', 'vxlan']}, 'ovs_hybrid_plug': False, 'resource_provider_bandwidths': {}, 'resource_provider_hypervisors': {'br-data': 'dv-cinder-760197-9-smb'}, 'resource_provider_inventory_defaults': {'allocation_ratio': 1.0, 'min_unit': 1, 'step_size': 1, 'reserved': 0}, 'tunnel_types': [], 'tunneling_ip': None, 'vhostuser_socket_dir': '/var/run/openvswitch'}, 'resource_versions': {'AddressGroup': '1.2', 'ConntrackHelper': '1.0', 'Log': '1.0', 'Network': '1.1', 'Port': '1.7', 'PortForwarding': '1.2', 'QosPolicy': '1.9', 'SecurityGroup': '1.4', 'SecurityGroupRule': '1.2', 'SubPort': '1.0', 'Subnet': '1.1', 'Trunk': '1.1'}} {{(pid=93919) bind_port /opt/stack/neutron/neutron/plugins/ml2/drivers/mech_agent.py:104}}
Sep 11 14:20:29.610161 dv-cinder-760197-9-smb neutron-server[93919]: DEBUG neutron.plugins.ml2.drivers.mech_agent [None req-affd3114-e269-4928-ac93-476c42d6ba50 None None] Checking segment: {'id': 'ad8d7a2b-7a08-444a-8568-50a7c217705e', 'network_type': 'vlan', 'physical_network': 'physnet1', 'segmentation_id': 236, 'network_id': '39dd7cce-6cce-465c-8723-275a79843429'} for mappings: {'physnet1': 'br-data'} with network types: ['local', 'flat', 'vlan'] {{(pid=93919) check_segment_for_agent /opt/stack/neutron/neutron/plugins/ml2/drivers/mech_agent.py:352}}
Sep 11 14:20:29.611104 dv-cinder-760197-9-smb neutron-server[93919]: DEBUG neutron_lib.callbacks.manager [None req-affd3114-e269-4928-ac93-476c42d6ba50 None None] Notify callbacks [] for ovs_bridge_name, before_read {{(pid=93919) _notify_loop /usr/local/lib/python3.8/dist-packages/neutron_lib/callbacks/manager.py:192}}
Sep 11 14:20:29.611514 dv-cinder-760197-9-smb neutron-server[93919]: DEBUG neutron.plugins.ml2.drivers.mech_agent [None req-affd3114-e269-4928-ac93-476c42d6ba50 None None] Bound using segment: {'id': 'ad8d7a2b-7a08-444a-8568-50a7c217705e', 'network_type': 'vlan', 'physical_network': 'physnet1', 'segmentation_id': 236, 'network_id': '39dd7cce-6cce-465c-8723-275a79843429'} {{(pid=93919) bind_port /opt/stack/neutron/neutron/plugins/ml2/drivers/mech_agent.py:114}}
Sep 11 14:20:29.616125 dv-cinder-760197-9-smb neutron-server[93919]: DEBUG neutron.plugins.ml2.managers [None req-affd3114-e269-4928-ac93-476c42d6ba50 None None] Bound port: 926d46a9-8d07-422a-840f-e067ad40904e, host: dv-cinder-760197-9-smb, vif_type: ovs, vif_details: {"connectivity": "l2", "port_filter": true, "ovs_hybrid_plug": false, "datapath_type": "system", "bridge_name": "br-int"}, binding_levels: [{'bound_driver': 'openvswitch', 'bound_segment': {'id': 'ad8d7a2b-7a08-444a-8568-50a7c217705e', 'network_type': 'vlan', 'physical_network': 'physnet1', 'segmentation_id': 236, 'network_id': '39dd7cce-6cce-465c-8723-275a79843429'}}] {{(pid=93919) _bind_port_level /opt/stack/neutron/neutron/plugins/ml2/managers.py:928}}
Sep 11 14:20:29.616369 dv-cinder-760197-9-smb neutron-server[93919]: DEBUG neutron_lib.callbacks.manager [None req-affd3114-e269-4928-ac93-476c42d6ba50 None None] Notify callbacks ['neutron.plugins.ml2.plugin.SecurityGroupDbMixin._ensure_default_security_group_handler-3734239'] for port, before_update {{(pid=93919) _notify_loop /usr/local/lib/python3.8/dist-packages/neutron_lib/callbacks/manager.py:192}}
Sep 11 14:20:29.655929 dv-cinder-760197-9-smb neutron-server[93917]: DEBUG neutron.wsgi [-] (93917) accepted ('10.222.0.18', 43438) {{(pid=93917) server /usr/local/lib/python3.8/dist-packages/eventlet/wsgi.py:982}}
Sep 11 14:20:29.711576 dv-cinder-760197-9-smb neutron-server[93917]: INFO neutron.wsgi [req-d7594306-62f6-41b5-92da-5c4d84a6a29b req-7ecfe208-13fe-436a-8b46-4b712167b3a7 tempest-DeleteServersTestJSON-1799404230 tempest-DeleteServersTestJSON-1799404230-project] 10.222.0.18 "GET /v2.0/ports?device_id=de012cde-f67a-42fe-9fcd-eac672181827 HTTP/1.1" status: 200 len: 210 time: 0.2351196
Sep 11 14:20:29.718046 dv-cinder-760197-9-smb neutron-server[93917]: DEBUG neutron_lib.callbacks.manager [None req-b9ec3ed0-30f0-4350-a435-ba1998b42768 admin admin] Notify callbacks [] for security_group, precommit_delete {{(pid=93917) _notify_loop /usr/local/lib/python3.8/dist-packages/neutron_lib/callbacks/manager.py:192}}
Sep 11 14:20:29.739560 dv-cinder-760197-9-smb neutron-server[93917]: DEBUG neutron_lib.callbacks.manager [None req-d83ecf68-be18-46d8-9352-1cb52550ee5f admin admin] Notify callbacks [] for security_group, before_create {{(pid=93917) _notify_loop /usr/local/lib/python3.8/dist-packages/neutron_lib/callbacks/manager.py:192}}
Sep 11 14:20:29.821807 dv-cinder-760197-9-smb neutron-server[93918]: DEBUG neutron_lib.callbacks.manager [None req-c2ee2cfa-6baa-43e9-8453-46eb13607f19 admin admin] Notify callbacks [] for router_gateway, precommit_update {{(pid=93918) _notify_loop /usr/local/lib/python3.8/dist-packages/neutron_lib/callbacks/manager.py:192}}
Sep 11 14:20:29.851870 dv-cinder-760197-9-smb neutron-server[93917]: DEBUG neutron_lib.callbacks.manager [None req-c44f9b4c-39b8-4a75-827d-0447813c81d4 admin admin] Notify callbacks [] for port, precommit_create {{(pid=93917) _notify_loop /usr/local/lib/python3.8/dist-packages/neutron_lib/callbacks/manager.py:192}}
Sep 11 14:20:29.866962 dv-cinder-760197-9-smb neutron-server[93919]: DEBUG neutron_lib.callbacks.manager [None req-b74aacce-4077-4860-a403-0e41ce872af6 None None] Notify callbacks ['neutron.plugins.ml2.plugin.SecurityGroupDbMixin._ensure_default_security_group_handler-3734239'] for port, before_update {{(pid=93919) _notify_loop /usr/local/lib/python3.8/dist-packages/neutron_lib/callbacks/manager.py:192}}
Sep 11 14:20:29.875815 dv-cinder-760197-9-smb neutron-server[93917]: DEBUG neutron.wsgi [-] (93917) accepted ('10.222.0.18', 43446) {{(pid=93917) server /usr/local/lib/python3.8/dist-packages/eventlet/wsgi.py:982}}
Sep 11 14:20:29.898571 dv-cinder-760197-9-smb neutron-server[93919]: DEBUG neutron.plugins.ml2.db [None req-b74aacce-4077-4860-a403-0e41ce872af6 None None] For port f805bdc1-4d3b-49dc-abfb-818dfd3a2324, host dv-cinder-760197-9-smb, got binding levels [PortBindingLevel(driver='openvswitch',host='dv-cinder-760197-9-smb',level=0,port_id=f805bdc1-4d3b-49dc-abfb-818dfd3a2324,segment=NetworkSegment(97fe753f-d1f3-4f94-8b74-613a2a570211),segment_id=97fe753f-d1f3-4f94-8b74-613a2a570211)] {{(pid=93919) get_binding_level_objs /opt/stack/neutron/neutron/plugins/ml2/db.py:74}}
Sep 11 14:20:29.946731 dv-cinder-760197-9-smb neutron-server[93917]: DEBUG neutron_lib.callbacks.manager [None req-b9ec3ed0-30f0-4350-a435-ba1998b42768 admin admin] Notify callbacks ['neutron.plugins.ml2.ovo_rpc._ObjectChangeHandler.handle_event-784095'] for security_group, after_delete {{(pid=93917) _notify_loop /usr/local/lib/python3.8/dist-packages/neutron_lib/callbacks/manager.py:192}}
Sep 11 14:20:29.949441 dv-cinder-760197-9-smb neutron-server[93917]: DEBUG neutron_lib.callbacks.manager [None req-b9ec3ed0-30f0-4350-a435-ba1998b42768 admin admin] Notify callbacks [] for security_group, before_response {{(pid=93917) _notify_loop /usr/local/lib/python3.8/dist-packages/neutron_lib/callbacks/manager.py:192}}
Sep 11 14:20:29.950844 dv-cinder-760197-9-smb neutron-server[93917]: INFO neutron.wsgi [None req-b9ec3ed0-30f0-4350-a435-ba1998b42768 admin admin] 10.222.0.18 "DELETE /v2.0/security-groups/0ff6c429-8305-4396-ab24-4b9e1e41e9ec HTTP/1.1" status: 204 len: 168 time: 0.6473966
Sep 11 14:20:29.978145 dv-cinder-760197-9-smb neutron-server[93917]: DEBUG neutron_lib.callbacks.manager [None req-c44f9b4c-39b8-4a75-827d-0447813c81d4 admin admin] Notify callbacks ['neutron.plugins.ml2.plugin.SecurityGroupServerNotifierRpcMixin._notify_sg_on_port_change-3734160', 'neutron.plugins.ml2.ovo_rpc._ObjectChangeHandler.handle_event-120236', 'neutron.api.rpc.agentnotifiers.dhcp_rpc_agent_api.DhcpAgentNotifyAPI._native_event_send_dhcp_notification-741411', 'neutron.db.l3_dvrscheduler_db._notify_l3_agent_new_port-8727408511425'] for port, after_create {{(pid=93917) _notify_loop /usr/local/lib/python3.8/dist-packages/neutron_lib/callbacks/manager.py:192}}
Sep 11 14:20:30.000243 dv-cinder-760197-9-smb neutron-server[93917]: DEBUG neutron.scheduler.dhcp_agent_scheduler [None req-c44f9b4c-39b8-4a75-827d-0447813c81d4 admin admin] Network 2c9143f4-a1f6-4ee4-bb67-ab44a5ecf603 is already hosted by enough agents. {{(pid=93917) _get_dhcp_agents_hosting_network /opt/stack/neutron/neutron/scheduler/dhcp_agent_scheduler.py:275}}
Sep 11 14:20:30.004465 dv-cinder-760197-9-smb neutron-server[93917]: DEBUG neutron.scheduler.base_scheduler [None req-c44f9b4c-39b8-4a75-827d-0447813c81d4 admin admin] Resources bound (agent type, host, resource id): {{(pid=93917) schedule /opt/stack/neutron/neutron/scheduler/base_scheduler.py:57}}
Sep 11 14:20:30.006693 dv-cinder-760197-9-smb neutron-server[93917]: DEBUG neutron.api.rpc.handlers.resources_rpc [None req-b9ec3ed0-30f0-4350-a435-ba1998b42768 admin admin] Pushing event deleted for resources: {'SecurityGroup': ['ID=0ff6c429-8305-4396-ab24-4b9e1e41e9ec,revision_number=None']} {{(pid=93917) push /opt/stack/neutron/neutron/api/rpc/handlers/resources_rpc.py:237}}
Sep 11 14:20:30.028989 dv-cinder-760197-9-smb neutron-server[93919]: DEBUG neutron.db.l3_dvr_db [None req-3b369638-de96-4b7d-b65c-3ffec1e3d711 None None] Set router a39c0bdc-1a66-454c-8067-f0976c655429 gateway port host: dv-cinder-760197-9-smb {{(pid=93919) _build_routers_list /opt/stack/neutron/neutron/db/l3_dvr_db.py:906}}
Sep 11 14:20:30.041406 dv-cinder-760197-9-smb neutron-server[93917]: DEBUG neutron.db.l3_dvrscheduler_db [None req-c44f9b4c-39b8-4a75-827d-0447813c81d4 admin admin] Received port after_create {{(pid=93917) _notify_l3_agent_new_port /opt/stack/neutron/neutron/db/l3_dvrscheduler_db.py:535}}
Sep 11 14:20:30.054152 dv-cinder-760197-9-smb neutron-server[93917]: DEBUG neutron.wsgi [-] (93917) accepted ('10.222.0.18', 43454) {{(pid=93917) server /usr/local/lib/python3.8/dist-packages/eventlet/wsgi.py:982}}
Sep 11 14:20:30.060003 dv-cinder-760197-9-smb neutron-server[93917]: DEBUG neutron.api.v2.base [None req-cd4a3327-06c6-418d-9eaa-a1de980d3bbc tempest-AttachVolumeTestJSON-290436590 tempest-AttachVolumeTestJSON-290436590-project] Request body: {'security_group': {'name': 'tempest-securitygroup--1912188057', 'description': 'tempest-description--931943838'}} {{(pid=93917) prepare_request_body /opt/stack/neutron/neutron/api/v2/base.py:730}}
Sep 11 14:20:30.119190 dv-cinder-760197-9-smb neutron-server[93919]: DEBUG neutron_lib.callbacks.manager [None req-b74aacce-4077-4860-a403-0e41ce872af6 None None] Notify callbacks ['neutron.plugins.ml2.plugin.SecurityGroupServerNotifierRpcMixin._notify_sg_on_port_change-3734160', 'neutron.plugins.ml2.ovo_rpc._ObjectChangeHandler.handle_event-120236', 'neutron.api.rpc.agentnotifiers.dhcp_rpc_agent_api.DhcpAgentNotifyAPI._native_event_send_dhcp_notification-741411', 'neutron.db.l3_db.L3RpcNotifierMixin._notify_gateway_port_ip_changed-8727409031190', 'neutron.db.l3_dvrscheduler_db._notify_l3_agent_port_update-8727408511443', 'neutron.db.l3_hascheduler_db._notify_l3_agent_ha_port_update-8727408511461'] for port, after_update {{(pid=93919) _notify_loop /usr/local/lib/python3.8/dist-packages/neutron_lib/callbacks/manager.py:192}}
Sep 11 14:20:30.208464 dv-cinder-760197-9-smb neutron-server[93918]: DEBUG neutron_lib.callbacks.manager [None req-c2ee2cfa-6baa-43e9-8453-46eb13607f19 admin admin] Notify callbacks [] for router_gateway, before_create {{(pid=93918) _notify_loop /usr/local/lib/python3.8/dist-packages/neutron_lib/callbacks/manager.py:192}}
Sep 11 14:20:30.229826 dv-cinder-760197-9-smb neutron-server[93917]: DEBUG neutron_lib.callbacks.manager [None req-9ca4b5cb-c6cc-4e7f-8968-fb2564250366 admin admin] Notify callbacks [] for security_group, before_create {{(pid=93917) _notify_loop /usr/local/lib/python3.8/dist-packages/neutron_lib/callbacks/manager.py:192}}
Sep 11 14:20:30.232620 dv-cinder-760197-9-smb neutron-server[93918]: DEBUG neutron_lib.callbacks.manager [None req-c2ee2cfa-6baa-43e9-8453-46eb13607f19 admin admin] Notify callbacks ['neutron.plugins.ml2.plugin.SecurityGroupDbMixin._ensure_default_security_group_handler-3734239'] for port, before_create {{(pid=93918) _notify_loop /usr/local/lib/python3.8/dist-packages/neutron_lib/callbacks/manager.py:192}}
Sep 11 14:20:30.233652 dv-cinder-760197-9-smb neutron-server[93919]: DEBUG neutron.plugins.ml2.db [None req-affd3114-e269-4928-ac93-476c42d6ba50 None None] For port 926d46a9-8d07-422a-840f-e067ad40904e, host dv-cinder-760197-9-smb, cleared binding levels {{(pid=93919) clear_binding_levels /opt/stack/neutron/neutron/plugins/ml2/db.py:87}}
Sep 11 14:20:30.239256 dv-cinder-760197-9-smb neutron-server[93917]: DEBUG neutron.api.rpc.handlers.resources_rpc [None req-c44f9b4c-39b8-4a75-827d-0447813c81d4 admin admin] Pushing event updated for resources: {'Port': ['ID=9f5cf965-5329-4c86-a109-868eece4d5bc,revision_number=1']} {{(pid=93917) push /opt/stack/neutron/neutron/api/rpc/handlers/resources_rpc.py:237}}
Sep 11 14:20:30.260459 dv-cinder-760197-9-smb neutron-server[93917]: DEBUG neutron_lib.callbacks.manager [None req-d83ecf68-be18-46d8-9352-1cb52550ee5f admin admin] Notify callbacks [] for security_group, precommit_create {{(pid=93917) _notify_loop /usr/local/lib/python3.8/dist-packages/neutron_lib/callbacks/manager.py:192}}
Sep 11 14:20:30.290552 dv-cinder-760197-9-smb neutron-server[93917]: DEBUG neutron_lib.callbacks.manager [None req-d83ecf68-be18-46d8-9352-1cb52550ee5f admin admin] Notify callbacks ['neutron.plugins.ml2.ovo_rpc._ObjectChangeHandler.handle_event-784095'] for security_group, after_create {{(pid=93917) _notify_loop /usr/local/lib/python3.8/dist-packages/neutron_lib/callbacks/manager.py:192}}
Sep 11 14:20:30.321536 dv-cinder-760197-9-smb neutron-server[93919]: DEBUG neutron.plugins.ml2.db [None req-affd3114-e269-4928-ac93-476c42d6ba50 None None] For port 926d46a9-8d07-422a-840f-e067ad40904e, host dv-cinder-760197-9-smb, set binding levels [PortBindingLevel(driver='openvswitch',host='dv-cinder-760197-9-smb',level=0,port_id=926d46a9-8d07-422a-840f-e067ad40904e,segment=NetworkSegment(ad8d7a2b-7a08-444a-8568-50a7c217705e),segment_id=ad8d7a2b-7a08-444a-8568-50a7c217705e)] {{(pid=93919) set_binding_levels /opt/stack/neutron/neutron/plugins/ml2/db.py:59}}
Sep 11 14:20:30.323151 dv-cinder-760197-9-smb neutron-server[93919]: DEBUG neutron_lib.callbacks.manager [None req-80877a72-d4a2-4e7f-9d60-4b2de289735d None None] Notify callbacks ['neutron.services.segments.db._update_segment_host_mapping_for_agent-8727409039243', 'neutron.plugins.ml2.plugin.Ml2Plugin._retry_binding_revived_agents-3740870'] for agent, after_update {{(pid=93919) _notify_loop /usr/local/lib/python3.8/dist-packages/neutron_lib/callbacks/manager.py:192}}
Sep 11 14:20:30.376096 dv-cinder-760197-9-smb neutron-server[93917]: DEBUG neutron_lib.callbacks.manager [None req-cd4a3327-06c6-418d-9eaa-a1de980d3bbc tempest-AttachVolumeTestJSON-290436590 tempest-AttachVolumeTestJSON-290436590-project] Notify callbacks [] for security_group, before_create {{(pid=93917) _notify_loop /usr/local/lib/python3.8/dist-packages/neutron_lib/callbacks/manager.py:192}}
Sep 11 14:20:30.384314 dv-cinder-760197-9-smb neutron-server[93918]: DEBUG neutron.db.db_base_plugin_common [None req-c2ee2cfa-6baa-43e9-8453-46eb13607f19 admin admin] Allocated IP 172.28.3.206 (2c9143f4-a1f6-4ee4-bb67-ab44a5ecf603/6b8679a7-2355-4848-b8ce-f5855a9ec9a7/b24098e4-cd8c-4ba6-91c0-b94ea9df28ed) {{(pid=93918) _store_ip_allocation /opt/stack/neutron/neutron/db/db_base_plugin_common.py:131}}
Sep 11 14:20:30.390784 dv-cinder-760197-9-smb neutron-server[93917]: DEBUG neutron.api.rpc.handlers.resources_rpc [None req-d83ecf68-be18-46d8-9352-1cb52550ee5f admin admin] Pushing event updated for resources: {'SecurityGroup': ['ID=00027609-3ec3-4cc5-91a8-f02cde501de6,revision_number=1']} {{(pid=93917) push /opt/stack/neutron/neutron/api/rpc/handlers/resources_rpc.py:237}}
Sep 11 14:20:30.413232 dv-cinder-760197-9-smb neutron-server[93917]: INFO neutron.wsgi [None req-d83ecf68-be18-46d8-9352-1cb52550ee5f admin admin] 10.222.0.18 "GET /v2.0/security-groups?tenant_id=c7ebcb2d484846fd8b9467a7b610f46e&name=default HTTP/1.1" status: 200 len: 2975 time: 0.7530782
Sep 11 14:20:30.419754 dv-cinder-760197-9-smb neutron-server[93917]: DEBUG neutron.wsgi [-] (93917) accepted ('10.222.0.18', 43468) {{(pid=93917) server /usr/local/lib/python3.8/dist-packages/eventlet/wsgi.py:982}}
Sep 11 14:20:30.444836 dv-cinder-760197-9-smb neutron-server[93919]: DEBUG neutron_lib.callbacks.manager [None req-affd3114-e269-4928-ac93-476c42d6ba50 None None] Notify callbacks ['neutron.plugins.ml2.plugin.SecurityGroupServerNotifierRpcMixin._notify_sg_on_port_change-3734160', 'neutron.plugins.ml2.ovo_rpc._ObjectChangeHandler.handle_event-120236', 'neutron.api.rpc.agentnotifiers.dhcp_rpc_agent_api.DhcpAgentNotifyAPI._native_event_send_dhcp_notification-741411', 'neutron.db.l3_db.L3RpcNotifierMixin._notify_gateway_port_ip_changed-8727409031190', 'neutron.db.l3_dvrscheduler_db._notify_l3_agent_port_update-8727408511443', 'neutron.db.l3_hascheduler_db._notify_l3_agent_ha_port_update-8727408511461'] for port, after_update {{(pid=93919) _notify_loop /usr/local/lib/python3.8/dist-packages/neutron_lib/callbacks/manager.py:192}}
Sep 11 14:20:30.446818 dv-cinder-760197-9-smb neutron-server[93919]: DEBUG neutron.api.rpc.handlers.resources_rpc [None req-b74aacce-4077-4860-a403-0e41ce872af6 None None] Pushing event updated for resources: {'Port': ['ID=f805bdc1-4d3b-49dc-abfb-818dfd3a2324,revision_number=4']} {{(pid=93919) push /opt/stack/neutron/neutron/api/rpc/handlers/resources_rpc.py:237}}
Sep 11 14:20:30.618568 dv-cinder-760197-9-smb neutron-server[93918]: DEBUG neutron_lib.callbacks.manager [None req-c2ee2cfa-6baa-43e9-8453-46eb13607f19 admin admin] Notify callbacks [] for port, precommit_create {{(pid=93918) _notify_loop /usr/local/lib/python3.8/dist-packages/neutron_lib/callbacks/manager.py:192}}
Sep 11 14:20:30.758938 dv-cinder-760197-9-smb neutron-server[93918]: DEBUG neutron_lib.callbacks.manager [None req-c2ee2cfa-6baa-43e9-8453-46eb13607f19 admin admin] Notify callbacks ['neutron.plugins.ml2.plugin.SecurityGroupServerNotifierRpcMixin._notify_sg_on_port_change-3734160', 'neutron.plugins.ml2.ovo_rpc._ObjectChangeHandler.handle_event-120236', 'neutron.api.rpc.agentnotifiers.dhcp_rpc_agent_api.DhcpAgentNotifyAPI._native_event_send_dhcp_notification-741411', 'neutron.db.l3_dvrscheduler_db._notify_l3_agent_new_port-8727408511425'] for port, after_create {{(pid=93918) _notify_loop /usr/local/lib/python3.8/dist-packages/neutron_lib/callbacks/manager.py:192}}
Sep 11 14:20:30.768592 dv-cinder-760197-9-smb neutron-server[93917]: DEBUG neutron_lib.callbacks.manager [None req-018bf21c-1bac-4db8-94e8-8151a90d3715 admin admin] Notify callbacks [] for security_group, before_delete {{(pid=93917) _notify_loop /usr/local/lib/python3.8/dist-packages/neutron_lib/callbacks/manager.py:192}}
Sep 11 14:20:30.791001 dv-cinder-760197-9-smb neutron-server[93917]: DEBUG neutron_lib.callbacks.manager [None req-c44f9b4c-39b8-4a75-827d-0447813c81d4 admin admin] Notify callbacks [] for router_gateway, after_create {{(pid=93917) _notify_loop /usr/local/lib/python3.8/dist-packages/neutron_lib/callbacks/manager.py:192}}
Sep 11 14:20:30.838077 dv-cinder-760197-9-smb neutron-server[93918]: DEBUG neutron.scheduler.dhcp_agent_scheduler [None req-c2ee2cfa-6baa-43e9-8453-46eb13607f19 admin admin] Network 2c9143f4-a1f6-4ee4-bb67-ab44a5ecf603 is already hosted by enough agents. {{(pid=93918) _get_dhcp_agents_hosting_network /opt/stack/neutron/neutron/scheduler/dhcp_agent_scheduler.py:275}}
Sep 11 14:20:30.842040 dv-cinder-760197-9-smb neutron-server[93918]: DEBUG neutron.scheduler.base_scheduler [None req-c2ee2cfa-6baa-43e9-8453-46eb13607f19 admin admin] Resources bound (agent type, host, resource id): {{(pid=93918) schedule /opt/stack/neutron/neutron/scheduler/base_scheduler.py:57}}
Sep 11 14:20:30.849489 dv-cinder-760197-9-smb neutron-server[93918]: DEBUG neutron.db.l3_dvrscheduler_db [None req-c2ee2cfa-6baa-43e9-8453-46eb13607f19 admin admin] Received port after_create {{(pid=93918) _notify_l3_agent_new_port /opt/stack/neutron/neutron/db/l3_dvrscheduler_db.py:535}}
Sep 11 14:20:30.868363 dv-cinder-760197-9-smb neutron-server[93919]: DEBUG neutron.api.rpc.handlers.resources_rpc [None req-affd3114-e269-4928-ac93-476c42d6ba50 None None] Pushing event updated for resources: {'Port': ['ID=926d46a9-8d07-422a-840f-e067ad40904e,revision_number=2']} {{(pid=93919) push /opt/stack/neutron/neutron/api/rpc/handlers/resources_rpc.py:237}}
