Sep 07 14:53:31.310020 dv-cinder-760194-8-smb neutron-server[93800]: DEBUG neutron.scheduler.dhcp_agent_scheduler [None req-bbed8f58-1474-4266-87dc-3611484e653c admin admin] Network hostable DHCP agents. Network: dcfe6ef0-3bdf-4c82-9ee5-25b922840f99, hostable agents: ['114f8bf7-c076-4cc4-a6e7-96952e001a23'], hosted agents: [] {{(pid=93800) _get_network_hostable_dhcp_agents /opt/stack/neutron/neutron/scheduler/dhcp_agent_scheduler.py:329}}
Sep 07 14:53:31.341719 dv-cinder-760194-8-smb neutron-server[93800]: DEBUG neutron.scheduler.dhcp_agent_scheduler [None req-bbed8f58-1474-4266-87dc-3611484e653c admin admin] Network dcfe6ef0-3bdf-4c82-9ee5-25b922840f99 is scheduled to be hosted by DHCP agent 114f8bf7-c076-4cc4-a6e7-96952e001a23 with binding_index 1 {{(pid=93800) bind /opt/stack/neutron/neutron/scheduler/dhcp_agent_scheduler.py:227}}
Sep 07 14:53:31.364951 dv-cinder-760194-8-smb neutron-server[93800]: DEBUG neutron.scheduler.base_scheduler [None req-bbed8f58-1474-4266-87dc-3611484e653c admin admin] Resources bound (agent type, host, resource id): (DHCP agent, dv-cinder-760194-8-smb, dcfe6ef0-3bdf-4c82-9ee5-25b922840f99) {{(pid=93800) schedule /opt/stack/neutron/neutron/scheduler/base_scheduler.py:57}}
Sep 07 14:53:31.375685 dv-cinder-760194-8-smb neutron-server[93802]: DEBUG neutron.api.rpc.handlers.dhcp_rpc [None req-dd12bf96-d4ce-4caf-9868-9ffccd7d0db4 None None] Network dcfe6ef0-3bdf-4c82-9ee5-25b922840f99 requested from dv-cinder-760194-8-smb {{(pid=93802) get_network_info /opt/stack/neutron/neutron/api/rpc/handlers/dhcp_rpc.py:218}}
Sep 07 14:53:31.382394 dv-cinder-760194-8-smb neutron-server[93800]: DEBUG neutron.pecan_wsgi.hooks.policy_enforcement [None req-bbed8f58-1474-4266-87dc-3611484e653c admin admin] Attributes excluded by policy engine: ['standard_attr_id', 'shared', 'network'] {{(pid=93800) _exclude_attributes_by_policy /opt/stack/neutron/neutron/pecan_wsgi/hooks/policy_enforcement.py:255}}
Sep 07 14:53:31.383065 dv-cinder-760194-8-smb neutron-server[93800]: DEBUG neutron_lib.callbacks.manager [None req-bbed8f58-1474-4266-87dc-3611484e653c admin admin] Notify callbacks ['neutron.api.rpc.agentnotifiers.dhcp_rpc_agent_api.DhcpAgentNotifyAPI._send_dhcp_notification-1657320'] for subnet, before_response {{(pid=93800) _notify_loop /usr/local/lib/python3.8/dist-packages/neutron_lib/callbacks/manager.py:192}}
Sep 07 14:53:31.406197 dv-cinder-760194-8-smb neutron-server[93801]: INFO neutron.wsgi [None req-c4107d2a-4a3d-4965-a318-6376c3a1e3f8 admin admin] 10.222.0.63 "POST /v2.0/networks HTTP/1.1" status: 201 len: 887 time: 1.3320754
Sep 07 14:53:31.415530 dv-cinder-760194-8-smb neutron-server[93800]: DEBUG neutron.wsgi [-] (93800) accepted ('10.222.0.63', 36758) {{(pid=93800) server /usr/local/lib/python3.8/dist-packages/eventlet/wsgi.py:982}}
Sep 07 14:53:31.424358 dv-cinder-760194-8-smb neutron-server[93800]: DEBUG neutron.api.v2.base [None req-dc697e2f-6436-483a-8dda-60067bd92324 admin admin] Request body: {'subnet': {'network_id': '943d5d67-a220-4443-9dd7-8e1e37912d8c', 'cidr': '172.20.0.0/28', 'name': 'tempest-AttachVolumeNegativeTest-602775768-subnet', 'tenant_id': 'e17da75420c643f59521732d4b2e0e50', 'enable_dhcp': False, 'ip_version': 4}} {{(pid=93800) prepare_request_body /opt/stack/neutron/neutron/api/v2/base.py:730}}
Sep 07 14:53:31.475479 dv-cinder-760194-8-smb neutron-server[93800]: INFO neutron.wsgi [None req-bbed8f58-1474-4266-87dc-3611484e653c admin admin] 10.222.0.63 "POST /v2.0/subnets HTTP/1.1" status: 201 len: 848 time: 0.9097362
Sep 07 14:53:31.482482 dv-cinder-760194-8-smb neutron-server[93800]: DEBUG neutron.pecan_wsgi.hooks.quota_enforcement [None req-dc697e2f-6436-483a-8dda-60067bd92324 admin admin] Made reservation on behalf of e17da75420c643f59521732d4b2e0e50 for: {'subnet': 1} {{(pid=93800) before /opt/stack/neutron/neutron/pecan_wsgi/hooks/quota_enforcement.py:53}}
Sep 07 14:53:31.485264 dv-cinder-760194-8-smb neutron-server[93800]: DEBUG neutron_lib.callbacks.manager [None req-dc697e2f-6436-483a-8dda-60067bd92324 admin admin] Notify callbacks [] for subnet, before_create {{(pid=93800) _notify_loop /usr/local/lib/python3.8/dist-packages/neutron_lib/callbacks/manager.py:192}}
Sep 07 14:53:31.493640 dv-cinder-760194-8-smb neutron-server[93801]: DEBUG neutron.api.rpc.handlers.resources_rpc [None req-c4107d2a-4a3d-4965-a318-6376c3a1e3f8 admin admin] Pushing event updated for resources: {'Network': ['ID=943d5d67-a220-4443-9dd7-8e1e37912d8c,revision_number=1']} {{(pid=93801) push /opt/stack/neutron/neutron/api/rpc/handlers/resources_rpc.py:237}}
Sep 07 14:53:31.528337 dv-cinder-760194-8-smb neutron-server[93803]: DEBUG neutron.db.agents_db [None req-d6faf5df-f418-47ba-ae2f-21c8c8f81b82 None None] Agent healthcheck: found 6 active agents {{(pid=93803) agent_health_check /opt/stack/neutron/neutron/db/agents_db.py:317}}
Sep 07 14:53:31.540595 dv-cinder-760194-8-smb neutron-server[93802]: DEBUG neutron.plugins.ml2.rpc [None req-db8ed19f-89d0-4513-8915-8cb4ce2be4f7 None None] Network 943d5d67-a220-4443-9dd7-8e1e37912d8c details requested by agent ovs-agent-dv-cinder-760194-8-smb with host dv-cinder-760194-8-smb {{(pid=93802) get_network_details /opt/stack/neutron/neutron/plugins/ml2/rpc.py:248}}
Sep 07 14:53:31.545935 dv-cinder-760194-8-smb neutron-server[93801]: DEBUG neutron_lib.callbacks.manager [None req-ae5863e6-6340-4a80-87b1-f39301b9a9ce admin admin] Notify callbacks ['neutron.plugins.ml2.ovo_rpc._ObjectChangeHandler.handle_event-1668003', 'neutron.api.rpc.agentnotifiers.dhcp_rpc_agent_api.DhcpAgentNotifyAPI._native_event_send_dhcp_notification-1657338'] for subnet, after_create {{(pid=93801) _notify_loop /usr/local/lib/python3.8/dist-packages/neutron_lib/callbacks/manager.py:192}}
Sep 07 14:53:31.611626 dv-cinder-760194-8-smb neutron-server[93801]: DEBUG neutron.plugins.ml2.drivers.mech_agent [None req-ae5863e6-6340-4a80-87b1-f39301b9a9ce admin admin] Checking segment: {'id': '6c782ae1-3be8-4ede-ba32-f73700485715', 'network_type': 'vlan', 'physical_network': 'physnet1', 'segmentation_id': 310, 'network_id': '91386ddd-c076-4c78-b34b-b9c00498ba54'} for mappings: {'physnet1': 'br-data'} with network types: ['local', 'flat', 'vlan'] {{(pid=93801) check_segment_for_agent /opt/stack/neutron/neutron/plugins/ml2/drivers/mech_agent.py:352}}
Sep 07 14:53:31.611981 dv-cinder-760194-8-smb neutron-server[93801]: DEBUG neutron.scheduler.dhcp_agent_scheduler [None req-ae5863e6-6340-4a80-87b1-f39301b9a9ce admin admin] Network hostable DHCP agents. Network: 91386ddd-c076-4c78-b34b-b9c00498ba54, hostable agents: ['114f8bf7-c076-4cc4-a6e7-96952e001a23'], hosted agents: [] {{(pid=93801) _get_network_hostable_dhcp_agents /opt/stack/neutron/neutron/scheduler/dhcp_agent_scheduler.py:329}}
Sep 07 14:53:31.641518 dv-cinder-760194-8-smb neutron-server[93801]: DEBUG neutron.api.rpc.handlers.resources_rpc [None req-ae5863e6-6340-4a80-87b1-f39301b9a9ce admin admin] Pushing event updated for resources: {'Subnet': ['ID=7d983e41-380b-49e3-b8d2-f8cf96fd4bd5,revision_number=0']} {{(pid=93801) push /opt/stack/neutron/neutron/api/rpc/handlers/resources_rpc.py:237}}
Sep 07 14:53:31.650471 dv-cinder-760194-8-smb neutron-server[93802]: DEBUG neutron.api.rpc.handlers.dhcp_rpc [None req-5160ce97-c37a-49f2-b213-a540f8b02ad3 None None] Network dcfe6ef0-3bdf-4c82-9ee5-25b922840f99 requested from dv-cinder-760194-8-smb {{(pid=93802) get_network_info /opt/stack/neutron/neutron/api/rpc/handlers/dhcp_rpc.py:218}}
Sep 07 14:53:31.657832 dv-cinder-760194-8-smb neutron-server[93801]: DEBUG neutron.scheduler.dhcp_agent_scheduler [None req-ae5863e6-6340-4a80-87b1-f39301b9a9ce admin admin] Network 91386ddd-c076-4c78-b34b-b9c00498ba54 is scheduled to be hosted by DHCP agent 114f8bf7-c076-4cc4-a6e7-96952e001a23 with binding_index 1 {{(pid=93801) bind /opt/stack/neutron/neutron/scheduler/dhcp_agent_scheduler.py:227}}
Sep 07 14:53:31.672994 dv-cinder-760194-8-smb neutron-server[93801]: DEBUG neutron.scheduler.base_scheduler [None req-ae5863e6-6340-4a80-87b1-f39301b9a9ce admin admin] Resources bound (agent type, host, resource id): (DHCP agent, dv-cinder-760194-8-smb, 91386ddd-c076-4c78-b34b-b9c00498ba54) {{(pid=93801) schedule /opt/stack/neutron/neutron/scheduler/base_scheduler.py:57}}
Sep 07 14:53:31.683143 dv-cinder-760194-8-smb neutron-server[93801]: DEBUG neutron.pecan_wsgi.hooks.policy_enforcement [None req-ae5863e6-6340-4a80-87b1-f39301b9a9ce admin admin] Attributes excluded by policy engine: ['standard_attr_id', 'shared', 'network'] {{(pid=93801) _exclude_attributes_by_policy /opt/stack/neutron/neutron/pecan_wsgi/hooks/policy_enforcement.py:255}}
Sep 07 14:53:31.683693 dv-cinder-760194-8-smb neutron-server[93801]: DEBUG neutron_lib.callbacks.manager [None req-ae5863e6-6340-4a80-87b1-f39301b9a9ce admin admin] Notify callbacks ['neutron.api.rpc.agentnotifiers.dhcp_rpc_agent_api.DhcpAgentNotifyAPI._send_dhcp_notification-1657320'] for subnet, before_response {{(pid=93801) _notify_loop /usr/local/lib/python3.8/dist-packages/neutron_lib/callbacks/manager.py:192}}
Sep 07 14:53:31.685925 dv-cinder-760194-8-smb neutron-server[93802]: DEBUG neutron.api.rpc.handlers.dhcp_rpc [None req-72f3ff4c-e4c7-4d43-8fa0-92c2f4264009 None None] Network 91386ddd-c076-4c78-b34b-b9c00498ba54 requested from dv-cinder-760194-8-smb {{(pid=93802) get_network_info /opt/stack/neutron/neutron/api/rpc/handlers/dhcp_rpc.py:218}}
Sep 07 14:53:31.711257 dv-cinder-760194-8-smb neutron-server[93801]: INFO neutron.wsgi [None req-ae5863e6-6340-4a80-87b1-f39301b9a9ce admin admin] 10.222.0.63 "POST /v2.0/subnets HTTP/1.1" status: 201 len: 853 time: 0.6085916
Sep 07 14:53:31.711849 dv-cinder-760194-8-smb neutron-server[93801]: DEBUG neutron.wsgi [-] (93801) accepted ('10.222.0.63', 36778) {{(pid=93801) server /usr/local/lib/python3.8/dist-packages/eventlet/wsgi.py:982}}
Sep 07 14:53:31.720488 dv-cinder-760194-8-smb neutron-server[93801]: DEBUG neutron.api.v2.base [None req-099adf70-a144-4252-b180-122f172f3778 admin admin] Request body: {'router': {'name': 'tempest-AttachVolumeShelveTestJSON-1208456950-router', 'tenant_id': 'ae960df827394f07bdc132a248a0fcf0', 'external_gateway_info': {'network_id': '231c3305-c4d9-44ef-9d45-72fddf382d2d'}}} {{(pid=93801) prepare_request_body /opt/stack/neutron/neutron/api/v2/base.py:730}}
Sep 07 14:53:31.723709 dv-cinder-760194-8-smb neutron-server[93800]: DEBUG neutron_lib.callbacks.manager [None req-dc697e2f-6436-483a-8dda-60067bd92324 admin admin] Notify callbacks ['neutron.plugins.ml2.ovo_rpc._ObjectChangeHandler.handle_event-1668003', 'neutron.api.rpc.agentnotifiers.dhcp_rpc_agent_api.DhcpAgentNotifyAPI._native_event_send_dhcp_notification-1657338'] for subnet, after_create {{(pid=93800) _notify_loop /usr/local/lib/python3.8/dist-packages/neutron_lib/callbacks/manager.py:192}}
Sep 07 14:53:31.771693 dv-cinder-760194-8-smb neutron-server[93801]: DEBUG neutron_lib.callbacks.manager [None req-099adf70-a144-4252-b180-122f172f3778 admin admin] Notify callbacks ['neutron.services.l3_router.l3_router_plugin.L3_HA_NAT_db_mixin._before_router_create_handler-1682828', 'neutron.services.l3_router.service_providers.driver_controller.DriverController._check_router_request-1950'] for router, before_create {{(pid=93801) _notify_loop /usr/local/lib/python3.8/dist-packages/neutron_lib/callbacks/manager.py:192}}
Sep 07 14:53:31.773653 dv-cinder-760194-8-smb neutron-server[93801]: DEBUG neutron_lib.callbacks.manager [None req-099adf70-a144-4252-b180-122f172f3778 admin admin] Notify callbacks ['neutron.services.l3_router.l3_router_plugin.L3_HA_NAT_db_mixin._precommit_router_create-1683228', 'neutron.services.l3_router.l3_router_plugin.DVRResourceOperationHandler._set_distributed_flag-1681548', 'neutron.services.l3_router.l3_router_plugin.RouterAvailabilityZoneMixin._process_az_request-2049399', 'neutron.services.l3_router.service_providers.driver_controller.DriverController._set_router_provider-1943'] for router, precommit_create {{(pid=93801) _notify_loop /usr/local/lib/python3.8/dist-packages/neutron_lib/callbacks/manager.py:192}}
Sep 07 14:53:31.804858 dv-cinder-760194-8-smb neutron-server[93800]: DEBUG neutron.api.rpc.handlers.resources_rpc [None req-dc697e2f-6436-483a-8dda-60067bd92324 admin admin] Pushing event updated for resources: {'Subnet': ['ID=a2dee5a5-f2b0-4e4f-ac7b-43bed13284e2,revision_number=0']} {{(pid=93800) push /opt/stack/neutron/neutron/api/rpc/handlers/resources_rpc.py:237}}
Sep 07 14:53:31.815531 dv-cinder-760194-8-smb neutron-server[93800]: DEBUG neutron.plugins.ml2.drivers.mech_agent [None req-dc697e2f-6436-483a-8dda-60067bd92324 admin admin] Checking segment: {'id': '0715cf04-8d76-4317-ab6d-c09ca1b4f072', 'network_type': 'vlan', 'physical_network': 'physnet1', 'segmentation_id': 320, 'network_id': '943d5d67-a220-4443-9dd7-8e1e37912d8c'} for mappings: {'physnet1': 'br-data'} with network types: ['local', 'flat', 'vlan'] {{(pid=93800) check_segment_for_agent /opt/stack/neutron/neutron/plugins/ml2/drivers/mech_agent.py:352}}
Sep 07 14:53:31.815883 dv-cinder-760194-8-smb neutron-server[93800]: DEBUG neutron.scheduler.dhcp_agent_scheduler [None req-dc697e2f-6436-483a-8dda-60067bd92324 admin admin] Network hostable DHCP agents. Network: 943d5d67-a220-4443-9dd7-8e1e37912d8c, hostable agents: ['114f8bf7-c076-4cc4-a6e7-96952e001a23'], hosted agents: [] {{(pid=93800) _get_network_hostable_dhcp_agents /opt/stack/neutron/neutron/scheduler/dhcp_agent_scheduler.py:329}}
Sep 07 14:53:31.837822 dv-cinder-760194-8-smb neutron-server[93800]: DEBUG neutron.scheduler.dhcp_agent_scheduler [None req-dc697e2f-6436-483a-8dda-60067bd92324 admin admin] Network 943d5d67-a220-4443-9dd7-8e1e37912d8c is scheduled to be hosted by DHCP agent 114f8bf7-c076-4cc4-a6e7-96952e001a23 with binding_index 1 {{(pid=93800) bind /opt/stack/neutron/neutron/scheduler/dhcp_agent_scheduler.py:227}}
Sep 07 14:53:31.852386 dv-cinder-760194-8-smb neutron-server[93800]: DEBUG neutron.scheduler.base_scheduler [None req-dc697e2f-6436-483a-8dda-60067bd92324 admin admin] Resources bound (agent type, host, resource id): (DHCP agent, dv-cinder-760194-8-smb, 943d5d67-a220-4443-9dd7-8e1e37912d8c) {{(pid=93800) schedule /opt/stack/neutron/neutron/scheduler/base_scheduler.py:57}}
Sep 07 14:53:31.872273 dv-cinder-760194-8-smb neutron-server[93800]: DEBUG neutron.pecan_wsgi.hooks.policy_enforcement [None req-dc697e2f-6436-483a-8dda-60067bd92324 admin admin] Attributes excluded by policy engine: ['standard_attr_id', 'shared', 'network'] {{(pid=93800) _exclude_attributes_by_policy /opt/stack/neutron/neutron/pecan_wsgi/hooks/policy_enforcement.py:255}}
Sep 07 14:53:31.873164 dv-cinder-760194-8-smb neutron-server[93800]: DEBUG neutron_lib.callbacks.manager [None req-dc697e2f-6436-483a-8dda-60067bd92324 admin admin] Notify callbacks ['neutron.api.rpc.agentnotifiers.dhcp_rpc_agent_api.DhcpAgentNotifyAPI._send_dhcp_notification-1657320'] for subnet, before_response {{(pid=93800) _notify_loop /usr/local/lib/python3.8/dist-packages/neutron_lib/callbacks/manager.py:192}}
Sep 07 14:53:31.880440 dv-cinder-760194-8-smb neutron-server[93802]: DEBUG neutron.api.rpc.handlers.dhcp_rpc [None req-8368cbf6-8f41-4d14-9630-b3b087193961 None None] Network 943d5d67-a220-4443-9dd7-8e1e37912d8c requested from dv-cinder-760194-8-smb {{(pid=93802) get_network_info /opt/stack/neutron/neutron/api/rpc/handlers/dhcp_rpc.py:218}}
Sep 07 14:53:31.890470 dv-cinder-760194-8-smb neutron-server[93800]: INFO neutron.wsgi [None req-dc697e2f-6436-483a-8dda-60067bd92324 admin admin] 10.222.0.63 "POST /v2.0/subnets HTTP/1.1" status: 201 len: 851 time: 0.4735808
Sep 07 14:53:31.903317 dv-cinder-760194-8-smb neutron-server[93801]: DEBUG neutron_lib.callbacks.manager [None req-099adf70-a144-4252-b180-122f172f3778 admin admin] Notify callbacks [] for router_controller, precommit_add_association {{(pid=93801) _notify_loop /usr/local/lib/python3.8/dist-packages/neutron_lib/callbacks/manager.py:192}}
Sep 07 14:53:32.070873 dv-cinder-760194-8-smb neutron-server[93801]: DEBUG neutron_lib.callbacks.manager [None req-099adf70-a144-4252-b180-122f172f3778 admin admin] Notify callbacks [] for router_gateway, precommit_update {{(pid=93801) _notify_loop /usr/local/lib/python3.8/dist-packages/neutron_lib/callbacks/manager.py:192}}
Sep 07 14:53:32.168790 dv-cinder-760194-8-smb neutron-server[93802]: DEBUG neutron.api.rpc.handlers.dhcp_rpc [None req-30a09623-226b-4e98-aa65-7a75df423677 None None] Network 943d5d67-a220-4443-9dd7-8e1e37912d8c requested from dv-cinder-760194-8-smb {{(pid=93802) get_network_info /opt/stack/neutron/neutron/api/rpc/handlers/dhcp_rpc.py:218}}
Sep 07 14:53:32.198091 dv-cinder-760194-8-smb neutron-server[93802]: DEBUG neutron.api.rpc.handlers.dhcp_rpc [None req-da58a8a1-0529-44c9-80b2-1f4d24863564 None None] Create dhcp port {'port': {'name': '', 'admin_state_up': True, 'device_id': 'dhcpf6808ba5-1ea5-5f4d-ad84-ad77e1e17f53-91386ddd-c076-4c78-b34b-b9c00498ba54', 'network_id': '91386ddd-c076-4c78-b34b-b9c00498ba54', 'tenant_id': 'ae960df827394f07bdc132a248a0fcf0', 'fixed_ips': [{'subnet_id': '7d983e41-380b-49e3-b8d2-f8cf96fd4bd5'}]}} from dv-cinder-760194-8-smb. {{(pid=93802) create_dhcp_port /opt/stack/neutron/neutron/api/rpc/handlers/dhcp_rpc.py:285}}
Sep 07 14:53:32.199287 dv-cinder-760194-8-smb neutron-server[93802]: DEBUG neutron_lib.callbacks.manager [None req-da58a8a1-0529-44c9-80b2-1f4d24863564 None None] Notify callbacks ['neutron.plugins.ml2.plugin.SecurityGroupDbMixin._ensure_default_security_group_handler-923169'] for port, before_create {{(pid=93802) _notify_loop /usr/local/lib/python3.8/dist-packages/neutron_lib/callbacks/manager.py:192}}
Sep 07 14:53:32.503593 dv-cinder-760194-8-smb neutron-server[93801]: DEBUG neutron_lib.callbacks.manager [None req-099adf70-a144-4252-b180-122f172f3778 admin admin] Notify callbacks [] for router_gateway, before_create {{(pid=93801) _notify_loop /usr/local/lib/python3.8/dist-packages/neutron_lib/callbacks/manager.py:192}}
Sep 07 14:53:32.537581 dv-cinder-760194-8-smb neutron-server[93801]: DEBUG neutron_lib.callbacks.manager [None req-099adf70-a144-4252-b180-122f172f3778 admin admin] Notify callbacks ['neutron.plugins.ml2.plugin.SecurityGroupDbMixin._ensure_default_security_group_handler-923169'] for port, before_create {{(pid=93801) _notify_loop /usr/local/lib/python3.8/dist-packages/neutron_lib/callbacks/manager.py:192}}
Sep 07 14:53:32.588285 dv-cinder-760194-8-smb neutron-server[93802]: DEBUG neutron.db.db_base_plugin_common [None req-da58a8a1-0529-44c9-80b2-1f4d24863564 None None] Allocated IP 172.20.0.2 (91386ddd-c076-4c78-b34b-b9c00498ba54/7d983e41-380b-49e3-b8d2-f8cf96fd4bd5/23fe7bb6-7fe8-46b8-97b9-ed83fa715780) {{(pid=93802) _store_ip_allocation /opt/stack/neutron/neutron/db/db_base_plugin_common.py:131}}
Sep 07 14:53:32.674136 dv-cinder-760194-8-smb neutron-server[93801]: DEBUG neutron.db.db_base_plugin_common [None req-099adf70-a144-4252-b180-122f172f3778 admin admin] Allocated IP 172.28.1.126 (231c3305-c4d9-44ef-9d45-72fddf382d2d/46eeef94-53f8-4ea2-8e5b-169dc587ff06/88a93b93-ab82-4915-816f-ec6ece5f8afc) {{(pid=93801) _store_ip_allocation /opt/stack/neutron/neutron/db/db_base_plugin_common.py:131}}
Sep 07 14:53:32.821331 dv-cinder-760194-8-smb neutron-server[93802]: DEBUG neutron_lib.callbacks.manager [None req-da58a8a1-0529-44c9-80b2-1f4d24863564 None None] Notify callbacks [] for port, precommit_create {{(pid=93802) _notify_loop /usr/local/lib/python3.8/dist-packages/neutron_lib/callbacks/manager.py:192}}
Sep 07 14:53:32.831220 dv-cinder-760194-8-smb neutron-server[93802]: DEBUG neutron.db.provisioning_blocks [None req-da58a8a1-0529-44c9-80b2-1f4d24863564 None None] Transition to ACTIVE for port object 23fe7bb6-7fe8-46b8-97b9-ed83fa715780 will not be triggered until provisioned by entity L2. {{(pid=93802) add_provisioning_component /opt/stack/neutron/neutron/db/provisioning_blocks.py:73}}
Sep 07 14:53:32.843279 dv-cinder-760194-8-smb neutron-server[93801]: DEBUG neutron_lib.callbacks.manager [None req-099adf70-a144-4252-b180-122f172f3778 admin admin] Notify callbacks [] for port, precommit_create {{(pid=93801) _notify_loop /usr/local/lib/python3.8/dist-packages/neutron_lib/callbacks/manager.py:192}}
Sep 07 14:53:32.848573 dv-cinder-760194-8-smb neutron-server[93802]: DEBUG neutron.db.provisioning_blocks [None req-da58a8a1-0529-44c9-80b2-1f4d24863564 None None] Transition to ACTIVE for port object 23fe7bb6-7fe8-46b8-97b9-ed83fa715780 will not be triggered until provisioned by entity DHCP. {{(pid=93802) add_provisioning_component /opt/stack/neutron/neutron/db/provisioning_blocks.py:73}}
Sep 07 14:53:32.858743 dv-cinder-760194-8-smb neutron-server[93802]: DEBUG neutron_lib.callbacks.manager [None req-da58a8a1-0529-44c9-80b2-1f4d24863564 None None] Notify callbacks ['neutron.plugins.ml2.plugin.SecurityGroupServerNotifierRpcMixin._notify_sg_on_port_change-923238', 'neutron.plugins.ml2.ovo_rpc._ObjectChangeHandler.handle_event-63721', 'neutron.api.rpc.agentnotifiers.dhcp_rpc_agent_api.DhcpAgentNotifyAPI._native_event_send_dhcp_notification-1657338', 'neutron.db.l3_dvrscheduler_db._notify_l3_agent_new_port-8758953313711'] for port, after_create {{(pid=93802) _notify_loop /usr/local/lib/python3.8/dist-packages/neutron_lib/callbacks/manager.py:192}}
Sep 07 14:53:32.905893 dv-cinder-760194-8-smb neutron-server[93801]: DEBUG neutron_lib.callbacks.manager [None req-099adf70-a144-4252-b180-122f172f3778 admin admin] Notify callbacks ['neutron.plugins.ml2.plugin.SecurityGroupServerNotifierRpcMixin._notify_sg_on_port_change-923238', 'neutron.plugins.ml2.ovo_rpc._ObjectChangeHandler.handle_event-63721', 'neutron.api.rpc.agentnotifiers.dhcp_rpc_agent_api.DhcpAgentNotifyAPI._native_event_send_dhcp_notification-1657338', 'neutron.db.l3_dvrscheduler_db._notify_l3_agent_new_port-8758953313711'] for port, after_create {{(pid=93801) _notify_loop /usr/local/lib/python3.8/dist-packages/neutron_lib/callbacks/manager.py:192}}
Sep 07 14:53:32.910896 dv-cinder-760194-8-smb neutron-server[93802]: DEBUG neutron.scheduler.dhcp_agent_scheduler [None req-da58a8a1-0529-44c9-80b2-1f4d24863564 None None] Network 91386ddd-c076-4c78-b34b-b9c00498ba54 is already hosted by enough agents. {{(pid=93802) _get_dhcp_agents_hosting_network /opt/stack/neutron/neutron/scheduler/dhcp_agent_scheduler.py:275}}
Sep 07 14:53:32.919291 dv-cinder-760194-8-smb neutron-server[93802]: DEBUG neutron.scheduler.base_scheduler [None req-da58a8a1-0529-44c9-80b2-1f4d24863564 None None] Resources bound (agent type, host, resource id): {{(pid=93802) schedule /opt/stack/neutron/neutron/scheduler/base_scheduler.py:57}}
Sep 07 14:53:32.929537 dv-cinder-760194-8-smb neutron-server[93802]: DEBUG neutron.db.l3_dvrscheduler_db [None req-da58a8a1-0529-44c9-80b2-1f4d24863564 None None] Received port after_create {{(pid=93802) _notify_l3_agent_new_port /opt/stack/neutron/neutron/db/l3_dvrscheduler_db.py:535}}
Sep 07 14:53:32.949504 dv-cinder-760194-8-smb neutron-server[93801]: DEBUG neutron.scheduler.dhcp_agent_scheduler [None req-099adf70-a144-4252-b180-122f172f3778 admin admin] Network 231c3305-c4d9-44ef-9d45-72fddf382d2d is already hosted by enough agents. {{(pid=93801) _get_dhcp_agents_hosting_network /opt/stack/neutron/neutron/scheduler/dhcp_agent_scheduler.py:275}}
Sep 07 14:53:32.954384 dv-cinder-760194-8-smb neutron-server[93801]: DEBUG neutron.scheduler.base_scheduler [None req-099adf70-a144-4252-b180-122f172f3778 admin admin] Resources bound (agent type, host, resource id): {{(pid=93801) schedule /opt/stack/neutron/neutron/scheduler/base_scheduler.py:57}}
Sep 07 14:53:32.955998 dv-cinder-760194-8-smb neutron-server[93802]: DEBUG neutron.api.rpc.handlers.resources_rpc [None req-da58a8a1-0529-44c9-80b2-1f4d24863564 None None] Pushing event updated for resources: {'Port': ['ID=23fe7bb6-7fe8-46b8-97b9-ed83fa715780,revision_number=1']} {{(pid=93802) push /opt/stack/neutron/neutron/api/rpc/handlers/resources_rpc.py:237}}
Sep 07 14:53:32.963782 dv-cinder-760194-8-smb neutron-server[93801]: DEBUG neutron.db.l3_dvrscheduler_db [None req-099adf70-a144-4252-b180-122f172f3778 admin admin] Received port after_create {{(pid=93801) _notify_l3_agent_new_port /opt/stack/neutron/neutron/db/l3_dvrscheduler_db.py:535}}
Sep 07 14:53:32.984699 dv-cinder-760194-8-smb neutron-server[93802]: DEBUG neutron.api.rpc.callbacks.version_manager [None req-da58a8a1-0529-44c9-80b2-1f4d24863564 None None] Version for resource type AddressGroup changed None to 1.2 on consumer Open vSwitch agent@dv-cinder-760194-8-smb {{(pid=93802) _set_version /opt/stack/neutron/neutron/api/rpc/callbacks/version_manager.py:113}}
Sep 07 14:53:32.985071 dv-cinder-760194-8-smb neutron-server[93802]: DEBUG neutron.api.rpc.callbacks.version_manager [None req-da58a8a1-0529-44c9-80b2-1f4d24863564 None None] Version for resource type ConntrackHelper changed None to 1.0 on consumer Open vSwitch agent@dv-cinder-760194-8-smb {{(pid=93802) _set_version /opt/stack/neutron/neutron/api/rpc/callbacks/version_manager.py:113}}
Sep 07 14:53:32.985566 dv-cinder-760194-8-smb neutron-server[93802]: DEBUG neutron.api.rpc.callbacks.version_manager [None req-da58a8a1-0529-44c9-80b2-1f4d24863564 None None] Version for resource type Log changed None to 1.0 on consumer Open vSwitch agent@dv-cinder-760194-8-smb {{(pid=93802) _set_version /opt/stack/neutron/neutron/api/rpc/callbacks/version_manager.py:113}}
Sep 07 14:53:32.985686 dv-cinder-760194-8-smb neutron-server[93802]: DEBUG neutron.api.rpc.callbacks.version_manager [None req-da58a8a1-0529-44c9-80b2-1f4d24863564 None None] Version for resource type Network changed None to 1.1 on consumer Open vSwitch agent@dv-cinder-760194-8-smb {{(pid=93802) _set_version /opt/stack/neutron/neutron/api/rpc/callbacks/version_manager.py:113}}
Sep 07 14:53:32.985997 dv-cinder-760194-8-smb neutron-server[93802]: DEBUG neutron.api.rpc.callbacks.version_manager [None req-da58a8a1-0529-44c9-80b2-1f4d24863564 None None] Version for resource type Port changed None to 1.7 on consumer Open vSwitch agent@dv-cinder-760194-8-smb {{(pid=93802) _set_version /opt/stack/neutron/neutron/api/rpc/callbacks/version_manager.py:113}}
Sep 07 14:53:32.986318 dv-cinder-760194-8-smb neutron-server[93802]: DEBUG neutron.api.rpc.callbacks.version_manager [None req-da58a8a1-0529-44c9-80b2-1f4d24863564 None None] Version for resource type PortForwarding changed None to 1.2 on consumer Open vSwitch agent@dv-cinder-760194-8-smb {{(pid=93802) _set_version /opt/stack/neutron/neutron/api/rpc/callbacks/version_manager.py:113}}
Sep 07 14:53:32.986920 dv-cinder-760194-8-smb neutron-server[93802]: DEBUG neutron.api.rpc.callbacks.version_manager [None req-da58a8a1-0529-44c9-80b2-1f4d24863564 None None] Version for resource type QosPolicy changed None to 1.9 on consumer Open vSwitch agent@dv-cinder-760194-8-smb {{(pid=93802) _set_version /opt/stack/neutron/neutron/api/rpc/callbacks/version_manager.py:113}}
Sep 07 14:53:32.987056 dv-cinder-760194-8-smb neutron-server[93802]: DEBUG neutron.api.rpc.callbacks.version_manager [None req-da58a8a1-0529-44c9-80b2-1f4d24863564 None None] Version for resource type SecurityGroup changed None to 1.4 on consumer Open vSwitch agent@dv-cinder-760194-8-smb {{(pid=93802) _set_version /opt/stack/neutron/neutron/api/rpc/callbacks/version_manager.py:113}}
Sep 07 14:53:32.987271 dv-cinder-760194-8-smb neutron-server[93802]: DEBUG neutron.api.rpc.callbacks.version_manager [None req-da58a8a1-0529-44c9-80b2-1f4d24863564 None None] Version for resource type SecurityGroupRule changed None to 1.2 on consumer Open vSwitch agent@dv-cinder-760194-8-smb {{(pid=93802) _set_version /opt/stack/neutron/neutron/api/rpc/callbacks/version_manager.py:113}}
Sep 07 14:53:32.987585 dv-cinder-760194-8-smb neutron-server[93802]: DEBUG neutron.api.rpc.callbacks.version_manager [None req-da58a8a1-0529-44c9-80b2-1f4d24863564 None None] Version for resource type SubPort changed None to 1.0 on consumer Open vSwitch agent@dv-cinder-760194-8-smb {{(pid=93802) _set_version /opt/stack/neutron/neutron/api/rpc/callbacks/version_manager.py:113}}
Sep 07 14:53:32.987901 dv-cinder-760194-8-smb neutron-server[93802]: DEBUG neutron.api.rpc.callbacks.version_manager [None req-da58a8a1-0529-44c9-80b2-1f4d24863564 None None] Version for resource type Subnet changed None to 1.1 on consumer Open vSwitch agent@dv-cinder-760194-8-smb {{(pid=93802) _set_version /opt/stack/neutron/neutron/api/rpc/callbacks/version_manager.py:113}}
Sep 07 14:53:32.988213 dv-cinder-760194-8-smb neutron-server[93802]: DEBUG neutron.api.rpc.callbacks.version_manager [None req-da58a8a1-0529-44c9-80b2-1f4d24863564 None None] Version for resource type Trunk changed None to 1.1 on consumer Open vSwitch agent@dv-cinder-760194-8-smb {{(pid=93802) _set_version /opt/stack/neutron/neutron/api/rpc/callbacks/version_manager.py:113}}
Sep 07 14:53:32.989243 dv-cinder-760194-8-smb neutron-server[93802]: DEBUG neutron.api.rpc.callbacks.version_manager [None req-da58a8a1-0529-44c9-80b2-1f4d24863564 None None] Tracked resource versions report:
Sep 07 14:53:32.989243 dv-cinder-760194-8-smb neutron-server[93802]: pushed versions:
Sep 07 14:53:32.989243 dv-cinder-760194-8-smb neutron-server[93802]: { 'AddressGroup': {'1.2'},
Sep 07 14:53:32.989243 dv-cinder-760194-8-smb neutron-server[93802]: 'ConntrackHelper': {'1.0'},
Sep 07 14:53:32.989243 dv-cinder-760194-8-smb neutron-server[93802]: 'Log': {'1.0'},
Sep 07 14:53:32.989243 dv-cinder-760194-8-smb neutron-server[93802]: 'Network': {'1.1'},
Sep 07 14:53:32.989243 dv-cinder-760194-8-smb neutron-server[93802]: 'Port': {'1.7'},
Sep 07 14:53:32.989243 dv-cinder-760194-8-smb neutron-server[93802]: 'PortForwarding': {'1.2'},
Sep 07 14:53:32.989243 dv-cinder-760194-8-smb neutron-server[93802]: 'QosPolicy': {'1.9'},
Sep 07 14:53:32.989243 dv-cinder-760194-8-smb neutron-server[93802]: 'SecurityGroup': {'1.4'},
Sep 07 14:53:32.989243 dv-cinder-760194-8-smb neutron-server[93802]: 'SecurityGroupRule': {'1.2'},
Sep 07 14:53:32.989243 dv-cinder-760194-8-smb neutron-server[93802]: 'SubPort': {'1.0'},
Sep 07 14:53:32.989243 dv-cinder-760194-8-smb neutron-server[93802]: 'Subnet': {'1.1'},
Sep 07 14:53:32.989243 dv-cinder-760194-8-smb neutron-server[93802]: 'Trunk': {'1.1'}}
Sep 07 14:53:32.989243 dv-cinder-760194-8-smb neutron-server[93802]: consumer versions:
Sep 07 14:53:32.989243 dv-cinder-760194-8-smb neutron-server[93802]: { DHCP agent@dv-cinder-760194-8-smb: {},
Sep 07 14:53:32.989243 dv-cinder-760194-8-smb neutron-server[93802]: HyperV agent@hv-cinder-76019: {},
Sep 07 14:53:32.989243 dv-cinder-760194-8-smb neutron-server[93802]: L3 agent@dv-cinder-760194-8-smb: {},
Sep 07 14:53:32.989243 dv-cinder-760194-8-smb neutron-server[93802]: Metadata agent@dv-cinder-760194-8-smb: {},
Sep 07 14:53:32.989243 dv-cinder-760194-8-smb neutron-server[93802]: Metering agent@dv-cinder-760194-8-smb: {},
Sep 07 14:53:32.989243 dv-cinder-760194-8-smb neutron-server[93802]: Open vSwitch agent@dv-cinder-760194-8-smb: { 'AddressGroup': '1.2',
Sep 07 14:53:32.989243 dv-cinder-760194-8-smb neutron-server[93802]: 'ConntrackHelper': '1.0',
Sep 07 14:53:32.989243 dv-cinder-760194-8-smb neutron-server[93802]: 'Log': '1.0',
Sep 07 14:53:32.989243 dv-cinder-760194-8-smb neutron-server[93802]: 'Network': '1.1',
Sep 07 14:53:32.989243 dv-cinder-760194-8-smb neutron-server[93802]: 'Port': '1.7',
Sep 07 14:53:32.989243 dv-cinder-760194-8-smb neutron-server[93802]: 'PortForwarding': '1.2',
Sep 07 14:53:32.989243 dv-cinder-760194-8-smb neutron-server[93802]: 'QosPolicy': '1.9',
Sep 07 14:53:32.989243 dv-cinder-760194-8-smb neutron-server[93802]: 'SecurityGroup': '1.4',
Sep 07 14:53:32.989243 dv-cinder-760194-8-smb neutron-server[93802]: 'SecurityGroupRule': '1.2',
Sep 07 14:53:32.989243 dv-cinder-760194-8-smb neutron-server[93802]: 'SubPort': '1.0',
Sep 07 14:53:32.989243 dv-cinder-760194-8-smb neutron-server[93802]: 'Subnet': '1.1',
Sep 07 14:53:32.989243 dv-cinder-760194-8-smb neutron-server[93802]: 'Trunk': '1.1'}}
Sep 07 14:53:32.989243 dv-cinder-760194-8-smb neutron-server[93802]: {{(pid=93802) report /opt/stack/neutron/neutron/api/rpc/callbacks/version_manager.py:175}}
Sep 07 14:53:33.028059 dv-cinder-760194-8-smb neutron-server[93802]: DEBUG neutron.plugins.ml2.managers [None req-da58a8a1-0529-44c9-80b2-1f4d24863564 None None] Attempting to bind port 23fe7bb6-7fe8-46b8-97b9-ed83fa715780 on host dv-cinder-760194-8-smb for vnic_type normal with profile {{(pid=93802) bind_port /opt/stack/neutron/neutron/plugins/ml2/managers.py:790}}
Sep 07 14:53:33.028481 dv-cinder-760194-8-smb neutron-server[93802]: DEBUG neutron.plugins.ml2.managers [None req-da58a8a1-0529-44c9-80b2-1f4d24863564 None None] Attempting to bind port 23fe7bb6-7fe8-46b8-97b9-ed83fa715780 by drivers openvswitch,hyperv on host dv-cinder-760194-8-smb at level 0 using segments [{'id': '6c782ae1-3be8-4ede-ba32-f73700485715', 'network_type': 'vlan', 'physical_network': 'physnet1', 'segmentation_id': 310, 'network_id': '91386ddd-c076-4c78-b34b-b9c00498ba54'}] {{(pid=93802) _bind_port_level /opt/stack/neutron/neutron/plugins/ml2/managers.py:815}}
Sep 07 14:53:33.028903 dv-cinder-760194-8-smb neutron-server[93802]: DEBUG neutron.plugins.ml2.drivers.mech_agent [None req-da58a8a1-0529-44c9-80b2-1f4d24863564 None None] Attempting to bind port 23fe7bb6-7fe8-46b8-97b9-ed83fa715780 on network 91386ddd-c076-4c78-b34b-b9c00498ba54 {{(pid=93802) bind_port /opt/stack/neutron/neutron/plugins/ml2/drivers/mech_agent.py:85}}
Sep 07 14:53:33.033418 dv-cinder-760194-8-smb neutron-server[93801]: DEBUG neutron.api.rpc.handlers.resources_rpc [None req-099adf70-a144-4252-b180-122f172f3778 admin admin] Pushing event updated for resources: {'Port': ['ID=88a93b93-ab82-4915-816f-ec6ece5f8afc,revision_number=1']} {{(pid=93801) push /opt/stack/neutron/neutron/api/rpc/handlers/resources_rpc.py:237}}
Sep 07 14:53:33.044887 dv-cinder-760194-8-smb neutron-server[93802]: DEBUG neutron.plugins.ml2.drivers.mech_agent [None req-da58a8a1-0529-44c9-80b2-1f4d24863564 None None] Checking agent: {'id': 'bd58e6d8-aef4-4f07-9c09-ae57f3b50c59', 'agent_type': 'Open vSwitch agent', 'binary': 'neutron-openvswitch-agent', 'topic': 'N/A', 'host': 'dv-cinder-760194-8-smb', 'admin_state_up': True, 'created_at': datetime.datetime(2021, 9, 7, 14, 45, 28), 'started_at': datetime.datetime(2021, 9, 7, 14, 45, 58), 'heartbeat_timestamp': datetime.datetime(2021, 9, 7, 14, 53, 28), 'description': None, 'resources_synced': None, 'availability_zone': None, 'alive': True, 'configurations': {'arp_responder_enabled': False, 'baremetal_smartnic': False, 'bridge_mappings': {'physnet1': 'br-data'}, 'datapath_type': 'system', 'devices': 0, 'enable_distributed_routing': False, 'extensions': [], 'in_distributed_mode': False, 'integration_bridge': 'br-int', 'l2_population': False, 'log_agent_heartbeats': False, 'ovs_capabilities': {'datapath_types': ['netdev', 'system'], 'iface_types': ['erspan', 'geneve', 'gre', 'internal', 'ip6erspan', 'ip6gre', 'lisp', 'patch', 'stt', 'system', 'tap', 'vxlan']}, 'ovs_hybrid_plug': False, 'resource_provider_bandwidths': {}, 'resource_provider_hypervisors': {'br-data': 'dv-cinder-760194-8-smb'}, 'resource_provider_inventory_defaults': {'allocation_ratio': 1.0, 'min_unit': 1, 'step_size': 1, 'reserved': 0}, 'tunnel_types': [], 'tunneling_ip': None, 'vhostuser_socket_dir': '/var/run/openvswitch'}, 'resource_versions': {'AddressGroup': '1.2', 'ConntrackHelper': '1.0', 'Log': '1.0', 'Network': '1.1', 'Port': '1.7', 'PortForwarding': '1.2', 'QosPolicy': '1.9', 'SecurityGroup': '1.4', 'SecurityGroupRule': '1.2', 'SubPort': '1.0', 'Subnet': '1.1', 'Trunk': '1.1'}} {{(pid=93802) bind_port /opt/stack/neutron/neutron/plugins/ml2/drivers/mech_agent.py:104}}
Sep 07 14:53:33.045255 dv-cinder-760194-8-smb neutron-server[93802]: DEBUG neutron.plugins.ml2.drivers.mech_agent [None req-da58a8a1-0529-44c9-80b2-1f4d24863564 None None] Checking segment: {'id': '6c782ae1-3be8-4ede-ba32-f73700485715', 'network_type': 'vlan', 'physical_network': 'physnet1', 'segmentation_id': 310, 'network_id': '91386ddd-c076-4c78-b34b-b9c00498ba54'} for mappings: {'physnet1': 'br-data'} with network types: ['local', 'flat', 'vlan'] {{(pid=93802) check_segment_for_agent /opt/stack/neutron/neutron/plugins/ml2/drivers/mech_agent.py:352}}
Sep 07 14:53:33.045640 dv-cinder-760194-8-smb neutron-server[93802]: DEBUG neutron_lib.callbacks.manager [None req-da58a8a1-0529-44c9-80b2-1f4d24863564 None None] Notify callbacks [] for ovs_bridge_name, before_read {{(pid=93802) _notify_loop /usr/local/lib/python3.8/dist-packages/neutron_lib/callbacks/manager.py:192}}
Sep 07 14:53:33.046039 dv-cinder-760194-8-smb neutron-server[93802]: DEBUG neutron.plugins.ml2.drivers.mech_agent [None req-da58a8a1-0529-44c9-80b2-1f4d24863564 None None] Bound using segment: {'id': '6c782ae1-3be8-4ede-ba32-f73700485715', 'network_type': 'vlan', 'physical_network': 'physnet1', 'segmentation_id': 310, 'network_id': '91386ddd-c076-4c78-b34b-b9c00498ba54'} {{(pid=93802) bind_port /opt/stack/neutron/neutron/plugins/ml2/drivers/mech_agent.py:114}}
Sep 07 14:53:33.046547 dv-cinder-760194-8-smb neutron-server[93802]: DEBUG neutron.plugins.ml2.managers [None req-da58a8a1-0529-44c9-80b2-1f4d24863564 None None] Bound port: 23fe7bb6-7fe8-46b8-97b9-ed83fa715780, host: dv-cinder-760194-8-smb, vif_type: ovs, vif_details: {"connectivity": "l2", "port_filter": true, "ovs_hybrid_plug": false, "datapath_type": "system", "bridge_name": "br-int"}, binding_levels: [{'bound_driver': 'openvswitch', 'bound_segment': {'id': '6c782ae1-3be8-4ede-ba32-f73700485715', 'network_type': 'vlan', 'physical_network': 'physnet1', 'segmentation_id': 310, 'network_id': '91386ddd-c076-4c78-b34b-b9c00498ba54'}}] {{(pid=93802) _bind_port_level /opt/stack/neutron/neutron/plugins/ml2/managers.py:928}}
Sep 07 14:53:33.046983 dv-cinder-760194-8-smb neutron-server[93802]: DEBUG neutron_lib.callbacks.manager [None req-da58a8a1-0529-44c9-80b2-1f4d24863564 None None] Notify callbacks ['neutron.plugins.ml2.plugin.SecurityGroupDbMixin._ensure_default_security_group_handler-923169'] for port, before_update {{(pid=93802) _notify_loop /usr/local/lib/python3.8/dist-packages/neutron_lib/callbacks/manager.py:192}}
Sep 07 14:53:33.175411 dv-cinder-760194-8-smb neutron-server[93802]: DEBUG neutron.plugins.ml2.db [None req-da58a8a1-0529-44c9-80b2-1f4d24863564 None None] For port 23fe7bb6-7fe8-46b8-97b9-ed83fa715780, host dv-cinder-760194-8-smb, cleared binding levels {{(pid=93802) clear_binding_levels /opt/stack/neutron/neutron/plugins/ml2/db.py:87}}
Sep 07 14:53:33.186776 dv-cinder-760194-8-smb neutron-server[93802]: DEBUG neutron.plugins.ml2.db [None req-da58a8a1-0529-44c9-80b2-1f4d24863564 None None] For port 23fe7bb6-7fe8-46b8-97b9-ed83fa715780, host dv-cinder-760194-8-smb, set binding levels [PortBindingLevel(driver='openvswitch',host='dv-cinder-760194-8-smb',level=0,port_id=23fe7bb6-7fe8-46b8-97b9-ed83fa715780,segment=NetworkSegment(6c782ae1-3be8-4ede-ba32-f73700485715),segment_id=6c782ae1-3be8-4ede-ba32-f73700485715)] {{(pid=93802) set_binding_levels /opt/stack/neutron/neutron/plugins/ml2/db.py:59}}
Sep 07 14:53:33.194906 dv-cinder-760194-8-smb neutron-server[93802]: DEBUG neutron_lib.callbacks.manager [None req-da58a8a1-0529-44c9-80b2-1f4d24863564 None None] Notify callbacks ['neutron.plugins.ml2.plugin.SecurityGroupServerNotifierRpcMixin._notify_sg_on_port_change-923238', 'neutron.plugins.ml2.ovo_rpc._ObjectChangeHandler.handle_event-63721', 'neutron.api.rpc.agentnotifiers.dhcp_rpc_agent_api.DhcpAgentNotifyAPI._native_event_send_dhcp_notification-1657338', 'neutron.db.l3_db.L3RpcNotifierMixin._notify_gateway_port_ip_changed-8758953866990', 'neutron.db.l3_dvrscheduler_db._notify_l3_agent_port_update-8758953313729', 'neutron.db.l3_hascheduler_db._notify_l3_agent_ha_port_update-8758953313747'] for port, after_update {{(pid=93802) _notify_loop /usr/local/lib/python3.8/dist-packages/neutron_lib/callbacks/manager.py:192}}
Sep 07 14:53:33.218799 dv-cinder-760194-8-smb neutron-server[93801]: DEBUG neutron_lib.callbacks.manager [None req-099adf70-a144-4252-b180-122f172f3778 admin admin] Notify callbacks [] for router_gateway, after_create {{(pid=93801) _notify_loop /usr/local/lib/python3.8/dist-packages/neutron_lib/callbacks/manager.py:192}}
Sep 07 14:53:33.311682 dv-cinder-760194-8-smb neutron-server[93802]: DEBUG neutron.api.rpc.handlers.resources_rpc [None req-da58a8a1-0529-44c9-80b2-1f4d24863564 None None] Pushing event updated for resources: {'Port': ['ID=23fe7bb6-7fe8-46b8-97b9-ed83fa715780,revision_number=2']} {{(pid=93802) push /opt/stack/neutron/neutron/api/rpc/handlers/resources_rpc.py:237}}
Sep 07 14:53:33.520426 dv-cinder-760194-8-smb neutron-server[93801]: DEBUG neutron_lib.callbacks.manager [None req-099adf70-a144-4252-b180-122f172f3778 admin admin] Notify callbacks ['neutron.services.l3_router.l3_router_plugin.L3_HA_NAT_db_mixin._after_router_create-1683205', 'neutron.services.l3_router.l3_router_plugin.DVRResourceOperationHandler._create_snat_interfaces_after_change-1681617'] for router, after_create {{(pid=93801) _notify_loop /usr/local/lib/python3.8/dist-packages/neutron_lib/callbacks/manager.py:192}}
Sep 07 14:53:33.634452 dv-cinder-760194-8-smb neutron-server[93800]: DEBUG neutron.wsgi [-] (93800) accepted ('10.222.0.63', 36872) {{(pid=93800) server /usr/local/lib/python3.8/dist-packages/eventlet/wsgi.py:982}}
Sep 07 14:53:33.637294 dv-cinder-760194-8-smb neutron-server[93800]: WARNING keystonemiddleware.auth_token [-] A valid token was submitted as a service token, but it was not a valid service token. This is incorrect but backwards compatible behaviour. This will be removed in future releases.
Sep 07 14:53:33.744260 dv-cinder-760194-8-smb neutron-server[93800]: DEBUG neutron.wsgi [-] (93800) accepted ('10.222.0.63', 36886) {{(pid=93800) server /usr/local/lib/python3.8/dist-packages/eventlet/wsgi.py:982}}
Sep 07 14:53:33.809276 dv-cinder-760194-8-smb neutron-server[93801]: DEBUG neutron.scheduler.l3_agent_scheduler [None req-099adf70-a144-4252-b180-122f172f3778 admin admin] Router e549269b-3583-4acb-9d56-ba1e1a3c52c2 is scheduled to L3 agent 3a98bdd9-80c1-43ab-9b43-1b5451f6358e with binding_index 1 {{(pid=93801) bind_router /opt/stack/neutron/neutron/scheduler/l3_agent_scheduler.py:209}}
Sep 07 14:53:33.957337 dv-cinder-760194-8-smb neutron-server[93801]: DEBUG neutron.api.rpc.agentnotifiers.l3_rpc_agent_api [None req-099adf70-a144-4252-b180-122f172f3778 admin admin] Notify agent at l3_agent.dv-cinder-760194-8-smb the message routers_updated {{(pid=93801) _agent_notification /opt/stack/neutron/neutron/api/rpc/agentnotifiers/l3_rpc_agent_api.py:65}}
Sep 07 14:53:33.973764 dv-cinder-760194-8-smb neutron-server[93803]: DEBUG neutron.api.rpc.handlers.l3_rpc [None req-2aebad6c-7a45-4a62-b2d2-7cda5b1fafd9 None None] Sync routers for ids ['e549269b-3583-4acb-9d56-ba1e1a3c52c2'] in dv-cinder-760194-8-smb {{(pid=93803) sync_routers /opt/stack/neutron/neutron/api/rpc/handlers/l3_rpc.py:125}}
Sep 07 14:53:33.985185 dv-cinder-760194-8-smb neutron-server[93801]: DEBUG neutron_lib.callbacks.manager [None req-099adf70-a144-4252-b180-122f172f3778 admin admin] Notify callbacks [] for router, before_response {{(pid=93801) _notify_loop /usr/local/lib/python3.8/dist-packages/neutron_lib/callbacks/manager.py:192}}
Sep 07 14:53:33.986125 dv-cinder-760194-8-smb neutron-server[93803]: DEBUG neutron.db.l3_dvrscheduler_db [None req-2aebad6c-7a45-4a62-b2d2-7cda5b1fafd9 None None] Routers {'e549269b-3583-4acb-9d56-ba1e1a3c52c2'} bound to L3 agent in host dv-cinder-760194-8-smb {{(pid=93803) _get_router_ids_for_agent /opt/stack/neutron/neutron/db/l3_dvrscheduler_db.py:420}}
Sep 07 14:53:33.986760 dv-cinder-760194-8-smb neutron-server[93803]: DEBUG neutron.db.l3_hamode_db [None req-2aebad6c-7a45-4a62-b2d2-7cda5b1fafd9 None None] neutron.services.l3_router.l3_router_plugin.L3RouterPlugin method get_ha_sync_data_for_host called with arguments (, 'dv-cinder-760194-8-smb', Agent(admin_state_up=True,agent_type='L3 agent',availability_zone='nova',binary='neutron-l3-agent',configurations={"agent_mode": "legacy", "ex_gw_ports": 1, "extensions": [], "floating_ips": 0, "handle_internal_only_routers": true, "interface_driver": "openvswitch", "interfaces": 1, "log_agent_heartbeats": false, "routers": 1},created_at=2021-09-07T14:45:28Z,description=,heartbeat_timestamp=2021-09-07T14:53:28Z,host='dv-cinder-760194-8-smb',id=3a98bdd9-80c1-43ab-9b43-1b5451f6358e,load=0,resource_versions=,resources_synced=,started_at=2021-09-07T14:45:28Z,topic='l3_agent')) {'router_ids': ['e549269b-3583-4acb-9d56-ba1e1a3c52c2'], 'active': True} {{(pid=93803) wrapper /usr/local/lib/python3.8/dist-packages/oslo_log/helpers.py:65}}
Sep 07 14:53:33.988330 dv-cinder-760194-8-smb neutron-server[93801]: INFO neutron.wsgi [None req-099adf70-a144-4252-b180-122f172f3778 admin admin] 10.222.0.63 "POST /v2.0/routers HTTP/1.1" status: 201 len: 929 time: 2.2755337
Sep 07 14:53:33.991577 dv-cinder-760194-8-smb neutron-server[93801]: DEBUG neutron.wsgi [-] (93801) accepted ('10.222.0.63', 36904) {{(pid=93801) server /usr/local/lib/python3.8/dist-packages/eventlet/wsgi.py:982}}
Sep 07 14:53:34.011942 dv-cinder-760194-8-smb neutron-server[93800]: DEBUG neutron.pecan_wsgi.hooks.policy_enforcement [req-b73f0d5e-13e1-4cce-9000-2b532a4b310b req-71872b67-2bf9-4fed-8947-9145c181a584 tempest-DeleteServersTestJSON-935778232 tempest-DeleteServersTestJSON-935778232-project] Attributes excluded by policy engine: ['standard_attr_id', 'vlan_transparent', 'provider:network_type', 'provider:physical_network', 'provider:segmentation_id'] {{(pid=93800) _exclude_attributes_by_policy /opt/stack/neutron/neutron/pecan_wsgi/hooks/policy_enforcement.py:255}}
Sep 07 14:53:34.013715 dv-cinder-760194-8-smb neutron-server[93800]: INFO neutron.wsgi [req-b73f0d5e-13e1-4cce-9000-2b532a4b310b req-71872b67-2bf9-4fed-8947-9145c181a584 tempest-DeleteServersTestJSON-935778232 tempest-DeleteServersTestJSON-935778232-project] 10.222.0.63 "GET /v2.0/networks?id=dcfe6ef0-3bdf-4c82-9ee5-25b922840f99 HTTP/1.1" status: 200 len: 811 time: 0.3776248
Sep 07 14:53:34.028050 dv-cinder-760194-8-smb neutron-server[93800]: DEBUG neutron.pecan_wsgi.hooks.policy_enforcement [req-30eb665e-2e42-44d8-8193-685aed2a50b0 req-448f1385-da1a-441c-9da7-3e22ae57ae32 tempest-AttachVolumeNegativeTest-349041319 tempest-AttachVolumeNegativeTest-349041319-project] Attributes excluded by policy engine: ['standard_attr_id', 'vlan_transparent', 'provider:network_type', 'provider:physical_network', 'provider:segmentation_id'] {{(pid=93800) _exclude_attributes_by_policy /opt/stack/neutron/neutron/pecan_wsgi/hooks/policy_enforcement.py:255}}
Sep 07 14:53:34.030120 dv-cinder-760194-8-smb neutron-server[93800]: INFO neutron.wsgi [req-30eb665e-2e42-44d8-8193-685aed2a50b0 req-448f1385-da1a-441c-9da7-3e22ae57ae32 tempest-AttachVolumeNegativeTest-349041319 tempest-AttachVolumeNegativeTest-349041319-project] 10.222.0.63 "GET /v2.0/networks?id=943d5d67-a220-4443-9dd7-8e1e37912d8c HTTP/1.1" status: 200 len: 814 time: 0.2845185
Sep 07 14:53:34.054413 dv-cinder-760194-8-smb neutron-server[93800]: INFO neutron.wsgi [req-b73f0d5e-13e1-4cce-9000-2b532a4b310b req-08c773c2-03bd-473c-9c02-cd04b89b7769 tempest-DeleteServersTestJSON-935778232 tempest-DeleteServersTestJSON-935778232-project] 10.222.0.63 "GET /v2.0/quotas/7e97dc0ccde7451dbc293c40603a7922 HTTP/1.1" status: 200 len: 375 time: 0.0220280
Sep 07 14:53:34.064011 dv-cinder-760194-8-smb neutron-server[93800]: INFO neutron.wsgi [req-30eb665e-2e42-44d8-8193-685aed2a50b0 req-d4278789-9e8e-470d-8cfc-6ef3c5135822 tempest-AttachVolumeNegativeTest-349041319 tempest-AttachVolumeNegativeTest-349041319-project] 10.222.0.63 "GET /v2.0/quotas/e17da75420c643f59521732d4b2e0e50 HTTP/1.1" status: 200 len: 375 time: 0.0216272
Sep 07 14:53:34.167573 dv-cinder-760194-8-smb neutron-server[93800]: INFO neutron.wsgi [req-30eb665e-2e42-44d8-8193-685aed2a50b0 req-c3711c81-4e0f-4f58-905b-16b68d115674 tempest-AttachVolumeNegativeTest-349041319 tempest-AttachVolumeNegativeTest-349041319-project] 10.222.0.63 "GET /v2.0/ports?tenant_id=e17da75420c643f59521732d4b2e0e50&fields=id HTTP/1.1" status: 200 len: 210 time: 0.1023433
Sep 07 14:53:34.179765 dv-cinder-760194-8-smb neutron-server[93803]: DEBUG neutron.db.l3_dvr_db [None req-2aebad6c-7a45-4a62-b2d2-7cda5b1fafd9 None None] Set router e549269b-3583-4acb-9d56-ba1e1a3c52c2 gateway port host: dv-cinder-760194-8-smb {{(pid=93803) _build_routers_list /opt/stack/neutron/neutron/db/l3_dvr_db.py:906}}
Sep 07 14:53:34.185247 dv-cinder-760194-8-smb neutron-server[93800]: INFO neutron.wsgi [req-b73f0d5e-13e1-4cce-9000-2b532a4b310b req-9be26e6e-54e0-404b-adee-75a039a0d554 tempest-DeleteServersTestJSON-935778232 tempest-DeleteServersTestJSON-935778232-project] 10.222.0.63 "GET /v2.0/ports?tenant_id=7e97dc0ccde7451dbc293c40603a7922&fields=id HTTP/1.1" status: 200 len: 210 time: 0.1183047
Sep 07 14:53:34.318777 dv-cinder-760194-8-smb neutron-server[93800]: DEBUG neutron.wsgi [-] (93800) accepted ('10.222.0.63', 36920) {{(pid=93800) server /usr/local/lib/python3.8/dist-packages/eventlet/wsgi.py:982}}
