Sep 03 10:59:42.398392 dv-cinder-760194-7-smb devstack@c-api.service[100734]: DEBUG cinder.api.openstack.wsgi [None req-1c5e585a-d805-4e7d-a9d5-c273580c551f tempest-UserMessagesTest-694033839 tempest-UserMessagesTest-694033839-project] Calling method 'version_select' {{(pid=100734) _process_stack /opt/stack/cinder/cinder/api/openstack/wsgi.py:856}}
Sep 03 10:59:42.406976 dv-cinder-760194-7-smb devstack@c-api.service[100734]: INFO cinder.api.openstack.wsgi [None req-1c5e585a-d805-4e7d-a9d5-c273580c551f tempest-UserMessagesTest-694033839 tempest-UserMessagesTest-694033839-project] http://10.222.0.13/volume/v3/4c5df561ad3546dcb6999fddfd4d05d4/messages/20d8b4e1-3f4b-45aa-ac92-5b719328283e returned with HTTP 200
Sep 03 10:59:42.407973 dv-cinder-760194-7-smb devstack@c-api.service[100734]: [pid: 100734|app: 0|req: 74/144] 10.222.0.13 () {60 vars in 1368 bytes} [Fri Sep 3 10:59:42 2021] GET /volume/v3/4c5df561ad3546dcb6999fddfd4d05d4/messages/20d8b4e1-3f4b-45aa-ac92-5b719328283e => generated 733 bytes in 16 msecs (HTTP/1.1 200) 7 headers in 285 bytes (1 switches on core 0)
Sep 03 10:59:42.417966 dv-cinder-760194-7-smb devstack@c-api.service[100735]: INFO cinder.api.openstack.wsgi [None req-c041e055-869f-452f-87e4-1be821ff54d0 tempest-UserMessagesTest-694033839 tempest-UserMessagesTest-694033839-project] GET http://10.222.0.13/volume/v3/4c5df561ad3546dcb6999fddfd4d05d4/messages
Sep 03 10:59:42.418534 dv-cinder-760194-7-smb devstack@c-api.service[100735]: DEBUG cinder.api.openstack.wsgi [None req-c041e055-869f-452f-87e4-1be821ff54d0 tempest-UserMessagesTest-694033839 tempest-UserMessagesTest-694033839-project] Empty body provided in request {{(pid=100735) get_body /opt/stack/cinder/cinder/api/openstack/wsgi.py:703}}
Sep 03 10:59:42.418949 dv-cinder-760194-7-smb devstack@c-api.service[100735]: DEBUG cinder.api.openstack.wsgi [None req-c041e055-869f-452f-87e4-1be821ff54d0 tempest-UserMessagesTest-694033839 tempest-UserMessagesTest-694033839-project] Calling method 'version_select' {{(pid=100735) _process_stack /opt/stack/cinder/cinder/api/openstack/wsgi.py:856}}
Sep 03 10:59:42.426478 dv-cinder-760194-7-smb devstack@c-api.service[100735]: INFO cinder.api.openstack.wsgi [None req-c041e055-869f-452f-87e4-1be821ff54d0 tempest-UserMessagesTest-694033839 tempest-UserMessagesTest-694033839-project] http://10.222.0.13/volume/v3/4c5df561ad3546dcb6999fddfd4d05d4/messages returned with HTTP 200
Sep 03 10:59:42.430300 dv-cinder-760194-7-smb devstack@c-api.service[100735]: [pid: 100735|app: 0|req: 71/145] 10.222.0.13 () {60 vars in 1257 bytes} [Fri Sep 3 10:59:42 2021] GET /volume/v3/4c5df561ad3546dcb6999fddfd4d05d4/messages => generated 736 bytes in 13 msecs (HTTP/1.1 200) 7 headers in 285 bytes (1 switches on core 0)
Sep 03 10:59:42.438263 dv-cinder-760194-7-smb devstack@c-api.service[100734]: INFO cinder.api.openstack.wsgi [None req-e3c46c6e-ec71-47c4-aab3-11078a067d4a tempest-UserMessagesTest-694033839 tempest-UserMessagesTest-694033839-project] DELETE http://10.222.0.13/volume/v3/4c5df561ad3546dcb6999fddfd4d05d4/messages/20d8b4e1-3f4b-45aa-ac92-5b719328283e
Sep 03 10:59:42.439221 dv-cinder-760194-7-smb devstack@c-api.service[100734]: DEBUG cinder.api.openstack.wsgi [None req-e3c46c6e-ec71-47c4-aab3-11078a067d4a tempest-UserMessagesTest-694033839 tempest-UserMessagesTest-694033839-project] Empty body provided in request {{(pid=100734) get_body /opt/stack/cinder/cinder/api/openstack/wsgi.py:703}}
Sep 03 10:59:42.439695 dv-cinder-760194-7-smb devstack@c-api.service[100734]: DEBUG cinder.api.openstack.wsgi [None req-e3c46c6e-ec71-47c4-aab3-11078a067d4a tempest-UserMessagesTest-694033839 tempest-UserMessagesTest-694033839-project] Calling method 'version_select' {{(pid=100734) _process_stack /opt/stack/cinder/cinder/api/openstack/wsgi.py:856}}
Sep 03 10:59:42.464106 dv-cinder-760194-7-smb devstack@c-api.service[100734]: INFO cinder.api.openstack.wsgi [None req-e3c46c6e-ec71-47c4-aab3-11078a067d4a tempest-UserMessagesTest-694033839 tempest-UserMessagesTest-694033839-project] http://10.222.0.13/volume/v3/4c5df561ad3546dcb6999fddfd4d05d4/messages/20d8b4e1-3f4b-45aa-ac92-5b719328283e returned with HTTP 204
Sep 03 10:59:42.472708 dv-cinder-760194-7-smb devstack@c-api.service[100734]: [pid: 100734|app: 0|req: 75/146] 10.222.0.13 () {60 vars in 1371 bytes} [Fri Sep 3 10:59:42 2021] DELETE /volume/v3/4c5df561ad3546dcb6999fddfd4d05d4/messages/20d8b4e1-3f4b-45aa-ac92-5b719328283e => generated 0 bytes in 31 msecs (HTTP/1.1 204) 6 headers in 235 bytes (2 switches on core 0)
Sep 03 10:59:42.478178 dv-cinder-760194-7-smb devstack@c-api.service[100735]: INFO cinder.api.openstack.wsgi [None req-244a74c0-8cd0-4932-b512-4f00d38d76cf tempest-UserMessagesTest-694033839 tempest-UserMessagesTest-694033839-project] DELETE http://10.222.0.13/volume/v3/4c5df561ad3546dcb6999fddfd4d05d4/volumes/8e5be645-f384-4e04-b508-0a1a518f1fbd
Sep 03 10:59:42.478792 dv-cinder-760194-7-smb devstack@c-api.service[100735]: DEBUG cinder.api.openstack.wsgi [None req-244a74c0-8cd0-4932-b512-4f00d38d76cf tempest-UserMessagesTest-694033839 tempest-UserMessagesTest-694033839-project] Empty body provided in request {{(pid=100735) get_body /opt/stack/cinder/cinder/api/openstack/wsgi.py:703}}
Sep 03 10:59:42.479267 dv-cinder-760194-7-smb devstack@c-api.service[100735]: DEBUG cinder.api.openstack.wsgi [None req-244a74c0-8cd0-4932-b512-4f00d38d76cf tempest-UserMessagesTest-694033839 tempest-UserMessagesTest-694033839-project] Calling method 'delete' {{(pid=100735) _process_stack /opt/stack/cinder/cinder/api/openstack/wsgi.py:856}}
Sep 03 10:59:42.479761 dv-cinder-760194-7-smb devstack@c-api.service[100735]: INFO cinder.api.v3.volumes [None req-244a74c0-8cd0-4932-b512-4f00d38d76cf tempest-UserMessagesTest-694033839 tempest-UserMessagesTest-694033839-project] Delete volume with id: 8e5be645-f384-4e04-b508-0a1a518f1fbd
Sep 03 10:59:42.494854 dv-cinder-760194-7-smb devstack@c-api.service[100735]: /usr/local/lib/python3.8/dist-packages/oslo_context/context.py:105: DeprecationWarning: Policy enforcement is depending on the value of is_admin. This key is deprecated. Please update your policy file to use the standard policy values.
Sep 03 10:59:42.494854 dv-cinder-760194-7-smb devstack@c-api.service[100735]: warnings.warn('Policy enforcement is depending on the value of '
Sep 03 10:59:42.496011 dv-cinder-760194-7-smb devstack@c-api.service[100735]: INFO cinder.volume.api [None req-244a74c0-8cd0-4932-b512-4f00d38d76cf tempest-UserMessagesTest-694033839 tempest-UserMessagesTest-694033839-project] Volume info retrieved successfully.
Sep 03 10:59:42.499333 dv-cinder-760194-7-smb devstack@c-api.service[100735]: DEBUG cinder.volume.api [None req-244a74c0-8cd0-4932-b512-4f00d38d76cf tempest-UserMessagesTest-694033839 tempest-UserMessagesTest-694033839-project] Decrease volume quotas for non temporary volume in non error_managing status. {{(pid=100735) delete /opt/stack/cinder/cinder/volume/api.py:406}}
Sep 03 10:59:42.537891 dv-cinder-760194-7-smb devstack@c-api.service[100735]: DEBUG cinder.quota [None req-244a74c0-8cd0-4932-b512-4f00d38d76cf tempest-UserMessagesTest-694033839 tempest-UserMessagesTest-694033839-project] Created reservations ['e85a450c-9326-4eb0-b8ed-d8007d3a15e6', 'f59aa821-90d8-48ce-b441-fe0b67c01ee3', 'f5caefdb-994b-4f62-853e-e498152c5f59', 'dec8392d-0412-4d56-b3c4-e04525a1dc1a'] {{(pid=100735) reserve /opt/stack/cinder/cinder/quota.py:755}}
Sep 03 10:59:42.634481 dv-cinder-760194-7-smb devstack@c-api.service[100735]: INFO cinder.volume.api [None req-244a74c0-8cd0-4932-b512-4f00d38d76cf tempest-UserMessagesTest-694033839 tempest-UserMessagesTest-694033839-project] Delete volume request issued successfully.
Sep 03 10:59:42.634930 dv-cinder-760194-7-smb devstack@c-api.service[100735]: INFO cinder.api.openstack.wsgi [None req-244a74c0-8cd0-4932-b512-4f00d38d76cf tempest-UserMessagesTest-694033839 tempest-UserMessagesTest-694033839-project] http://10.222.0.13/volume/v3/4c5df561ad3546dcb6999fddfd4d05d4/volumes/8e5be645-f384-4e04-b508-0a1a518f1fbd returned with HTTP 202
Sep 03 10:59:42.641739 dv-cinder-760194-7-smb devstack@c-api.service[100735]: [pid: 100735|app: 0|req: 72/147] 10.222.0.13 () {58 vars in 1328 bytes} [Fri Sep 3 10:59:42 2021] DELETE /volume/v3/4c5df561ad3546dcb6999fddfd4d05d4/volumes/8e5be645-f384-4e04-b508-0a1a518f1fbd => generated 0 bytes in 169 msecs (HTTP/1.1 202) 6 headers in 233 bytes (2 switches on core 0)
Sep 03 10:59:42.643998 dv-cinder-760194-7-smb devstack@c-api.service[100734]: INFO cinder.api.openstack.wsgi [None req-228743b4-7ede-4e12-9af7-c91de2ce5fbf tempest-UserMessagesTest-694033839 tempest-UserMessagesTest-694033839-project] GET http://10.222.0.13/volume/v3/4c5df561ad3546dcb6999fddfd4d05d4/volumes/8e5be645-f384-4e04-b508-0a1a518f1fbd
Sep 03 10:59:42.644450 dv-cinder-760194-7-smb devstack@c-api.service[100734]: DEBUG cinder.api.openstack.wsgi [None req-228743b4-7ede-4e12-9af7-c91de2ce5fbf tempest-UserMessagesTest-694033839 tempest-UserMessagesTest-694033839-project] Empty body provided in request {{(pid=100734) get_body /opt/stack/cinder/cinder/api/openstack/wsgi.py:703}}
Sep 03 10:59:42.644863 dv-cinder-760194-7-smb devstack@c-api.service[100734]: DEBUG cinder.api.openstack.wsgi [None req-228743b4-7ede-4e12-9af7-c91de2ce5fbf tempest-UserMessagesTest-694033839 tempest-UserMessagesTest-694033839-project] Calling method 'show' {{(pid=100734) _process_stack /opt/stack/cinder/cinder/api/openstack/wsgi.py:856}}
Sep 03 10:59:42.658565 dv-cinder-760194-7-smb devstack@c-api.service[100734]: INFO cinder.api.openstack.wsgi [None req-228743b4-7ede-4e12-9af7-c91de2ce5fbf tempest-UserMessagesTest-694033839 tempest-UserMessagesTest-694033839-project] http://10.222.0.13/volume/v3/4c5df561ad3546dcb6999fddfd4d05d4/volumes/8e5be645-f384-4e04-b508-0a1a518f1fbd returned with HTTP 404
Sep 03 10:59:42.662872 dv-cinder-760194-7-smb devstack@c-api.service[100734]: [pid: 100734|app: 0|req: 76/148] 10.222.0.13 () {58 vars in 1325 bytes} [Fri Sep 3 10:59:42 2021] GET /volume/v3/4c5df561ad3546dcb6999fddfd4d05d4/volumes/8e5be645-f384-4e04-b508-0a1a518f1fbd => generated 109 bytes in 23 msecs (HTTP/1.1 404) 7 headers in 292 bytes (1 switches on core 0)
Sep 03 10:59:42.667980 dv-cinder-760194-7-smb devstack@c-api.service[100735]: INFO cinder.api.openstack.wsgi [None req-78617bd5-e574-4014-9fc2-48be1f08bf35 tempest-UserMessagesTest-1400420997 tempest-UserMessagesTest-1400420997-project-admin] DELETE http://10.222.0.13/volume/v3/62a3af33f46b4d148f30284ebbf571c7/types/7c746044-740b-47ff-95f3-0413cf284fb1
Sep 03 10:59:42.668632 dv-cinder-760194-7-smb devstack@c-api.service[100735]: DEBUG cinder.api.openstack.wsgi [None req-78617bd5-e574-4014-9fc2-48be1f08bf35 tempest-UserMessagesTest-1400420997 tempest-UserMessagesTest-1400420997-project-admin] Empty body provided in request {{(pid=100735) get_body /opt/stack/cinder/cinder/api/openstack/wsgi.py:703}}
Sep 03 10:59:42.668951 dv-cinder-760194-7-smb devstack@c-api.service[100735]: /usr/local/lib/python3.8/dist-packages/webob/acceptparse.py:1047: DeprecationWarning: The behavior of AcceptValidHeader.best_match is currently being maintained for backward compatibility, but it will be deprecated in the future, as it does not conform to the RFC.
Sep 03 10:59:42.668951 dv-cinder-760194-7-smb devstack@c-api.service[100735]: warnings.warn(
Sep 03 10:59:42.669673 dv-cinder-760194-7-smb devstack@c-api.service[100735]: DEBUG cinder.api.openstack.wsgi [None req-78617bd5-e574-4014-9fc2-48be1f08bf35 tempest-UserMessagesTest-1400420997 tempest-UserMessagesTest-1400420997-project-admin] Calling method '_delete' {{(pid=100735) _process_stack /opt/stack/cinder/cinder/api/openstack/wsgi.py:856}}
Sep 03 10:59:42.671677 dv-cinder-760194-7-smb devstack@c-api.service[100734]: INFO cinder.api.openstack.wsgi [None req-bd2a5106-67d1-4e57-86dc-b01992671fe8 tempest-GroupsV314Test-1281454206 tempest-GroupsV314Test-1281454206-project] GET http://10.222.0.13/volume/v3/ea76661037ad4efc9b338824a968b9ac/volumes/5ef1ac84-9b6d-4395-8bb3-78617447733e
Sep 03 10:59:42.672262 dv-cinder-760194-7-smb devstack@c-api.service[100734]: DEBUG cinder.api.openstack.wsgi [None req-bd2a5106-67d1-4e57-86dc-b01992671fe8 tempest-GroupsV314Test-1281454206 tempest-GroupsV314Test-1281454206-project] Empty body provided in request {{(pid=100734) get_body /opt/stack/cinder/cinder/api/openstack/wsgi.py:703}}
Sep 03 10:59:42.672766 dv-cinder-760194-7-smb devstack@c-api.service[100734]: DEBUG cinder.api.openstack.wsgi [None req-bd2a5106-67d1-4e57-86dc-b01992671fe8 tempest-GroupsV314Test-1281454206 tempest-GroupsV314Test-1281454206-project] Calling method 'show' {{(pid=100734) _process_stack /opt/stack/cinder/cinder/api/openstack/wsgi.py:856}}
Sep 03 10:59:42.690847 dv-cinder-760194-7-smb devstack@c-api.service[100734]: INFO cinder.api.openstack.wsgi [None req-bd2a5106-67d1-4e57-86dc-b01992671fe8 tempest-GroupsV314Test-1281454206 tempest-GroupsV314Test-1281454206-project] http://10.222.0.13/volume/v3/ea76661037ad4efc9b338824a968b9ac/volumes/5ef1ac84-9b6d-4395-8bb3-78617447733e returned with HTTP 404
Sep 03 10:59:42.696031 dv-cinder-760194-7-smb devstack@c-api.service[100734]: [pid: 100734|app: 0|req: 77/149] 10.222.0.13 () {60 vars in 1366 bytes} [Fri Sep 3 10:59:42 2021] GET /volume/v3/ea76661037ad4efc9b338824a968b9ac/volumes/5ef1ac84-9b6d-4395-8bb3-78617447733e => generated 109 bytes in 28 msecs (HTTP/1.1 404) 7 headers in 293 bytes (1 switches on core 0)
Sep 03 10:59:42.703335 dv-cinder-760194-7-smb devstack@c-api.service[100734]: INFO cinder.api.openstack.wsgi [None req-fe7ce866-e4fa-42c6-bb43-db465328b311 tempest-GroupsV314Test-1281454206 tempest-GroupsV314Test-1281454206-project] GET http://10.222.0.13/volume/v3/ea76661037ad4efc9b338824a968b9ac/groups/d65ac053-e4b1-4cc0-86e2-4d74404011fd
Sep 03 10:59:42.704124 dv-cinder-760194-7-smb devstack@c-api.service[100734]: DEBUG cinder.api.openstack.wsgi [None req-fe7ce866-e4fa-42c6-bb43-db465328b311 tempest-GroupsV314Test-1281454206 tempest-GroupsV314Test-1281454206-project] Empty body provided in request {{(pid=100734) get_body /opt/stack/cinder/cinder/api/openstack/wsgi.py:703}}
Sep 03 10:59:42.704744 dv-cinder-760194-7-smb devstack@c-api.service[100734]: DEBUG cinder.api.openstack.wsgi [None req-fe7ce866-e4fa-42c6-bb43-db465328b311 tempest-GroupsV314Test-1281454206 tempest-GroupsV314Test-1281454206-project] Calling method 'version_select' {{(pid=100734) _process_stack /opt/stack/cinder/cinder/api/openstack/wsgi.py:856}}
Sep 03 10:59:42.705518 dv-cinder-760194-7-smb devstack@c-api.service[100734]: DEBUG cinder.api.v3.groups [None req-fe7ce866-e4fa-42c6-bb43-db465328b311 tempest-GroupsV314Test-1281454206 tempest-GroupsV314Test-1281454206-project] show called for member d65ac053-e4b1-4cc0-86e2-4d74404011fd {{(pid=100734) show /opt/stack/cinder/cinder/api/v3/groups.py:58}}
Sep 03 10:59:42.712003 dv-cinder-760194-7-smb devstack@c-api.service[100734]: INFO cinder.api.openstack.wsgi [None req-fe7ce866-e4fa-42c6-bb43-db465328b311 tempest-GroupsV314Test-1281454206 tempest-GroupsV314Test-1281454206-project] http://10.222.0.13/volume/v3/ea76661037ad4efc9b338824a968b9ac/groups/d65ac053-e4b1-4cc0-86e2-4d74404011fd returned with HTTP 404
Sep 03 10:59:42.713701 dv-cinder-760194-7-smb devstack@c-api.service[100734]: [pid: 100734|app: 0|req: 78/150] 10.222.0.13 () {60 vars in 1363 bytes} [Fri Sep 3 10:59:42 2021] GET /volume/v3/ea76661037ad4efc9b338824a968b9ac/groups/d65ac053-e4b1-4cc0-86e2-4d74404011fd => generated 108 bytes in 16 msecs (HTTP/1.1 404) 7 headers in 293 bytes (1 switches on core 0)
Sep 03 10:59:42.722867 dv-cinder-760194-7-smb devstack@c-api.service[100734]: INFO cinder.api.openstack.wsgi [None req-b7472218-4e1f-4b8b-b71e-c05f8a6223d1 tempest-GroupsV314Test-852463948 tempest-GroupsV314Test-852463948-project-admin] DELETE http://10.222.0.13/volume/v3/b4991ddd4d764c80aee6254648b1db80/group_types/b909b77d-d2f6-4ef7-b43d-2a4b6ad8b880
Sep 03 10:59:42.724185 dv-cinder-760194-7-smb devstack@c-api.service[100734]: DEBUG cinder.api.openstack.wsgi [None req-b7472218-4e1f-4b8b-b71e-c05f8a6223d1 tempest-GroupsV314Test-852463948 tempest-GroupsV314Test-852463948-project-admin] Empty body provided in request {{(pid=100734) get_body /opt/stack/cinder/cinder/api/openstack/wsgi.py:703}}
Sep 03 10:59:42.724476 dv-cinder-760194-7-smb devstack@c-api.service[100734]: DEBUG cinder.api.openstack.wsgi [None req-b7472218-4e1f-4b8b-b71e-c05f8a6223d1 tempest-GroupsV314Test-852463948 tempest-GroupsV314Test-852463948-project-admin] Calling method 'version_select' {{(pid=100734) _process_stack /opt/stack/cinder/cinder/api/openstack/wsgi.py:856}}
Sep 03 10:59:42.773428 dv-cinder-760194-7-smb devstack@c-api.service[100734]: INFO cinder.api.openstack.wsgi [None req-b7472218-4e1f-4b8b-b71e-c05f8a6223d1 tempest-GroupsV314Test-852463948 tempest-GroupsV314Test-852463948-project-admin] http://10.222.0.13/volume/v3/b4991ddd4d764c80aee6254648b1db80/group_types/b909b77d-d2f6-4ef7-b43d-2a4b6ad8b880 returned with HTTP 202
Sep 03 10:59:42.775451 dv-cinder-760194-7-smb devstack@c-api.service[100734]: [pid: 100734|app: 0|req: 79/151] 10.222.0.13 () {60 vars in 1381 bytes} [Fri Sep 3 10:59:42 2021] DELETE /volume/v3/b4991ddd4d764c80aee6254648b1db80/group_types/b909b77d-d2f6-4ef7-b43d-2a4b6ad8b880 => generated 0 bytes in 57 msecs (HTTP/1.1 202) 6 headers in 234 bytes (1 switches on core 0)
Sep 03 10:59:42.784578 dv-cinder-760194-7-smb devstack@c-api.service[100734]: INFO cinder.api.openstack.wsgi [None req-833689cf-513a-43c9-bcbc-476171b162b8 tempest-GroupsV314Test-1281454206 tempest-GroupsV314Test-1281454206-project] DELETE http://10.222.0.13/volume/v3/ea76661037ad4efc9b338824a968b9ac/volumes/5ef1ac84-9b6d-4395-8bb3-78617447733e
Sep 03 10:59:42.785217 dv-cinder-760194-7-smb devstack@c-api.service[100734]: DEBUG cinder.api.openstack.wsgi [None req-833689cf-513a-43c9-bcbc-476171b162b8 tempest-GroupsV314Test-1281454206 tempest-GroupsV314Test-1281454206-project] Empty body provided in request {{(pid=100734) get_body /opt/stack/cinder/cinder/api/openstack/wsgi.py:703}}
Sep 03 10:59:42.785789 dv-cinder-760194-7-smb devstack@c-api.service[100734]: DEBUG cinder.api.openstack.wsgi [None req-833689cf-513a-43c9-bcbc-476171b162b8 tempest-GroupsV314Test-1281454206 tempest-GroupsV314Test-1281454206-project] Calling method 'delete' {{(pid=100734) _process_stack /opt/stack/cinder/cinder/api/openstack/wsgi.py:856}}
Sep 03 10:59:42.786195 dv-cinder-760194-7-smb devstack@c-api.service[100734]: INFO cinder.api.v3.volumes [None req-833689cf-513a-43c9-bcbc-476171b162b8 tempest-GroupsV314Test-1281454206 tempest-GroupsV314Test-1281454206-project] Delete volume with id: 5ef1ac84-9b6d-4395-8bb3-78617447733e
Sep 03 10:59:42.795874 dv-cinder-760194-7-smb devstack@c-api.service[100735]: INFO cinder.api.openstack.wsgi [None req-78617bd5-e574-4014-9fc2-48be1f08bf35 tempest-UserMessagesTest-1400420997 tempest-UserMessagesTest-1400420997-project-admin] http://10.222.0.13/volume/v3/62a3af33f46b4d148f30284ebbf571c7/types/7c746044-740b-47ff-95f3-0413cf284fb1 returned with HTTP 202
Sep 03 10:59:42.797431 dv-cinder-760194-7-smb devstack@c-api.service[100735]: [pid: 100735|app: 0|req: 73/152] 10.222.0.13 () {58 vars in 1322 bytes} [Fri Sep 3 10:59:42 2021] DELETE /volume/v3/62a3af33f46b4d148f30284ebbf571c7/types/7c746044-740b-47ff-95f3-0413cf284fb1 => generated 0 bytes in 134 msecs (HTTP/1.1 202) 6 headers in 233 bytes (1 switches on core 0)
Sep 03 10:59:42.801795 dv-cinder-760194-7-smb devstack@c-api.service[100734]: INFO cinder.api.openstack.wsgi [None req-833689cf-513a-43c9-bcbc-476171b162b8 tempest-GroupsV314Test-1281454206 tempest-GroupsV314Test-1281454206-project] http://10.222.0.13/volume/v3/ea76661037ad4efc9b338824a968b9ac/volumes/5ef1ac84-9b6d-4395-8bb3-78617447733e returned with HTTP 404
Sep 03 10:59:42.806114 dv-cinder-760194-7-smb devstack@c-api.service[100735]: INFO cinder.api.openstack.wsgi [None req-08dd3b9f-83d6-4e66-9533-bd00016a6a4a tempest-UserMessagesTest-1400420997 tempest-UserMessagesTest-1400420997-project-admin] GET http://10.222.0.13/volume/v3/62a3af33f46b4d148f30284ebbf571c7/types/7c746044-740b-47ff-95f3-0413cf284fb1
Sep 03 10:59:42.806294 dv-cinder-760194-7-smb devstack@c-api.service[100734]: [pid: 100734|app: 0|req: 80/153] 10.222.0.13 () {58 vars in 1328 bytes} [Fri Sep 3 10:59:42 2021] DELETE /volume/v3/ea76661037ad4efc9b338824a968b9ac/volumes/5ef1ac84-9b6d-4395-8bb3-78617447733e => generated 109 bytes in 25 msecs (HTTP/1.1 404) 7 headers in 292 bytes (1 switches on core 0)
Sep 03 10:59:42.807501 dv-cinder-760194-7-smb devstack@c-api.service[100735]: DEBUG cinder.api.openstack.wsgi [None req-08dd3b9f-83d6-4e66-9533-bd00016a6a4a tempest-UserMessagesTest-1400420997 tempest-UserMessagesTest-1400420997-project-admin] Empty body provided in request {{(pid=100735) get_body /opt/stack/cinder/cinder/api/openstack/wsgi.py:703}}
Sep 03 10:59:42.807852 dv-cinder-760194-7-smb devstack@c-api.service[100735]: DEBUG cinder.api.openstack.wsgi [None req-08dd3b9f-83d6-4e66-9533-bd00016a6a4a tempest-UserMessagesTest-1400420997 tempest-UserMessagesTest-1400420997-project-admin] Calling method 'show' {{(pid=100735) _process_stack /opt/stack/cinder/cinder/api/openstack/wsgi.py:856}}
Sep 03 10:59:42.810823 dv-cinder-760194-7-smb devstack@c-api.service[100734]: INFO cinder.api.openstack.wsgi [None req-bb0ab252-c135-4321-b4a7-c9eb94dddd67 tempest-GroupsV314Test-852463948 tempest-GroupsV314Test-852463948-project-admin] DELETE http://10.222.0.13/volume/v3/b4991ddd4d764c80aee6254648b1db80/types/173fcf6f-4946-4fb0-9828-5d0cc4bdd50e
Sep 03 10:59:42.810823 dv-cinder-760194-7-smb devstack@c-api.service[100734]: DEBUG cinder.api.openstack.wsgi [None req-bb0ab252-c135-4321-b4a7-c9eb94dddd67 tempest-GroupsV314Test-852463948 tempest-GroupsV314Test-852463948-project-admin] Empty body provided in request {{(pid=100734) get_body /opt/stack/cinder/cinder/api/openstack/wsgi.py:703}}
Sep 03 10:59:42.811039 dv-cinder-760194-7-smb devstack@c-api.service[100734]: DEBUG cinder.api.openstack.wsgi [None req-bb0ab252-c135-4321-b4a7-c9eb94dddd67 tempest-GroupsV314Test-852463948 tempest-GroupsV314Test-852463948-project-admin] Calling method '_delete' {{(pid=100734) _process_stack /opt/stack/cinder/cinder/api/openstack/wsgi.py:856}}
Sep 03 10:59:42.826305 dv-cinder-760194-7-smb devstack@c-api.service[100735]: INFO cinder.api.openstack.wsgi [None req-08dd3b9f-83d6-4e66-9533-bd00016a6a4a tempest-UserMessagesTest-1400420997 tempest-UserMessagesTest-1400420997-project-admin] http://10.222.0.13/volume/v3/62a3af33f46b4d148f30284ebbf571c7/types/7c746044-740b-47ff-95f3-0413cf284fb1 returned with HTTP 404
Sep 03 10:59:42.827751 dv-cinder-760194-7-smb devstack@c-api.service[100735]: [pid: 100735|app: 0|req: 74/154] 10.222.0.13 () {58 vars in 1319 bytes} [Fri Sep 3 10:59:42 2021] GET /volume/v3/62a3af33f46b4d148f30284ebbf571c7/types/7c746044-740b-47ff-95f3-0413cf284fb1 => generated 114 bytes in 26 msecs (HTTP/1.1 404) 7 headers in 292 bytes (2 switches on core 0)
Sep 03 10:59:42.838846 dv-cinder-760194-7-smb devstack@c-api.service[100735]: INFO cinder.api.openstack.wsgi [None req-f1215dc3-9537-4332-bf5c-9203089de50c tempest-UserMessagesTest-694033839 tempest-UserMessagesTest-694033839-project] DELETE http://10.222.0.13/volume/v3/4c5df561ad3546dcb6999fddfd4d05d4/volumes/a745d820-6772-479c-ba0c-89395efb7a70
Sep 03 10:59:42.838846 dv-cinder-760194-7-smb devstack@c-api.service[100735]: DEBUG cinder.api.openstack.wsgi [None req-f1215dc3-9537-4332-bf5c-9203089de50c tempest-UserMessagesTest-694033839 tempest-UserMessagesTest-694033839-project] Empty body provided in request {{(pid=100735) get_body /opt/stack/cinder/cinder/api/openstack/wsgi.py:703}}
Sep 03 10:59:42.838846 dv-cinder-760194-7-smb devstack@c-api.service[100735]: DEBUG cinder.api.openstack.wsgi [None req-f1215dc3-9537-4332-bf5c-9203089de50c tempest-UserMessagesTest-694033839 tempest-UserMessagesTest-694033839-project] Calling method 'delete' {{(pid=100735) _process_stack /opt/stack/cinder/cinder/api/openstack/wsgi.py:856}}
Sep 03 10:59:42.842299 dv-cinder-760194-7-smb devstack@c-api.service[100735]: INFO cinder.api.v3.volumes [None req-f1215dc3-9537-4332-bf5c-9203089de50c tempest-UserMessagesTest-694033839 tempest-UserMessagesTest-694033839-project] Delete volume with id: a745d820-6772-479c-ba0c-89395efb7a70
Sep 03 10:59:42.882167 dv-cinder-760194-7-smb devstack@c-api.service[100735]: /usr/local/lib/python3.8/dist-packages/oslo_context/context.py:105: DeprecationWarning: Policy enforcement is depending on the value of is_admin. This key is deprecated. Please update your policy file to use the standard policy values.
Sep 03 10:59:42.882167 dv-cinder-760194-7-smb devstack@c-api.service[100735]: warnings.warn('Policy enforcement is depending on the value of '
Sep 03 10:59:42.885917 dv-cinder-760194-7-smb devstack@c-api.service[100735]: INFO cinder.volume.api [None req-f1215dc3-9537-4332-bf5c-9203089de50c tempest-UserMessagesTest-694033839 tempest-UserMessagesTest-694033839-project] Volume info retrieved successfully.
Sep 03 10:59:42.894255 dv-cinder-760194-7-smb devstack@c-api.service[100735]: DEBUG cinder.volume.api [None req-f1215dc3-9537-4332-bf5c-9203089de50c tempest-UserMessagesTest-694033839 tempest-UserMessagesTest-694033839-project] Decrease volume quotas for non temporary volume in non error_managing status. {{(pid=100735) delete /opt/stack/cinder/cinder/volume/api.py:406}}
Sep 03 10:59:42.937259 dv-cinder-760194-7-smb devstack@c-api.service[100735]: WARNING cinder.quota [None req-f1215dc3-9537-4332-bf5c-9203089de50c tempest-UserMessagesTest-694033839 tempest-UserMessagesTest-694033839-project] Deprecated: Default quota for resource: volumes_tempest-UserMessagesTest-volume-type-1007679822 is set by the default quota flag: quota_volumes_tempest-UserMessagesTest-volume-type-1007679822, it is now deprecated. Please use the default quota class for default quota.
Sep 03 10:59:42.939417 dv-cinder-760194-7-smb devstack@c-api.service[100735]: WARNING cinder.quota [None req-f1215dc3-9537-4332-bf5c-9203089de50c tempest-UserMessagesTest-694033839 tempest-UserMessagesTest-694033839-project] Deprecated: Default quota for resource: gigabytes_tempest-UserMessagesTest-volume-type-1007679822 is set by the default quota flag: quota_gigabytes_tempest-UserMessagesTest-volume-type-1007679822, it is now deprecated. Please use the default quota class for default quota.
Sep 03 10:59:42.945421 dv-cinder-760194-7-smb devstack@c-api.service[100734]: INFO cinder.api.openstack.wsgi [None req-bb0ab252-c135-4321-b4a7-c9eb94dddd67 tempest-GroupsV314Test-852463948 tempest-GroupsV314Test-852463948-project-admin] http://10.222.0.13/volume/v3/b4991ddd4d764c80aee6254648b1db80/types/173fcf6f-4946-4fb0-9828-5d0cc4bdd50e returned with HTTP 202
Sep 03 10:59:42.950593 dv-cinder-760194-7-smb devstack@c-api.service[100734]: [pid: 100734|app: 0|req: 81/155] 10.222.0.13 () {58 vars in 1322 bytes} [Fri Sep 3 10:59:42 2021] DELETE /volume/v3/b4991ddd4d764c80aee6254648b1db80/types/173fcf6f-4946-4fb0-9828-5d0cc4bdd50e => generated 0 bytes in 144 msecs (HTTP/1.1 202) 6 headers in 233 bytes (1 switches on core 0)
Sep 03 10:59:42.957594 dv-cinder-760194-7-smb devstack@c-api.service[100734]: INFO cinder.api.openstack.wsgi [None req-fe411ba6-3765-4276-881a-705ea1ba71e5 tempest-GroupsV314Test-852463948 tempest-GroupsV314Test-852463948-project-admin] GET http://10.222.0.13/volume/v3/b4991ddd4d764c80aee6254648b1db80/types/173fcf6f-4946-4fb0-9828-5d0cc4bdd50e
Sep 03 10:59:42.958053 dv-cinder-760194-7-smb devstack@c-api.service[100734]: DEBUG cinder.api.openstack.wsgi [None req-fe411ba6-3765-4276-881a-705ea1ba71e5 tempest-GroupsV314Test-852463948 tempest-GroupsV314Test-852463948-project-admin] Empty body provided in request {{(pid=100734) get_body /opt/stack/cinder/cinder/api/openstack/wsgi.py:703}}
Sep 03 10:59:42.959920 dv-cinder-760194-7-smb devstack@c-api.service[100734]: DEBUG cinder.api.openstack.wsgi [None req-fe411ba6-3765-4276-881a-705ea1ba71e5 tempest-GroupsV314Test-852463948 tempest-GroupsV314Test-852463948-project-admin] Calling method 'show' {{(pid=100734) _process_stack /opt/stack/cinder/cinder/api/openstack/wsgi.py:856}}
Sep 03 10:59:42.969881 dv-cinder-760194-7-smb devstack@c-api.service[100734]: INFO cinder.api.openstack.wsgi [None req-fe411ba6-3765-4276-881a-705ea1ba71e5 tempest-GroupsV314Test-852463948 tempest-GroupsV314Test-852463948-project-admin] http://10.222.0.13/volume/v3/b4991ddd4d764c80aee6254648b1db80/types/173fcf6f-4946-4fb0-9828-5d0cc4bdd50e returned with HTTP 404
Sep 03 10:59:42.974430 dv-cinder-760194-7-smb devstack@c-api.service[100734]: [pid: 100734|app: 0|req: 82/156] 10.222.0.13 () {58 vars in 1319 bytes} [Fri Sep 3 10:59:42 2021] GET /volume/v3/b4991ddd4d764c80aee6254648b1db80/types/173fcf6f-4946-4fb0-9828-5d0cc4bdd50e => generated 114 bytes in 23 msecs (HTTP/1.1 404) 7 headers in 292 bytes (1 switches on core 0)
Sep 03 10:59:42.981567 dv-cinder-760194-7-smb devstack@c-api.service[100735]: DEBUG cinder.quota [None req-f1215dc3-9537-4332-bf5c-9203089de50c tempest-UserMessagesTest-694033839 tempest-UserMessagesTest-694033839-project] Created reservations ['50a5d7b9-4f03-42fc-9176-aaa56aedf317', 'b366fe36-09c4-40c4-828c-86fe0511fc5f', '9d90112f-083e-4b69-b076-1c3bcce4b5f0', 'b4e9234e-885b-4f0f-b409-5ec922da98b0'] {{(pid=100735) reserve /opt/stack/cinder/cinder/quota.py:755}}
Sep 03 10:59:43.078331 dv-cinder-760194-7-smb devstack@c-api.service[100735]: INFO cinder.volume.api [None req-f1215dc3-9537-4332-bf5c-9203089de50c tempest-UserMessagesTest-694033839 tempest-UserMessagesTest-694033839-project] Delete volume request issued successfully.
Sep 03 10:59:43.080152 dv-cinder-760194-7-smb devstack@c-api.service[100735]: INFO cinder.api.openstack.wsgi [None req-f1215dc3-9537-4332-bf5c-9203089de50c tempest-UserMessagesTest-694033839 tempest-UserMessagesTest-694033839-project] http://10.222.0.13/volume/v3/4c5df561ad3546dcb6999fddfd4d05d4/volumes/a745d820-6772-479c-ba0c-89395efb7a70 returned with HTTP 202
Sep 03 10:59:43.092992 dv-cinder-760194-7-smb devstack@c-api.service[100734]: INFO cinder.api.openstack.wsgi [None req-5a428ace-3889-4f4d-a284-a8e1ea4e3648 tempest-UserMessagesTest-694033839 tempest-UserMessagesTest-694033839-project] GET http://10.222.0.13/volume/v3/4c5df561ad3546dcb6999fddfd4d05d4/volumes/a745d820-6772-479c-ba0c-89395efb7a70
Sep 03 10:59:43.093485 dv-cinder-760194-7-smb devstack@c-api.service[100734]: DEBUG cinder.api.openstack.wsgi [None req-5a428ace-3889-4f4d-a284-a8e1ea4e3648 tempest-UserMessagesTest-694033839 tempest-UserMessagesTest-694033839-project] Empty body provided in request {{(pid=100734) get_body /opt/stack/cinder/cinder/api/openstack/wsgi.py:703}}
Sep 03 10:59:43.093952 dv-cinder-760194-7-smb devstack@c-api.service[100734]: DEBUG cinder.api.openstack.wsgi [None req-5a428ace-3889-4f4d-a284-a8e1ea4e3648 tempest-UserMessagesTest-694033839 tempest-UserMessagesTest-694033839-project] Calling method 'show' {{(pid=100734) _process_stack /opt/stack/cinder/cinder/api/openstack/wsgi.py:856}}
Sep 03 10:59:43.100761 dv-cinder-760194-7-smb devstack@c-api.service[100735]: [pid: 100735|app: 0|req: 75/157] 10.222.0.13 () {58 vars in 1328 bytes} [Fri Sep 3 10:59:42 2021] DELETE /volume/v3/4c5df561ad3546dcb6999fddfd4d05d4/volumes/a745d820-6772-479c-ba0c-89395efb7a70 => generated 0 bytes in 255 msecs (HTTP/1.1 202) 6 headers in 233 bytes (1 switches on core 0)
Sep 03 10:59:43.106546 dv-cinder-760194-7-smb devstack@c-api.service[100734]: INFO cinder.api.openstack.wsgi [None req-5a428ace-3889-4f4d-a284-a8e1ea4e3648 tempest-UserMessagesTest-694033839 tempest-UserMessagesTest-694033839-project] http://10.222.0.13/volume/v3/4c5df561ad3546dcb6999fddfd4d05d4/volumes/a745d820-6772-479c-ba0c-89395efb7a70 returned with HTTP 404
Sep 03 10:59:43.115786 dv-cinder-760194-7-smb devstack@c-api.service[100735]: INFO cinder.api.openstack.wsgi [None req-77774b70-7603-4209-b036-0b72aa0e9ba1 tempest-UserMessagesTest-1400420997 tempest-UserMessagesTest-1400420997-project-admin] DELETE http://10.222.0.13/volume/v3/62a3af33f46b4d148f30284ebbf571c7/types/ca03ea19-c9ce-485a-a2f1-ddec5c4a8b09
Sep 03 10:59:43.116238 dv-cinder-760194-7-smb devstack@c-api.service[100735]: DEBUG cinder.api.openstack.wsgi [None req-77774b70-7603-4209-b036-0b72aa0e9ba1 tempest-UserMessagesTest-1400420997 tempest-UserMessagesTest-1400420997-project-admin] Empty body provided in request {{(pid=100735) get_body /opt/stack/cinder/cinder/api/openstack/wsgi.py:703}}
Sep 03 10:59:43.116546 dv-cinder-760194-7-smb devstack@c-api.service[100735]: /usr/local/lib/python3.8/dist-packages/webob/acceptparse.py:1047: DeprecationWarning: The behavior of AcceptValidHeader.best_match is currently being maintained for backward compatibility, but it will be deprecated in the future, as it does not conform to the RFC.
Sep 03 10:59:43.116546 dv-cinder-760194-7-smb devstack@c-api.service[100735]: warnings.warn(
Sep 03 10:59:43.116813 dv-cinder-760194-7-smb devstack@c-api.service[100735]: DEBUG cinder.api.openstack.wsgi [None req-77774b70-7603-4209-b036-0b72aa0e9ba1 tempest-UserMessagesTest-1400420997 tempest-UserMessagesTest-1400420997-project-admin] Calling method '_delete' {{(pid=100735) _process_stack /opt/stack/cinder/cinder/api/openstack/wsgi.py:856}}
Sep 03 10:59:43.119669 dv-cinder-760194-7-smb devstack@c-api.service[100734]: [pid: 100734|app: 0|req: 83/158] 10.222.0.13 () {58 vars in 1325 bytes} [Fri Sep 3 10:59:43 2021] GET /volume/v3/4c5df561ad3546dcb6999fddfd4d05d4/volumes/a745d820-6772-479c-ba0c-89395efb7a70 => generated 109 bytes in 32 msecs (HTTP/1.1 404) 7 headers in 292 bytes (1 switches on core 0)
Sep 03 10:59:43.167670 dv-cinder-760194-7-smb devstack@c-api.service[100735]: INFO cinder.api.openstack.wsgi [None req-77774b70-7603-4209-b036-0b72aa0e9ba1 tempest-UserMessagesTest-1400420997 tempest-UserMessagesTest-1400420997-project-admin] http://10.222.0.13/volume/v3/62a3af33f46b4d148f30284ebbf571c7/types/ca03ea19-c9ce-485a-a2f1-ddec5c4a8b09 returned with HTTP 202
Sep 03 10:59:43.179490 dv-cinder-760194-7-smb devstack@c-api.service[100734]: INFO cinder.api.openstack.wsgi [None req-f823d119-094a-4e73-bdef-6c5c4f883f2f tempest-UserMessagesTest-1400420997 tempest-UserMessagesTest-1400420997-project-admin] GET http://10.222.0.13/volume/v3/62a3af33f46b4d148f30284ebbf571c7/types/ca03ea19-c9ce-485a-a2f1-ddec5c4a8b09
Sep 03 10:59:43.180567 dv-cinder-760194-7-smb devstack@c-api.service[100734]: DEBUG cinder.api.openstack.wsgi [None req-f823d119-094a-4e73-bdef-6c5c4f883f2f tempest-UserMessagesTest-1400420997 tempest-UserMessagesTest-1400420997-project-admin] Empty body provided in request {{(pid=100734) get_body /opt/stack/cinder/cinder/api/openstack/wsgi.py:703}}
Sep 03 10:59:43.180984 dv-cinder-760194-7-smb devstack@c-api.service[100734]: DEBUG cinder.api.openstack.wsgi [None req-f823d119-094a-4e73-bdef-6c5c4f883f2f tempest-UserMessagesTest-1400420997 tempest-UserMessagesTest-1400420997-project-admin] Calling method 'show' {{(pid=100734) _process_stack /opt/stack/cinder/cinder/api/openstack/wsgi.py:856}}
Sep 03 10:59:43.183201 dv-cinder-760194-7-smb devstack@c-api.service[100735]: [pid: 100735|app: 0|req: 76/159] 10.222.0.13 () {58 vars in 1322 bytes} [Fri Sep 3 10:59:43 2021] DELETE /volume/v3/62a3af33f46b4d148f30284ebbf571c7/types/ca03ea19-c9ce-485a-a2f1-ddec5c4a8b09 => generated 0 bytes in 68 msecs (HTTP/1.1 202) 6 headers in 233 bytes (1 switches on core 0)
Sep 03 10:59:43.187959 dv-cinder-760194-7-smb devstack@c-api.service[100734]: INFO cinder.api.openstack.wsgi [None req-f823d119-094a-4e73-bdef-6c5c4f883f2f tempest-UserMessagesTest-1400420997 tempest-UserMessagesTest-1400420997-project-admin] http://10.222.0.13/volume/v3/62a3af33f46b4d148f30284ebbf571c7/types/ca03ea19-c9ce-485a-a2f1-ddec5c4a8b09 returned with HTTP 404
Sep 03 10:59:43.188881 dv-cinder-760194-7-smb devstack@c-api.service[100734]: [pid: 100734|app: 0|req: 84/160] 10.222.0.13 () {58 vars in 1319 bytes} [Fri Sep 3 10:59:43 2021] GET /volume/v3/62a3af33f46b4d148f30284ebbf571c7/types/ca03ea19-c9ce-485a-a2f1-ddec5c4a8b09 => generated 114 bytes in 15 msecs (HTTP/1.1 404) 7 headers in 292 bytes (2 switches on core 0)
Sep 03 10:59:45.903644 dv-cinder-760194-7-smb devstack@c-api.service[100735]: INFO cinder.api.openstack.wsgi [None req-f6cf0d71-328b-4a7c-9c37-3d5d5eb81d36 tempest-GroupTypesTest-204440833 tempest-GroupTypesTest-204440833-project-admin] POST http://10.222.0.13/volume/v3/62a361ab929747f4abe7533d7ed709cf/group_types
Sep 03 10:59:45.909711 dv-cinder-760194-7-smb devstack@c-api.service[100735]: DEBUG cinder.api.openstack.wsgi [None req-f6cf0d71-328b-4a7c-9c37-3d5d5eb81d36 tempest-GroupTypesTest-204440833 tempest-GroupTypesTest-204440833-project-admin] Action: 'create', calling method: version_select, body: {"group_type": {"name": "tempest-GroupTypesTest-group-type-1403636780", "description": "tempest-group-type-description-455045503", "group_specs": {"consistent_group_snapshot_enabled": " False"}, "is_public": true}} {{(pid=100735) _process_stack /opt/stack/cinder/cinder/api/openstack/wsgi.py:854}}
Sep 03 10:59:46.016701 dv-cinder-760194-7-smb devstack@c-api.service[100735]: INFO cinder.api.openstack.wsgi [None req-f6cf0d71-328b-4a7c-9c37-3d5d5eb81d36 tempest-GroupTypesTest-204440833 tempest-GroupTypesTest-204440833-project-admin] http://10.222.0.13/volume/v3/62a361ab929747f4abe7533d7ed709cf/group_types returned with HTTP 202
Sep 03 10:59:46.017495 dv-cinder-760194-7-smb devstack@c-api.service[100735]: [pid: 100735|app: 0|req: 77/161] 10.222.0.13 () {62 vars in 1289 bytes} [Fri Sep 3 10:59:45 2021] POST /volume/v3/62a361ab929747f4abe7533d7ed709cf/group_types => generated 264 bytes in 334 msecs (HTTP/1.1 202) 7 headers in 292 bytes (1 switches on core 0)
Sep 03 10:59:46.027131 dv-cinder-760194-7-smb devstack@c-api.service[100734]: INFO cinder.api.openstack.wsgi [None req-806851a5-e35e-48e0-9f50-278b729d8788 tempest-GroupTypesTest-204440833 tempest-GroupTypesTest-204440833-project-admin] GET http://10.222.0.13/volume/v3/62a361ab929747f4abe7533d7ed709cf/group_types
Sep 03 10:59:46.027688 dv-cinder-760194-7-smb devstack@c-api.service[100734]: DEBUG cinder.api.openstack.wsgi [None req-806851a5-e35e-48e0-9f50-278b729d8788 tempest-GroupTypesTest-204440833 tempest-GroupTypesTest-204440833-project-admin] Empty body provided in request {{(pid=100734) get_body /opt/stack/cinder/cinder/api/openstack/wsgi.py:703}}
Sep 03 10:59:46.028132 dv-cinder-760194-7-smb devstack@c-api.service[100734]: DEBUG cinder.api.openstack.wsgi [None req-806851a5-e35e-48e0-9f50-278b729d8788 tempest-GroupTypesTest-204440833 tempest-GroupTypesTest-204440833-project-admin] Calling method 'version_select' {{(pid=100734) _process_stack /opt/stack/cinder/cinder/api/openstack/wsgi.py:856}}
Sep 03 10:59:46.069215 dv-cinder-760194-7-smb devstack@c-api.service[100734]: INFO cinder.api.openstack.wsgi [None req-806851a5-e35e-48e0-9f50-278b729d8788 tempest-GroupTypesTest-204440833 tempest-GroupTypesTest-204440833-project-admin] http://10.222.0.13/volume/v3/62a361ab929747f4abe7533d7ed709cf/group_types returned with HTTP 200
Sep 03 10:59:46.072725 dv-cinder-760194-7-smb devstack@c-api.service[100734]: [pid: 100734|app: 0|req: 85/162] 10.222.0.13 () {60 vars in 1267 bytes} [Fri Sep 3 10:59:46 2021] GET /volume/v3/62a361ab929747f4abe7533d7ed709cf/group_types => generated 498 bytes in 50 msecs (HTTP/1.1 200) 7 headers in 286 bytes (1 switches on core 0)
Sep 03 10:59:46.087287 dv-cinder-760194-7-smb devstack@c-api.service[100735]: INFO cinder.api.openstack.wsgi [None req-30f6defb-bc06-41c8-ad02-0ce7b83d29c8 tempest-GroupTypesTest-204440833 tempest-GroupTypesTest-204440833-project-admin] PUT http://10.222.0.13/volume/v3/62a361ab929747f4abe7533d7ed709cf/group_types/636ba074-008d-4cf9-9057-18397b421d16
Sep 03 10:59:46.088687 dv-cinder-760194-7-smb devstack@c-api.service[100735]: DEBUG cinder.api.openstack.wsgi [None req-30f6defb-bc06-41c8-ad02-0ce7b83d29c8 tempest-GroupTypesTest-204440833 tempest-GroupTypesTest-204440833-project-admin] Action: 'update', calling method: version_select, body: {"group_type": {"name": "tempest-GroupTypesTest-updated-group-type-731064392", "description": "updated-group-type-desc"}} {{(pid=100735) _process_stack /opt/stack/cinder/cinder/api/openstack/wsgi.py:854}}
Sep 03 10:59:46.148182 dv-cinder-760194-7-smb devstack@c-api.service[100735]: INFO cinder.api.openstack.wsgi [None req-30f6defb-bc06-41c8-ad02-0ce7b83d29c8 tempest-GroupTypesTest-204440833 tempest-GroupTypesTest-204440833-project-admin] http://10.222.0.13/volume/v3/62a361ab929747f4abe7533d7ed709cf/group_types/636ba074-008d-4cf9-9057-18397b421d16 returned with HTTP 200
Sep 03 10:59:46.151416 dv-cinder-760194-7-smb devstack@c-api.service[100735]: [pid: 100735|app: 0|req: 78/163] 10.222.0.13 () {62 vars in 1399 bytes} [Fri Sep 3 10:59:46 2021] PUT /volume/v3/62a361ab929747f4abe7533d7ed709cf/group_types/636ba074-008d-4cf9-9057-18397b421d16 => generated 254 bytes in 73 msecs (HTTP/1.1 200) 7 headers in 286 bytes (1 switches on core 0)
Sep 03 10:59:46.163305 dv-cinder-760194-7-smb devstack@c-api.service[100734]: INFO cinder.api.openstack.wsgi [None req-62ed81c6-ea33-4022-9f31-3baca2d18cea tempest-GroupTypesTest-204440833 tempest-GroupTypesTest-204440833-project-admin] GET http://10.222.0.13/volume/v3/62a361ab929747f4abe7533d7ed709cf/group_types/636ba074-008d-4cf9-9057-18397b421d16
Sep 03 10:59:46.163968 dv-cinder-760194-7-smb devstack@c-api.service[100734]: DEBUG cinder.api.openstack.wsgi [None req-62ed81c6-ea33-4022-9f31-3baca2d18cea tempest-GroupTypesTest-204440833 tempest-GroupTypesTest-204440833-project-admin] Empty body provided in request {{(pid=100734) get_body /opt/stack/cinder/cinder/api/openstack/wsgi.py:703}}
Sep 03 10:59:46.164385 dv-cinder-760194-7-smb devstack@c-api.service[100734]: DEBUG cinder.api.openstack.wsgi [None req-62ed81c6-ea33-4022-9f31-3baca2d18cea tempest-GroupTypesTest-204440833 tempest-GroupTypesTest-204440833-project-admin] Calling method 'version_select' {{(pid=100734) _process_stack /opt/stack/cinder/cinder/api/openstack/wsgi.py:856}}
Sep 03 10:59:46.172115 dv-cinder-760194-7-smb devstack@c-api.service[100734]: INFO cinder.api.openstack.wsgi [None req-62ed81c6-ea33-4022-9f31-3baca2d18cea tempest-GroupTypesTest-204440833 tempest-GroupTypesTest-204440833-project-admin] http://10.222.0.13/volume/v3/62a361ab929747f4abe7533d7ed709cf/group_types/636ba074-008d-4cf9-9057-18397b421d16 returned with HTTP 200
Sep 03 10:59:46.183051 dv-cinder-760194-7-smb devstack@c-api.service[100735]: INFO cinder.api.openstack.wsgi [None req-5f250ddb-2fae-4fc7-8dd3-c2a5ad993119 tempest-GroupTypesTest-204440833 tempest-GroupTypesTest-204440833-project-admin] DELETE http://10.222.0.13/volume/v3/62a361ab929747f4abe7533d7ed709cf/group_types/636ba074-008d-4cf9-9057-18397b421d16
Sep 03 10:59:46.183553 dv-cinder-760194-7-smb devstack@c-api.service[100735]: DEBUG cinder.api.openstack.wsgi [None req-5f250ddb-2fae-4fc7-8dd3-c2a5ad993119 tempest-GroupTypesTest-204440833 tempest-GroupTypesTest-204440833-project-admin] Empty body provided in request {{(pid=100735) get_body /opt/stack/cinder/cinder/api/openstack/wsgi.py:703}}
Sep 03 10:59:46.183958 dv-cinder-760194-7-smb devstack@c-api.service[100735]: DEBUG cinder.api.openstack.wsgi [None req-5f250ddb-2fae-4fc7-8dd3-c2a5ad993119 tempest-GroupTypesTest-204440833 tempest-GroupTypesTest-204440833-project-admin] Calling method 'version_select' {{(pid=100735) _process_stack /opt/stack/cinder/cinder/api/openstack/wsgi.py:856}}
Sep 03 10:59:46.184542 dv-cinder-760194-7-smb devstack@c-api.service[100734]: [pid: 100734|app: 0|req: 86/164] 10.222.0.13 () {60 vars in 1378 bytes} [Fri Sep 3 10:59:46 2021] GET /volume/v3/62a361ab929747f4abe7533d7ed709cf/group_types/636ba074-008d-4cf9-9057-18397b421d16 => generated 254 bytes in 25 msecs (HTTP/1.1 200) 7 headers in 286 bytes (1 switches on core 0)
Sep 03 10:59:46.241416 dv-cinder-760194-7-smb devstack@c-api.service[100735]: INFO cinder.api.openstack.wsgi [None req-5f250ddb-2fae-4fc7-8dd3-c2a5ad993119 tempest-GroupTypesTest-204440833 tempest-GroupTypesTest-204440833-project-admin] http://10.222.0.13/volume/v3/62a361ab929747f4abe7533d7ed709cf/group_types/636ba074-008d-4cf9-9057-18397b421d16 returned with HTTP 202
Sep 03 10:59:46.242306 dv-cinder-760194-7-smb devstack@c-api.service[100735]: [pid: 100735|app: 0|req: 79/165] 10.222.0.13 () {60 vars in 1381 bytes} [Fri Sep 3 10:59:46 2021] DELETE /volume/v3/62a361ab929747f4abe7533d7ed709cf/group_types/636ba074-008d-4cf9-9057-18397b421d16 => generated 0 bytes in 64 msecs (HTTP/1.1 202) 6 headers in 234 bytes (1 switches on core 0)
Sep 03 10:59:48.786750 dv-cinder-760194-7-smb devstack@c-api.service[100734]: INFO cinder.api.openstack.wsgi [None req-27579a88-553b-463c-b6e4-d95226a88ecd tempest-VolumeRetypeWithoutMigrationTest-465462961 tempest-VolumeRetypeWithoutMigrationTest-465462961-project-admin] POST http://10.222.0.13/volume/v3/7a544abd8915414290a539c83accbc7f/types
Sep 03 10:59:48.788225 dv-cinder-760194-7-smb devstack@c-api.service[100734]: DEBUG cinder.api.openstack.wsgi [None req-27579a88-553b-463c-b6e4-d95226a88ecd tempest-VolumeRetypeWithoutMigrationTest-465462961 tempest-VolumeRetypeWithoutMigrationTest-465462961-project-admin] Action: 'create', calling method: _create, body: {"volume_type": {"name": "volume-type-1"}} {{(pid=100734) _process_stack /opt/stack/cinder/cinder/api/openstack/wsgi.py:854}}
Sep 03 10:59:48.814895 dv-cinder-760194-7-smb devstack@c-api.service[100734]: INFO cinder.api.openstack.wsgi [None req-27579a88-553b-463c-b6e4-d95226a88ecd tempest-VolumeRetypeWithoutMigrationTest-465462961 tempest-VolumeRetypeWithoutMigrationTest-465462961-project-admin] http://10.222.0.13/volume/v3/7a544abd8915414290a539c83accbc7f/types returned with HTTP 200
Sep 03 10:59:48.816223 dv-cinder-760194-7-smb devstack@c-api.service[100734]: [pid: 100734|app: 0|req: 87/166] 10.222.0.13 () {60 vars in 1229 bytes} [Fri Sep 3 10:59:48 2021] POST /volume/v3/7a544abd8915414290a539c83accbc7f/types => generated 188 bytes in 382 msecs (HTTP/1.1 200) 7 headers in 285 bytes (1 switches on core 0)
Sep 03 10:59:48.826736 dv-cinder-760194-7-smb devstack@c-api.service[100735]: INFO cinder.api.openstack.wsgi [None req-f25e1bbf-6cf7-4d2f-a752-68eeceb3d6f8 tempest-VolumeRetypeWithoutMigrationTest-465462961 tempest-VolumeRetypeWithoutMigrationTest-465462961-project-admin] POST http://10.222.0.13/volume/v3/7a544abd8915414290a539c83accbc7f/types
Sep 03 10:59:48.828106 dv-cinder-760194-7-smb devstack@c-api.service[100735]: DEBUG cinder.api.openstack.wsgi [None req-f25e1bbf-6cf7-4d2f-a752-68eeceb3d6f8 tempest-VolumeRetypeWithoutMigrationTest-465462961 tempest-VolumeRetypeWithoutMigrationTest-465462961-project-admin] Action: 'create', calling method: _create, body: {"volume_type": {"name": "volume-type-2"}} {{(pid=100735) _process_stack /opt/stack/cinder/cinder/api/openstack/wsgi.py:854}}
Sep 03 10:59:48.863957 dv-cinder-760194-7-smb devstack@c-api.service[100735]: INFO cinder.api.openstack.wsgi [None req-f25e1bbf-6cf7-4d2f-a752-68eeceb3d6f8 tempest-VolumeRetypeWithoutMigrationTest-465462961 tempest-VolumeRetypeWithoutMigrationTest-465462961-project-admin] http://10.222.0.13/volume/v3/7a544abd8915414290a539c83accbc7f/types returned with HTTP 200
Sep 03 10:59:48.865472 dv-cinder-760194-7-smb devstack@c-api.service[100735]: [pid: 100735|app: 0|req: 80/167] 10.222.0.13 () {60 vars in 1229 bytes} [Fri Sep 3 10:59:48 2021] POST /volume/v3/7a544abd8915414290a539c83accbc7f/types => generated 188 bytes in 43 msecs (HTTP/1.1 200) 7 headers in 285 bytes (1 switches on core 0)
Sep 03 10:59:49.092407 dv-cinder-760194-7-smb devstack@c-api.service[100734]: INFO cinder.api.openstack.wsgi [None req-7d0bc7a1-305d-4521-a787-46c1779d1a4b tempest-VolumeRetypeWithoutMigrationTest-1195078757 tempest-VolumeRetypeWithoutMigrationTest-1195078757-project] POST http://10.222.0.13/volume/v3/46f9a443f66f4a1cac1f8c1fe04fad94/volumes
Sep 03 10:59:49.096547 dv-cinder-760194-7-smb devstack@c-api.service[100734]: DEBUG cinder.api.openstack.wsgi [None req-7d0bc7a1-305d-4521-a787-46c1779d1a4b tempest-VolumeRetypeWithoutMigrationTest-1195078757 tempest-VolumeRetypeWithoutMigrationTest-1195078757-project] Action: 'create', calling method: create, body: {"volume": {"volume_type": "volume-type-1", "size": 1, "name": "tempest-VolumeRetypeWithoutMigrationTest-Volume-800519593"}} {{(pid=100734) _process_stack /opt/stack/cinder/cinder/api/openstack/wsgi.py:854}}
Sep 03 10:59:49.106428 dv-cinder-760194-7-smb devstack@c-api.service[100734]: DEBUG cinder.api.v3.volumes [None req-7d0bc7a1-305d-4521-a787-46c1779d1a4b tempest-VolumeRetypeWithoutMigrationTest-1195078757 tempest-VolumeRetypeWithoutMigrationTest-1195078757-project] Create volume request body: {'volume': {'volume_type': 'volume-type-1', 'size': 1, 'name': 'tempest-VolumeRetypeWithoutMigrationTest-Volume-800519593'}} {{(pid=100734) create /opt/stack/cinder/cinder/api/v3/volumes.py:298}}
Sep 03 10:59:49.111534 dv-cinder-760194-7-smb devstack@c-api.service[100734]: INFO cinder.api.v3.volumes [None req-7d0bc7a1-305d-4521-a787-46c1779d1a4b tempest-VolumeRetypeWithoutMigrationTest-1195078757 tempest-VolumeRetypeWithoutMigrationTest-1195078757-project] Create volume of 1 GB
Sep 03 10:59:49.112409 dv-cinder-760194-7-smb devstack@c-api.service[100734]: /usr/local/lib/python3.8/dist-packages/oslo_context/context.py:105: DeprecationWarning: Policy enforcement is depending on the value of is_admin. This key is deprecated. Please update your policy file to use the standard policy values.
Sep 03 10:59:49.112409 dv-cinder-760194-7-smb devstack@c-api.service[100734]: warnings.warn('Policy enforcement is depending on the value of '
Sep 03 10:59:49.113233 dv-cinder-760194-7-smb devstack@c-api.service[100734]: INFO cinder.volume.api [None req-7d0bc7a1-305d-4521-a787-46c1779d1a4b tempest-VolumeRetypeWithoutMigrationTest-1195078757 tempest-VolumeRetypeWithoutMigrationTest-1195078757-project] Availability Zones retrieved successfully.
