Sep 08 15:15:55.290205 dv-cinder-760194-11-iscsi neutron-server[94048]: DEBUG neutron.wsgi [-] (94048) accepted ('10.222.0.36', 51568) {{(pid=94048) server /usr/local/lib/python3.8/dist-packages/eventlet/wsgi.py:982}}
Sep 08 15:15:55.349613 dv-cinder-760194-11-iscsi neutron-server[94048]: DEBUG neutron.wsgi [-] (94048) accepted ('10.222.0.36', 51574) {{(pid=94048) server /usr/local/lib/python3.8/dist-packages/eventlet/wsgi.py:982}}
Sep 08 15:15:55.445586 dv-cinder-760194-11-iscsi neutron-server[94048]: INFO neutron.wsgi [req-827fc9b1-bc3b-474b-9310-a0b243c28414 req-f56231a5-f3f5-4997-a0e3-3654874beec7 tempest-AttachVolumeShelveTestJSON-1691162570 tempest-AttachVolumeShelveTestJSON-1691162570-project] 10.222.0.36 "GET /v2.0/security-groups?id=3fe4c85f-8c91-4d38-a413-c6301e71337b&fields=id&fields=name HTTP/1.1" status: 200 len: 312 time: 0.2571585
Sep 08 15:15:55.495706 dv-cinder-760194-11-iscsi neutron-server[94048]: DEBUG neutron.pecan_wsgi.hooks.policy_enforcement [req-a53ad785-0291-4b88-9f36-1caf0387f338 req-ca69e02b-6556-47ed-bba2-bc26317a1f09 tempest-AttachVolumeTestJSON-1715442803 tempest-AttachVolumeTestJSON-1715442803-project] Attributes excluded by policy engine: ['standard_attr_id', 'binding:profile', 'binding:host_id', 'binding:vif_type', 'binding:vif_details'] {{(pid=94048) _exclude_attributes_by_policy /opt/stack/neutron/neutron/pecan_wsgi/hooks/policy_enforcement.py:255}}
Sep 08 15:15:55.501893 dv-cinder-760194-11-iscsi neutron-server[94048]: INFO neutron.wsgi [req-a53ad785-0291-4b88-9f36-1caf0387f338 req-ca69e02b-6556-47ed-bba2-bc26317a1f09 tempest-AttachVolumeTestJSON-1715442803 tempest-AttachVolumeTestJSON-1715442803-project] 10.222.0.36 "GET /v2.0/ports?device_id=349bb618-4ef3-4cc1-9804-e1c623641413 HTTP/1.1" status: 200 len: 932 time: 0.3007197
Sep 08 15:15:55.510803 dv-cinder-760194-11-iscsi neutron-server[94047]: DEBUG neutron.pecan_wsgi.hooks.policy_enforcement [req-d8af54d2-4887-4944-a8c5-29b5f5c7bab0 req-37db1595-edd0-4909-b487-c417c2f8419d service neutron] Attributes excluded by policy engine: ['standard_attr_id', 'vlan_transparent'] {{(pid=94047) _exclude_attributes_by_policy /opt/stack/neutron/neutron/pecan_wsgi/hooks/policy_enforcement.py:255}}
Sep 08 15:15:55.512896 dv-cinder-760194-11-iscsi neutron-server[94047]: INFO neutron.wsgi [req-d8af54d2-4887-4944-a8c5-29b5f5c7bab0 req-37db1595-edd0-4909-b487-c417c2f8419d service neutron] 10.222.0.39 "GET /v2.0/networks?tenant_id=3bd93da57bd64ca6b26e901016ce08bc&shared=False HTTP/1.1" status: 200 len: 920 time: 0.5004523
Sep 08 15:15:55.535016 dv-cinder-760194-11-iscsi neutron-server[94048]: DEBUG neutron.notifiers.nova [req-faf1fbd7-06a5-42cf-953f-8d73e665b40d req-c4d54f70-bc12-4bcb-beee-195937b28a61 service neutron] Ignoring state change previous_port_status: DOWN current_port_status: DOWN port_id 397c1ba8-092b-4eac-ac4d-3cc752f2211d {{(pid=94048) record_port_status_changed /opt/stack/neutron/neutron/notifiers/nova.py:224}}
Sep 08 15:15:55.545937 dv-cinder-760194-11-iscsi neutron-server[94048]: DEBUG neutron_lib.callbacks.manager [req-faf1fbd7-06a5-42cf-953f-8d73e665b40d req-c4d54f70-bc12-4bcb-beee-195937b28a61 service neutron] Notify callbacks [] for port, precommit_update {{(pid=94048) _notify_loop /usr/local/lib/python3.8/dist-packages/neutron_lib/callbacks/manager.py:192}}
Sep 08 15:15:55.572857 dv-cinder-760194-11-iscsi neutron-server[94048]: INFO neutron.wsgi [req-862c0d6d-dffc-432a-8c7d-b64eea6d696f req-9b71742e-2a11-4192-a87a-17be99a5a5fd service neutron] 10.222.0.39 "GET /v2.0/networks/39aafd29-9ca8-4beb-a70f-22f9bd6aba79?fields=provider%3Aphysical_network&fields=provider%3Anetwork_type HTTP/1.1" status: 200 len: 281 time: 0.4355142
Sep 08 15:15:55.592590 dv-cinder-760194-11-iscsi neutron-server[94048]: DEBUG neutron.notifiers.nova [req-0ea9e832-4ef8-4788-838c-2935526b073b req-8683aa7c-8207-405d-aaed-3dda908b0fd3 service neutron] Ignoring state change previous_port_status: DOWN current_port_status: DOWN port_id 7337dc4c-ac8d-4c61-b1cd-a1ebfb789fb9 {{(pid=94048) record_port_status_changed /opt/stack/neutron/neutron/notifiers/nova.py:224}}
Sep 08 15:15:55.612729 dv-cinder-760194-11-iscsi neutron-server[94048]: DEBUG neutron_lib.callbacks.manager [req-0ea9e832-4ef8-4788-838c-2935526b073b req-8683aa7c-8207-405d-aaed-3dda908b0fd3 service neutron] Notify callbacks [] for port, precommit_update {{(pid=94048) _notify_loop /usr/local/lib/python3.8/dist-packages/neutron_lib/callbacks/manager.py:192}}
Sep 08 15:15:55.615034 dv-cinder-760194-11-iscsi neutron-server[94048]: DEBUG neutron.db.provisioning_blocks [req-faf1fbd7-06a5-42cf-953f-8d73e665b40d req-c4d54f70-bc12-4bcb-beee-195937b28a61 service neutron] Transition to ACTIVE for port object 397c1ba8-092b-4eac-ac4d-3cc752f2211d will not be triggered until provisioned by entity L2. {{(pid=94048) add_provisioning_component /opt/stack/neutron/neutron/db/provisioning_blocks.py:73}}
Sep 08 15:15:55.638613 dv-cinder-760194-11-iscsi neutron-server[94048]: DEBUG neutron_lib.callbacks.manager [req-faf1fbd7-06a5-42cf-953f-8d73e665b40d req-c4d54f70-bc12-4bcb-beee-195937b28a61 service neutron] Notify callbacks ['neutron.plugins.ml2.plugin.SecurityGroupServerNotifierRpcMixin._notify_sg_on_port_change-545563', 'neutron.plugins.ml2.ovo_rpc._ObjectChangeHandler.handle_event-34542', 'neutron.api.rpc.agentnotifiers.dhcp_rpc_agent_api.DhcpAgentNotifyAPI._native_event_send_dhcp_notification-16316666', 'neutron.db.l3_db.L3RpcNotifierMixin._notify_gateway_port_ip_changed-8748672542190', 'neutron.db.l3_dvrscheduler_db._notify_l3_agent_port_update-8748672023745', 'neutron.db.l3_hascheduler_db._notify_l3_agent_ha_port_update-8748672023763'] for port, after_update {{(pid=94048) _notify_loop /usr/local/lib/python3.8/dist-packages/neutron_lib/callbacks/manager.py:192}}
Sep 08 15:15:55.640431 dv-cinder-760194-11-iscsi neutron-server[94048]: DEBUG neutron_lib.callbacks.manager [None req-388ea3bb-365c-4b28-b69b-2f15d72f38de admin admin] Notify callbacks [] for security_group, before_create {{(pid=94048) _notify_loop /usr/local/lib/python3.8/dist-packages/neutron_lib/callbacks/manager.py:192}}
Sep 08 15:15:55.642804 dv-cinder-760194-11-iscsi neutron-server[94048]: DEBUG neutron_lib.callbacks.manager [None req-4ac6bc2a-8458-4147-b741-427defaf470c admin admin] Notify callbacks [] for security_group, before_create {{(pid=94048) _notify_loop /usr/local/lib/python3.8/dist-packages/neutron_lib/callbacks/manager.py:192}}
Sep 08 15:15:55.671941 dv-cinder-760194-11-iscsi neutron-server[94048]: DEBUG neutron.db.provisioning_blocks [req-0ea9e832-4ef8-4788-838c-2935526b073b req-8683aa7c-8207-405d-aaed-3dda908b0fd3 service neutron] Transition to ACTIVE for port object 7337dc4c-ac8d-4c61-b1cd-a1ebfb789fb9 will not be triggered until provisioned by entity L2. {{(pid=94048) add_provisioning_component /opt/stack/neutron/neutron/db/provisioning_blocks.py:73}}
Sep 08 15:15:55.677384 dv-cinder-760194-11-iscsi neutron-server[94048]: INFO neutron.wsgi [req-a53ad785-0291-4b88-9f36-1caf0387f338 req-39a934f1-21dc-469a-b3b2-18659c2bb974 tempest-AttachVolumeTestJSON-1715442803 tempest-AttachVolumeTestJSON-1715442803-project] 10.222.0.36 "GET /v2.0/security-groups?id=b4d4d85e-7c06-4030-9ac1-d7872e21a67d&fields=id&fields=name HTTP/1.1" status: 200 len: 313 time: 0.1253531
Sep 08 15:15:55.689202 dv-cinder-760194-11-iscsi neutron-server[94048]: DEBUG neutron_lib.callbacks.manager [req-0ea9e832-4ef8-4788-838c-2935526b073b req-8683aa7c-8207-405d-aaed-3dda908b0fd3 service neutron] Notify callbacks ['neutron.plugins.ml2.plugin.SecurityGroupServerNotifierRpcMixin._notify_sg_on_port_change-545563', 'neutron.plugins.ml2.ovo_rpc._ObjectChangeHandler.handle_event-34542', 'neutron.api.rpc.agentnotifiers.dhcp_rpc_agent_api.DhcpAgentNotifyAPI._native_event_send_dhcp_notification-16316666', 'neutron.db.l3_db.L3RpcNotifierMixin._notify_gateway_port_ip_changed-8748672542190', 'neutron.db.l3_dvrscheduler_db._notify_l3_agent_port_update-8748672023745', 'neutron.db.l3_hascheduler_db._notify_l3_agent_ha_port_update-8748672023763'] for port, after_update {{(pid=94048) _notify_loop /usr/local/lib/python3.8/dist-packages/neutron_lib/callbacks/manager.py:192}}
Sep 08 15:15:55.700368 dv-cinder-760194-11-iscsi neutron-server[94047]: DEBUG neutron.db.db_base_plugin_common [req-45657a25-5c6d-4f58-84d7-c309a4f46327 req-1f66a840-7e29-4843-9227-1aaea49a4824 tempest-ServerRescueNegativeTestJSON-692194011 tempest-ServerRescueNegativeTestJSON-692194011-project] Allocated IP 172.20.0.12 (5c62e525-d93a-481d-bf71-fedeea99d384/07fb414f-5520-43ed-8b62-6c1e7222a992/55957e28-e5cb-4c01-bd2a-d36cb73265e1) {{(pid=94047) _store_ip_allocation /opt/stack/neutron/neutron/db/db_base_plugin_common.py:131}}
Sep 08 15:15:55.744879 dv-cinder-760194-11-iscsi neutron-server[94047]: DEBUG neutron.pecan_wsgi.hooks.policy_enforcement [req-d8af54d2-4887-4944-a8c5-29b5f5c7bab0 req-e970ea39-8c63-4a1b-a65d-c099ba93bfd2 service neutron] Attributes excluded by policy engine: ['standard_attr_id', 'vlan_transparent'] {{(pid=94047) _exclude_attributes_by_policy /opt/stack/neutron/neutron/pecan_wsgi/hooks/policy_enforcement.py:255}}
Sep 08 15:15:55.746527 dv-cinder-760194-11-iscsi neutron-server[94047]: INFO neutron.wsgi [req-d8af54d2-4887-4944-a8c5-29b5f5c7bab0 req-e970ea39-8c63-4a1b-a65d-c099ba93bfd2 service neutron] 10.222.0.39 "GET /v2.0/networks?shared=True HTTP/1.1" status: 200 len: 870 time: 0.2136300
Sep 08 15:15:55.807306 dv-cinder-760194-11-iscsi neutron-server[94048]: DEBUG neutron.api.rpc.handlers.resources_rpc [None req-c4d54f70-bc12-4bcb-beee-195937b28a61 service neutron] Pushing event updated for resources: {'Port': ['ID=397c1ba8-092b-4eac-ac4d-3cc752f2211d,revision_number=2']} {{(pid=94048) push /opt/stack/neutron/neutron/api/rpc/handlers/resources_rpc.py:237}}
Sep 08 15:15:55.867061 dv-cinder-760194-11-iscsi neutron-server[94048]: INFO neutron.wsgi [req-339e6939-155e-4490-81a9-c852c312e7b0 req-b55944e5-cf9e-4072-bbfe-b3ec5a10faf6 tempest-ServerRescueNegativeTestJSON-692194011 tempest-ServerRescueNegativeTestJSON-692194011-project] 10.222.0.36 "GET /v2.0/ports?device_id=c70acd44-3384-46ef-b1b9-b2f75889af12 HTTP/1.1" status: 200 len: 210 time: 0.1322069
Sep 08 15:15:55.946914 dv-cinder-760194-11-iscsi neutron-server[94048]: DEBUG neutron_lib.callbacks.manager [None req-388ea3bb-365c-4b28-b69b-2f15d72f38de admin admin] Notify callbacks [] for security_group, precommit_create {{(pid=94048) _notify_loop /usr/local/lib/python3.8/dist-packages/neutron_lib/callbacks/manager.py:192}}
Sep 08 15:15:55.965677 dv-cinder-760194-11-iscsi neutron-server[94048]: DEBUG neutron_lib.callbacks.manager [None req-388ea3bb-365c-4b28-b69b-2f15d72f38de admin admin] Notify callbacks ['neutron.plugins.ml2.ovo_rpc._ObjectChangeHandler.handle_event-16378058'] for security_group, after_create {{(pid=94048) _notify_loop /usr/local/lib/python3.8/dist-packages/neutron_lib/callbacks/manager.py:192}}
Sep 08 15:15:55.968489 dv-cinder-760194-11-iscsi neutron-server[94048]: DEBUG neutron.plugins.ml2.managers [req-faf1fbd7-06a5-42cf-953f-8d73e665b40d req-c4d54f70-bc12-4bcb-beee-195937b28a61 service neutron] Attempting to bind port 397c1ba8-092b-4eac-ac4d-3cc752f2211d on host hv-cinder-76019 for vnic_type normal with profile {{(pid=94048) bind_port /opt/stack/neutron/neutron/plugins/ml2/managers.py:790}}
Sep 08 15:15:55.968997 dv-cinder-760194-11-iscsi neutron-server[94048]: DEBUG neutron.plugins.ml2.managers [req-faf1fbd7-06a5-42cf-953f-8d73e665b40d req-c4d54f70-bc12-4bcb-beee-195937b28a61 service neutron] Attempting to bind port 397c1ba8-092b-4eac-ac4d-3cc752f2211d by drivers openvswitch,hyperv on host hv-cinder-76019 at level 0 using segments [{'id': '917bedf5-1098-46f9-b3e8-ee3578a25790', 'network_type': 'vlan', 'physical_network': 'physnet1', 'segmentation_id': 557, 'network_id': 'a2d9f5e1-dd7d-4a58-9707-b8bf7368c633'}] {{(pid=94048) _bind_port_level /opt/stack/neutron/neutron/plugins/ml2/managers.py:815}}
Sep 08 15:15:55.969472 dv-cinder-760194-11-iscsi neutron-server[94048]: DEBUG neutron.plugins.ml2.drivers.mech_agent [req-faf1fbd7-06a5-42cf-953f-8d73e665b40d req-c4d54f70-bc12-4bcb-beee-195937b28a61 service neutron] Attempting to bind port 397c1ba8-092b-4eac-ac4d-3cc752f2211d on network a2d9f5e1-dd7d-4a58-9707-b8bf7368c633 {{(pid=94048) bind_port /opt/stack/neutron/neutron/plugins/ml2/drivers/mech_agent.py:85}}
Sep 08 15:15:56.026371 dv-cinder-760194-11-iscsi neutron-server[94048]: DEBUG neutron.plugins.ml2.drivers.mech_agent [req-faf1fbd7-06a5-42cf-953f-8d73e665b40d req-c4d54f70-bc12-4bcb-beee-195937b28a61 service neutron] Port 397c1ba8-092b-4eac-ac4d-3cc752f2211d on network a2d9f5e1-dd7d-4a58-9707-b8bf7368c633 not bound, no agent of type Open vSwitch agent registered on host hv-cinder-76019 {{(pid=94048) bind_port /opt/stack/neutron/neutron/plugins/ml2/drivers/mech_agent.py:97}}
Sep 08 15:15:56.026896 dv-cinder-760194-11-iscsi neutron-server[94048]: DEBUG neutron.plugins.ml2.drivers.mech_agent [req-faf1fbd7-06a5-42cf-953f-8d73e665b40d req-c4d54f70-bc12-4bcb-beee-195937b28a61 service neutron] Attempting to bind port 397c1ba8-092b-4eac-ac4d-3cc752f2211d on network a2d9f5e1-dd7d-4a58-9707-b8bf7368c633 {{(pid=94048) bind_port /opt/stack/neutron/neutron/plugins/ml2/drivers/mech_agent.py:85}}
Sep 08 15:15:56.029166 dv-cinder-760194-11-iscsi neutron-server[94048]: DEBUG neutron.api.rpc.handlers.resources_rpc [None req-8683aa7c-8207-405d-aaed-3dda908b0fd3 service neutron] Pushing event updated for resources: {'Port': ['ID=7337dc4c-ac8d-4c61-b1cd-a1ebfb789fb9,revision_number=2']} {{(pid=94048) push /opt/stack/neutron/neutron/api/rpc/handlers/resources_rpc.py:237}}
Sep 08 15:15:56.043840 dv-cinder-760194-11-iscsi neutron-server[94048]: DEBUG neutron.plugins.ml2.managers [req-0ea9e832-4ef8-4788-838c-2935526b073b req-8683aa7c-8207-405d-aaed-3dda908b0fd3 service neutron] Attempting to bind port 7337dc4c-ac8d-4c61-b1cd-a1ebfb789fb9 on host hv-cinder-76019 for vnic_type normal with profile {{(pid=94048) bind_port /opt/stack/neutron/neutron/plugins/ml2/managers.py:790}}
Sep 08 15:15:56.044440 dv-cinder-760194-11-iscsi neutron-server[94048]: DEBUG neutron.plugins.ml2.managers [req-0ea9e832-4ef8-4788-838c-2935526b073b req-8683aa7c-8207-405d-aaed-3dda908b0fd3 service neutron] Attempting to bind port 7337dc4c-ac8d-4c61-b1cd-a1ebfb789fb9 by drivers openvswitch,hyperv on host hv-cinder-76019 at level 0 using segments [{'id': 'c865b9dc-dfeb-455f-b049-c92b4abbe506', 'network_type': 'vlan', 'physical_network': 'physnet1', 'segmentation_id': 561, 'network_id': 'd8f2eeb7-a88d-4e54-8a6e-ea78c3b4073d'}] {{(pid=94048) _bind_port_level /opt/stack/neutron/neutron/plugins/ml2/managers.py:815}}
Sep 08 15:15:56.044669 dv-cinder-760194-11-iscsi neutron-server[94048]: DEBUG neutron.plugins.ml2.drivers.mech_agent [req-0ea9e832-4ef8-4788-838c-2935526b073b req-8683aa7c-8207-405d-aaed-3dda908b0fd3 service neutron] Attempting to bind port 7337dc4c-ac8d-4c61-b1cd-a1ebfb789fb9 on network d8f2eeb7-a88d-4e54-8a6e-ea78c3b4073d {{(pid=94048) bind_port /opt/stack/neutron/neutron/plugins/ml2/drivers/mech_agent.py:85}}
Sep 08 15:15:56.073009 dv-cinder-760194-11-iscsi neutron-server[94048]: DEBUG neutron.plugins.ml2.drivers.mech_agent [req-0ea9e832-4ef8-4788-838c-2935526b073b req-8683aa7c-8207-405d-aaed-3dda908b0fd3 service neutron] Port 7337dc4c-ac8d-4c61-b1cd-a1ebfb789fb9 on network d8f2eeb7-a88d-4e54-8a6e-ea78c3b4073d not bound, no agent of type Open vSwitch agent registered on host hv-cinder-76019 {{(pid=94048) bind_port /opt/stack/neutron/neutron/plugins/ml2/drivers/mech_agent.py:97}}
Sep 08 15:15:56.073331 dv-cinder-760194-11-iscsi neutron-server[94048]: DEBUG neutron.plugins.ml2.drivers.mech_agent [req-0ea9e832-4ef8-4788-838c-2935526b073b req-8683aa7c-8207-405d-aaed-3dda908b0fd3 service neutron] Attempting to bind port 7337dc4c-ac8d-4c61-b1cd-a1ebfb789fb9 on network d8f2eeb7-a88d-4e54-8a6e-ea78c3b4073d {{(pid=94048) bind_port /opt/stack/neutron/neutron/plugins/ml2/drivers/mech_agent.py:85}}
Sep 08 15:15:56.076036 dv-cinder-760194-11-iscsi neutron-server[94047]: DEBUG neutron.pecan_wsgi.hooks.policy_enforcement [req-5c2dcd10-f4d0-40d4-a308-1de753ded68e req-d72539e8-6661-46d8-8489-388582611300 service neutron] Attributes excluded by policy engine: ['standard_attr_id'] {{(pid=94047) _exclude_attributes_by_policy /opt/stack/neutron/neutron/pecan_wsgi/hooks/policy_enforcement.py:255}}
Sep 08 15:15:56.078268 dv-cinder-760194-11-iscsi neutron-server[94047]: INFO neutron.wsgi [req-5c2dcd10-f4d0-40d4-a308-1de753ded68e req-d72539e8-6661-46d8-8489-388582611300 service neutron] 10.222.0.39 "GET /v2.0/ports?tenant_id=3bd93da57bd64ca6b26e901016ce08bc&device_id=afa2c485-3480-401b-b427-1b1cf69541cb HTTP/1.1" status: 200 len: 1096 time: 0.2893689
Sep 08 15:15:56.082582 dv-cinder-760194-11-iscsi neutron-server[94048]: DEBUG neutron.plugins.ml2.drivers.mech_agent [req-faf1fbd7-06a5-42cf-953f-8d73e665b40d req-c4d54f70-bc12-4bcb-beee-195937b28a61 service neutron] Checking agent: {'id': '0b52b719-e8dc-4de1-acce-ea6f063e8ee4', 'agent_type': 'HyperV agent', 'binary': 'neutron-hyperv-agent', 'topic': 'N/A', 'host': 'hv-cinder-76019', 'admin_state_up': True, 'created_at': datetime.datetime(2021, 9, 8, 15, 13, 33), 'started_at': datetime.datetime(2021, 9, 8, 15, 13, 33), 'heartbeat_timestamp': datetime.datetime(2021, 9, 8, 15, 15, 34), 'description': None, 'resources_synced': None, 'availability_zone': None, 'alive': True, 'configurations': {'vswitch_mappings': {'physnet1$': 'br-data'}}, 'resource_versions': {}} {{(pid=94048) bind_port /opt/stack/neutron/neutron/plugins/ml2/drivers/mech_agent.py:104}}
Sep 08 15:15:56.082918 dv-cinder-760194-11-iscsi neutron-server[94048]: DEBUG neutron.plugins.ml2.drivers.mech_agent [req-faf1fbd7-06a5-42cf-953f-8d73e665b40d req-c4d54f70-bc12-4bcb-beee-195937b28a61 service neutron] Checking segment: {'id': '917bedf5-1098-46f9-b3e8-ee3578a25790', 'network_type': 'vlan', 'physical_network': 'physnet1', 'segmentation_id': 557, 'network_id': 'a2d9f5e1-dd7d-4a58-9707-b8bf7368c633'} for mappings: {'physnet1$': 'br-data'} with network types: ['local', 'flat', 'vlan'] {{(pid=94048) check_segment_for_agent /opt/stack/neutron/neutron/plugins/ml2/drivers/mech_agent.py:352}}
Sep 08 15:15:56.083299 dv-cinder-760194-11-iscsi neutron-server[94048]: DEBUG neutron.plugins.ml2.drivers.mech_agent [req-faf1fbd7-06a5-42cf-953f-8d73e665b40d req-c4d54f70-bc12-4bcb-beee-195937b28a61 service neutron] Bound using segment: {'id': '917bedf5-1098-46f9-b3e8-ee3578a25790', 'network_type': 'vlan', 'physical_network': 'physnet1', 'segmentation_id': 557, 'network_id': 'a2d9f5e1-dd7d-4a58-9707-b8bf7368c633'} {{(pid=94048) bind_port /opt/stack/neutron/neutron/plugins/ml2/drivers/mech_agent.py:114}}
Sep 08 15:15:56.083735 dv-cinder-760194-11-iscsi neutron-server[94048]: DEBUG neutron.plugins.ml2.managers [req-faf1fbd7-06a5-42cf-953f-8d73e665b40d req-c4d54f70-bc12-4bcb-beee-195937b28a61 service neutron] Bound port: 397c1ba8-092b-4eac-ac4d-3cc752f2211d, host: hv-cinder-76019, vif_type: hyperv, vif_details: {"connectivity": "legacy", "port_filter": false}, binding_levels: [{'bound_driver': 'hyperv', 'bound_segment': {'id': '917bedf5-1098-46f9-b3e8-ee3578a25790', 'network_type': 'vlan', 'physical_network': 'physnet1', 'segmentation_id': 557, 'network_id': 'a2d9f5e1-dd7d-4a58-9707-b8bf7368c633'}}] {{(pid=94048) _bind_port_level /opt/stack/neutron/neutron/plugins/ml2/managers.py:928}}
Sep 08 15:15:56.084085 dv-cinder-760194-11-iscsi neutron-server[94048]: DEBUG neutron_lib.callbacks.manager [req-faf1fbd7-06a5-42cf-953f-8d73e665b40d req-c4d54f70-bc12-4bcb-beee-195937b28a61 service neutron] Notify callbacks ['neutron.plugins.ml2.plugin.SecurityGroupDbMixin._ensure_default_security_group_handler-545628'] for port, before_update {{(pid=94048) _notify_loop /usr/local/lib/python3.8/dist-packages/neutron_lib/callbacks/manager.py:192}}
Sep 08 15:15:56.118617 dv-cinder-760194-11-iscsi neutron-server[94048]: INFO neutron.wsgi [None req-388ea3bb-365c-4b28-b69b-2f15d72f38de admin admin] 10.222.0.36 "GET /v2.0/security-groups?tenant_id=fe225c82a0fb4e9987e015b2f38072e1&name=default HTTP/1.1" status: 200 len: 2979 time: 0.8208907
Sep 08 15:15:56.124116 dv-cinder-760194-11-iscsi neutron-server[94047]: DEBUG neutron.wsgi [-] (94047) accepted ('10.222.0.36', 51592) {{(pid=94047) server /usr/local/lib/python3.8/dist-packages/eventlet/wsgi.py:982}}
Sep 08 15:15:56.132771 dv-cinder-760194-11-iscsi neutron-server[94048]: DEBUG neutron.api.rpc.handlers.resources_rpc [None req-388ea3bb-365c-4b28-b69b-2f15d72f38de admin admin] Pushing event updated for resources: {'SecurityGroup': ['ID=f03ad3fe-cda5-45f3-83f0-9825b9f788ce,revision_number=1']} {{(pid=94048) push /opt/stack/neutron/neutron/api/rpc/handlers/resources_rpc.py:237}}
Sep 08 15:15:56.139469 dv-cinder-760194-11-iscsi neutron-server[94048]: DEBUG neutron.plugins.ml2.drivers.mech_agent [req-0ea9e832-4ef8-4788-838c-2935526b073b req-8683aa7c-8207-405d-aaed-3dda908b0fd3 service neutron] Checking agent: {'id': '0b52b719-e8dc-4de1-acce-ea6f063e8ee4', 'agent_type': 'HyperV agent', 'binary': 'neutron-hyperv-agent', 'topic': 'N/A', 'host': 'hv-cinder-76019', 'admin_state_up': True, 'created_at': datetime.datetime(2021, 9, 8, 15, 13, 33), 'started_at': datetime.datetime(2021, 9, 8, 15, 13, 33), 'heartbeat_timestamp': datetime.datetime(2021, 9, 8, 15, 15, 34), 'description': None, 'resources_synced': None, 'availability_zone': None, 'alive': True, 'configurations': {'vswitch_mappings': {'physnet1$': 'br-data'}}, 'resource_versions': {}} {{(pid=94048) bind_port /opt/stack/neutron/neutron/plugins/ml2/drivers/mech_agent.py:104}}
Sep 08 15:15:56.139807 dv-cinder-760194-11-iscsi neutron-server[94048]: DEBUG neutron.plugins.ml2.drivers.mech_agent [req-0ea9e832-4ef8-4788-838c-2935526b073b req-8683aa7c-8207-405d-aaed-3dda908b0fd3 service neutron] Checking segment: {'id': 'c865b9dc-dfeb-455f-b049-c92b4abbe506', 'network_type': 'vlan', 'physical_network': 'physnet1', 'segmentation_id': 561, 'network_id': 'd8f2eeb7-a88d-4e54-8a6e-ea78c3b4073d'} for mappings: {'physnet1$': 'br-data'} with network types: ['local', 'flat', 'vlan'] {{(pid=94048) check_segment_for_agent /opt/stack/neutron/neutron/plugins/ml2/drivers/mech_agent.py:352}}
Sep 08 15:15:56.140185 dv-cinder-760194-11-iscsi neutron-server[94048]: DEBUG neutron.plugins.ml2.drivers.mech_agent [req-0ea9e832-4ef8-4788-838c-2935526b073b req-8683aa7c-8207-405d-aaed-3dda908b0fd3 service neutron] Bound using segment: {'id': 'c865b9dc-dfeb-455f-b049-c92b4abbe506', 'network_type': 'vlan', 'physical_network': 'physnet1', 'segmentation_id': 561, 'network_id': 'd8f2eeb7-a88d-4e54-8a6e-ea78c3b4073d'} {{(pid=94048) bind_port /opt/stack/neutron/neutron/plugins/ml2/drivers/mech_agent.py:114}}
Sep 08 15:15:56.140610 dv-cinder-760194-11-iscsi neutron-server[94048]: DEBUG neutron.plugins.ml2.managers [req-0ea9e832-4ef8-4788-838c-2935526b073b req-8683aa7c-8207-405d-aaed-3dda908b0fd3 service neutron] Bound port: 7337dc4c-ac8d-4c61-b1cd-a1ebfb789fb9, host: hv-cinder-76019, vif_type: hyperv, vif_details: {"connectivity": "legacy", "port_filter": false}, binding_levels: [{'bound_driver': 'hyperv', 'bound_segment': {'id': 'c865b9dc-dfeb-455f-b049-c92b4abbe506', 'network_type': 'vlan', 'physical_network': 'physnet1', 'segmentation_id': 561, 'network_id': 'd8f2eeb7-a88d-4e54-8a6e-ea78c3b4073d'}}] {{(pid=94048) _bind_port_level /opt/stack/neutron/neutron/plugins/ml2/managers.py:928}}
Sep 08 15:15:56.141096 dv-cinder-760194-11-iscsi neutron-server[94048]: DEBUG neutron_lib.callbacks.manager [req-0ea9e832-4ef8-4788-838c-2935526b073b req-8683aa7c-8207-405d-aaed-3dda908b0fd3 service neutron] Notify callbacks ['neutron.plugins.ml2.plugin.SecurityGroupDbMixin._ensure_default_security_group_handler-545628'] for port, before_update {{(pid=94048) _notify_loop /usr/local/lib/python3.8/dist-packages/neutron_lib/callbacks/manager.py:192}}
Sep 08 15:15:56.175770 dv-cinder-760194-11-iscsi neutron-server[94047]: INFO neutron.wsgi [req-5c2dcd10-f4d0-40d4-a308-1de753ded68e req-cfe500e7-af6e-406e-b7ad-42b7dedcd89f service neutron] 10.222.0.39 "GET /v2.0/floatingips?fixed_ip_address=172.20.0.5&port_id=ed38ea17-ca34-49d1-83f0-f7555acce21d HTTP/1.1" status: 200 len: 217 time: 0.0887551
Sep 08 15:15:56.230946 dv-cinder-760194-11-iscsi neutron-server[94047]: DEBUG neutron_lib.callbacks.manager [req-45657a25-5c6d-4f58-84d7-c309a4f46327 req-1f66a840-7e29-4843-9227-1aaea49a4824 tempest-ServerRescueNegativeTestJSON-692194011 tempest-ServerRescueNegativeTestJSON-692194011-project] Notify callbacks [] for port, precommit_create {{(pid=94047) _notify_loop /usr/local/lib/python3.8/dist-packages/neutron_lib/callbacks/manager.py:192}}
Sep 08 15:15:56.235834 dv-cinder-760194-11-iscsi neutron-server[94048]: DEBUG neutron.pecan_wsgi.hooks.policy_enforcement [req-bae109ab-396d-4574-980c-e04f05b332c7 req-be2cf9f1-46be-4162-8857-8ad890737484 tempest-DeleteServersTestJSON-820114353 tempest-DeleteServersTestJSON-820114353-project] Attributes excluded by policy engine: ['standard_attr_id', 'binding:profile', 'binding:host_id', 'binding:vif_type', 'binding:vif_details'] {{(pid=94048) _exclude_attributes_by_policy /opt/stack/neutron/neutron/pecan_wsgi/hooks/policy_enforcement.py:255}}
Sep 08 15:15:56.237354 dv-cinder-760194-11-iscsi neutron-server[94048]: INFO neutron.wsgi [req-bae109ab-396d-4574-980c-e04f05b332c7 req-be2cf9f1-46be-4162-8857-8ad890737484 tempest-DeleteServersTestJSON-820114353 tempest-DeleteServersTestJSON-820114353-project] 10.222.0.36 "GET /v2.0/ports?device_id=089ecaaf-d60a-4506-a857-649c578a07a9 HTTP/1.1" status: 200 len: 943 time: 0.2156913
Sep 08 15:15:56.275011 dv-cinder-760194-11-iscsi neutron-server[94047]: DEBUG neutron.pecan_wsgi.hooks.policy_enforcement [req-5c2dcd10-f4d0-40d4-a308-1de753ded68e req-50bae1f7-2cdd-4017-960d-f206ae8e1bb9 service neutron] Attributes excluded by policy engine: ['standard_attr_id', 'shared'] {{(pid=94047) _exclude_attributes_by_policy /opt/stack/neutron/neutron/pecan_wsgi/hooks/policy_enforcement.py:255}}
Sep 08 15:15:56.276472 dv-cinder-760194-11-iscsi neutron-server[94047]: INFO neutron.wsgi [req-5c2dcd10-f4d0-40d4-a308-1de753ded68e req-50bae1f7-2cdd-4017-960d-f206ae8e1bb9 service neutron] 10.222.0.39 "GET /v2.0/subnets?id=07fb414f-5520-43ed-8b62-6c1e7222a992 HTTP/1.1" status: 200 len: 859 time: 0.0927684
Sep 08 15:15:56.300350 dv-cinder-760194-11-iscsi neutron-server[94048]: DEBUG neutron.plugins.ml2.db [req-faf1fbd7-06a5-42cf-953f-8d73e665b40d req-c4d54f70-bc12-4bcb-beee-195937b28a61 service neutron] For port 397c1ba8-092b-4eac-ac4d-3cc752f2211d, host hv-cinder-76019, cleared binding levels {{(pid=94048) clear_binding_levels /opt/stack/neutron/neutron/plugins/ml2/db.py:87}}
Sep 08 15:15:56.340535 dv-cinder-760194-11-iscsi neutron-server[94048]: DEBUG neutron.plugins.ml2.db [req-faf1fbd7-06a5-42cf-953f-8d73e665b40d req-c4d54f70-bc12-4bcb-beee-195937b28a61 service neutron] For port 397c1ba8-092b-4eac-ac4d-3cc752f2211d, host hv-cinder-76019, set binding levels [PortBindingLevel(driver='hyperv',host='hv-cinder-76019',level=0,port_id=397c1ba8-092b-4eac-ac4d-3cc752f2211d,segment=NetworkSegment(917bedf5-1098-46f9-b3e8-ee3578a25790),segment_id=917bedf5-1098-46f9-b3e8-ee3578a25790)] {{(pid=94048) set_binding_levels /opt/stack/neutron/neutron/plugins/ml2/db.py:59}}
Sep 08 15:15:56.344139 dv-cinder-760194-11-iscsi neutron-server[94047]: DEBUG neutron_lib.callbacks.manager [None req-8fca4361-5712-4b78-bc62-005d237bfbe1 admin admin] Notify callbacks [] for security_group, before_delete {{(pid=94047) _notify_loop /usr/local/lib/python3.8/dist-packages/neutron_lib/callbacks/manager.py:192}}
Sep 08 15:15:56.349170 dv-cinder-760194-11-iscsi neutron-server[94047]: INFO neutron.wsgi [req-5c2dcd10-f4d0-40d4-a308-1de753ded68e req-108ff42e-9571-416f-a098-aa40dbf3cc92 service neutron] 10.222.0.39 "GET /v2.0/ports?network_id=5c62e525-d93a-481d-bf71-fedeea99d384&device_owner=network%3Adhcp HTTP/1.1" status: 200 len: 210 time: 0.0601859
Sep 08 15:15:56.351453 dv-cinder-760194-11-iscsi neutron-server[94048]: DEBUG neutron.plugins.ml2.db [req-0ea9e832-4ef8-4788-838c-2935526b073b req-8683aa7c-8207-405d-aaed-3dda908b0fd3 service neutron] For port 7337dc4c-ac8d-4c61-b1cd-a1ebfb789fb9, host hv-cinder-76019, cleared binding levels {{(pid=94048) clear_binding_levels /opt/stack/neutron/neutron/plugins/ml2/db.py:87}}
Sep 08 15:15:56.354938 dv-cinder-760194-11-iscsi neutron-server[94048]: DEBUG neutron_lib.callbacks.manager [None req-4ac6bc2a-8458-4147-b741-427defaf470c admin admin] Notify callbacks [] for security_group, precommit_create {{(pid=94048) _notify_loop /usr/local/lib/python3.8/dist-packages/neutron_lib/callbacks/manager.py:192}}
Sep 08 15:15:56.356336 dv-cinder-760194-11-iscsi neutron-server[94048]: DEBUG neutron_lib.callbacks.manager [req-faf1fbd7-06a5-42cf-953f-8d73e665b40d req-c4d54f70-bc12-4bcb-beee-195937b28a61 service neutron] Notify callbacks ['neutron.plugins.ml2.plugin.SecurityGroupServerNotifierRpcMixin._notify_sg_on_port_change-545563', 'neutron.plugins.ml2.ovo_rpc._ObjectChangeHandler.handle_event-34542', 'neutron.api.rpc.agentnotifiers.dhcp_rpc_agent_api.DhcpAgentNotifyAPI._native_event_send_dhcp_notification-16316666', 'neutron.db.l3_db.L3RpcNotifierMixin._notify_gateway_port_ip_changed-8748672542190', 'neutron.db.l3_dvrscheduler_db._notify_l3_agent_port_update-8748672023745', 'neutron.db.l3_hascheduler_db._notify_l3_agent_ha_port_update-8748672023763'] for port, after_update {{(pid=94048) _notify_loop /usr/local/lib/python3.8/dist-packages/neutron_lib/callbacks/manager.py:192}}
Sep 08 15:15:56.360518 dv-cinder-760194-11-iscsi neutron-server[94048]: INFO neutron.wsgi [req-bae109ab-396d-4574-980c-e04f05b332c7 req-633fa082-3839-4bd2-a2f5-ac53b72eef41 tempest-DeleteServersTestJSON-820114353 tempest-DeleteServersTestJSON-820114353-project] 10.222.0.36 "GET /v2.0/security-groups?id=ba302c67-5696-4a4d-8ca5-9c6cfa4b534c&fields=id&fields=name HTTP/1.1" status: 200 len: 286 time: 0.1078076
Sep 08 15:15:56.394688 dv-cinder-760194-11-iscsi neutron-server[94048]: DEBUG neutron_lib.callbacks.manager [None req-4ac6bc2a-8458-4147-b741-427defaf470c admin admin] Notify callbacks ['neutron.plugins.ml2.ovo_rpc._ObjectChangeHandler.handle_event-16378058'] for security_group, after_create {{(pid=94048) _notify_loop /usr/local/lib/python3.8/dist-packages/neutron_lib/callbacks/manager.py:192}}
Sep 08 15:15:56.394899 dv-cinder-760194-11-iscsi neutron-server[94047]: DEBUG neutron_lib.callbacks.manager [req-45657a25-5c6d-4f58-84d7-c309a4f46327 req-1f66a840-7e29-4843-9227-1aaea49a4824 tempest-ServerRescueNegativeTestJSON-692194011 tempest-ServerRescueNegativeTestJSON-692194011-project] Notify callbacks ['neutron.plugins.ml2.plugin.SecurityGroupServerNotifierRpcMixin._notify_sg_on_port_change-545563', 'neutron.plugins.ml2.ovo_rpc._ObjectChangeHandler.handle_event-34542', 'neutron.api.rpc.agentnotifiers.dhcp_rpc_agent_api.DhcpAgentNotifyAPI._native_event_send_dhcp_notification-16316666', 'neutron.db.l3_dvrscheduler_db._notify_l3_agent_new_port-8748672023727'] for port, after_create {{(pid=94047) _notify_loop /usr/local/lib/python3.8/dist-packages/neutron_lib/callbacks/manager.py:192}}
Sep 08 15:15:56.397997 dv-cinder-760194-11-iscsi neutron-server[94047]: DEBUG neutron_lib.callbacks.manager [None req-8fca4361-5712-4b78-bc62-005d237bfbe1 admin admin] Notify callbacks [] for security_group, precommit_delete {{(pid=94047) _notify_loop /usr/local/lib/python3.8/dist-packages/neutron_lib/callbacks/manager.py:192}}
Sep 08 15:15:56.398723 dv-cinder-760194-11-iscsi neutron-server[94048]: DEBUG neutron.plugins.ml2.db [req-0ea9e832-4ef8-4788-838c-2935526b073b req-8683aa7c-8207-405d-aaed-3dda908b0fd3 service neutron] For port 7337dc4c-ac8d-4c61-b1cd-a1ebfb789fb9, host hv-cinder-76019, set binding levels [PortBindingLevel(driver='hyperv',host='hv-cinder-76019',level=0,port_id=7337dc4c-ac8d-4c61-b1cd-a1ebfb789fb9,segment=NetworkSegment(c865b9dc-dfeb-455f-b049-c92b4abbe506),segment_id=c865b9dc-dfeb-455f-b049-c92b4abbe506)] {{(pid=94048) set_binding_levels /opt/stack/neutron/neutron/plugins/ml2/db.py:59}}
Sep 08 15:15:56.419882 dv-cinder-760194-11-iscsi neutron-server[94048]: DEBUG neutron_lib.callbacks.manager [req-0ea9e832-4ef8-4788-838c-2935526b073b req-8683aa7c-8207-405d-aaed-3dda908b0fd3 service neutron] Notify callbacks ['neutron.plugins.ml2.plugin.SecurityGroupServerNotifierRpcMixin._notify_sg_on_port_change-545563', 'neutron.plugins.ml2.ovo_rpc._ObjectChangeHandler.handle_event-34542', 'neutron.api.rpc.agentnotifiers.dhcp_rpc_agent_api.DhcpAgentNotifyAPI._native_event_send_dhcp_notification-16316666', 'neutron.db.l3_db.L3RpcNotifierMixin._notify_gateway_port_ip_changed-8748672542190', 'neutron.db.l3_dvrscheduler_db._notify_l3_agent_port_update-8748672023745', 'neutron.db.l3_hascheduler_db._notify_l3_agent_ha_port_update-8748672023763'] for port, after_update {{(pid=94048) _notify_loop /usr/local/lib/python3.8/dist-packages/neutron_lib/callbacks/manager.py:192}}
Sep 08 15:15:56.432496 dv-cinder-760194-11-iscsi neutron-server[94048]: DEBUG neutron.pecan_wsgi.hooks.policy_enforcement [req-faf1fbd7-06a5-42cf-953f-8d73e665b40d req-c4d54f70-bc12-4bcb-beee-195937b28a61 service neutron] Attributes excluded by policy engine: ['standard_attr_id'] {{(pid=94048) _exclude_attributes_by_policy /opt/stack/neutron/neutron/pecan_wsgi/hooks/policy_enforcement.py:255}}
Sep 08 15:15:56.433113 dv-cinder-760194-11-iscsi neutron-server[94048]: DEBUG neutron_lib.callbacks.manager [req-faf1fbd7-06a5-42cf-953f-8d73e665b40d req-c4d54f70-bc12-4bcb-beee-195937b28a61 service neutron] Notify callbacks ['neutron.notifiers.nova.Notifier._send_nova_notification-370168', 'neutron.api.rpc.agentnotifiers.dhcp_rpc_agent_api.DhcpAgentNotifyAPI._send_dhcp_notification-16316648'] for port, before_response {{(pid=94048) _notify_loop /usr/local/lib/python3.8/dist-packages/neutron_lib/callbacks/manager.py:192}}
Sep 08 15:15:56.434523 dv-cinder-760194-11-iscsi neutron-server[94048]: INFO neutron.wsgi [req-faf1fbd7-06a5-42cf-953f-8d73e665b40d req-c4d54f70-bc12-4bcb-beee-195937b28a61 service neutron] 10.222.0.39 "PUT /v2.0/ports/397c1ba8-092b-4eac-ac4d-3cc752f2211d HTTP/1.1" status: 200 len: 1094 time: 2.9263978
Sep 08 15:15:56.451198 dv-cinder-760194-11-iscsi neutron-server[94048]: DEBUG neutron.notifiers.nova [-] Sending events: [{'name': 'network-changed', 'server_uuid': '1d73cd3a-6f0d-48ad-89d0-b90a96f1bc9d', 'tag': '397c1ba8-092b-4eac-ac4d-3cc752f2211d'}] {{(pid=94048) send_events /opt/stack/neutron/neutron/notifiers/nova.py:262}}
Sep 08 15:15:56.453972 dv-cinder-760194-11-iscsi neutron-server[94048]: DEBUG novaclient.v2.client [-] REQ: curl -g -i --cacert "/opt/stack/data/ca-bundle.pem" -X POST http://10.222.0.36/compute/v2.1/os-server-external-events -H "Accept: application/json" -H "Content-Type: application/json" -H "User-Agent: python-novaclient" -H "X-Auth-Token: {SHA256}7008e8c5494bd84381c75b45537ca4e3754004ddf729c04e4f06a5cbe9efd9aa" -H "X-OpenStack-Nova-API-Version: 2.1" -H "X-OpenStack-Request-ID: req-435d421d-f566-4f46-8a2b-558c7e9922bf" -d '{"events": [{"name": "network-changed", "server_uuid": "1d73cd3a-6f0d-48ad-89d0-b90a96f1bc9d", "tag": "397c1ba8-092b-4eac-ac4d-3cc752f2211d"}]}' {{(pid=94048) _http_log_request /usr/local/lib/python3.8/dist-packages/keystoneauth1/session.py:519}}
Sep 08 15:15:56.531785 dv-cinder-760194-11-iscsi neutron-server[94048]: DEBUG novaclient.v2.client [-] RESP: [200] Connection: close Content-Length: 179 Content-Type: application/json Date: Wed, 08 Sep 2021 15:15:56 GMT OpenStack-API-Version: compute 2.1 Server: Apache/2.4.41 (Ubuntu) Vary: OpenStack-API-Version,X-OpenStack-Nova-API-Version X-OpenStack-Nova-API-Version: 2.1 x-compute-request-id: req-d7a5fdac-95dd-4e70-a5cf-6953b64d4826 x-openstack-request-id: req-d7a5fdac-95dd-4e70-a5cf-6953b64d4826 {{(pid=94048) _http_log_response /usr/local/lib/python3.8/dist-packages/keystoneauth1/session.py:550}}
Sep 08 15:15:56.532200 dv-cinder-760194-11-iscsi neutron-server[94048]: DEBUG novaclient.v2.client [-] RESP BODY: {"events": [{"name": "network-changed", "server_uuid": "1d73cd3a-6f0d-48ad-89d0-b90a96f1bc9d", "tag": "397c1ba8-092b-4eac-ac4d-3cc752f2211d", "status": "completed", "code": 200}]} {{(pid=94048) _http_log_response /usr/local/lib/python3.8/dist-packages/keystoneauth1/session.py:582}}
Sep 08 15:15:56.532313 dv-cinder-760194-11-iscsi neutron-server[94048]: DEBUG novaclient.v2.client [-] POST call to compute for http://10.222.0.36/compute/v2.1/os-server-external-events used request id req-d7a5fdac-95dd-4e70-a5cf-6953b64d4826 {{(pid=94048) request /usr/local/lib/python3.8/dist-packages/keystoneauth1/session.py:954}}
Sep 08 15:15:56.532946 dv-cinder-760194-11-iscsi neutron-server[94048]: INFO neutron.notifiers.nova [-] Nova event response: {'name': 'network-changed', 'server_uuid': '1d73cd3a-6f0d-48ad-89d0-b90a96f1bc9d', 'tag': '397c1ba8-092b-4eac-ac4d-3cc752f2211d', 'status': 'completed', 'code': 200}
Sep 08 15:15:56.542252 dv-cinder-760194-11-iscsi neutron-server[94047]: DEBUG neutron.scheduler.dhcp_agent_scheduler [req-45657a25-5c6d-4f58-84d7-c309a4f46327 req-1f66a840-7e29-4843-9227-1aaea49a4824 tempest-ServerRescueNegativeTestJSON-692194011 tempest-ServerRescueNegativeTestJSON-692194011-project] Network 5c62e525-d93a-481d-bf71-fedeea99d384 is already hosted by enough agents. {{(pid=94047) _get_dhcp_agents_hosting_network /opt/stack/neutron/neutron/scheduler/dhcp_agent_scheduler.py:275}}
Sep 08 15:15:56.548178 dv-cinder-760194-11-iscsi neutron-server[94048]: DEBUG neutron.pecan_wsgi.hooks.policy_enforcement [req-0ea9e832-4ef8-4788-838c-2935526b073b req-8683aa7c-8207-405d-aaed-3dda908b0fd3 service neutron] Attributes excluded by policy engine: ['standard_attr_id'] {{(pid=94048) _exclude_attributes_by_policy /opt/stack/neutron/neutron/pecan_wsgi/hooks/policy_enforcement.py:255}}
Sep 08 15:15:56.548696 dv-cinder-760194-11-iscsi neutron-server[94048]: DEBUG neutron_lib.callbacks.manager [req-0ea9e832-4ef8-4788-838c-2935526b073b req-8683aa7c-8207-405d-aaed-3dda908b0fd3 service neutron] Notify callbacks ['neutron.notifiers.nova.Notifier._send_nova_notification-370168', 'neutron.api.rpc.agentnotifiers.dhcp_rpc_agent_api.DhcpAgentNotifyAPI._send_dhcp_notification-16316648'] for port, before_response {{(pid=94048) _notify_loop /usr/local/lib/python3.8/dist-packages/neutron_lib/callbacks/manager.py:192}}
Sep 08 15:15:56.550197 dv-cinder-760194-11-iscsi neutron-server[94048]: INFO neutron.wsgi [req-0ea9e832-4ef8-4788-838c-2935526b073b req-8683aa7c-8207-405d-aaed-3dda908b0fd3 service neutron] 10.222.0.39 "PUT /v2.0/ports/7337dc4c-ac8d-4c61-b1cd-a1ebfb789fb9 HTTP/1.1" status: 200 len: 1094 time: 3.0438027
Sep 08 15:15:56.550583 dv-cinder-760194-11-iscsi neutron-server[94047]: DEBUG neutron.scheduler.base_scheduler [req-45657a25-5c6d-4f58-84d7-c309a4f46327 req-1f66a840-7e29-4843-9227-1aaea49a4824 tempest-ServerRescueNegativeTestJSON-692194011 tempest-ServerRescueNegativeTestJSON-692194011-project] Resources bound (agent type, host, resource id): {{(pid=94047) schedule /opt/stack/neutron/neutron/scheduler/base_scheduler.py:57}}
Sep 08 15:15:56.559549 dv-cinder-760194-11-iscsi neutron-server[94047]: DEBUG neutron.db.l3_dvrscheduler_db [req-45657a25-5c6d-4f58-84d7-c309a4f46327 req-1f66a840-7e29-4843-9227-1aaea49a4824 tempest-ServerRescueNegativeTestJSON-692194011 tempest-ServerRescueNegativeTestJSON-692194011-project] Received port after_create {{(pid=94047) _notify_l3_agent_new_port /opt/stack/neutron/neutron/db/l3_dvrscheduler_db.py:535}}
Sep 08 15:15:56.565020 dv-cinder-760194-11-iscsi neutron-server[94047]: DEBUG neutron.pecan_wsgi.hooks.policy_enforcement [req-45657a25-5c6d-4f58-84d7-c309a4f46327 req-1f66a840-7e29-4843-9227-1aaea49a4824 tempest-ServerRescueNegativeTestJSON-692194011 tempest-ServerRescueNegativeTestJSON-692194011-project] Attributes excluded by policy engine: ['standard_attr_id', 'binding:profile', 'binding:host_id', 'binding:vif_type', 'binding:vif_details', 'network'] {{(pid=94047) _exclude_attributes_by_policy /opt/stack/neutron/neutron/pecan_wsgi/hooks/policy_enforcement.py:255}}
Sep 08 15:15:56.565591 dv-cinder-760194-11-iscsi neutron-server[94047]: DEBUG neutron_lib.callbacks.manager [req-45657a25-5c6d-4f58-84d7-c309a4f46327 req-1f66a840-7e29-4843-9227-1aaea49a4824 tempest-ServerRescueNegativeTestJSON-692194011 tempest-ServerRescueNegativeTestJSON-692194011-project] Notify callbacks ['neutron.notifiers.nova.Notifier._send_nova_notification-370168', 'neutron.api.rpc.agentnotifiers.dhcp_rpc_agent_api.DhcpAgentNotifyAPI._send_dhcp_notification-16316648'] for port, before_response {{(pid=94047) _notify_loop /usr/local/lib/python3.8/dist-packages/neutron_lib/callbacks/manager.py:192}}
Sep 08 15:15:56.579950 dv-cinder-760194-11-iscsi neutron-server[94047]: DEBUG neutron.api.rpc.handlers.resources_rpc [None req-1f66a840-7e29-4843-9227-1aaea49a4824 tempest-ServerRescueNegativeTestJSON-692194011 tempest-ServerRescueNegativeTestJSON-692194011-project] Pushing event updated for resources: {'Port': ['ID=55957e28-e5cb-4c01-bd2a-d36cb73265e1,revision_number=1']} {{(pid=94047) push /opt/stack/neutron/neutron/api/rpc/handlers/resources_rpc.py:237}}
Sep 08 15:15:56.587718 dv-cinder-760194-11-iscsi neutron-server[94048]: INFO neutron.wsgi [None req-4ac6bc2a-8458-4147-b741-427defaf470c admin admin] 10.222.0.36 "GET /v2.0/security-groups?tenant_id=c07f78a344a6405faec0b8b8b89415f8&name=default HTTP/1.1" status: 200 len: 2979 time: 1.2288988
Sep 08 15:15:56.591005 dv-cinder-760194-11-iscsi neutron-server[94048]: DEBUG neutron.api.rpc.handlers.resources_rpc [None req-4ac6bc2a-8458-4147-b741-427defaf470c admin admin] Pushing event updated for resources: {'SecurityGroup': ['ID=f429bd58-6505-411f-ade8-04a83abd63d0,revision_number=1']} {{(pid=94048) push /opt/stack/neutron/neutron/api/rpc/handlers/resources_rpc.py:237}}
Sep 08 15:15:56.591554 dv-cinder-760194-11-iscsi neutron-server[94047]: INFO neutron.wsgi [req-5c2dcd10-f4d0-40d4-a308-1de753ded68e req-dbf865b2-f91d-4f0b-a1e5-06817de3bccd service neutron] 10.222.0.39 "GET /v2.0/networks/5c62e525-d93a-481d-bf71-fedeea99d384?fields=segments HTTP/1.1" status: 200 len: 212 time: 0.2344778
Sep 08 15:15:56.593525 dv-cinder-760194-11-iscsi neutron-server[94047]: DEBUG neutron.wsgi [-] (94047) accepted ('10.222.0.36', 51608) {{(pid=94047) server /usr/local/lib/python3.8/dist-packages/eventlet/wsgi.py:982}}
Sep 08 15:15:56.596218 dv-cinder-760194-11-iscsi neutron-server[94048]: DEBUG neutron.api.rpc.handlers.resources_rpc [None req-c4d54f70-bc12-4bcb-beee-195937b28a61 service neutron] Pushing event updated for resources: {'Port': ['ID=397c1ba8-092b-4eac-ac4d-3cc752f2211d,revision_number=3']} {{(pid=94048) push /opt/stack/neutron/neutron/api/rpc/handlers/resources_rpc.py:237}}
Sep 08 15:15:56.608745 dv-cinder-760194-11-iscsi neutron-server[94047]: INFO neutron.wsgi [req-45657a25-5c6d-4f58-84d7-c309a4f46327 req-1f66a840-7e29-4843-9227-1aaea49a4824 tempest-ServerRescueNegativeTestJSON-692194011 tempest-ServerRescueNegativeTestJSON-692194011-project] 10.222.0.39 "POST /v2.0/ports HTTP/1.1" status: 201 len: 934 time: 1.6047893
Sep 08 15:15:56.622099 dv-cinder-760194-11-iscsi neutron-server[94047]: DEBUG neutron_lib.callbacks.manager [None req-8fca4361-5712-4b78-bc62-005d237bfbe1 admin admin] Notify callbacks ['neutron.plugins.ml2.ovo_rpc._ObjectChangeHandler.handle_event-16378058'] for security_group, after_delete {{(pid=94047) _notify_loop /usr/local/lib/python3.8/dist-packages/neutron_lib/callbacks/manager.py:192}}
Sep 08 15:15:56.628260 dv-cinder-760194-11-iscsi neutron-server[94047]: DEBUG neutron_lib.callbacks.manager [None req-8fca4361-5712-4b78-bc62-005d237bfbe1 admin admin] Notify callbacks [] for security_group, before_response {{(pid=94047) _notify_loop /usr/local/lib/python3.8/dist-packages/neutron_lib/callbacks/manager.py:192}}
Sep 08 15:15:56.635029 dv-cinder-760194-11-iscsi neutron-server[94047]: INFO neutron.wsgi [None req-8fca4361-5712-4b78-bc62-005d237bfbe1 admin admin] 10.222.0.36 "DELETE /v2.0/security-groups/f03ad3fe-cda5-45f3-83f0-9825b9f788ce HTTP/1.1" status: 204 len: 168 time: 0.4810989
Sep 08 15:15:56.646357 dv-cinder-760194-11-iscsi neutron-server[94047]: DEBUG neutron.api.v2.base [req-45657a25-5c6d-4f58-84d7-c309a4f46327 req-0fbf160f-c434-47fd-8a8d-7d6cea6e0452 service neutron] Request body: {'port': {'device_id': 'c70acd44-3384-46ef-b1b9-b2f75889af12', 'device_owner': 'compute:nova', 'binding:host_id': 'hv-cinder-76019'}} {{(pid=94047) prepare_request_body /opt/stack/neutron/neutron/api/v2/base.py:730}}
Sep 08 15:15:56.744138 dv-cinder-760194-11-iscsi neutron-server[94047]: DEBUG neutron.api.rpc.handlers.resources_rpc [None req-8fca4361-5712-4b78-bc62-005d237bfbe1 admin admin] Pushing event deleted for resources: {'SecurityGroup': ['ID=f03ad3fe-cda5-45f3-83f0-9825b9f788ce,revision_number=None']} {{(pid=94047) push /opt/stack/neutron/neutron/api/rpc/handlers/resources_rpc.py:237}}
Sep 08 15:15:56.881646 dv-cinder-760194-11-iscsi neutron-server[94047]: DEBUG neutron_lib.callbacks.manager [req-45657a25-5c6d-4f58-84d7-c309a4f46327 req-0fbf160f-c434-47fd-8a8d-7d6cea6e0452 service neutron] Notify callbacks ['neutron.plugins.ml2.plugin.SecurityGroupDbMixin._ensure_default_security_group_handler-545628'] for port, before_update {{(pid=94047) _notify_loop /usr/local/lib/python3.8/dist-packages/neutron_lib/callbacks/manager.py:192}}
Sep 08 15:15:56.893952 dv-cinder-760194-11-iscsi neutron-server[94048]: DEBUG neutron.pecan_wsgi.hooks.policy_enforcement [req-faf1fbd7-06a5-42cf-953f-8d73e665b40d req-9c3daa6b-9355-44e9-9efa-5729e2d32961 service neutron] Attributes excluded by policy engine: ['standard_attr_id'] {{(pid=94048) _exclude_attributes_by_policy /opt/stack/neutron/neutron/pecan_wsgi/hooks/policy_enforcement.py:255}}
Sep 08 15:15:56.895799 dv-cinder-760194-11-iscsi neutron-server[94048]: INFO neutron.wsgi [req-faf1fbd7-06a5-42cf-953f-8d73e665b40d req-9c3daa6b-9355-44e9-9efa-5729e2d32961 service neutron] 10.222.0.39 "GET /v2.0/ports?tenant_id=a9cfd7983de64e76b0aced4b3be15af5&device_id=1d73cd3a-6f0d-48ad-89d0-b90a96f1bc9d HTTP/1.1" status: 200 len: 1097 time: 0.3907940
Sep 08 15:15:56.983558 dv-cinder-760194-11-iscsi neutron-server[94047]: DEBUG neutron_lib.callbacks.manager [None req-99625092-5b6e-4a7b-b6f3-eac902758a3f admin admin] Notify callbacks [] for security_group, before_delete {{(pid=94047) _notify_loop /usr/local/lib/python3.8/dist-packages/neutron_lib/callbacks/manager.py:192}}
Sep 08 15:15:56.997672 dv-cinder-760194-11-iscsi neutron-server[94048]: DEBUG neutron.pecan_wsgi.hooks.policy_enforcement [req-b6d58806-61ab-4150-88c1-5415b9798fc7 req-410af78e-ea30-4cf2-9b81-f669ca9a51ee tempest-AttachVolumeShelveTestJSON-1691162570 tempest-AttachVolumeShelveTestJSON-1691162570-project] Attributes excluded by policy engine: ['standard_attr_id', 'binding:profile', 'binding:host_id', 'binding:vif_type', 'binding:vif_details'] {{(pid=94048) _exclude_attributes_by_policy /opt/stack/neutron/neutron/pecan_wsgi/hooks/policy_enforcement.py:255}}
Sep 08 15:15:56.999097 dv-cinder-760194-11-iscsi neutron-server[94047]: INFO neutron.wsgi [req-5c2dcd10-f4d0-40d4-a308-1de753ded68e req-27775731-0ed9-4af6-843b-d6eeea9c087f service neutron] 10.222.0.39 "GET /v2.0/networks/5c62e525-d93a-481d-bf71-fedeea99d384?fields=provider%3Aphysical_network&fields=provider%3Anetwork_type HTTP/1.1" status: 200 len: 281 time: 0.3931973
Sep 08 15:15:56.999225 dv-cinder-760194-11-iscsi neutron-server[94048]: INFO neutron.wsgi [req-b6d58806-61ab-4150-88c1-5415b9798fc7 req-410af78e-ea30-4cf2-9b81-f669ca9a51ee tempest-AttachVolumeShelveTestJSON-1691162570 tempest-AttachVolumeShelveTestJSON-1691162570-project] 10.222.0.36 "GET /v2.0/ports?device_id=1d73cd3a-6f0d-48ad-89d0-b90a96f1bc9d HTTP/1.1" status: 200 len: 944 time: 0.4095140
Sep 08 15:15:57.000947 dv-cinder-760194-11-iscsi neutron-server[94048]: INFO neutron.wsgi [req-faf1fbd7-06a5-42cf-953f-8d73e665b40d req-3f7a4ae3-48da-4b47-8581-66955d1ae765 service neutron] 10.222.0.39 "GET /v2.0/floatingips?fixed_ip_address=172.20.0.11&port_id=397c1ba8-092b-4eac-ac4d-3cc752f2211d HTTP/1.1" status: 200 len: 217 time: 0.0837295
Sep 08 15:15:57.025675 dv-cinder-760194-11-iscsi neutron-server[94047]: DEBUG neutron_lib.callbacks.manager [None req-99625092-5b6e-4a7b-b6f3-eac902758a3f admin admin] Notify callbacks [] for security_group, precommit_delete {{(pid=94047) _notify_loop /usr/local/lib/python3.8/dist-packages/neutron_lib/callbacks/manager.py:192}}
Sep 08 15:15:57.112739 dv-cinder-760194-11-iscsi neutron-server[94048]: DEBUG neutron.api.rpc.handlers.resources_rpc [None req-8683aa7c-8207-405d-aaed-3dda908b0fd3 service neutron] Pushing event updated for resources: {'Port': ['ID=7337dc4c-ac8d-4c61-b1cd-a1ebfb789fb9,revision_number=3']} {{(pid=94048) push /opt/stack/neutron/neutron/api/rpc/handlers/resources_rpc.py:237}}
Sep 08 15:15:57.115288 dv-cinder-760194-11-iscsi neutron-server[94047]: DEBUG neutron.wsgi [-] (94047) accepted ('10.222.0.36', 51628) {{(pid=94047) server /usr/local/lib/python3.8/dist-packages/eventlet/wsgi.py:982}}
Sep 08 15:15:57.126551 dv-cinder-760194-11-iscsi neutron-server[94048]: DEBUG neutron.pecan_wsgi.hooks.policy_enforcement [req-0ea9e832-4ef8-4788-838c-2935526b073b req-977bd9aa-10eb-4309-9d3f-155675de392f service neutron] Attributes excluded by policy engine: ['standard_attr_id'] {{(pid=94048) _exclude_attributes_by_policy /opt/stack/neutron/neutron/pecan_wsgi/hooks/policy_enforcement.py:255}}
Sep 08 15:15:57.128063 dv-cinder-760194-11-iscsi neutron-server[94048]: INFO neutron.wsgi [req-0ea9e832-4ef8-4788-838c-2935526b073b req-977bd9aa-10eb-4309-9d3f-155675de392f service neutron] 10.222.0.39 "GET /v2.0/ports?tenant_id=4208c4971b3f4862ad77a8abfaca1d51&device_id=349bb618-4ef3-4cc1-9804-e1c623641413 HTTP/1.1" status: 200 len: 1097 time: 0.5171306
