Sep 03 18:03:13.951248 dv-cinder-760193-9-smb neutron-server[93907]: DEBUG neutron.notifiers.nova [-] Sending events: [{'server_uuid': '39771fdd-f3e7-414b-849a-e5ee9414c1d2', 'name': 'network-vif-plugged', 'status': 'completed', 'tag': 'b2910374-10b0-495f-a4b7-24f852a78dfc'}] {{(pid=93907) send_events /opt/stack/neutron/neutron/notifiers/nova.py:262}}
Sep 03 18:03:13.953552 dv-cinder-760193-9-smb neutron-server[93907]: DEBUG novaclient.v2.client [-] REQ: curl -g -i --cacert "/opt/stack/data/ca-bundle.pem" -X POST http://10.222.0.30/compute/v2.1/os-server-external-events -H "Accept: application/json" -H "Content-Type: application/json" -H "User-Agent: python-novaclient" -H "X-Auth-Token: {SHA256}e31badbb7cbd9d079c62725bbb1d66bbdb0b9c61d2ade1ed24a97979301670bd" -H "X-OpenStack-Nova-API-Version: 2.1" -H "X-OpenStack-Request-ID: req-c7aaa03d-7978-4ca8-9e32-f3db84283656" -d '{"events": [{"server_uuid": "39771fdd-f3e7-414b-849a-e5ee9414c1d2", "name": "network-vif-plugged", "status": "completed", "tag": "b2910374-10b0-495f-a4b7-24f852a78dfc"}]}' {{(pid=93907) _http_log_request /usr/local/lib/python3.8/dist-packages/keystoneauth1/session.py:519}}
Sep 03 18:03:13.957507 dv-cinder-760193-9-smb neutron-server[93906]: INFO neutron.wsgi [req-eecc7bf9-c062-4970-873a-e7c342ab9528 req-44a619ec-a3e6-431d-b986-95b284bae8a2 tempest-AttachVolumeShelveTestJSON-1434863716 tempest-AttachVolumeShelveTestJSON-1434863716-project] 10.222.0.30 "GET /v2.0/security-groups?id=addab618-1094-467c-bdd0-d77385c06986&fields=id&fields=name HTTP/1.1" status: 200 len: 313 time: 0.0395238
Sep 03 18:03:13.967368 dv-cinder-760193-9-smb neutron-server[93907]: DEBUG neutron.plugins.ml2.db [None req-d8070f2a-084c-42bc-85fc-bb9a14941965 None None] For port b2910374-10b0-495f-a4b7-24f852a78dfc, host hv-cinder-76019, got binding levels [PortBindingLevel(driver='hyperv',host='hv-cinder-76019',level=0,port_id=b2910374-10b0-495f-a4b7-24f852a78dfc,segment=NetworkSegment(04c3a6ac-c6fa-4c46-b581-7efaec675ead),segment_id=04c3a6ac-c6fa-4c46-b581-7efaec675ead)] {{(pid=93907) get_binding_level_objs /opt/stack/neutron/neutron/plugins/ml2/db.py:74}}
Sep 03 18:03:13.972594 dv-cinder-760193-9-smb neutron-server[93907]: DEBUG neutron_lib.callbacks.manager [None req-d8070f2a-084c-42bc-85fc-bb9a14941965 None None] Notify callbacks ['neutron.plugins.ml2.plugin.SecurityGroupServerNotifierRpcMixin._notify_sg_on_port_change-4084924', 'neutron.plugins.ml2.ovo_rpc._ObjectChangeHandler.handle_event-120041', 'neutron.api.rpc.agentnotifiers.dhcp_rpc_agent_api.DhcpAgentNotifyAPI._native_event_send_dhcp_notification-529873', 'neutron.db.l3_db.L3RpcNotifierMixin._notify_gateway_port_ip_changed-8782178117322', 'neutron.db.l3_dvrscheduler_db._notify_l3_agent_port_update-8782177615755', 'neutron.db.l3_hascheduler_db._notify_l3_agent_ha_port_update-8782177615773'] for port, after_update {{(pid=93907) _notify_loop /usr/local/lib/python3.8/dist-packages/neutron_lib/callbacks/manager.py:192}}
Sep 03 18:03:13.998013 dv-cinder-760193-9-smb neutron-server[93907]: DEBUG novaclient.v2.client [-] RESP: [200] Connection: close Content-Length: 183 Content-Type: application/json Date: Fri, 03 Sep 2021 18:03:13 GMT OpenStack-API-Version: compute 2.1 Server: Apache/2.4.41 (Ubuntu) Vary: OpenStack-API-Version,X-OpenStack-Nova-API-Version X-OpenStack-Nova-API-Version: 2.1 x-compute-request-id: req-4e60b5e6-6f0f-4c69-8c26-4f63c2b797c4 x-openstack-request-id: req-4e60b5e6-6f0f-4c69-8c26-4f63c2b797c4 {{(pid=93907) _http_log_response /usr/local/lib/python3.8/dist-packages/keystoneauth1/session.py:550}}
Sep 03 18:03:13.998392 dv-cinder-760193-9-smb neutron-server[93907]: DEBUG novaclient.v2.client [-] RESP BODY: {"events": [{"server_uuid": "39771fdd-f3e7-414b-849a-e5ee9414c1d2", "name": "network-vif-plugged", "status": "completed", "tag": "b2910374-10b0-495f-a4b7-24f852a78dfc", "code": 200}]} {{(pid=93907) _http_log_response /usr/local/lib/python3.8/dist-packages/keystoneauth1/session.py:582}}
Sep 03 18:03:13.998638 dv-cinder-760193-9-smb neutron-server[93907]: DEBUG novaclient.v2.client [-] POST call to compute for http://10.222.0.30/compute/v2.1/os-server-external-events used request id req-4e60b5e6-6f0f-4c69-8c26-4f63c2b797c4 {{(pid=93907) request /usr/local/lib/python3.8/dist-packages/keystoneauth1/session.py:954}}
Sep 03 18:03:13.999127 dv-cinder-760193-9-smb neutron-server[93907]: INFO neutron.notifiers.nova [-] Nova event response: {'server_uuid': '39771fdd-f3e7-414b-849a-e5ee9414c1d2', 'name': 'network-vif-plugged', 'status': 'completed', 'tag': 'b2910374-10b0-495f-a4b7-24f852a78dfc', 'code': 200}
Sep 03 18:03:14.028057 dv-cinder-760193-9-smb neutron-server[93907]: DEBUG neutron.api.rpc.handlers.resources_rpc [None req-d8070f2a-084c-42bc-85fc-bb9a14941965 None None] Pushing event updated for resources: {'Port': ['ID=b2910374-10b0-495f-a4b7-24f852a78dfc,revision_number=5']} {{(pid=93907) push /opt/stack/neutron/neutron/api/rpc/handlers/resources_rpc.py:237}}
Sep 03 18:03:14.294991 dv-cinder-760193-9-smb neutron-server[93906]: DEBUG neutron.pecan_wsgi.hooks.policy_enforcement [req-45931260-683f-46e5-a6c0-b347a158eb01 req-4f8c503e-a8ad-48ad-a55b-9dbd788db2ba service neutron] Attributes excluded by policy engine: ['standard_attr_id'] {{(pid=93906) _exclude_attributes_by_policy /opt/stack/neutron/neutron/pecan_wsgi/hooks/policy_enforcement.py:255}}
Sep 03 18:03:14.296377 dv-cinder-760193-9-smb neutron-server[93906]: INFO neutron.wsgi [req-45931260-683f-46e5-a6c0-b347a158eb01 req-4f8c503e-a8ad-48ad-a55b-9dbd788db2ba service neutron] 10.222.0.16 "GET /v2.0/ports?device_id=39771fdd-f3e7-414b-849a-e5ee9414c1d2 HTTP/1.1" status: 200 len: 1099 time: 0.0430875
Sep 03 18:03:14.334789 dv-cinder-760193-9-smb neutron-server[93906]: INFO neutron.wsgi [req-45931260-683f-46e5-a6c0-b347a158eb01 req-b023f9ee-de64-4c8d-ae5b-3148b7cdc21e service neutron] 10.222.0.16 "GET /v2.0/security-groups?id=addab618-1094-467c-bdd0-d77385c06986&fields=id&fields=name HTTP/1.1" status: 200 len: 313 time: 0.0289910
Sep 03 18:03:14.520248 dv-cinder-760193-9-smb neutron-server[93906]: DEBUG neutron.pecan_wsgi.hooks.policy_enforcement [req-cac5f008-d714-4998-a36a-ba7187fe6ee6 req-7879ccdd-18bc-43bc-8f8a-fb3d5c429aa3 tempest-ServerRescueNegativeTestJSON-1716763128 tempest-ServerRescueNegativeTestJSON-1716763128-project] Attributes excluded by policy engine: ['standard_attr_id', 'binding:profile', 'binding:host_id', 'binding:vif_type', 'binding:vif_details'] {{(pid=93906) _exclude_attributes_by_policy /opt/stack/neutron/neutron/pecan_wsgi/hooks/policy_enforcement.py:255}}
Sep 03 18:03:14.524132 dv-cinder-760193-9-smb neutron-server[93906]: INFO neutron.wsgi [req-cac5f008-d714-4998-a36a-ba7187fe6ee6 req-7879ccdd-18bc-43bc-8f8a-fb3d5c429aa3 tempest-ServerRescueNegativeTestJSON-1716763128 tempest-ServerRescueNegativeTestJSON-1716763128-project] 10.222.0.30 "GET /v2.0/ports?device_id=a48708c1-3393-4962-bc2b-0706f663bd08 HTTP/1.1" status: 200 len: 946 time: 0.0549374
Sep 03 18:03:14.563390 dv-cinder-760193-9-smb neutron-server[93906]: INFO neutron.wsgi [req-cac5f008-d714-4998-a36a-ba7187fe6ee6 req-0c6ddadf-641c-4b36-a995-ca0a0407d216 tempest-ServerRescueNegativeTestJSON-1716763128 tempest-ServerRescueNegativeTestJSON-1716763128-project] 10.222.0.30 "GET /v2.0/security-groups?id=ce4dc6db-72cc-46af-bb91-7381cc1ecb63&fields=id&fields=name HTTP/1.1" status: 200 len: 286 time: 0.0347941
Sep 03 18:03:14.929079 dv-cinder-760193-9-smb neutron-server[93906]: DEBUG neutron.pecan_wsgi.hooks.policy_enforcement [req-422f0f9e-8482-4003-9cf6-26f6fe9ab78b req-cbb28ebc-30aa-4084-a5fd-a7cc2f1bfe33 tempest-ServerRescueNegativeTestJSON-1716763128 tempest-ServerRescueNegativeTestJSON-1716763128-project] Attributes excluded by policy engine: ['standard_attr_id', 'binding:profile', 'binding:host_id', 'binding:vif_type', 'binding:vif_details'] {{(pid=93906) _exclude_attributes_by_policy /opt/stack/neutron/neutron/pecan_wsgi/hooks/policy_enforcement.py:255}}
Sep 03 18:03:14.931238 dv-cinder-760193-9-smb neutron-server[93906]: INFO neutron.wsgi [req-422f0f9e-8482-4003-9cf6-26f6fe9ab78b req-cbb28ebc-30aa-4084-a5fd-a7cc2f1bfe33 tempest-ServerRescueNegativeTestJSON-1716763128 tempest-ServerRescueNegativeTestJSON-1716763128-project] 10.222.0.30 "GET /v2.0/ports?device_id=a48708c1-3393-4962-bc2b-0706f663bd08 HTTP/1.1" status: 200 len: 946 time: 0.0738640
Sep 03 18:03:15.004518 dv-cinder-760193-9-smb neutron-server[93906]: DEBUG neutron.pecan_wsgi.hooks.policy_enforcement [req-2b1ee96e-c4c4-4874-942a-51c4302acd3f req-d69d5d4b-4fa6-4f57-adb0-2eef86e11d75 service neutron] Attributes excluded by policy engine: ['standard_attr_id'] {{(pid=93906) _exclude_attributes_by_policy /opt/stack/neutron/neutron/pecan_wsgi/hooks/policy_enforcement.py:255}}
Sep 03 18:03:15.006252 dv-cinder-760193-9-smb neutron-server[93906]: INFO neutron.wsgi [req-2b1ee96e-c4c4-4874-942a-51c4302acd3f req-d69d5d4b-4fa6-4f57-adb0-2eef86e11d75 service neutron] 10.222.0.16 "GET /v2.0/ports?tenant_id=7f8525fb02f44d299a9d6b8d4e79dcd8&device_id=a48708c1-3393-4962-bc2b-0706f663bd08 HTTP/1.1" status: 200 len: 1099 time: 0.0994971
Sep 03 18:03:15.009843 dv-cinder-760193-9-smb neutron-server[93906]: INFO neutron.wsgi [req-422f0f9e-8482-4003-9cf6-26f6fe9ab78b req-1edfc1fd-9f8c-44c0-a1bd-bbf787d938cb tempest-ServerRescueNegativeTestJSON-1716763128 tempest-ServerRescueNegativeTestJSON-1716763128-project] 10.222.0.30 "GET /v2.0/security-groups?id=ce4dc6db-72cc-46af-bb91-7381cc1ecb63&fields=id&fields=name HTTP/1.1" status: 200 len: 286 time: 0.0582049
Sep 03 18:03:15.124482 dv-cinder-760193-9-smb neutron-server[93905]: DEBUG neutron.pecan_wsgi.hooks.policy_enforcement [req-eb3bf3a5-c46a-40df-bfcd-8a051b1eb266 req-afba3423-e9c3-4624-ae7a-204747228f0a tempest-AttachVolumeShelveTestJSON-1434863716 tempest-AttachVolumeShelveTestJSON-1434863716-project] Attributes excluded by policy engine: ['standard_attr_id', 'binding:profile', 'binding:host_id', 'binding:vif_type', 'binding:vif_details'] {{(pid=93905) _exclude_attributes_by_policy /opt/stack/neutron/neutron/pecan_wsgi/hooks/policy_enforcement.py:255}}
Sep 03 18:03:15.125125 dv-cinder-760193-9-smb neutron-server[93906]: DEBUG neutron.pecan_wsgi.hooks.policy_enforcement [req-2b1ee96e-c4c4-4874-942a-51c4302acd3f req-170a5f5d-6252-439b-84f1-4dec2b023b56 service neutron] Attributes excluded by policy engine: ['standard_attr_id', 'vlan_transparent'] {{(pid=93906) _exclude_attributes_by_policy /opt/stack/neutron/neutron/pecan_wsgi/hooks/policy_enforcement.py:255}}
Sep 03 18:03:15.126603 dv-cinder-760193-9-smb neutron-server[93906]: INFO neutron.wsgi [req-2b1ee96e-c4c4-4874-942a-51c4302acd3f req-170a5f5d-6252-439b-84f1-4dec2b023b56 service neutron] 10.222.0.16 "GET /v2.0/networks?id=f09a0bad-8593-4990-8e21-50715ef25dc2 HTTP/1.1" status: 200 len: 920 time: 0.0954494
Sep 03 18:03:15.131538 dv-cinder-760193-9-smb neutron-server[93905]: INFO neutron.wsgi [req-eb3bf3a5-c46a-40df-bfcd-8a051b1eb266 req-afba3423-e9c3-4624-ae7a-204747228f0a tempest-AttachVolumeShelveTestJSON-1434863716 tempest-AttachVolumeShelveTestJSON-1434863716-project] 10.222.0.30 "GET /v2.0/ports?device_id=39771fdd-f3e7-414b-849a-e5ee9414c1d2 HTTP/1.1" status: 200 len: 946 time: 0.0767381
Sep 03 18:03:15.170149 dv-cinder-760193-9-smb neutron-server[93905]: INFO neutron.wsgi [req-eb3bf3a5-c46a-40df-bfcd-8a051b1eb266 req-81da4567-9d8d-4ecd-ad96-bcb1fa0be37f tempest-AttachVolumeShelveTestJSON-1434863716 tempest-AttachVolumeShelveTestJSON-1434863716-project] 10.222.0.30 "GET /v2.0/security-groups?id=addab618-1094-467c-bdd0-d77385c06986&fields=id&fields=name HTTP/1.1" status: 200 len: 313 time: 0.0365772
Sep 03 18:03:15.197685 dv-cinder-760193-9-smb neutron-server[93906]: INFO neutron.wsgi [req-2b1ee96e-c4c4-4874-942a-51c4302acd3f req-55fdab51-76c4-44f9-9870-8c3b91e591da service neutron] 10.222.0.16 "GET /v2.0/floatingips?fixed_ip_address=172.20.0.13&port_id=96a810e3-7583-42fd-b30f-e827cee4dd12 HTTP/1.1" status: 200 len: 217 time: 0.0576491
Sep 03 18:03:15.270728 dv-cinder-760193-9-smb neutron-server[93906]: DEBUG neutron.pecan_wsgi.hooks.policy_enforcement [req-2b1ee96e-c4c4-4874-942a-51c4302acd3f req-0ef3f23f-2e64-4e9b-bde8-88fb4509e453 service neutron] Attributes excluded by policy engine: ['standard_attr_id', 'shared'] {{(pid=93906) _exclude_attributes_by_policy /opt/stack/neutron/neutron/pecan_wsgi/hooks/policy_enforcement.py:255}}
Sep 03 18:03:15.272579 dv-cinder-760193-9-smb neutron-server[93906]: INFO neutron.wsgi [req-2b1ee96e-c4c4-4874-942a-51c4302acd3f req-0ef3f23f-2e64-4e9b-bde8-88fb4509e453 service neutron] 10.222.0.16 "GET /v2.0/subnets?id=a539ebb6-7185-4096-ab8d-2c928bc70c4b HTTP/1.1" status: 200 len: 859 time: 0.0462985
Sep 03 18:03:15.319701 dv-cinder-760193-9-smb neutron-server[93906]: INFO neutron.wsgi [req-2b1ee96e-c4c4-4874-942a-51c4302acd3f req-273fae0f-71e9-469f-9d26-5a3209e38ee8 service neutron] 10.222.0.16 "GET /v2.0/ports?network_id=f09a0bad-8593-4990-8e21-50715ef25dc2&device_owner=network%3Adhcp HTTP/1.1" status: 200 len: 210 time: 0.0248826
Sep 03 18:03:15.490372 dv-cinder-760193-9-smb neutron-server[93906]: INFO neutron.wsgi [req-2b1ee96e-c4c4-4874-942a-51c4302acd3f req-e236fd22-84ed-40be-8175-774163f187fc service neutron] 10.222.0.16 "GET /v2.0/networks/f09a0bad-8593-4990-8e21-50715ef25dc2?fields=segments HTTP/1.1" status: 200 len: 212 time: 0.0930967
Sep 03 18:03:15.599163 dv-cinder-760193-9-smb neutron-server[93906]: INFO neutron.wsgi [req-2b1ee96e-c4c4-4874-942a-51c4302acd3f req-78919cf8-022f-402f-bf85-73d5ff396be9 service neutron] 10.222.0.16 "GET /v2.0/networks/f09a0bad-8593-4990-8e21-50715ef25dc2?fields=provider%3Aphysical_network&fields=provider%3Anetwork_type HTTP/1.1" status: 200 len: 281 time: 0.0909855
Sep 03 18:03:16.155746 dv-cinder-760193-9-smb neutron-server[93906]: DEBUG neutron.pecan_wsgi.hooks.policy_enforcement [req-70850ff7-b926-4e68-a74e-c48978a0c25d req-580dfab5-c104-4cb2-8f22-814b088d9884 tempest-ServerRescueNegativeTestJSON-1716763128 tempest-ServerRescueNegativeTestJSON-1716763128-project] Attributes excluded by policy engine: ['standard_attr_id', 'binding:profile', 'binding:host_id', 'binding:vif_type', 'binding:vif_details'] {{(pid=93906) _exclude_attributes_by_policy /opt/stack/neutron/neutron/pecan_wsgi/hooks/policy_enforcement.py:255}}
Sep 03 18:03:16.157948 dv-cinder-760193-9-smb neutron-server[93906]: INFO neutron.wsgi [req-70850ff7-b926-4e68-a74e-c48978a0c25d req-580dfab5-c104-4cb2-8f22-814b088d9884 tempest-ServerRescueNegativeTestJSON-1716763128 tempest-ServerRescueNegativeTestJSON-1716763128-project] 10.222.0.30 "GET /v2.0/ports?device_id=a48708c1-3393-4962-bc2b-0706f663bd08 HTTP/1.1" status: 200 len: 946 time: 0.0591304
Sep 03 18:03:16.212583 dv-cinder-760193-9-smb neutron-server[93906]: INFO neutron.wsgi [req-70850ff7-b926-4e68-a74e-c48978a0c25d req-ec64647f-8908-4849-ab17-2d0e102f7506 tempest-ServerRescueNegativeTestJSON-1716763128 tempest-ServerRescueNegativeTestJSON-1716763128-project] 10.222.0.30 "GET /v2.0/security-groups?id=ce4dc6db-72cc-46af-bb91-7381cc1ecb63&fields=id&fields=name HTTP/1.1" status: 200 len: 286 time: 0.0453455
Sep 03 18:03:16.321413 dv-cinder-760193-9-smb neutron-server[93905]: DEBUG neutron.pecan_wsgi.hooks.policy_enforcement [req-e0330c56-612a-4053-9969-a83ea8a2a537 req-15ec7b25-3d75-4569-af7d-cbe00588f03b tempest-AttachVolumeShelveTestJSON-1434863716 tempest-AttachVolumeShelveTestJSON-1434863716-project] Attributes excluded by policy engine: ['standard_attr_id', 'binding:profile', 'binding:host_id', 'binding:vif_type', 'binding:vif_details'] {{(pid=93905) _exclude_attributes_by_policy /opt/stack/neutron/neutron/pecan_wsgi/hooks/policy_enforcement.py:255}}
Sep 03 18:03:16.322934 dv-cinder-760193-9-smb neutron-server[93905]: INFO neutron.wsgi [req-e0330c56-612a-4053-9969-a83ea8a2a537 req-15ec7b25-3d75-4569-af7d-cbe00588f03b tempest-AttachVolumeShelveTestJSON-1434863716 tempest-AttachVolumeShelveTestJSON-1434863716-project] 10.222.0.30 "GET /v2.0/ports?device_id=39771fdd-f3e7-414b-849a-e5ee9414c1d2 HTTP/1.1" status: 200 len: 946 time: 0.0689974
Sep 03 18:03:16.374077 dv-cinder-760193-9-smb neutron-server[93905]: INFO neutron.wsgi [req-e0330c56-612a-4053-9969-a83ea8a2a537 req-5a34798d-4a83-4445-853e-6645d590e164 tempest-AttachVolumeShelveTestJSON-1434863716 tempest-AttachVolumeShelveTestJSON-1434863716-project] 10.222.0.30 "GET /v2.0/security-groups?id=addab618-1094-467c-bdd0-d77385c06986&fields=id&fields=name HTTP/1.1" status: 200 len: 313 time: 0.0392632
Sep 03 18:03:17.199592 dv-cinder-760193-9-smb neutron-server[93905]: DEBUG neutron.wsgi [-] (93905) accepted ('10.222.0.30', 44556) {{(pid=93905) server /usr/local/lib/python3.8/dist-packages/eventlet/wsgi.py:982}}
Sep 03 18:03:17.329382 dv-cinder-760193-9-smb neutron-server[93905]: DEBUG neutron_lib.callbacks.manager [None req-6d3edccd-23c8-4f26-b770-5c5de3ee707c admin admin] Notify callbacks [] for security_group, before_create {{(pid=93905) _notify_loop /usr/local/lib/python3.8/dist-packages/neutron_lib/callbacks/manager.py:192}}
Sep 03 18:03:17.405388 dv-cinder-760193-9-smb neutron-server[93906]: DEBUG neutron.pecan_wsgi.hooks.policy_enforcement [req-8ae92748-01b6-44c4-8668-cf3ffdd8b3f9 req-3c39136f-d979-482d-92d2-b3b01fa8c1be tempest-ServerRescueNegativeTestJSON-1716763128 tempest-ServerRescueNegativeTestJSON-1716763128-project] Attributes excluded by policy engine: ['standard_attr_id', 'binding:profile', 'binding:host_id', 'binding:vif_type', 'binding:vif_details'] {{(pid=93906) _exclude_attributes_by_policy /opt/stack/neutron/neutron/pecan_wsgi/hooks/policy_enforcement.py:255}}
Sep 03 18:03:17.407020 dv-cinder-760193-9-smb neutron-server[93906]: INFO neutron.wsgi [req-8ae92748-01b6-44c4-8668-cf3ffdd8b3f9 req-3c39136f-d979-482d-92d2-b3b01fa8c1be tempest-ServerRescueNegativeTestJSON-1716763128 tempest-ServerRescueNegativeTestJSON-1716763128-project] 10.222.0.30 "GET /v2.0/ports?device_id=a48708c1-3393-4962-bc2b-0706f663bd08 HTTP/1.1" status: 200 len: 946 time: 0.0950875
Sep 03 18:03:17.486612 dv-cinder-760193-9-smb neutron-server[93906]: INFO neutron.wsgi [req-8ae92748-01b6-44c4-8668-cf3ffdd8b3f9 req-24d40932-b271-44e1-a3fb-ea298facf6ae tempest-ServerRescueNegativeTestJSON-1716763128 tempest-ServerRescueNegativeTestJSON-1716763128-project] 10.222.0.30 "GET /v2.0/security-groups?id=ce4dc6db-72cc-46af-bb91-7381cc1ecb63&fields=id&fields=name HTTP/1.1" status: 200 len: 286 time: 0.0708675
Sep 03 18:03:17.537358 dv-cinder-760193-9-smb neutron-server[93905]: DEBUG neutron_lib.callbacks.manager [None req-6d3edccd-23c8-4f26-b770-5c5de3ee707c admin admin] Notify callbacks [] for security_group, precommit_create {{(pid=93905) _notify_loop /usr/local/lib/python3.8/dist-packages/neutron_lib/callbacks/manager.py:192}}
Sep 03 18:03:17.545395 dv-cinder-760193-9-smb neutron-server[93905]: DEBUG neutron_lib.callbacks.manager [None req-6d3edccd-23c8-4f26-b770-5c5de3ee707c admin admin] Notify callbacks ['neutron.plugins.ml2.ovo_rpc._ObjectChangeHandler.handle_event-989861'] for security_group, after_create {{(pid=93905) _notify_loop /usr/local/lib/python3.8/dist-packages/neutron_lib/callbacks/manager.py:192}}
Sep 03 18:03:17.617859 dv-cinder-760193-9-smb neutron-server[93905]: INFO neutron.wsgi [None req-6d3edccd-23c8-4f26-b770-5c5de3ee707c admin admin] 10.222.0.30 "GET /v2.0/security-groups?tenant_id=bbfc864a4a5d499aa6ebdac68268a03d&name=default HTTP/1.1" status: 200 len: 2979 time: 0.4163711
Sep 03 18:03:17.618764 dv-cinder-760193-9-smb neutron-server[93905]: DEBUG neutron.wsgi [-] (93905) accepted ('10.222.0.30', 44582) {{(pid=93905) server /usr/local/lib/python3.8/dist-packages/eventlet/wsgi.py:982}}
Sep 03 18:03:17.630474 dv-cinder-760193-9-smb neutron-server[93905]: DEBUG neutron.api.rpc.handlers.resources_rpc [None req-6d3edccd-23c8-4f26-b770-5c5de3ee707c admin admin] Pushing event updated for resources: {'SecurityGroup': ['ID=f3de6d15-1b87-425b-a899-d0846506f545,revision_number=1']} {{(pid=93905) push /opt/stack/neutron/neutron/api/rpc/handlers/resources_rpc.py:237}}
Sep 03 18:03:17.667660 dv-cinder-760193-9-smb neutron-server[93908]: DEBUG neutron.db.agents_db [None req-64c2d533-4097-4788-88f9-3e3ee031869a None None] Agent healthcheck: found 6 active agents {{(pid=93908) agent_health_check /opt/stack/neutron/neutron/db/agents_db.py:317}}
Sep 03 18:03:17.681711 dv-cinder-760193-9-smb neutron-server[93906]: DEBUG neutron.pecan_wsgi.hooks.policy_enforcement [req-0ea8395a-b064-49e4-a52a-e456c3a1b266 req-16babc46-7937-437c-9095-49fff966dbc3 tempest-AttachVolumeShelveTestJSON-1434863716 tempest-AttachVolumeShelveTestJSON-1434863716-project] Attributes excluded by policy engine: ['standard_attr_id', 'binding:profile', 'binding:host_id', 'binding:vif_type', 'binding:vif_details'] {{(pid=93906) _exclude_attributes_by_policy /opt/stack/neutron/neutron/pecan_wsgi/hooks/policy_enforcement.py:255}}
Sep 03 18:03:17.683572 dv-cinder-760193-9-smb neutron-server[93906]: INFO neutron.wsgi [req-0ea8395a-b064-49e4-a52a-e456c3a1b266 req-16babc46-7937-437c-9095-49fff966dbc3 tempest-AttachVolumeShelveTestJSON-1434863716 tempest-AttachVolumeShelveTestJSON-1434863716-project] 10.222.0.30 "GET /v2.0/ports?device_id=39771fdd-f3e7-414b-849a-e5ee9414c1d2 HTTP/1.1" status: 200 len: 946 time: 0.1077678
Sep 03 18:03:17.716295 dv-cinder-760193-9-smb neutron-server[93905]: DEBUG neutron_lib.callbacks.manager [None req-8fb59e83-bd30-45d0-bdfd-b80f5ac6ad98 admin admin] Notify callbacks [] for security_group, before_delete {{(pid=93905) _notify_loop /usr/local/lib/python3.8/dist-packages/neutron_lib/callbacks/manager.py:192}}
Sep 03 18:03:17.734941 dv-cinder-760193-9-smb neutron-server[93906]: INFO neutron.wsgi [req-0ea8395a-b064-49e4-a52a-e456c3a1b266 req-6ea4c32c-8181-4244-b722-545c81005729 tempest-AttachVolumeShelveTestJSON-1434863716 tempest-AttachVolumeShelveTestJSON-1434863716-project] 10.222.0.30 "GET /v2.0/security-groups?id=addab618-1094-467c-bdd0-d77385c06986&fields=id&fields=name HTTP/1.1" status: 200 len: 313 time: 0.0432937
Sep 03 18:03:17.746508 dv-cinder-760193-9-smb neutron-server[93905]: DEBUG neutron_lib.callbacks.manager [None req-8fb59e83-bd30-45d0-bdfd-b80f5ac6ad98 admin admin] Notify callbacks [] for security_group, precommit_delete {{(pid=93905) _notify_loop /usr/local/lib/python3.8/dist-packages/neutron_lib/callbacks/manager.py:192}}
Sep 03 18:03:17.760840 dv-cinder-760193-9-smb neutron-server[93905]: DEBUG neutron.pecan_wsgi.hooks.policy_enforcement [req-4337354a-c6a3-4f01-b15f-ec4a8169972c req-48349ac9-14ee-4eb3-b768-efc01ec4c2a2 tempest-DeleteServersTestJSON-800517557 tempest-DeleteServersTestJSON-800517557-project] Attributes excluded by policy engine: ['standard_attr_id', 'binding:profile', 'binding:host_id', 'binding:vif_type', 'binding:vif_details'] {{(pid=93905) _exclude_attributes_by_policy /opt/stack/neutron/neutron/pecan_wsgi/hooks/policy_enforcement.py:255}}
Sep 03 18:03:17.762365 dv-cinder-760193-9-smb neutron-server[93905]: INFO neutron.wsgi [req-4337354a-c6a3-4f01-b15f-ec4a8169972c req-48349ac9-14ee-4eb3-b768-efc01ec4c2a2 tempest-DeleteServersTestJSON-800517557 tempest-DeleteServersTestJSON-800517557-project] 10.222.0.30 "GET /v2.0/ports?device_id=eb8461f1-bb1c-439d-ae3a-879804fb99d2 HTTP/1.1" status: 200 len: 946 time: 0.0873268
Sep 03 18:03:17.833597 dv-cinder-760193-9-smb neutron-server[93905]: INFO neutron.wsgi [req-4337354a-c6a3-4f01-b15f-ec4a8169972c req-1f7e9d2e-8834-494d-a30a-5cdd51b35a98 tempest-DeleteServersTestJSON-800517557 tempest-DeleteServersTestJSON-800517557-project] 10.222.0.30 "GET /v2.0/security-groups?id=6844b4e1-1c35-4e33-b297-ebaedd34d7ce&fields=id&fields=name HTTP/1.1" status: 200 len: 286 time: 0.0587580
Sep 03 18:03:17.864146 dv-cinder-760193-9-smb neutron-server[93905]: DEBUG neutron_lib.callbacks.manager [None req-8fb59e83-bd30-45d0-bdfd-b80f5ac6ad98 admin admin] Notify callbacks ['neutron.plugins.ml2.ovo_rpc._ObjectChangeHandler.handle_event-989861'] for security_group, after_delete {{(pid=93905) _notify_loop /usr/local/lib/python3.8/dist-packages/neutron_lib/callbacks/manager.py:192}}
Sep 03 18:03:17.866730 dv-cinder-760193-9-smb neutron-server[93905]: DEBUG neutron_lib.callbacks.manager [None req-8fb59e83-bd30-45d0-bdfd-b80f5ac6ad98 admin admin] Notify callbacks [] for security_group, before_response {{(pid=93905) _notify_loop /usr/local/lib/python3.8/dist-packages/neutron_lib/callbacks/manager.py:192}}
Sep 03 18:03:17.870943 dv-cinder-760193-9-smb neutron-server[93905]: INFO neutron.wsgi [None req-8fb59e83-bd30-45d0-bdfd-b80f5ac6ad98 admin admin] 10.222.0.30 "DELETE /v2.0/security-groups/f3de6d15-1b87-425b-a899-d0846506f545 HTTP/1.1" status: 204 len: 168 time: 0.2494640
Sep 03 18:03:17.879545 dv-cinder-760193-9-smb neutron-server[93905]: DEBUG neutron.api.rpc.handlers.resources_rpc [None req-8fb59e83-bd30-45d0-bdfd-b80f5ac6ad98 admin admin] Pushing event deleted for resources: {'SecurityGroup': ['ID=f3de6d15-1b87-425b-a899-d0846506f545,revision_number=None']} {{(pid=93905) push /opt/stack/neutron/neutron/api/rpc/handlers/resources_rpc.py:237}}
Sep 03 18:03:17.928807 dv-cinder-760193-9-smb neutron-server[93905]: DEBUG neutron.wsgi [-] (93905) accepted ('10.222.0.30', 44606) {{(pid=93905) server /usr/local/lib/python3.8/dist-packages/eventlet/wsgi.py:982}}
Sep 03 18:03:17.994708 dv-cinder-760193-9-smb neutron-server[93905]: DEBUG neutron.pecan_wsgi.hooks.policy_enforcement [req-e89f43dc-f97c-4ee8-816c-cb19b64fbbc2 req-1f785815-2658-4613-9298-3aa62698522c tempest-AttachVolumeShelveTestJSON-1434863716 tempest-AttachVolumeShelveTestJSON-1434863716-project] Attributes excluded by policy engine: ['standard_attr_id', 'binding:profile', 'binding:host_id', 'binding:vif_type', 'binding:vif_details'] {{(pid=93905) _exclude_attributes_by_policy /opt/stack/neutron/neutron/pecan_wsgi/hooks/policy_enforcement.py:255}}
Sep 03 18:03:17.996349 dv-cinder-760193-9-smb neutron-server[93905]: INFO neutron.wsgi [req-e89f43dc-f97c-4ee8-816c-cb19b64fbbc2 req-1f785815-2658-4613-9298-3aa62698522c tempest-AttachVolumeShelveTestJSON-1434863716 tempest-AttachVolumeShelveTestJSON-1434863716-project] 10.222.0.30 "GET /v2.0/ports?device_id=39771fdd-f3e7-414b-849a-e5ee9414c1d2 HTTP/1.1" status: 200 len: 946 time: 0.0722785
Sep 03 18:03:18.009752 dv-cinder-760193-9-smb neutron-server[93905]: DEBUG neutron.wsgi [-] (93905) accepted ('10.222.0.30', 44614) {{(pid=93905) server /usr/local/lib/python3.8/dist-packages/eventlet/wsgi.py:982}}
Sep 03 18:03:18.026571 dv-cinder-760193-9-smb neutron-server[93905]: DEBUG neutron.api.v2.base [None req-597b9722-d066-4f31-8af2-66d7cd0456c6 tempest-AttachVolumeShelveTestJSON-1434863716 tempest-AttachVolumeShelveTestJSON-1434863716-project] Request body: {'floatingip': {'port_id': 'b2910374-10b0-495f-a4b7-24f852a78dfc'}} {{(pid=93905) prepare_request_body /opt/stack/neutron/neutron/api/v2/base.py:730}}
Sep 03 18:03:18.079316 dv-cinder-760193-9-smb neutron-server[93906]: DEBUG neutron.pecan_wsgi.hooks.policy_enforcement [req-6ff8b794-a854-4e33-9ca2-6367c5ffea34 req-1f5d2b4a-299f-4452-991e-bda4e6d45e1c tempest-AttachVolumeNegativeTest-184892070 tempest-AttachVolumeNegativeTest-184892070-project] Attributes excluded by policy engine: ['standard_attr_id', 'vlan_transparent', 'provider:network_type', 'provider:physical_network', 'provider:segmentation_id'] {{(pid=93906) _exclude_attributes_by_policy /opt/stack/neutron/neutron/pecan_wsgi/hooks/policy_enforcement.py:255}}
Sep 03 18:03:18.082558 dv-cinder-760193-9-smb neutron-server[93906]: INFO neutron.wsgi [req-6ff8b794-a854-4e33-9ca2-6367c5ffea34 req-1f5d2b4a-299f-4452-991e-bda4e6d45e1c tempest-AttachVolumeNegativeTest-184892070 tempest-AttachVolumeNegativeTest-184892070-project] 10.222.0.30 "GET /v2.0/networks?id=8feda516-ffb9-45f1-9983-1aaefc067fe9 HTTP/1.1" status: 200 len: 814 time: 0.2119856
Sep 03 18:03:18.107503 dv-cinder-760193-9-smb neutron-server[93906]: INFO neutron.wsgi [req-6ff8b794-a854-4e33-9ca2-6367c5ffea34 req-27875562-eaae-43ea-ad75-77c999831572 tempest-AttachVolumeNegativeTest-184892070 tempest-AttachVolumeNegativeTest-184892070-project] 10.222.0.30 "GET /v2.0/quotas/9de7672f9e5744feb7dc12c40f0b6c68 HTTP/1.1" status: 200 len: 375 time: 0.0180302
Sep 03 18:03:18.123482 dv-cinder-760193-9-smb neutron-server[93905]: DEBUG neutron_lib.callbacks.manager [None req-597b9722-d066-4f31-8af2-66d7cd0456c6 tempest-AttachVolumeShelveTestJSON-1434863716 tempest-AttachVolumeShelveTestJSON-1434863716-project] Notify callbacks [] for floatingip, before_update {{(pid=93905) _notify_loop /usr/local/lib/python3.8/dist-packages/neutron_lib/callbacks/manager.py:192}}
Sep 03 18:03:18.173094 dv-cinder-760193-9-smb neutron-server[93906]: INFO neutron.wsgi [req-6ff8b794-a854-4e33-9ca2-6367c5ffea34 req-9962c621-7baf-4620-a9a3-7ee1be9b2374 tempest-AttachVolumeNegativeTest-184892070 tempest-AttachVolumeNegativeTest-184892070-project] 10.222.0.30 "GET /v2.0/ports?tenant_id=9de7672f9e5744feb7dc12c40f0b6c68&fields=id HTTP/1.1" status: 200 len: 255 time: 0.0638146
Sep 03 18:03:18.249192 dv-cinder-760193-9-smb neutron-server[93905]: DEBUG neutron.wsgi [-] (93905) accepted ('10.222.0.30', 44622) {{(pid=93905) server /usr/local/lib/python3.8/dist-packages/eventlet/wsgi.py:982}}
Sep 03 18:03:18.289996 dv-cinder-760193-9-smb neutron-server[93905]: DEBUG neutron_lib.callbacks.manager [None req-4fccb587-4363-4cd4-9657-f5adc7e8657a admin admin] Notify callbacks [] for security_group, before_create {{(pid=93905) _notify_loop /usr/local/lib/python3.8/dist-packages/neutron_lib/callbacks/manager.py:192}}
Sep 03 18:03:18.302024 dv-cinder-760193-9-smb neutron-server[93906]: INFO neutron.wsgi [req-6ff8b794-a854-4e33-9ca2-6367c5ffea34 req-aa5caa3e-3b28-4b0a-bfec-d22aad975cac service neutron] 10.222.0.30 "GET /v2.0/networks/8feda516-ffb9-45f1-9983-1aaefc067fe9?fields=segments HTTP/1.1" status: 200 len: 212 time: 0.1280181
Sep 03 18:03:18.373128 dv-cinder-760193-9-smb neutron-server[93906]: DEBUG neutron.wsgi [-] (93906) accepted ('10.222.0.30', 44626) {{(pid=93906) server /usr/local/lib/python3.8/dist-packages/eventlet/wsgi.py:982}}
Sep 03 18:03:18.394740 dv-cinder-760193-9-smb neutron-server[93906]: DEBUG neutron_lib.callbacks.manager [None req-8313fe46-6384-4845-bbb5-fd439d474189 admin admin] Notify callbacks [] for security_group, before_create {{(pid=93906) _notify_loop /usr/local/lib/python3.8/dist-packages/neutron_lib/callbacks/manager.py:192}}
Sep 03 18:03:18.423615 dv-cinder-760193-9-smb neutron-server[93906]: INFO neutron.wsgi [req-6ff8b794-a854-4e33-9ca2-6367c5ffea34 req-46bb356d-028e-4886-b2e4-cf0c0c8e726e service neutron] 10.222.0.30 "GET /v2.0/networks/8feda516-ffb9-45f1-9983-1aaefc067fe9?fields=provider%3Aphysical_network&fields=provider%3Anetwork_type HTTP/1.1" status: 200 len: 281 time: 0.1145434
Sep 03 18:03:18.606713 dv-cinder-760193-9-smb neutron-server[93906]: INFO neutron.wsgi [req-3641ed47-533c-48f5-a5a4-0286c34b89e0 req-404ea756-00c0-4eb5-b816-65a34db7a898 tempest-AttachVolumeNegativeTest-184892070 tempest-AttachVolumeNegativeTest-184892070-project] 10.222.0.30 "GET /v2.0/ports?device_id=b71f15e1-5c38-4d30-97ee-49fd1194ae6d HTTP/1.1" status: 200 len: 210 time: 0.0299289
Sep 03 18:03:18.632302 dv-cinder-760193-9-smb neutron-server[93905]: DEBUG neutron_lib.callbacks.manager [None req-cac39cf2-616c-43aa-a00b-279136bda22c admin admin] Notify callbacks [] for security_group, before_create {{(pid=93905) _notify_loop /usr/local/lib/python3.8/dist-packages/neutron_lib/callbacks/manager.py:192}}
Sep 03 18:03:18.697262 dv-cinder-760193-9-smb neutron-server[93905]: DEBUG neutron.pecan_wsgi.hooks.policy_enforcement [req-7b02f522-da3a-4d04-9c6c-2431083dc2ac req-5e0a0dab-0a75-40ea-ab6b-ca2f4eb6869f tempest-ServerRescueNegativeTestJSON-1716763128 tempest-ServerRescueNegativeTestJSON-1716763128-project] Attributes excluded by policy engine: ['standard_attr_id', 'binding:profile', 'binding:host_id', 'binding:vif_type', 'binding:vif_details'] {{(pid=93905) _exclude_attributes_by_policy /opt/stack/neutron/neutron/pecan_wsgi/hooks/policy_enforcement.py:255}}
Sep 03 18:03:18.698730 dv-cinder-760193-9-smb neutron-server[93905]: INFO neutron.wsgi [req-7b02f522-da3a-4d04-9c6c-2431083dc2ac req-5e0a0dab-0a75-40ea-ab6b-ca2f4eb6869f tempest-ServerRescueNegativeTestJSON-1716763128 tempest-ServerRescueNegativeTestJSON-1716763128-project] 10.222.0.30 "GET /v2.0/ports?device_id=a48708c1-3393-4962-bc2b-0706f663bd08 HTTP/1.1" status: 200 len: 946 time: 0.1354394
Sep 03 18:03:18.863664 dv-cinder-760193-9-smb neutron-server[93905]: INFO neutron.wsgi [req-7b02f522-da3a-4d04-9c6c-2431083dc2ac req-5c06b01b-68f7-4446-b6fb-e1bad15a6b0d tempest-ServerRescueNegativeTestJSON-1716763128 tempest-ServerRescueNegativeTestJSON-1716763128-project] 10.222.0.30 "GET /v2.0/security-groups?id=ce4dc6db-72cc-46af-bb91-7381cc1ecb63&fields=id&fields=name HTTP/1.1" status: 200 len: 286 time: 0.1565161
Sep 03 18:03:18.948459 dv-cinder-760193-9-smb neutron-server[93905]: DEBUG neutron_lib.callbacks.manager [None req-4fccb587-4363-4cd4-9657-f5adc7e8657a admin admin] Notify callbacks [] for security_group, precommit_create {{(pid=93905) _notify_loop /usr/local/lib/python3.8/dist-packages/neutron_lib/callbacks/manager.py:192}}
Sep 03 18:03:18.949743 dv-cinder-760193-9-smb neutron-server[93906]: DEBUG neutron.pecan_wsgi.hooks.policy_enforcement [req-aa5333e3-59fe-42b0-b86b-23f081cc5861 req-5755e5bb-ce54-4508-995e-8732b8f52d3c tempest-DeleteServersTestJSON-800517557 tempest-DeleteServersTestJSON-800517557-project] Attributes excluded by policy engine: ['standard_attr_id', 'binding:profile', 'binding:host_id', 'binding:vif_type', 'binding:vif_details'] {{(pid=93906) _exclude_attributes_by_policy /opt/stack/neutron/neutron/pecan_wsgi/hooks/policy_enforcement.py:255}}
Sep 03 18:03:18.951378 dv-cinder-760193-9-smb neutron-server[93906]: INFO neutron.wsgi [req-aa5333e3-59fe-42b0-b86b-23f081cc5861 req-5755e5bb-ce54-4508-995e-8732b8f52d3c tempest-DeleteServersTestJSON-800517557 tempest-DeleteServersTestJSON-800517557-project] 10.222.0.30 "GET /v2.0/ports?device_id=eb8461f1-bb1c-439d-ae3a-879804fb99d2 HTTP/1.1" status: 200 len: 946 time: 0.0495045
Sep 03 18:03:18.956687 dv-cinder-760193-9-smb neutron-server[93905]: DEBUG neutron_lib.callbacks.manager [None req-4fccb587-4363-4cd4-9657-f5adc7e8657a admin admin] Notify callbacks ['neutron.plugins.ml2.ovo_rpc._ObjectChangeHandler.handle_event-989861'] for security_group, after_create {{(pid=93905) _notify_loop /usr/local/lib/python3.8/dist-packages/neutron_lib/callbacks/manager.py:192}}
Sep 03 18:03:19.013314 dv-cinder-760193-9-smb neutron-server[93906]: INFO neutron.wsgi [req-aa5333e3-59fe-42b0-b86b-23f081cc5861 req-68e0a615-d477-41dd-b97d-6cd03991a088 tempest-DeleteServersTestJSON-800517557 tempest-DeleteServersTestJSON-800517557-project] 10.222.0.30 "GET /v2.0/security-groups?id=6844b4e1-1c35-4e33-b297-ebaedd34d7ce&fields=id&fields=name HTTP/1.1" status: 200 len: 286 time: 0.0532215
Sep 03 18:03:19.016478 dv-cinder-760193-9-smb neutron-server[93905]: INFO neutron.wsgi [None req-4fccb587-4363-4cd4-9657-f5adc7e8657a admin admin] 10.222.0.30 "GET /v2.0/security-groups?tenant_id=2bfb6686c34f4cfd8bc52cf070023f0c&name=default HTTP/1.1" status: 200 len: 2979 time: 1.0860260
Sep 03 18:03:19.020012 dv-cinder-760193-9-smb neutron-server[93906]: DEBUG neutron.wsgi [-] (93906) accepted ('10.222.0.30', 44642) {{(pid=93906) server /usr/local/lib/python3.8/dist-packages/eventlet/wsgi.py:982}}
Sep 03 18:03:19.058106 dv-cinder-760193-9-smb neutron-server[93905]: DEBUG neutron.api.rpc.handlers.resources_rpc [None req-4fccb587-4363-4cd4-9657-f5adc7e8657a admin admin] Pushing event updated for resources: {'SecurityGroup': ['ID=e66352eb-5130-431a-a379-9114d4681d15,revision_number=1']} {{(pid=93905) push /opt/stack/neutron/neutron/api/rpc/handlers/resources_rpc.py:237}}
Sep 03 18:03:19.104746 dv-cinder-760193-9-smb neutron-server[93906]: DEBUG neutron_lib.callbacks.manager [None req-27916933-321f-4a0c-859d-b9722a3a93e0 admin admin] Notify callbacks [] for security_group, before_delete {{(pid=93906) _notify_loop /usr/local/lib/python3.8/dist-packages/neutron_lib/callbacks/manager.py:192}}
Sep 03 18:03:19.120962 dv-cinder-760193-9-smb neutron-server[93906]: DEBUG neutron_lib.callbacks.manager [None req-8313fe46-6384-4845-bbb5-fd439d474189 admin admin] Notify callbacks [] for security_group, precommit_create {{(pid=93906) _notify_loop /usr/local/lib/python3.8/dist-packages/neutron_lib/callbacks/manager.py:192}}
Sep 03 18:03:19.130409 dv-cinder-760193-9-smb neutron-server[93906]: DEBUG neutron_lib.callbacks.manager [None req-8313fe46-6384-4845-bbb5-fd439d474189 admin admin] Notify callbacks ['neutron.plugins.ml2.ovo_rpc._ObjectChangeHandler.handle_event-989861'] for security_group, after_create {{(pid=93906) _notify_loop /usr/local/lib/python3.8/dist-packages/neutron_lib/callbacks/manager.py:192}}
Sep 03 18:03:19.146739 dv-cinder-760193-9-smb neutron-server[93906]: DEBUG neutron_lib.callbacks.manager [None req-27916933-321f-4a0c-859d-b9722a3a93e0 admin admin] Notify callbacks [] for security_group, precommit_delete {{(pid=93906) _notify_loop /usr/local/lib/python3.8/dist-packages/neutron_lib/callbacks/manager.py:192}}
Sep 03 18:03:19.194125 dv-cinder-760193-9-smb neutron-server[93906]: INFO neutron.wsgi [None req-8313fe46-6384-4845-bbb5-fd439d474189 admin admin] 10.222.0.30 "GET /v2.0/security-groups?tenant_id=d426f82944c64222857c806b2490d47c&name=default HTTP/1.1" status: 200 len: 2979 time: 0.8199506
Sep 03 18:03:19.200592 dv-cinder-760193-9-smb neutron-server[93905]: DEBUG neutron.wsgi [-] (93905) accepted ('10.222.0.30', 44646) {{(pid=93905) server /usr/local/lib/python3.8/dist-packages/eventlet/wsgi.py:982}}
Sep 03 18:03:19.202347 dv-cinder-760193-9-smb neutron-server[93906]: DEBUG neutron.api.rpc.handlers.resources_rpc [None req-8313fe46-6384-4845-bbb5-fd439d474189 admin admin] Pushing event updated for resources: {'SecurityGroup': ['ID=22f69dc7-d662-4109-87ec-570e7316ae06,revision_number=1']} {{(pid=93906) push /opt/stack/neutron/neutron/api/rpc/handlers/resources_rpc.py:237}}
Sep 03 18:03:19.236609 dv-cinder-760193-9-smb neutron-server[93906]: DEBUG neutron_lib.callbacks.manager [None req-27916933-321f-4a0c-859d-b9722a3a93e0 admin admin] Notify callbacks ['neutron.plugins.ml2.ovo_rpc._ObjectChangeHandler.handle_event-989861'] for security_group, after_delete {{(pid=93906) _notify_loop /usr/local/lib/python3.8/dist-packages/neutron_lib/callbacks/manager.py:192}}
Sep 03 18:03:19.237187 dv-cinder-760193-9-smb neutron-server[93905]: DEBUG neutron_lib.callbacks.manager [None req-597b9722-d066-4f31-8af2-66d7cd0456c6 tempest-AttachVolumeShelveTestJSON-1434863716 tempest-AttachVolumeShelveTestJSON-1434863716-project] Notify callbacks [] for floatingip, precommit_update {{(pid=93905) _notify_loop /usr/local/lib/python3.8/dist-packages/neutron_lib/callbacks/manager.py:192}}
Sep 03 18:03:19.239828 dv-cinder-760193-9-smb neutron-server[93906]: DEBUG neutron_lib.callbacks.manager [None req-27916933-321f-4a0c-859d-b9722a3a93e0 admin admin] Notify callbacks [] for security_group, before_response {{(pid=93906) _notify_loop /usr/local/lib/python3.8/dist-packages/neutron_lib/callbacks/manager.py:192}}
Sep 03 18:03:19.241503 dv-cinder-760193-9-smb neutron-server[93906]: INFO neutron.wsgi [None req-27916933-321f-4a0c-859d-b9722a3a93e0 admin admin] 10.222.0.30 "DELETE /v2.0/security-groups/e66352eb-5130-431a-a379-9114d4681d15 HTTP/1.1" status: 204 len: 168 time: 0.2204208
Sep 03 18:03:19.256596 dv-cinder-760193-9-smb neutron-server[93905]: DEBUG neutron_lib.callbacks.manager [None req-597b9722-d066-4f31-8af2-66d7cd0456c6 tempest-AttachVolumeShelveTestJSON-1434863716 tempest-AttachVolumeShelveTestJSON-1434863716-project] Notify callbacks ['neutron.services.l3_router.l3_router_plugin.DVRResourceOperationHandler._create_dvr_floating_gw_port-909882'] for floatingip, after_update {{(pid=93905) _notify_loop /usr/local/lib/python3.8/dist-packages/neutron_lib/callbacks/manager.py:192}}
Sep 03 18:03:19.256905 dv-cinder-760193-9-smb neutron-server[93906]: DEBUG neutron.api.rpc.handlers.resources_rpc [None req-27916933-321f-4a0c-859d-b9722a3a93e0 admin admin] Pushing event deleted for resources: {'SecurityGroup': ['ID=e66352eb-5130-431a-a379-9114d4681d15,revision_number=None']} {{(pid=93906) push /opt/stack/neutron/neutron/api/rpc/handlers/resources_rpc.py:237}}
Sep 03 18:03:19.428599 dv-cinder-760193-9-smb neutron-server[93905]: INFO neutron.db.l3_db [None req-597b9722-d066-4f31-8af2-66d7cd0456c6 tempest-AttachVolumeShelveTestJSON-1434863716 tempest-AttachVolumeShelveTestJSON-1434863716-project] Floating IP 04c54249-fc4e-4102-a197-0f6a644f5d3e associated. External IP: 172.28.0.43, port: b2910374-10b0-495f-a4b7-24f852a78dfc.
Sep 03 18:03:19.466010 dv-cinder-760193-9-smb neutron-server[93905]: DEBUG neutron_lib.callbacks.manager [None req-b7f426a0-191a-4678-afb5-efd71eb79996 admin admin] Notify callbacks [] for security_group, before_delete {{(pid=93905) _notify_loop /usr/local/lib/python3.8/dist-packages/neutron_lib/callbacks/manager.py:192}}
Sep 03 18:03:19.502919 dv-cinder-760193-9-smb neutron-server[93905]: DEBUG neutron_lib.callbacks.manager [None req-cac39cf2-616c-43aa-a00b-279136bda22c admin admin] Notify callbacks [] for security_group, precommit_create {{(pid=93905) _notify_loop /usr/local/lib/python3.8/dist-packages/neutron_lib/callbacks/manager.py:192}}
Sep 03 18:03:19.514084 dv-cinder-760193-9-smb neutron-server[93905]: DEBUG neutron_lib.callbacks.manager [None req-cac39cf2-616c-43aa-a00b-279136bda22c admin admin] Notify callbacks ['neutron.plugins.ml2.ovo_rpc._ObjectChangeHandler.handle_event-989861'] for security_group, after_create {{(pid=93905) _notify_loop /usr/local/lib/python3.8/dist-packages/neutron_lib/callbacks/manager.py:192}}
Sep 03 18:03:19.548458 dv-cinder-760193-9-smb neutron-server[93905]: DEBUG neutron_lib.callbacks.manager [None req-b7f426a0-191a-4678-afb5-efd71eb79996 admin admin] Notify callbacks [] for security_group, precommit_delete {{(pid=93905) _notify_loop /usr/local/lib/python3.8/dist-packages/neutron_lib/callbacks/manager.py:192}}
Sep 03 18:03:19.605232 dv-cinder-760193-9-smb neutron-server[93905]: INFO neutron.wsgi [None req-cac39cf2-616c-43aa-a00b-279136bda22c admin admin] 10.222.0.30 "GET /v2.0/security-groups?tenant_id=ce087b9f58b442f0a7f494949fb14f89&name=default HTTP/1.1" status: 200 len: 2979 time: 1.3517547
Sep 03 18:03:19.605766 dv-cinder-760193-9-smb neutron-server[93906]: DEBUG neutron.wsgi [-] (93906) accepted ('10.222.0.30', 44662) {{(pid=93906) server /usr/local/lib/python3.8/dist-packages/eventlet/wsgi.py:982}}
Sep 03 18:03:19.611375 dv-cinder-760193-9-smb neutron-server[93905]: DEBUG neutron.api.rpc.handlers.resources_rpc [None req-cac39cf2-616c-43aa-a00b-279136bda22c admin admin] Pushing event updated for resources: {'SecurityGroup': ['ID=e5bd9915-da55-4f25-9ec0-e6111990ed66,revision_number=1']} {{(pid=93905) push /opt/stack/neutron/neutron/api/rpc/handlers/resources_rpc.py:237}}
Sep 03 18:03:19.643167 dv-cinder-760193-9-smb neutron-server[93906]: DEBUG neutron.wsgi [-] (93906) accepted ('10.222.0.30', 44666) {{(pid=93906) server /usr/local/lib/python3.8/dist-packages/eventlet/wsgi.py:982}}
Sep 03 18:03:19.669126 dv-cinder-760193-9-smb neutron-server[93906]: DEBUG neutron_lib.callbacks.manager [None req-2f7a046b-ea00-4a6d-934f-44d5ba133ce6 admin admin] Notify callbacks [] for security_group, before_create {{(pid=93906) _notify_loop /usr/local/lib/python3.8/dist-packages/neutron_lib/callbacks/manager.py:192}}
Sep 03 18:03:19.698490 dv-cinder-760193-9-smb neutron-server[93906]: DEBUG neutron_lib.callbacks.manager [None req-5f1c8535-68e8-46fa-88c2-374ed2d06707 admin admin] Notify callbacks [] for security_group, before_delete {{(pid=93906) _notify_loop /usr/local/lib/python3.8/dist-packages/neutron_lib/callbacks/manager.py:192}}
Sep 03 18:03:19.736833 dv-cinder-760193-9-smb neutron-server[93906]: DEBUG neutron_lib.callbacks.manager [None req-5f1c8535-68e8-46fa-88c2-374ed2d06707 admin admin] Notify callbacks [] for security_group, precommit_delete {{(pid=93906) _notify_loop /usr/local/lib/python3.8/dist-packages/neutron_lib/callbacks/manager.py:192}}
Sep 03 18:03:19.745794 dv-cinder-760193-9-smb neutron-server[93905]: INFO neutron.wsgi [req-a44cc125-e646-49e9-9718-284b84251c77 req-c94f8d20-b612-4d4e-91af-bfb10fe6ca0b tempest-AttachVolumeNegativeTest-184892070 tempest-AttachVolumeNegativeTest-184892070-project] 10.222.0.30 "GET /v2.0/ports?device_id=b71f15e1-5c38-4d30-97ee-49fd1194ae6d HTTP/1.1" status: 200 len: 210 time: 0.0604794
Sep 03 18:03:19.754649 dv-cinder-760193-9-smb neutron-server[93905]: DEBUG neutron_lib.callbacks.manager [None req-b7f426a0-191a-4678-afb5-efd71eb79996 admin admin] Notify callbacks ['neutron.plugins.ml2.ovo_rpc._ObjectChangeHandler.handle_event-989861'] for security_group, after_delete {{(pid=93905) _notify_loop /usr/local/lib/python3.8/dist-packages/neutron_lib/callbacks/manager.py:192}}
Sep 03 18:03:19.757275 dv-cinder-760193-9-smb neutron-server[93905]: DEBUG neutron_lib.callbacks.manager [None req-b7f426a0-191a-4678-afb5-efd71eb79996 admin admin] Notify callbacks [] for security_group, before_response {{(pid=93905) _notify_loop /usr/local/lib/python3.8/dist-packages/neutron_lib/callbacks/manager.py:192}}
Sep 03 18:03:19.758474 dv-cinder-760193-9-smb neutron-server[93905]: INFO neutron.wsgi [None req-b7f426a0-191a-4678-afb5-efd71eb79996 admin admin] 10.222.0.30 "DELETE /v2.0/security-groups/22f69dc7-d662-4109-87ec-570e7316ae06 HTTP/1.1" status: 204 len: 168 time: 0.5569782
Sep 03 18:03:19.783836 dv-cinder-760193-9-smb neutron-server[93905]: DEBUG neutron.api.rpc.handlers.resources_rpc [None req-b7f426a0-191a-4678-afb5-efd71eb79996 admin admin] Pushing event deleted for resources: {'SecurityGroup': ['ID=22f69dc7-d662-4109-87ec-570e7316ae06,revision_number=None']} {{(pid=93905) push /opt/stack/neutron/neutron/api/rpc/handlers/resources_rpc.py:237}}
Sep 03 18:03:19.819407 dv-cinder-760193-9-smb neutron-server[93906]: DEBUG neutron_lib.callbacks.manager [None req-5f1c8535-68e8-46fa-88c2-374ed2d06707 admin admin] Notify callbacks ['neutron.plugins.ml2.ovo_rpc._ObjectChangeHandler.handle_event-989861'] for security_group, after_delete {{(pid=93906) _notify_loop /usr/local/lib/python3.8/dist-packages/neutron_lib/callbacks/manager.py:192}}
Sep 03 18:03:19.823009 dv-cinder-760193-9-smb neutron-server[93906]: DEBUG neutron_lib.callbacks.manager [None req-5f1c8535-68e8-46fa-88c2-374ed2d06707 admin admin] Notify callbacks [] for security_group, before_response {{(pid=93906) _notify_loop /usr/local/lib/python3.8/dist-packages/neutron_lib/callbacks/manager.py:192}}
Sep 03 18:03:19.824991 dv-cinder-760193-9-smb neutron-server[93906]: INFO neutron.wsgi [None req-5f1c8535-68e8-46fa-88c2-374ed2d06707 admin admin] 10.222.0.30 "DELETE /v2.0/security-groups/e5bd9915-da55-4f25-9ec0-e6111990ed66 HTTP/1.1" status: 204 len: 168 time: 0.2182305
Sep 03 18:03:19.833592 dv-cinder-760193-9-smb neutron-server[93905]: DEBUG neutron.scheduler.l3_agent_scheduler [None req-597b9722-d066-4f31-8af2-66d7cd0456c6 tempest-AttachVolumeShelveTestJSON-1434863716 tempest-AttachVolumeShelveTestJSON-1434863716-project] Router 00c4ce26-ce69-4f07-94af-b6e93cff7ad3 has already been hosted by L3 agent 8dc8061d-293f-4695-8a07-f73d947de547 {{(pid=93905) _get_candidates /opt/stack/neutron/neutron/scheduler/l3_agent_scheduler.py:126}}
Sep 03 18:03:19.837993 dv-cinder-760193-9-smb neutron-server[93906]: DEBUG neutron.api.rpc.handlers.resources_rpc [None req-5f1c8535-68e8-46fa-88c2-374ed2d06707 admin admin] Pushing event deleted for resources: {'SecurityGroup': ['ID=e5bd9915-da55-4f25-9ec0-e6111990ed66,revision_number=None']} {{(pid=93906) push /opt/stack/neutron/neutron/api/rpc/handlers/resources_rpc.py:237}}
Sep 03 18:03:19.848784 dv-cinder-760193-9-smb neutron-server[93906]: DEBUG neutron_lib.callbacks.manager [None req-2f7a046b-ea00-4a6d-934f-44d5ba133ce6 admin admin] Notify callbacks [] for security_group, precommit_create {{(pid=93906) _notify_loop /usr/local/lib/python3.8/dist-packages/neutron_lib/callbacks/manager.py:192}}
Sep 03 18:03:19.856185 dv-cinder-760193-9-smb neutron-server[93906]: DEBUG neutron_lib.callbacks.manager [None req-2f7a046b-ea00-4a6d-934f-44d5ba133ce6 admin admin] Notify callbacks ['neutron.plugins.ml2.ovo_rpc._ObjectChangeHandler.handle_event-989861'] for security_group, after_create {{(pid=93906) _notify_loop /usr/local/lib/python3.8/dist-packages/neutron_lib/callbacks/manager.py:192}}
Sep 03 18:03:19.937160 dv-cinder-760193-9-smb neutron-server[93906]: INFO neutron.wsgi [None req-2f7a046b-ea00-4a6d-934f-44d5ba133ce6 admin admin] 10.222.0.30 "GET /v2.0/security-groups?tenant_id=4d2e5cdf269b49c8bec22e16bb2b3d9a&name=default HTTP/1.1" status: 200 len: 2979 time: 0.2921832
Sep 03 18:03:19.939532 dv-cinder-760193-9-smb neutron-server[93906]: DEBUG neutron.api.rpc.handlers.resources_rpc [None req-2f7a046b-ea00-4a6d-934f-44d5ba133ce6 admin admin] Pushing event updated for resources: {'SecurityGroup': ['ID=0427d29e-86ef-4043-af10-3af3d26a0deb,revision_number=1']} {{(pid=93906) push /opt/stack/neutron/neutron/api/rpc/handlers/resources_rpc.py:237}}
Sep 03 18:03:19.942123 dv-cinder-760193-9-smb neutron-server[93906]: DEBUG neutron.wsgi [-] (93906) accepted ('10.222.0.30', 44674) {{(pid=93906) server /usr/local/lib/python3.8/dist-packages/eventlet/wsgi.py:982}}
Sep 03 18:03:20.008113 dv-cinder-760193-9-smb neutron-server[93905]: DEBUG neutron.api.rpc.agentnotifiers.l3_rpc_agent_api [None req-597b9722-d066-4f31-8af2-66d7cd0456c6 tempest-AttachVolumeShelveTestJSON-1434863716 tempest-AttachVolumeShelveTestJSON-1434863716-project] Notify agent at l3_agent.dv-cinder-760193-9-smb the message routers_updated {{(pid=93905) _agent_notification /opt/stack/neutron/neutron/api/rpc/agentnotifiers/l3_rpc_agent_api.py:65}}
