Sep 03 18:02:47.868340 dv-cinder-760193-9-smb neutron-server[93906]: DEBUG neutron.api.rpc.agentnotifiers.l3_rpc_agent_api [None req-1d830818-bc5c-4161-9c21-87b390694132 admin admin] Notify agent at l3_agent.dv-cinder-760193-9-smb the message routers_updated {{(pid=93906) _agent_notification /opt/stack/neutron/neutron/api/rpc/agentnotifiers/l3_rpc_agent_api.py:65}}
Sep 03 18:02:47.887803 dv-cinder-760193-9-smb neutron-server[93908]: DEBUG neutron.api.rpc.handlers.l3_rpc [None req-bfed96ab-2250-428e-a5b9-d0e7688def3a None None] Sync routers for ids ['00c4ce26-ce69-4f07-94af-b6e93cff7ad3'] in dv-cinder-760193-9-smb {{(pid=93908) sync_routers /opt/stack/neutron/neutron/api/rpc/handlers/l3_rpc.py:125}}
Sep 03 18:02:47.894078 dv-cinder-760193-9-smb neutron-server[93908]: DEBUG neutron.db.l3_dvrscheduler_db [None req-bfed96ab-2250-428e-a5b9-d0e7688def3a None None] Routers {'00c4ce26-ce69-4f07-94af-b6e93cff7ad3'} bound to L3 agent in host dv-cinder-760193-9-smb {{(pid=93908) _get_router_ids_for_agent /opt/stack/neutron/neutron/db/l3_dvrscheduler_db.py:420}}
Sep 03 18:02:47.897932 dv-cinder-760193-9-smb neutron-server[93908]: DEBUG neutron.db.l3_hamode_db [None req-bfed96ab-2250-428e-a5b9-d0e7688def3a None None] neutron.services.l3_router.l3_router_plugin.L3RouterPlugin method get_ha_sync_data_for_host called with arguments (, 'dv-cinder-760193-9-smb', Agent(admin_state_up=True,agent_type='L3 agent',availability_zone='nova',binary='neutron-l3-agent',configurations={"agent_mode": "legacy", "ex_gw_ports": 1, "extensions": [], "floating_ips": 0, "handle_internal_only_routers": true, "interface_driver": "openvswitch", "interfaces": 1, "log_agent_heartbeats": false, "routers": 1},created_at=2021-09-03T17:54:24Z,description=,heartbeat_timestamp=2021-09-03T18:02:24Z,host='dv-cinder-760193-9-smb',id=8dc8061d-293f-4695-8a07-f73d947de547,load=0,resource_versions=,resources_synced=,started_at=2021-09-03T17:54:24Z,topic='l3_agent')) {'router_ids': ['00c4ce26-ce69-4f07-94af-b6e93cff7ad3'], 'active': True} {{(pid=93908) wrapper /usr/local/lib/python3.8/dist-packages/oslo_log/helpers.py:65}}
Sep 03 18:02:47.898815 dv-cinder-760193-9-smb neutron-server[93906]: DEBUG neutron.wsgi [-] (93906) accepted ('10.222.0.30', 43408) {{(pid=93906) server /usr/local/lib/python3.8/dist-packages/eventlet/wsgi.py:982}}
Sep 03 18:02:47.916434 dv-cinder-760193-9-smb neutron-server[93905]: DEBUG neutron_lib.callbacks.manager [None req-f163df01-bc8f-431f-b6e6-ecdd0ecab86b admin admin] Notify callbacks ['neutron.plugins.ml2.ovo_rpc._ObjectChangeHandler.handle_event-989861'] for security_group, after_delete {{(pid=93905) _notify_loop /usr/local/lib/python3.8/dist-packages/neutron_lib/callbacks/manager.py:192}}
Sep 03 18:02:47.921182 dv-cinder-760193-9-smb neutron-server[93905]: DEBUG neutron_lib.callbacks.manager [None req-f163df01-bc8f-431f-b6e6-ecdd0ecab86b admin admin] Notify callbacks [] for security_group, before_response {{(pid=93905) _notify_loop /usr/local/lib/python3.8/dist-packages/neutron_lib/callbacks/manager.py:192}}
Sep 03 18:02:47.936601 dv-cinder-760193-9-smb neutron-server[93906]: INFO neutron.wsgi [None req-1d830818-bc5c-4161-9c21-87b390694132 admin admin] 10.222.0.30 "PUT /v2.0/routers/00c4ce26-ce69-4f07-94af-b6e93cff7ad3/add_router_interface HTTP/1.1" status: 200 len: 503 time: 9.2965128
Sep 03 18:02:47.937244 dv-cinder-760193-9-smb neutron-server[93905]: INFO neutron.wsgi [None req-f163df01-bc8f-431f-b6e6-ecdd0ecab86b admin admin] 10.222.0.30 "DELETE /v2.0/security-groups/3b6071de-5376-4397-9c43-c4b8f89e2447 HTTP/1.1" status: 204 len: 168 time: 0.2147264
Sep 03 18:02:47.938147 dv-cinder-760193-9-smb neutron-server[93906]: DEBUG neutron_lib.callbacks.manager [req-af91a0bc-d006-46f1-9191-0c852fe32f59 req-6f7817f1-ba73-44b3-928b-6c117c493468 tempest-DeleteServersTestJSON-800517557 tempest-DeleteServersTestJSON-800517557-project] Notify callbacks ['neutron.plugins.ml2.plugin.SecurityGroupServerNotifierRpcMixin._notify_sg_on_port_change-4084924', 'neutron.plugins.ml2.ovo_rpc._ObjectChangeHandler.handle_event-120041', 'neutron.api.rpc.agentnotifiers.dhcp_rpc_agent_api.DhcpAgentNotifyAPI._native_event_send_dhcp_notification-529873', 'neutron.db.l3_dvrscheduler_db._notify_l3_agent_new_port-8782177615737'] for port, after_create {{(pid=93906) _notify_loop /usr/local/lib/python3.8/dist-packages/neutron_lib/callbacks/manager.py:192}}
Sep 03 18:02:47.958552 dv-cinder-760193-9-smb neutron-server[93905]: DEBUG neutron.api.rpc.handlers.resources_rpc [None req-f163df01-bc8f-431f-b6e6-ecdd0ecab86b admin admin] Pushing event deleted for resources: {'SecurityGroup': ['ID=3b6071de-5376-4397-9c43-c4b8f89e2447,revision_number=None']} {{(pid=93905) push /opt/stack/neutron/neutron/api/rpc/handlers/resources_rpc.py:237}}
Sep 03 18:02:48.140515 dv-cinder-760193-9-smb neutron-server[93906]: DEBUG neutron_lib.callbacks.manager [None req-b6a62af9-51bb-4ee8-bb1d-5034f113ee89 admin admin] Notify callbacks [] for security_group, precommit_create {{(pid=93906) _notify_loop /usr/local/lib/python3.8/dist-packages/neutron_lib/callbacks/manager.py:192}}
Sep 03 18:02:48.189118 dv-cinder-760193-9-smb neutron-server[93906]: DEBUG neutron_lib.callbacks.manager [None req-b6a62af9-51bb-4ee8-bb1d-5034f113ee89 admin admin] Notify callbacks ['neutron.plugins.ml2.ovo_rpc._ObjectChangeHandler.handle_event-989861'] for security_group, after_create {{(pid=93906) _notify_loop /usr/local/lib/python3.8/dist-packages/neutron_lib/callbacks/manager.py:192}}
Sep 03 18:02:48.247981 dv-cinder-760193-9-smb neutron-server[93906]: DEBUG neutron.api.rpc.handlers.resources_rpc [None req-b6a62af9-51bb-4ee8-bb1d-5034f113ee89 admin admin] Pushing event updated for resources: {'SecurityGroup': ['ID=062e888d-6cda-4fcb-a461-0819bfb3d1ea,revision_number=1']} {{(pid=93906) push /opt/stack/neutron/neutron/api/rpc/handlers/resources_rpc.py:237}}
Sep 03 18:02:48.277379 dv-cinder-760193-9-smb neutron-server[93906]: DEBUG neutron.scheduler.dhcp_agent_scheduler [req-af91a0bc-d006-46f1-9191-0c852fe32f59 req-6f7817f1-ba73-44b3-928b-6c117c493468 tempest-DeleteServersTestJSON-800517557 tempest-DeleteServersTestJSON-800517557-project] Network 17475eeb-3e16-4def-b4af-657a963491b3 is already hosted by enough agents. {{(pid=93906) _get_dhcp_agents_hosting_network /opt/stack/neutron/neutron/scheduler/dhcp_agent_scheduler.py:275}}
Sep 03 18:02:48.285249 dv-cinder-760193-9-smb neutron-server[93906]: DEBUG neutron_lib.callbacks.manager [None req-7fefaf51-46c9-4fa1-9c8b-f3910f1f3060 admin admin] Notify callbacks ['neutron.plugins.ml2.plugin.SecurityGroupServerNotifierRpcMixin._notify_sg_on_port_change-4084924', 'neutron.plugins.ml2.ovo_rpc._ObjectChangeHandler.handle_event-120041', 'neutron.api.rpc.agentnotifiers.dhcp_rpc_agent_api.DhcpAgentNotifyAPI._native_event_send_dhcp_notification-529873', 'neutron.db.l3_dvrscheduler_db._notify_l3_agent_new_port-8782177615737'] for port, after_create {{(pid=93906) _notify_loop /usr/local/lib/python3.8/dist-packages/neutron_lib/callbacks/manager.py:192}}
Sep 03 18:02:48.295315 dv-cinder-760193-9-smb neutron-server[93906]: INFO neutron.wsgi [req-c9456d83-bf36-4a1d-8f41-da592a358d1d req-dcd614c1-dccb-4ebb-a7a1-0d2fbfc0ac47 tempest-AttachVolumeNegativeTest-184892070 tempest-AttachVolumeNegativeTest-184892070-project] 10.222.0.30 "GET /v2.0/security-groups?id=53a57006-2647-4416-a8b8-dc56ccd29b2c&fields=id&fields=name HTTP/1.1" status: 200 len: 286 time: 0.4724715
Sep 03 18:02:48.320566 dv-cinder-760193-9-smb neutron-server[93906]: DEBUG neutron_lib.callbacks.manager [None req-44730934-314e-4ab9-a6ab-b1a60480b350 admin admin] Notify callbacks [] for security_group, before_delete {{(pid=93906) _notify_loop /usr/local/lib/python3.8/dist-packages/neutron_lib/callbacks/manager.py:192}}
Sep 03 18:02:48.323155 dv-cinder-760193-9-smb neutron-server[93906]: DEBUG neutron.api.rpc.handlers.resources_rpc [None req-6f7817f1-ba73-44b3-928b-6c117c493468 tempest-DeleteServersTestJSON-800517557 tempest-DeleteServersTestJSON-800517557-project] Pushing event updated for resources: {'Port': ['ID=eb703e2c-e495-4610-923a-72ac40f24ab8,revision_number=1']} {{(pid=93906) push /opt/stack/neutron/neutron/api/rpc/handlers/resources_rpc.py:237}}
Sep 03 18:02:48.326099 dv-cinder-760193-9-smb neutron-server[93906]: DEBUG neutron.scheduler.base_scheduler [req-af91a0bc-d006-46f1-9191-0c852fe32f59 req-6f7817f1-ba73-44b3-928b-6c117c493468 tempest-DeleteServersTestJSON-800517557 tempest-DeleteServersTestJSON-800517557-project] Resources bound (agent type, host, resource id): {{(pid=93906) schedule /opt/stack/neutron/neutron/scheduler/base_scheduler.py:57}}
Sep 03 18:02:48.343696 dv-cinder-760193-9-smb neutron-server[93906]: DEBUG neutron.db.l3_dvrscheduler_db [req-af91a0bc-d006-46f1-9191-0c852fe32f59 req-6f7817f1-ba73-44b3-928b-6c117c493468 tempest-DeleteServersTestJSON-800517557 tempest-DeleteServersTestJSON-800517557-project] Received port after_create {{(pid=93906) _notify_l3_agent_new_port /opt/stack/neutron/neutron/db/l3_dvrscheduler_db.py:535}}
Sep 03 18:02:48.348207 dv-cinder-760193-9-smb neutron-server[93906]: DEBUG neutron.pecan_wsgi.hooks.policy_enforcement [req-af91a0bc-d006-46f1-9191-0c852fe32f59 req-6f7817f1-ba73-44b3-928b-6c117c493468 tempest-DeleteServersTestJSON-800517557 tempest-DeleteServersTestJSON-800517557-project] Attributes excluded by policy engine: ['standard_attr_id', 'binding:profile', 'binding:host_id', 'binding:vif_type', 'binding:vif_details', 'network'] {{(pid=93906) _exclude_attributes_by_policy /opt/stack/neutron/neutron/pecan_wsgi/hooks/policy_enforcement.py:255}}
Sep 03 18:02:48.348908 dv-cinder-760193-9-smb neutron-server[93906]: DEBUG neutron_lib.callbacks.manager [req-af91a0bc-d006-46f1-9191-0c852fe32f59 req-6f7817f1-ba73-44b3-928b-6c117c493468 tempest-DeleteServersTestJSON-800517557 tempest-DeleteServersTestJSON-800517557-project] Notify callbacks ['neutron.notifiers.nova.Notifier._send_nova_notification-9312', 'neutron.api.rpc.agentnotifiers.dhcp_rpc_agent_api.DhcpAgentNotifyAPI._send_dhcp_notification-529859'] for port, before_response {{(pid=93906) _notify_loop /usr/local/lib/python3.8/dist-packages/neutron_lib/callbacks/manager.py:192}}
Sep 03 18:02:48.388138 dv-cinder-760193-9-smb neutron-server[93906]: DEBUG neutron.scheduler.dhcp_agent_scheduler [None req-7fefaf51-46c9-4fa1-9c8b-f3910f1f3060 admin admin] Network f09a0bad-8593-4990-8e21-50715ef25dc2 is already hosted by enough agents. {{(pid=93906) _get_dhcp_agents_hosting_network /opt/stack/neutron/neutron/scheduler/dhcp_agent_scheduler.py:275}}
Sep 03 18:02:48.405730 dv-cinder-760193-9-smb neutron-server[93906]: DEBUG neutron.scheduler.base_scheduler [None req-7fefaf51-46c9-4fa1-9c8b-f3910f1f3060 admin admin] Resources bound (agent type, host, resource id): {{(pid=93906) schedule /opt/stack/neutron/neutron/scheduler/base_scheduler.py:57}}
Sep 03 18:02:48.405730 dv-cinder-760193-9-smb neutron-server[93906]: INFO neutron.wsgi [None req-b6a62af9-51bb-4ee8-bb1d-5034f113ee89 admin admin] 10.222.0.30 "GET /v2.0/security-groups?tenant_id=49bf0a4943e444929e45d7a76397196d&name=default HTTP/1.1" status: 200 len: 2979 time: 1.2448320
Sep 03 18:02:48.407187 dv-cinder-760193-9-smb neutron-server[93908]: DEBUG neutron.db.l3_dvr_db [None req-bfed96ab-2250-428e-a5b9-d0e7688def3a None None] Set router 00c4ce26-ce69-4f07-94af-b6e93cff7ad3 gateway port host: dv-cinder-760193-9-smb {{(pid=93908) _build_routers_list /opt/stack/neutron/neutron/db/l3_dvr_db.py:906}}
Sep 03 18:02:48.409114 dv-cinder-760193-9-smb neutron-server[93905]: DEBUG neutron.wsgi [-] (93905) accepted ('10.222.0.30', 43420) {{(pid=93905) server /usr/local/lib/python3.8/dist-packages/eventlet/wsgi.py:982}}
Sep 03 18:02:48.457204 dv-cinder-760193-9-smb neutron-server[93906]: DEBUG neutron.db.l3_dvrscheduler_db [None req-7fefaf51-46c9-4fa1-9c8b-f3910f1f3060 admin admin] Received port after_create {{(pid=93906) _notify_l3_agent_new_port /opt/stack/neutron/neutron/db/l3_dvrscheduler_db.py:535}}
Sep 03 18:02:48.459462 dv-cinder-760193-9-smb neutron-server[93906]: DEBUG neutron_lib.callbacks.manager [None req-7fefaf51-46c9-4fa1-9c8b-f3910f1f3060 admin admin] Notify callbacks ['neutron.services.l3_router.l3_router_plugin.DVRResourceOperationHandler._add_csnat_on_interface_create-910001'] for router_interface, before_create {{(pid=93906) _notify_loop /usr/local/lib/python3.8/dist-packages/neutron_lib/callbacks/manager.py:192}}
Sep 03 18:02:48.495854 dv-cinder-760193-9-smb neutron-server[93906]: DEBUG neutron_lib.callbacks.manager [None req-44730934-314e-4ab9-a6ab-b1a60480b350 admin admin] Notify callbacks [] for security_group, precommit_delete {{(pid=93906) _notify_loop /usr/local/lib/python3.8/dist-packages/neutron_lib/callbacks/manager.py:192}}
Sep 03 18:02:48.521898 dv-cinder-760193-9-smb neutron-server[93905]: DEBUG neutron_lib.callbacks.manager [None req-b0517b53-69fc-4167-ba4b-f95f0068d3c4 admin admin] Notify callbacks [] for security_group, before_delete {{(pid=93905) _notify_loop /usr/local/lib/python3.8/dist-packages/neutron_lib/callbacks/manager.py:192}}
Sep 03 18:02:48.549139 dv-cinder-760193-9-smb neutron-server[93905]: DEBUG neutron_lib.callbacks.manager [None req-b0517b53-69fc-4167-ba4b-f95f0068d3c4 admin admin] Notify callbacks [] for security_group, precommit_delete {{(pid=93905) _notify_loop /usr/local/lib/python3.8/dist-packages/neutron_lib/callbacks/manager.py:192}}
Sep 03 18:02:48.619704 dv-cinder-760193-9-smb neutron-server[93905]: DEBUG neutron_lib.callbacks.manager [None req-b0517b53-69fc-4167-ba4b-f95f0068d3c4 admin admin] Notify callbacks ['neutron.plugins.ml2.ovo_rpc._ObjectChangeHandler.handle_event-989861'] for security_group, after_delete {{(pid=93905) _notify_loop /usr/local/lib/python3.8/dist-packages/neutron_lib/callbacks/manager.py:192}}
Sep 03 18:02:48.622370 dv-cinder-760193-9-smb neutron-server[93905]: DEBUG neutron_lib.callbacks.manager [None req-b0517b53-69fc-4167-ba4b-f95f0068d3c4 admin admin] Notify callbacks [] for security_group, before_response {{(pid=93905) _notify_loop /usr/local/lib/python3.8/dist-packages/neutron_lib/callbacks/manager.py:192}}
Sep 03 18:02:48.626115 dv-cinder-760193-9-smb neutron-server[93905]: INFO neutron.wsgi [None req-b0517b53-69fc-4167-ba4b-f95f0068d3c4 admin admin] 10.222.0.30 "DELETE /v2.0/security-groups/062e888d-6cda-4fcb-a461-0819bfb3d1ea HTTP/1.1" status: 204 len: 168 time: 0.2134721
Sep 03 18:02:48.639018 dv-cinder-760193-9-smb neutron-server[93906]: INFO neutron.wsgi [req-af91a0bc-d006-46f1-9191-0c852fe32f59 req-6f7817f1-ba73-44b3-928b-6c117c493468 tempest-DeleteServersTestJSON-800517557 tempest-DeleteServersTestJSON-800517557-project] 10.222.0.16 "POST /v2.0/ports HTTP/1.1" status: 201 len: 934 time: 4.6979122
Sep 03 18:02:48.650645 dv-cinder-760193-9-smb neutron-server[93906]: DEBUG neutron.api.rpc.handlers.resources_rpc [None req-7fefaf51-46c9-4fa1-9c8b-f3910f1f3060 admin admin] Pushing event updated for resources: {'Port': ['ID=bd4474fb-0258-4e6d-9bb2-7b0dd12d4b07,revision_number=1']} {{(pid=93906) push /opt/stack/neutron/neutron/api/rpc/handlers/resources_rpc.py:237}}
Sep 03 18:02:48.657857 dv-cinder-760193-9-smb neutron-server[93905]: DEBUG neutron.api.rpc.handlers.resources_rpc [None req-b0517b53-69fc-4167-ba4b-f95f0068d3c4 admin admin] Pushing event deleted for resources: {'SecurityGroup': ['ID=062e888d-6cda-4fcb-a461-0819bfb3d1ea,revision_number=None']} {{(pid=93905) push /opt/stack/neutron/neutron/api/rpc/handlers/resources_rpc.py:237}}
Sep 03 18:02:48.877551 dv-cinder-760193-9-smb neutron-server[93908]: DEBUG neutron.db.l3_hamode_db [None req-bfed96ab-2250-428e-a5b9-d0e7688def3a None None] neutron.services.l3_router.l3_router_plugin.L3RouterPlugin method _process_sync_ha_data called with arguments (, [{'id': '00c4ce26-ce69-4f07-94af-b6e93cff7ad3', 'name': 'tempest-AttachVolumeShelveTestJSON-292247176-router', 'tenant_id': 'f811fc634c9a4688a1bfe82ebbc964a8', 'admin_state_up': True, 'status': 'ACTIVE', 'external_gateway_info': {'network_id': '4193940c-845b-4a49-a95f-236d2938da87', 'external_fixed_ips': [{'subnet_id': 'b7b7b5b6-0aad-4487-ac9b-194422276d01', 'ip_address': '172.28.0.111'}], 'enable_snat': True}, 'gw_port_id': '49b89cd0-e5c5-4618-93fe-bf6613f5029f', 'description': '', 'availability_zones': ['nova'], 'distributed': False, 'ha': False, 'ha_vr_id': 0, 'availability_zone_hints': [], 'routes': [], 'flavor_id': None, 'tags': [], 'created_at': '2021-09-03T18:02:33Z', 'updated_at': '2021-09-03T18:02:43Z', 'revision_number': 4, 'project_id': 'f811fc634c9a4688a1bfe82ebbc964a8', 'gw_port': {'id': '49b89cd0-e5c5-4618-93fe-bf6613f5029f', 'name': '', 'network_id': '4193940c-845b-4a49-a95f-236d2938da87', 'tenant_id': '', 'mac_address': 'fa:16:3e:e3:ab:ce', 'admin_state_up': True, 'status': 'ACTIVE', 'device_id': '00c4ce26-ce69-4f07-94af-b6e93cff7ad3', 'device_owner': 'network:router_gateway', 'standard_attr_id': 71, 'fixed_ips': [{'subnet_id': 'b7b7b5b6-0aad-4487-ac9b-194422276d01', 'ip_address': '172.28.0.111', 'prefixlen': 24}], 'allowed_address_pairs': [], 'extra_dhcp_opts': [], 'security_groups': [], 'description': '', 'binding:vnic_type': 'normal', 'binding:profile': {}, 'binding:host_id': 'dv-cinder-760193-9-smb', 'binding:vif_type': 'ovs', 'binding:vif_details': {'connectivity': 'l2', 'port_filter': True, 'ovs_hybrid_plug': False, 'datapath_type': 'system', 'bridge_name': 'br-int'}, 'port_security_enabled': False, 'tags': [], 'created_at': '2021-09-03T18:02:35Z', 'updated_at': '2021-09-03T18:02:43Z', 'revision_number': 4, 'project_id': '', 'subnets': [{'id': 'b7b7b5b6-0aad-4487-ac9b-194422276d01', 'cidr': '172.28.0.0/24', 'gateway_ip': '172.28.0.1', 'dns_nameservers': [], 'ipv6_ra_mode': None, 'subnetpool_id': None}], 'extra_subnets': [], 'address_scopes': {4: None, 6: None}, 'mtu': 1500}, 'enable_snat': True, 'gw_port_host': 'dv-cinder-760193-9-smb', '_interfaces': [{'id': '14d110cb-d335-440e-bbd0-9d3133c957c0', 'name': '', 'network_id': 'c44dfde6-1850-46a5-9a18-3038c016c1bd', 'tenant_id': 'f811fc634c9a4688a1bfe82ebbc964a8', 'mac_address': 'fa:16:3e:12:1d:13', 'admin_state_up': True, 'status': 'DOWN', 'device_id': '00c4ce26-ce69-4f07-94af-b6e93cff7ad3', 'device_owner': 'network:router_interface', 'standard_attr_id': 99, 'fixed_ips': [{'subnet_id': '1d7391e1-1977-4ef8-9279-b285f8d7009d', 'ip_address': '172.20.0.1', 'prefixlen': 28}], 'allowed_address_pairs': [], 'extra_dhcp_opts': [], 'security_groups': [], 'description': '', 'binding:vnic_type': 'normal', 'binding:profile': {}, 'binding:host_id': '', 'binding:vif_type': 'unbound', 'binding:vif_details': {}, 'port_security_enabled': False, 'tags': [], 'created_at': '2021-09-03T18:02:40Z', 'updated_at': '2021-09-03T18:02:43Z', 'revision_number': 2, 'project_id': 'f811fc634c9a4688a1bfe82ebbc964a8', 'subnets': [{'id': '1d7391e1-1977-4ef8-9279-b285f8d7009d', 'cidr': '172.20.0.0/28', 'gateway_ip': '172.20.0.1', 'dns_nameservers': [], 'ipv6_ra_mode': None, 'subnetpool_id': None}], 'extra_subnets': [], 'address_scopes': {4: None, 6: None}, 'mtu': 1500}]}], 'dv-cinder-760193-9-smb', False) {} {{(pid=93908) wrapper /usr/local/lib/python3.8/dist-packages/oslo_log/helpers.py:65}}
Sep 03 18:02:48.885478 dv-cinder-760193-9-smb neutron-server[93907]: DEBUG neutron.plugins.ml2.rpc [None req-8538c2d7-d52e-4641-a07c-d9f43adcc01b None None] Device 56da14c5-785b-45c6-a596-1a6e14ee28e9 up at agent ovs-agent-dv-cinder-760193-9-smb {{(pid=93907) update_device_up /opt/stack/neutron/neutron/plugins/ml2/rpc.py:296}}
Sep 03 18:02:48.934699 dv-cinder-760193-9-smb neutron-server[93906]: DEBUG neutron.pecan_wsgi.hooks.policy_enforcement [req-4968ccc5-5f63-400c-80ba-16abf2321782 req-f8979c08-4a62-4e66-b216-7926dcd67ac9 tempest-DeleteServersTestJSON-800517557 tempest-DeleteServersTestJSON-800517557-project] Attributes excluded by policy engine: ['standard_attr_id', 'binding:profile', 'binding:host_id', 'binding:vif_type', 'binding:vif_details'] {{(pid=93906) _exclude_attributes_by_policy /opt/stack/neutron/neutron/pecan_wsgi/hooks/policy_enforcement.py:255}}
Sep 03 18:02:48.958718 dv-cinder-760193-9-smb neutron-server[93905]: DEBUG neutron.wsgi [-] (93905) accepted ('10.222.0.30', 43432) {{(pid=93905) server /usr/local/lib/python3.8/dist-packages/eventlet/wsgi.py:982}}
Sep 03 18:02:48.963828 dv-cinder-760193-9-smb neutron-server[93908]: DEBUG neutron.api.rpc.handlers.l3_rpc [None req-bfed96ab-2250-428e-a5b9-d0e7688def3a None None] Checking router: 00c4ce26-ce69-4f07-94af-b6e93cff7ad3 for host: dv-cinder-760193-9-smb {{(pid=93908) _ensure_host_set_on_ports /opt/stack/neutron/neutron/api/rpc/handlers/l3_rpc.py:155}}
Sep 03 18:02:48.966461 dv-cinder-760193-9-smb neutron-server[93908]: DEBUG neutron.api.rpc.handlers.l3_rpc [None req-bfed96ab-2250-428e-a5b9-d0e7688def3a None None] Updating router 00c4ce26-ce69-4f07-94af-b6e93cff7ad3 port 14d110cb-d335-440e-bbd0-9d3133c957c0 binding host dv-cinder-760193-9-smb {{(pid=93908) _ensure_host_set_on_port /opt/stack/neutron/neutron/api/rpc/handlers/l3_rpc.py:205}}
Sep 03 18:02:48.969314 dv-cinder-760193-9-smb neutron-server[93906]: INFO neutron.wsgi [req-4968ccc5-5f63-400c-80ba-16abf2321782 req-f8979c08-4a62-4e66-b216-7926dcd67ac9 tempest-DeleteServersTestJSON-800517557 tempest-DeleteServersTestJSON-800517557-project] 10.222.0.30 "GET /v2.0/ports?device_id=eb8461f1-bb1c-439d-ae3a-879804fb99d2 HTTP/1.1" status: 200 len: 932 time: 0.2964823
Sep 03 18:02:48.987643 dv-cinder-760193-9-smb neutron-server[93905]: DEBUG neutron_lib.callbacks.manager [None req-c98e20d8-fb8c-47d9-ac01-0f7a368a7024 admin admin] Notify callbacks [] for security_group, before_create {{(pid=93905) _notify_loop /usr/local/lib/python3.8/dist-packages/neutron_lib/callbacks/manager.py:192}}
Sep 03 18:02:49.047467 dv-cinder-760193-9-smb neutron-server[93906]: DEBUG neutron_lib.callbacks.manager [None req-44730934-314e-4ab9-a6ab-b1a60480b350 admin admin] Notify callbacks ['neutron.plugins.ml2.ovo_rpc._ObjectChangeHandler.handle_event-989861'] for security_group, after_delete {{(pid=93906) _notify_loop /usr/local/lib/python3.8/dist-packages/neutron_lib/callbacks/manager.py:192}}
Sep 03 18:02:49.050361 dv-cinder-760193-9-smb neutron-server[93906]: DEBUG neutron_lib.callbacks.manager [None req-44730934-314e-4ab9-a6ab-b1a60480b350 admin admin] Notify callbacks [] for security_group, before_response {{(pid=93906) _notify_loop /usr/local/lib/python3.8/dist-packages/neutron_lib/callbacks/manager.py:192}}
Sep 03 18:02:49.051785 dv-cinder-760193-9-smb neutron-server[93906]: INFO neutron.wsgi [None req-44730934-314e-4ab9-a6ab-b1a60480b350 admin admin] 10.222.0.30 "DELETE /v2.0/security-groups/fe5eebab-f244-4bc4-9d32-9bd3b14cb7ac HTTP/1.1" status: 204 len: 168 time: 1.1469386
Sep 03 18:02:49.075134 dv-cinder-760193-9-smb neutron-server[93908]: DEBUG neutron_lib.callbacks.manager [None req-bfed96ab-2250-428e-a5b9-d0e7688def3a None None] Notify callbacks ['neutron.plugins.ml2.plugin.SecurityGroupDbMixin._ensure_default_security_group_handler-4085631'] for port, before_update {{(pid=93908) _notify_loop /usr/local/lib/python3.8/dist-packages/neutron_lib/callbacks/manager.py:192}}
Sep 03 18:02:49.089334 dv-cinder-760193-9-smb neutron-server[93907]: DEBUG neutron.db.provisioning_blocks [None req-8538c2d7-d52e-4641-a07c-d9f43adcc01b None None] Provisioning complete for port 56da14c5-785b-45c6-a596-1a6e14ee28e9 triggered by entity L2. {{(pid=93907) provisioning_complete /opt/stack/neutron/neutron/db/provisioning_blocks.py:139}}
Sep 03 18:02:49.089842 dv-cinder-760193-9-smb neutron-server[93907]: DEBUG neutron_lib.callbacks.manager [None req-8538c2d7-d52e-4641-a07c-d9f43adcc01b None None] Notify callbacks ['neutron.plugins.ml2.plugin.Ml2Plugin._port_provisioned-4126263'] for port, provisioning_complete {{(pid=93907) _notify_loop /usr/local/lib/python3.8/dist-packages/neutron_lib/callbacks/manager.py:192}}
Sep 03 18:02:49.236749 dv-cinder-760193-9-smb neutron-server[93906]: DEBUG neutron_lib.callbacks.manager [None req-7fefaf51-46c9-4fa1-9c8b-f3910f1f3060 admin admin] Notify callbacks ['neutron.plugins.ml2.plugin.SecurityGroupDbMixin._ensure_default_security_group_handler-4085631'] for port, before_update {{(pid=93906) _notify_loop /usr/local/lib/python3.8/dist-packages/neutron_lib/callbacks/manager.py:192}}
Sep 03 18:02:49.249579 dv-cinder-760193-9-smb neutron-server[93906]: INFO neutron.wsgi [req-4968ccc5-5f63-400c-80ba-16abf2321782 req-b96d2533-0f94-4fc2-a0e4-22ffbef6576a tempest-DeleteServersTestJSON-800517557 tempest-DeleteServersTestJSON-800517557-project] 10.222.0.30 "GET /v2.0/security-groups?id=6844b4e1-1c35-4e33-b297-ebaedd34d7ce&fields=id&fields=name HTTP/1.1" status: 200 len: 286 time: 0.2788858
Sep 03 18:02:49.250117 dv-cinder-760193-9-smb neutron-server[93906]: DEBUG neutron.api.rpc.handlers.resources_rpc [None req-44730934-314e-4ab9-a6ab-b1a60480b350 admin admin] Pushing event deleted for resources: {'SecurityGroup': ['ID=fe5eebab-f244-4bc4-9d32-9bd3b14cb7ac,revision_number=None']} {{(pid=93906) push /opt/stack/neutron/neutron/api/rpc/handlers/resources_rpc.py:237}}
Sep 03 18:02:49.270734 dv-cinder-760193-9-smb neutron-server[93905]: DEBUG neutron_lib.callbacks.manager [None req-c98e20d8-fb8c-47d9-ac01-0f7a368a7024 admin admin] Notify callbacks [] for security_group, precommit_create {{(pid=93905) _notify_loop /usr/local/lib/python3.8/dist-packages/neutron_lib/callbacks/manager.py:192}}
Sep 03 18:02:49.281497 dv-cinder-760193-9-smb neutron-server[93905]: DEBUG neutron_lib.callbacks.manager [None req-c98e20d8-fb8c-47d9-ac01-0f7a368a7024 admin admin] Notify callbacks ['neutron.plugins.ml2.ovo_rpc._ObjectChangeHandler.handle_event-989861'] for security_group, after_create {{(pid=93905) _notify_loop /usr/local/lib/python3.8/dist-packages/neutron_lib/callbacks/manager.py:192}}
Sep 03 18:02:49.355746 dv-cinder-760193-9-smb neutron-server[93905]: INFO neutron.wsgi [None req-c98e20d8-fb8c-47d9-ac01-0f7a368a7024 admin admin] 10.222.0.30 "GET /v2.0/security-groups?tenant_id=3b9a08d2f83842189626410d7164a1b0&name=default HTTP/1.1" status: 200 len: 2979 time: 0.3949006
Sep 03 18:02:49.361794 dv-cinder-760193-9-smb neutron-server[93905]: DEBUG neutron.wsgi [-] (93905) accepted ('10.222.0.30', 43442) {{(pid=93905) server /usr/local/lib/python3.8/dist-packages/eventlet/wsgi.py:982}}
Sep 03 18:02:49.480656 dv-cinder-760193-9-smb neutron-server[93905]: DEBUG neutron.api.rpc.handlers.resources_rpc [None req-c98e20d8-fb8c-47d9-ac01-0f7a368a7024 admin admin] Pushing event updated for resources: {'SecurityGroup': ['ID=11d93d0c-0d05-43ee-821d-a00cd833c8ff,revision_number=1']} {{(pid=93905) push /opt/stack/neutron/neutron/api/rpc/handlers/resources_rpc.py:237}}
Sep 03 18:02:49.573386 dv-cinder-760193-9-smb neutron-server[93905]: DEBUG neutron_lib.callbacks.manager [None req-39fc664c-032b-4368-a4d3-665301fe1a1c admin admin] Notify callbacks [] for security_group, before_delete {{(pid=93905) _notify_loop /usr/local/lib/python3.8/dist-packages/neutron_lib/callbacks/manager.py:192}}
Sep 03 18:02:49.659244 dv-cinder-760193-9-smb neutron-server[93905]: DEBUG neutron_lib.callbacks.manager [None req-39fc664c-032b-4368-a4d3-665301fe1a1c admin admin] Notify callbacks [] for security_group, precommit_delete {{(pid=93905) _notify_loop /usr/local/lib/python3.8/dist-packages/neutron_lib/callbacks/manager.py:192}}
Sep 03 18:02:49.669791 dv-cinder-760193-9-smb neutron-server[93906]: DEBUG neutron.wsgi [-] (93906) accepted ('10.222.0.30', 43448) {{(pid=93906) server /usr/local/lib/python3.8/dist-packages/eventlet/wsgi.py:982}}
Sep 03 18:02:49.677867 dv-cinder-760193-9-smb neutron-server[93906]: DEBUG neutron.api.v2.base [None req-74856904-ed7f-4a40-b0ce-0228212499f8 tempest-AttachVolumeShelveTestJSON-1434863716 tempest-AttachVolumeShelveTestJSON-1434863716-project] Request body: {'security_group': {'name': 'tempest-securitygroup--1391851749', 'description': 'tempest-description--258231157'}} {{(pid=93906) prepare_request_body /opt/stack/neutron/neutron/api/v2/base.py:730}}
Sep 03 18:02:49.714005 dv-cinder-760193-9-smb neutron-server[93908]: DEBUG neutron_lib.callbacks.manager [None req-bfed96ab-2250-428e-a5b9-d0e7688def3a None None] Notify callbacks [] for port, precommit_update {{(pid=93908) _notify_loop /usr/local/lib/python3.8/dist-packages/neutron_lib/callbacks/manager.py:192}}
Sep 03 18:02:49.724729 dv-cinder-760193-9-smb neutron-server[93908]: DEBUG neutron.db.provisioning_blocks [None req-bfed96ab-2250-428e-a5b9-d0e7688def3a None None] Transition to ACTIVE for port object 14d110cb-d335-440e-bbd0-9d3133c957c0 will not be triggered until provisioned by entity L2. {{(pid=93908) add_provisioning_component /opt/stack/neutron/neutron/db/provisioning_blocks.py:73}}
Sep 03 18:02:49.733327 dv-cinder-760193-9-smb neutron-server[93908]: DEBUG neutron_lib.callbacks.manager [None req-bfed96ab-2250-428e-a5b9-d0e7688def3a None None] Notify callbacks ['neutron.plugins.ml2.plugin.SecurityGroupServerNotifierRpcMixin._notify_sg_on_port_change-4084924', 'neutron.plugins.ml2.ovo_rpc._ObjectChangeHandler.handle_event-120041', 'neutron.api.rpc.agentnotifiers.dhcp_rpc_agent_api.DhcpAgentNotifyAPI._native_event_send_dhcp_notification-529873', 'neutron.db.l3_db.L3RpcNotifierMixin._notify_gateway_port_ip_changed-8782178117322', 'neutron.db.l3_dvrscheduler_db._notify_l3_agent_port_update-8782177615755', 'neutron.db.l3_hascheduler_db._notify_l3_agent_ha_port_update-8782177615773'] for port, after_update {{(pid=93908) _notify_loop /usr/local/lib/python3.8/dist-packages/neutron_lib/callbacks/manager.py:192}}
Sep 03 18:02:49.783222 dv-cinder-760193-9-smb neutron-server[93906]: DEBUG neutron.pecan_wsgi.hooks.policy_enforcement [req-ec86c5af-c0c4-4ec3-8c6f-0c9b7a520827 req-066fa8c0-fddf-45c5-9f92-151bce054c2e tempest-AttachVolumeNegativeTest-184892070 tempest-AttachVolumeNegativeTest-184892070-project] Attributes excluded by policy engine: ['standard_attr_id', 'binding:profile', 'binding:host_id', 'binding:vif_type', 'binding:vif_details'] {{(pid=93906) _exclude_attributes_by_policy /opt/stack/neutron/neutron/pecan_wsgi/hooks/policy_enforcement.py:255}}
Sep 03 18:02:49.790744 dv-cinder-760193-9-smb neutron-server[93905]: DEBUG neutron_lib.callbacks.manager [None req-39fc664c-032b-4368-a4d3-665301fe1a1c admin admin] Notify callbacks ['neutron.plugins.ml2.ovo_rpc._ObjectChangeHandler.handle_event-989861'] for security_group, after_delete {{(pid=93905) _notify_loop /usr/local/lib/python3.8/dist-packages/neutron_lib/callbacks/manager.py:192}}
Sep 03 18:02:49.792113 dv-cinder-760193-9-smb neutron-server[93906]: INFO neutron.wsgi [req-ec86c5af-c0c4-4ec3-8c6f-0c9b7a520827 req-066fa8c0-fddf-45c5-9f92-151bce054c2e tempest-AttachVolumeNegativeTest-184892070 tempest-AttachVolumeNegativeTest-184892070-project] 10.222.0.30 "GET /v2.0/ports?device_id=9ac7d1cf-8e81-43b6-85a4-b7e4ae326204 HTTP/1.1" status: 200 len: 931 time: 0.3100491
Sep 03 18:02:49.794322 dv-cinder-760193-9-smb neutron-server[93905]: DEBUG neutron_lib.callbacks.manager [None req-39fc664c-032b-4368-a4d3-665301fe1a1c admin admin] Notify callbacks [] for security_group, before_response {{(pid=93905) _notify_loop /usr/local/lib/python3.8/dist-packages/neutron_lib/callbacks/manager.py:192}}
Sep 03 18:02:49.795696 dv-cinder-760193-9-smb neutron-server[93905]: INFO neutron.wsgi [None req-39fc664c-032b-4368-a4d3-665301fe1a1c admin admin] 10.222.0.30 "DELETE /v2.0/security-groups/11d93d0c-0d05-43ee-821d-a00cd833c8ff HTTP/1.1" status: 204 len: 168 time: 0.4328351
Sep 03 18:02:49.810302 dv-cinder-760193-9-smb neutron-server[93905]: DEBUG neutron.api.rpc.handlers.resources_rpc [None req-39fc664c-032b-4368-a4d3-665301fe1a1c admin admin] Pushing event deleted for resources: {'SecurityGroup': ['ID=11d93d0c-0d05-43ee-821d-a00cd833c8ff,revision_number=None']} {{(pid=93905) push /opt/stack/neutron/neutron/api/rpc/handlers/resources_rpc.py:237}}
Sep 03 18:02:49.884107 dv-cinder-760193-9-smb neutron-server[93908]: DEBUG neutron.api.rpc.handlers.resources_rpc [None req-7a3d231f-a6a4-45d9-b325-2e0bbd85b126 None None] Pushing event updated for resources: {'Port': ['ID=14d110cb-d335-440e-bbd0-9d3133c957c0,revision_number=3']} {{(pid=93908) push /opt/stack/neutron/neutron/api/rpc/handlers/resources_rpc.py:237}}
Sep 03 18:02:49.928467 dv-cinder-760193-9-smb neutron-server[93905]: DEBUG neutron.wsgi [-] (93905) accepted ('10.222.0.30', 43458) {{(pid=93905) server /usr/local/lib/python3.8/dist-packages/eventlet/wsgi.py:982}}
Sep 03 18:02:49.947725 dv-cinder-760193-9-smb neutron-server[93906]: DEBUG neutron_lib.callbacks.manager [None req-74856904-ed7f-4a40-b0ce-0228212499f8 tempest-AttachVolumeShelveTestJSON-1434863716 tempest-AttachVolumeShelveTestJSON-1434863716-project] Notify callbacks [] for security_group, before_create {{(pid=93906) _notify_loop /usr/local/lib/python3.8/dist-packages/neutron_lib/callbacks/manager.py:192}}
Sep 03 18:02:49.965798 dv-cinder-760193-9-smb neutron-server[93905]: DEBUG neutron_lib.callbacks.manager [None req-1e9ab46a-de3e-4672-a22d-9f56b798dca1 admin admin] Notify callbacks [] for security_group, before_create {{(pid=93905) _notify_loop /usr/local/lib/python3.8/dist-packages/neutron_lib/callbacks/manager.py:192}}
Sep 03 18:02:49.971834 dv-cinder-760193-9-smb neutron-server[93908]: DEBUG neutron.plugins.ml2.managers [None req-bfed96ab-2250-428e-a5b9-d0e7688def3a None None] Attempting to bind port 14d110cb-d335-440e-bbd0-9d3133c957c0 on host dv-cinder-760193-9-smb for vnic_type normal with profile {{(pid=93908) bind_port /opt/stack/neutron/neutron/plugins/ml2/managers.py:790}}
Sep 03 18:02:49.972742 dv-cinder-760193-9-smb neutron-server[93908]: DEBUG neutron.plugins.ml2.managers [None req-bfed96ab-2250-428e-a5b9-d0e7688def3a None None] Attempting to bind port 14d110cb-d335-440e-bbd0-9d3133c957c0 by drivers openvswitch,hyperv on host dv-cinder-760193-9-smb at level 0 using segments [{'id': '04c3a6ac-c6fa-4c46-b581-7efaec675ead', 'network_type': 'vlan', 'physical_network': 'physnet1', 'segmentation_id': 168, 'network_id': 'c44dfde6-1850-46a5-9a18-3038c016c1bd'}] {{(pid=93908) _bind_port_level /opt/stack/neutron/neutron/plugins/ml2/managers.py:815}}
Sep 03 18:02:49.972742 dv-cinder-760193-9-smb neutron-server[93908]: DEBUG neutron.plugins.ml2.drivers.mech_agent [None req-bfed96ab-2250-428e-a5b9-d0e7688def3a None None] Attempting to bind port 14d110cb-d335-440e-bbd0-9d3133c957c0 on network c44dfde6-1850-46a5-9a18-3038c016c1bd {{(pid=93908) bind_port /opt/stack/neutron/neutron/plugins/ml2/drivers/mech_agent.py:85}}
Sep 03 18:02:49.978472 dv-cinder-760193-9-smb neutron-server[93908]: DEBUG neutron.plugins.ml2.drivers.mech_agent [None req-bfed96ab-2250-428e-a5b9-d0e7688def3a None None] Checking agent: {'id': '0d0e5f76-83c9-4073-81b1-ebd60e24fbaa', 'agent_type': 'Open vSwitch agent', 'binary': 'neutron-openvswitch-agent', 'topic': 'N/A', 'host': 'dv-cinder-760193-9-smb', 'admin_state_up': True, 'created_at': datetime.datetime(2021, 9, 3, 17, 54, 24), 'started_at': datetime.datetime(2021, 9, 3, 17, 54, 54), 'heartbeat_timestamp': datetime.datetime(2021, 9, 3, 18, 2, 24), 'description': None, 'resources_synced': None, 'availability_zone': None, 'alive': True, 'configurations': {'arp_responder_enabled': False, 'baremetal_smartnic': False, 'bridge_mappings': {'physnet1': 'br-data'}, 'datapath_type': 'system', 'devices': 0, 'enable_distributed_routing': False, 'extensions': [], 'in_distributed_mode': False, 'integration_bridge': 'br-int', 'l2_population': False, 'log_agent_heartbeats': False, 'ovs_capabilities': {'datapath_types': ['netdev', 'system'], 'iface_types': ['erspan', 'geneve', 'gre', 'internal', 'ip6erspan', 'ip6gre', 'lisp', 'patch', 'stt', 'system', 'tap', 'vxlan']}, 'ovs_hybrid_plug': False, 'resource_provider_bandwidths': {}, 'resource_provider_hypervisors': {'br-data': 'dv-cinder-760193-9-smb'}, 'resource_provider_inventory_defaults': {'allocation_ratio': 1.0, 'min_unit': 1, 'step_size': 1, 'reserved': 0}, 'tunnel_types': [], 'tunneling_ip': None, 'vhostuser_socket_dir': '/var/run/openvswitch'}, 'resource_versions': {'AddressGroup': '1.2', 'ConntrackHelper': '1.0', 'Log': '1.0', 'Network': '1.1', 'Port': '1.7', 'PortForwarding': '1.2', 'QosPolicy': '1.9', 'SecurityGroup': '1.4', 'SecurityGroupRule': '1.2', 'SubPort': '1.0', 'Subnet': '1.1', 'Trunk': '1.1'}} {{(pid=93908) bind_port /opt/stack/neutron/neutron/plugins/ml2/drivers/mech_agent.py:104}}
Sep 03 18:02:49.979092 dv-cinder-760193-9-smb neutron-server[93908]: DEBUG neutron.plugins.ml2.drivers.mech_agent [None req-bfed96ab-2250-428e-a5b9-d0e7688def3a None None] Checking segment: {'id': '04c3a6ac-c6fa-4c46-b581-7efaec675ead', 'network_type': 'vlan', 'physical_network': 'physnet1', 'segmentation_id': 168, 'network_id': 'c44dfde6-1850-46a5-9a18-3038c016c1bd'} for mappings: {'physnet1': 'br-data'} with network types: ['local', 'flat', 'vlan'] {{(pid=93908) check_segment_for_agent /opt/stack/neutron/neutron/plugins/ml2/drivers/mech_agent.py:352}}
Sep 03 18:02:49.979512 dv-cinder-760193-9-smb neutron-server[93908]: DEBUG neutron_lib.callbacks.manager [None req-bfed96ab-2250-428e-a5b9-d0e7688def3a None None] Notify callbacks [] for ovs_bridge_name, before_read {{(pid=93908) _notify_loop /usr/local/lib/python3.8/dist-packages/neutron_lib/callbacks/manager.py:192}}
Sep 03 18:02:49.979932 dv-cinder-760193-9-smb neutron-server[93908]: DEBUG neutron.plugins.ml2.drivers.mech_agent [None req-bfed96ab-2250-428e-a5b9-d0e7688def3a None None] Bound using segment: {'id': '04c3a6ac-c6fa-4c46-b581-7efaec675ead', 'network_type': 'vlan', 'physical_network': 'physnet1', 'segmentation_id': 168, 'network_id': 'c44dfde6-1850-46a5-9a18-3038c016c1bd'} {{(pid=93908) bind_port /opt/stack/neutron/neutron/plugins/ml2/drivers/mech_agent.py:114}}
Sep 03 18:02:49.980513 dv-cinder-760193-9-smb neutron-server[93908]: DEBUG neutron.plugins.ml2.managers [None req-bfed96ab-2250-428e-a5b9-d0e7688def3a None None] Bound port: 14d110cb-d335-440e-bbd0-9d3133c957c0, host: dv-cinder-760193-9-smb, vif_type: ovs, vif_details: {"connectivity": "l2", "port_filter": true, "ovs_hybrid_plug": false, "datapath_type": "system", "bridge_name": "br-int"}, binding_levels: [{'bound_driver': 'openvswitch', 'bound_segment': {'id': '04c3a6ac-c6fa-4c46-b581-7efaec675ead', 'network_type': 'vlan', 'physical_network': 'physnet1', 'segmentation_id': 168, 'network_id': 'c44dfde6-1850-46a5-9a18-3038c016c1bd'}}] {{(pid=93908) _bind_port_level /opt/stack/neutron/neutron/plugins/ml2/managers.py:928}}
Sep 03 18:02:49.980930 dv-cinder-760193-9-smb neutron-server[93908]: DEBUG neutron_lib.callbacks.manager [None req-bfed96ab-2250-428e-a5b9-d0e7688def3a None None] Notify callbacks ['neutron.plugins.ml2.plugin.SecurityGroupDbMixin._ensure_default_security_group_handler-4085631'] for port, before_update {{(pid=93908) _notify_loop /usr/local/lib/python3.8/dist-packages/neutron_lib/callbacks/manager.py:192}}
Sep 03 18:02:50.043867 dv-cinder-760193-9-smb neutron-server[93906]: INFO neutron.wsgi [req-ec86c5af-c0c4-4ec3-8c6f-0c9b7a520827 req-62e9a93d-0d86-4f32-8057-bb880f5ac849 tempest-AttachVolumeNegativeTest-184892070 tempest-AttachVolumeNegativeTest-184892070-project] 10.222.0.30 "GET /v2.0/security-groups?id=53a57006-2647-4416-a8b8-dc56ccd29b2c&fields=id&fields=name HTTP/1.1" status: 200 len: 286 time: 0.2505598
Sep 03 18:02:50.082706 dv-cinder-760193-9-smb neutron-server[93906]: DEBUG neutron_lib.callbacks.manager [None req-7fefaf51-46c9-4fa1-9c8b-f3910f1f3060 admin admin] Notify callbacks [] for port, precommit_update {{(pid=93906) _notify_loop /usr/local/lib/python3.8/dist-packages/neutron_lib/callbacks/manager.py:192}}
Sep 03 18:02:50.095287 dv-cinder-760193-9-smb neutron-server[93905]: DEBUG neutron.wsgi [req-fed5e561-89dd-4d14-b701-c0e3263ff38f req-326fcc5c-0a97-4eda-a7d7-944489cefa7e tempest-AttachVolumeNegativeTest-184892070 tempest-AttachVolumeNegativeTest-184892070-project] http://10.222.0.30:9696/v2.0/extensions returned with HTTP 200 {{(pid=93905) __call__ /opt/stack/neutron/neutron/wsgi.py:729}}
Sep 03 18:02:50.101433 dv-cinder-760193-9-smb neutron-server[93905]: INFO neutron.wsgi [req-fed5e561-89dd-4d14-b701-c0e3263ff38f req-326fcc5c-0a97-4eda-a7d7-944489cefa7e tempest-AttachVolumeNegativeTest-184892070 tempest-AttachVolumeNegativeTest-184892070-project] 10.222.0.16 "GET /v2.0/extensions HTTP/1.1" status: 200 len: 13640 time: 0.0163331
Sep 03 18:02:50.101821 dv-cinder-760193-9-smb neutron-server[93906]: DEBUG neutron_lib.callbacks.manager [None req-7fefaf51-46c9-4fa1-9c8b-f3910f1f3060 admin admin] Notify callbacks ['neutron.plugins.ml2.plugin.SecurityGroupServerNotifierRpcMixin._notify_sg_on_port_change-4084924', 'neutron.plugins.ml2.ovo_rpc._ObjectChangeHandler.handle_event-120041', 'neutron.api.rpc.agentnotifiers.dhcp_rpc_agent_api.DhcpAgentNotifyAPI._native_event_send_dhcp_notification-529873', 'neutron.db.l3_db.L3RpcNotifierMixin._notify_gateway_port_ip_changed-8782178117322', 'neutron.db.l3_dvrscheduler_db._notify_l3_agent_port_update-8782177615755', 'neutron.db.l3_hascheduler_db._notify_l3_agent_ha_port_update-8782177615773'] for port, after_update {{(pid=93906) _notify_loop /usr/local/lib/python3.8/dist-packages/neutron_lib/callbacks/manager.py:192}}
Sep 03 18:02:50.103971 dv-cinder-760193-9-smb neutron-server[93906]: DEBUG neutron_lib.callbacks.manager [None req-7fefaf51-46c9-4fa1-9c8b-f3910f1f3060 admin admin] Notify callbacks ['neutron.api.rpc.agentnotifiers.dhcp_rpc_agent_api.DhcpAgentNotifyAPI._after_router_interface_created-529855', 'neutron.services.l3_router.l3_router_plugin.DVRResourceOperationHandler._update_snat_v6_addrs_after_intf_update-991521'] for router_interface, after_create {{(pid=93906) _notify_loop /usr/local/lib/python3.8/dist-packages/neutron_lib/callbacks/manager.py:192}}
Sep 03 18:02:50.105892 dv-cinder-760193-9-smb neutron-server[93908]: DEBUG neutron.plugins.ml2.db [None req-bfed96ab-2250-428e-a5b9-d0e7688def3a None None] For port 14d110cb-d335-440e-bbd0-9d3133c957c0, host dv-cinder-760193-9-smb, cleared binding levels {{(pid=93908) clear_binding_levels /opt/stack/neutron/neutron/plugins/ml2/db.py:87}}
Sep 03 18:02:50.113511 dv-cinder-760193-9-smb neutron-server[93908]: DEBUG neutron.plugins.ml2.db [None req-bfed96ab-2250-428e-a5b9-d0e7688def3a None None] For port 14d110cb-d335-440e-bbd0-9d3133c957c0, host dv-cinder-760193-9-smb, set binding levels [PortBindingLevel(driver='openvswitch',host='dv-cinder-760193-9-smb',level=0,port_id=14d110cb-d335-440e-bbd0-9d3133c957c0,segment=NetworkSegment(04c3a6ac-c6fa-4c46-b581-7efaec675ead),segment_id=04c3a6ac-c6fa-4c46-b581-7efaec675ead)] {{(pid=93908) set_binding_levels /opt/stack/neutron/neutron/plugins/ml2/db.py:59}}
Sep 03 18:02:50.122776 dv-cinder-760193-9-smb neutron-server[93908]: DEBUG neutron_lib.callbacks.manager [None req-bfed96ab-2250-428e-a5b9-d0e7688def3a None None] Notify callbacks ['neutron.plugins.ml2.plugin.SecurityGroupServerNotifierRpcMixin._notify_sg_on_port_change-4084924', 'neutron.plugins.ml2.ovo_rpc._ObjectChangeHandler.handle_event-120041', 'neutron.api.rpc.agentnotifiers.dhcp_rpc_agent_api.DhcpAgentNotifyAPI._native_event_send_dhcp_notification-529873', 'neutron.db.l3_db.L3RpcNotifierMixin._notify_gateway_port_ip_changed-8782178117322', 'neutron.db.l3_dvrscheduler_db._notify_l3_agent_port_update-8782177615755', 'neutron.db.l3_hascheduler_db._notify_l3_agent_ha_port_update-8782177615773'] for port, after_update {{(pid=93908) _notify_loop /usr/local/lib/python3.8/dist-packages/neutron_lib/callbacks/manager.py:192}}
Sep 03 18:02:50.212094 dv-cinder-760193-9-smb neutron-server[93908]: DEBUG neutron.api.rpc.handlers.resources_rpc [None req-7a3d231f-a6a4-45d9-b325-2e0bbd85b126 None None] Pushing event updated for resources: {'Port': ['ID=14d110cb-d335-440e-bbd0-9d3133c957c0,revision_number=4']} {{(pid=93908) push /opt/stack/neutron/neutron/api/rpc/handlers/resources_rpc.py:237}}
Sep 03 18:02:50.233622 dv-cinder-760193-9-smb neutron-server[93906]: DEBUG neutron.wsgi [req-af91a0bc-d006-46f1-9191-0c852fe32f59 req-acf81185-90a0-4172-9561-53cfa7673af6 tempest-DeleteServersTestJSON-800517557 tempest-DeleteServersTestJSON-800517557-project] http://10.222.0.30:9696/v2.0/extensions returned with HTTP 200 {{(pid=93906) __call__ /opt/stack/neutron/neutron/wsgi.py:729}}
Sep 03 18:02:50.239294 dv-cinder-760193-9-smb neutron-server[93906]: INFO neutron.wsgi [req-af91a0bc-d006-46f1-9191-0c852fe32f59 req-acf81185-90a0-4172-9561-53cfa7673af6 tempest-DeleteServersTestJSON-800517557 tempest-DeleteServersTestJSON-800517557-project] 10.222.0.16 "GET /v2.0/extensions HTTP/1.1" status: 200 len: 13640 time: 0.0994122
Sep 03 18:02:50.275153 dv-cinder-760193-9-smb neutron-server[93905]: DEBUG neutron_lib.callbacks.manager [None req-1e9ab46a-de3e-4672-a22d-9f56b798dca1 admin admin] Notify callbacks [] for security_group, precommit_create {{(pid=93905) _notify_loop /usr/local/lib/python3.8/dist-packages/neutron_lib/callbacks/manager.py:192}}
Sep 03 18:02:50.285551 dv-cinder-760193-9-smb neutron-server[93905]: DEBUG neutron_lib.callbacks.manager [None req-1e9ab46a-de3e-4672-a22d-9f56b798dca1 admin admin] Notify callbacks ['neutron.plugins.ml2.ovo_rpc._ObjectChangeHandler.handle_event-989861'] for security_group, after_create {{(pid=93905) _notify_loop /usr/local/lib/python3.8/dist-packages/neutron_lib/callbacks/manager.py:192}}
Sep 03 18:02:50.312098 dv-cinder-760193-9-smb neutron-server[93908]: DEBUG neutron.db.l3_dvrscheduler_db [None req-bfed96ab-2250-428e-a5b9-d0e7688def3a None None] Routers {'00c4ce26-ce69-4f07-94af-b6e93cff7ad3'} bound to L3 agent in host dv-cinder-760193-9-smb {{(pid=93908) _get_router_ids_for_agent /opt/stack/neutron/neutron/db/l3_dvrscheduler_db.py:420}}
Sep 03 18:02:50.312736 dv-cinder-760193-9-smb neutron-server[93908]: DEBUG neutron.db.l3_hamode_db [None req-bfed96ab-2250-428e-a5b9-d0e7688def3a None None] neutron.services.l3_router.l3_router_plugin.L3RouterPlugin method get_ha_sync_data_for_host called with arguments (, 'dv-cinder-760193-9-smb', Agent(admin_state_up=True,agent_type='L3 agent',availability_zone='nova',binary='neutron-l3-agent',configurations={"agent_mode": "legacy", "ex_gw_ports": 1, "extensions": [], "floating_ips": 0, "handle_internal_only_routers": true, "interface_driver": "openvswitch", "interfaces": 1, "log_agent_heartbeats": false, "routers": 1},created_at=2021-09-03T17:54:24Z,description=,heartbeat_timestamp=2021-09-03T18:02:24Z,host='dv-cinder-760193-9-smb',id=8dc8061d-293f-4695-8a07-f73d947de547,load=0,resource_versions=,resources_synced=,started_at=2021-09-03T17:54:24Z,topic='l3_agent')) {'router_ids': ['00c4ce26-ce69-4f07-94af-b6e93cff7ad3'], 'active': True} {{(pid=93908) wrapper /usr/local/lib/python3.8/dist-packages/oslo_log/helpers.py:65}}
Sep 03 18:02:50.448559 dv-cinder-760193-9-smb neutron-server[93906]: DEBUG neutron.api.rpc.handlers.resources_rpc [None req-7fefaf51-46c9-4fa1-9c8b-f3910f1f3060 admin admin] Pushing event updated for resources: {'Port': ['ID=bd4474fb-0258-4e6d-9bb2-7b0dd12d4b07,revision_number=2']} {{(pid=93906) push /opt/stack/neutron/neutron/api/rpc/handlers/resources_rpc.py:237}}
Sep 03 18:02:50.449945 dv-cinder-760193-9-smb neutron-server[93905]: INFO neutron.wsgi [None req-1e9ab46a-de3e-4672-a22d-9f56b798dca1 admin admin] 10.222.0.30 "GET /v2.0/security-groups?tenant_id=3f3774398c1f4bb5a746291888065e47&name=default HTTP/1.1" status: 200 len: 2979 time: 0.5201473
Sep 03 18:02:50.456408 dv-cinder-760193-9-smb neutron-server[93906]: DEBUG neutron.wsgi [-] (93906) accepted ('10.222.0.30', 43468) {{(pid=93906) server /usr/local/lib/python3.8/dist-packages/eventlet/wsgi.py:982}}
Sep 03 18:02:50.486464 dv-cinder-760193-9-smb neutron-server[93905]: DEBUG neutron.api.rpc.handlers.resources_rpc [None req-1e9ab46a-de3e-4672-a22d-9f56b798dca1 admin admin] Pushing event updated for resources: {'SecurityGroup': ['ID=5637b627-a14d-4fb2-972d-ef2dbcf072d3,revision_number=1']} {{(pid=93905) push /opt/stack/neutron/neutron/api/rpc/handlers/resources_rpc.py:237}}
Sep 03 18:02:50.674744 dv-cinder-760193-9-smb neutron-server[93906]: DEBUG neutron.scheduler.dhcp_agent_scheduler [None req-7fefaf51-46c9-4fa1-9c8b-f3910f1f3060 admin admin] Network f09a0bad-8593-4990-8e21-50715ef25dc2 is already hosted by enough agents. {{(pid=93906) _get_dhcp_agents_hosting_network /opt/stack/neutron/neutron/scheduler/dhcp_agent_scheduler.py:275}}
Sep 03 18:02:50.682415 dv-cinder-760193-9-smb neutron-server[93906]: DEBUG neutron.scheduler.base_scheduler [None req-7fefaf51-46c9-4fa1-9c8b-f3910f1f3060 admin admin] Resources bound (agent type, host, resource id): {{(pid=93906) schedule /opt/stack/neutron/neutron/scheduler/base_scheduler.py:57}}
Sep 03 18:02:50.691430 dv-cinder-760193-9-smb neutron-server[93905]: DEBUG neutron.pecan_wsgi.hooks.policy_enforcement [req-484d0086-9447-42fa-9475-839143f96620 req-07546cf7-7337-41b5-8b22-0e13a65a0120 tempest-DeleteServersTestJSON-800517557 tempest-DeleteServersTestJSON-800517557-project] Attributes excluded by policy engine: ['standard_attr_id', 'binding:profile', 'binding:host_id', 'binding:vif_type', 'binding:vif_details'] {{(pid=93905) _exclude_attributes_by_policy /opt/stack/neutron/neutron/pecan_wsgi/hooks/policy_enforcement.py:255}}
Sep 03 18:02:50.701768 dv-cinder-760193-9-smb neutron-server[93905]: INFO neutron.wsgi [req-484d0086-9447-42fa-9475-839143f96620 req-07546cf7-7337-41b5-8b22-0e13a65a0120 tempest-DeleteServersTestJSON-800517557 tempest-DeleteServersTestJSON-800517557-project] 10.222.0.30 "GET /v2.0/ports?device_id=eb8461f1-bb1c-439d-ae3a-879804fb99d2 HTTP/1.1" status: 200 len: 932 time: 0.2395141
Sep 03 18:02:50.710972 dv-cinder-760193-9-smb neutron-server[93906]: DEBUG neutron_lib.callbacks.manager [None req-a28a0efa-917b-460f-9a45-dacc252c4cf5 admin admin] Notify callbacks [] for security_group, before_delete {{(pid=93906) _notify_loop /usr/local/lib/python3.8/dist-packages/neutron_lib/callbacks/manager.py:192}}
