Sep 03 18:03:08.391381 dv-cinder-760193-9-smb devstack@c-api.service[100968]: INFO cinder.api.openstack.wsgi [None req-4d633204-11bc-44f5-b164-c8c5071a10cb tempest-VolumeQuotasAdminTestJSON-2084677574 tempest-VolumeQuotasAdminTestJSON-2084677574-project-admin] DELETE http://10.222.0.30/volume/v3/214a82385a7841a295b31e279f73ce6b/os-quota-sets/ce087b9f58b442f0a7f494949fb14f89
Sep 03 18:03:08.392364 dv-cinder-760193-9-smb devstack@c-api.service[100968]: DEBUG cinder.api.openstack.wsgi [None req-4d633204-11bc-44f5-b164-c8c5071a10cb tempest-VolumeQuotasAdminTestJSON-2084677574 tempest-VolumeQuotasAdminTestJSON-2084677574-project-admin] Empty body provided in request {{(pid=100968) get_body /opt/stack/cinder/cinder/api/openstack/wsgi.py:703}}
Sep 03 18:03:08.393179 dv-cinder-760193-9-smb devstack@c-api.service[100968]: DEBUG cinder.api.openstack.wsgi [None req-4d633204-11bc-44f5-b164-c8c5071a10cb tempest-VolumeQuotasAdminTestJSON-2084677574 tempest-VolumeQuotasAdminTestJSON-2084677574-project-admin] Calling method 'delete' {{(pid=100968) _process_stack /opt/stack/cinder/cinder/api/openstack/wsgi.py:856}}
Sep 03 18:03:08.400692 dv-cinder-760193-9-smb devstack@c-api.service[100967]: INFO cinder.api.openstack.wsgi [None req-4a4a2b0e-c93a-4f9f-8af2-8272b05f8d12 tempest-GroupSnapshotsTest-639166163 tempest-GroupSnapshotsTest-639166163-project-admin] http://10.222.0.30/volume/v3/1bbd355bfa644dadb4a2782c4e050612/group_types/770ebd10-af54-4602-9b09-24a1d266ade6 returned with HTTP 202
Sep 03 18:03:08.401811 dv-cinder-760193-9-smb devstack@c-api.service[100967]: [pid: 100967|app: 0|req: 79/165] 10.222.0.30 () {60 vars in 1381 bytes} [Fri Sep 3 18:03:08 2021] DELETE /volume/v3/1bbd355bfa644dadb4a2782c4e050612/group_types/770ebd10-af54-4602-9b09-24a1d266ade6 => generated 0 bytes in 61 msecs (HTTP/1.1 202) 6 headers in 234 bytes (1 switches on core 0)
Sep 03 18:03:08.412775 dv-cinder-760193-9-smb devstack@c-api.service[100967]: INFO cinder.api.openstack.wsgi [None req-1c611671-7283-42df-9acd-71b73195b215 tempest-GroupSnapshotsTest-639166163 tempest-GroupSnapshotsTest-639166163-project-admin] POST http://10.222.0.30/volume/v3/1bbd355bfa644dadb4a2782c4e050612/types
Sep 03 18:03:08.413728 dv-cinder-760193-9-smb devstack@c-api.service[100968]: INFO cinder.api.openstack.wsgi [None req-4d633204-11bc-44f5-b164-c8c5071a10cb tempest-VolumeQuotasAdminTestJSON-2084677574 tempest-VolumeQuotasAdminTestJSON-2084677574-project-admin] http://10.222.0.30/volume/v3/214a82385a7841a295b31e279f73ce6b/os-quota-sets/ce087b9f58b442f0a7f494949fb14f89 returned with HTTP 200
Sep 03 18:03:08.414717 dv-cinder-760193-9-smb devstack@c-api.service[100967]: DEBUG cinder.api.openstack.wsgi [None req-1c611671-7283-42df-9acd-71b73195b215 tempest-GroupSnapshotsTest-639166163 tempest-GroupSnapshotsTest-639166163-project-admin] Action: 'create', calling method: _create, body: {"volume_type": {"name": "tempest-GroupSnapshotsTest-volume-type-958452892"}} {{(pid=100967) _process_stack /opt/stack/cinder/cinder/api/openstack/wsgi.py:854}}
Sep 03 18:03:08.417953 dv-cinder-760193-9-smb devstack@c-api.service[100968]: [pid: 100968|app: 0|req: 87/166] 10.222.0.30 () {58 vars in 1334 bytes} [Fri Sep 3 18:03:08 2021] DELETE /volume/v3/214a82385a7841a295b31e279f73ce6b/os-quota-sets/ce087b9f58b442f0a7f494949fb14f89 => generated 0 bytes in 38 msecs (HTTP/1.1 200) 7 headers in 283 bytes (1 switches on core 0)
Sep 03 18:03:08.431028 dv-cinder-760193-9-smb devstack@c-api.service[100968]: INFO cinder.api.openstack.wsgi [None req-367d0837-6ed2-43b7-8371-bc07c15154e2 tempest-VolumeQuotasAdminTestJSON-2084677574 tempest-VolumeQuotasAdminTestJSON-2084677574-project-admin] GET http://10.222.0.30/volume/v3/214a82385a7841a295b31e279f73ce6b/os-quota-sets/ce087b9f58b442f0a7f494949fb14f89
Sep 03 18:03:08.431840 dv-cinder-760193-9-smb devstack@c-api.service[100968]: DEBUG cinder.api.openstack.wsgi [None req-367d0837-6ed2-43b7-8371-bc07c15154e2 tempest-VolumeQuotasAdminTestJSON-2084677574 tempest-VolumeQuotasAdminTestJSON-2084677574-project-admin] Empty body provided in request {{(pid=100968) get_body /opt/stack/cinder/cinder/api/openstack/wsgi.py:703}}
Sep 03 18:03:08.432448 dv-cinder-760193-9-smb devstack@c-api.service[100968]: DEBUG cinder.api.openstack.wsgi [None req-367d0837-6ed2-43b7-8371-bc07c15154e2 tempest-VolumeQuotasAdminTestJSON-2084677574 tempest-VolumeQuotasAdminTestJSON-2084677574-project-admin] Calling method 'show' {{(pid=100968) _process_stack /opt/stack/cinder/cinder/api/openstack/wsgi.py:856}}
Sep 03 18:03:08.457752 dv-cinder-760193-9-smb devstack@c-api.service[100967]: INFO cinder.api.openstack.wsgi [None req-1c611671-7283-42df-9acd-71b73195b215 tempest-GroupSnapshotsTest-639166163 tempest-GroupSnapshotsTest-639166163-project-admin] http://10.222.0.30/volume/v3/1bbd355bfa644dadb4a2782c4e050612/types returned with HTTP 200
Sep 03 18:03:08.458621 dv-cinder-760193-9-smb devstack@c-api.service[100967]: [pid: 100967|app: 0|req: 80/167] 10.222.0.30 () {60 vars in 1229 bytes} [Fri Sep 3 18:03:08 2021] POST /volume/v3/1bbd355bfa644dadb4a2782c4e050612/types => generated 223 bytes in 50 msecs (HTTP/1.1 200) 7 headers in 285 bytes (1 switches on core 0)
Sep 03 18:03:08.469247 dv-cinder-760193-9-smb devstack@c-api.service[100967]: INFO cinder.api.openstack.wsgi [None req-a534b9f7-ce94-47a1-8e8e-e741fffd22bd tempest-GroupSnapshotsTest-639166163 tempest-GroupSnapshotsTest-639166163-project-admin] POST http://10.222.0.30/volume/v3/1bbd355bfa644dadb4a2782c4e050612/group_types
Sep 03 18:03:08.470049 dv-cinder-760193-9-smb devstack@c-api.service[100967]: DEBUG cinder.api.openstack.wsgi [None req-a534b9f7-ce94-47a1-8e8e-e741fffd22bd tempest-GroupSnapshotsTest-639166163 tempest-GroupSnapshotsTest-639166163-project-admin] Action: 'create', calling method: version_select, body: {"group_type": {"name": "tempest-GroupSnapshotsTest-group-type-1197614294"}} {{(pid=100967) _process_stack /opt/stack/cinder/cinder/api/openstack/wsgi.py:854}}
Sep 03 18:03:08.488892 dv-cinder-760193-9-smb devstack@c-api.service[100968]: INFO cinder.api.openstack.wsgi [None req-367d0837-6ed2-43b7-8371-bc07c15154e2 tempest-VolumeQuotasAdminTestJSON-2084677574 tempest-VolumeQuotasAdminTestJSON-2084677574-project-admin] http://10.222.0.30/volume/v3/214a82385a7841a295b31e279f73ce6b/os-quota-sets/ce087b9f58b442f0a7f494949fb14f89 returned with HTTP 200
Sep 03 18:03:08.490269 dv-cinder-760193-9-smb devstack@c-api.service[100968]: [pid: 100968|app: 0|req: 88/168] 10.222.0.30 () {58 vars in 1331 bytes} [Fri Sep 3 18:03:08 2021] GET /volume/v3/214a82385a7841a295b31e279f73ce6b/os-quota-sets/ce087b9f58b442f0a7f494949fb14f89 => generated 560 bytes in 69 msecs (HTTP/1.1 200) 7 headers in 285 bytes (1 switches on core 0)
Sep 03 18:03:08.502667 dv-cinder-760193-9-smb devstack@c-api.service[100967]: INFO cinder.api.openstack.wsgi [None req-a534b9f7-ce94-47a1-8e8e-e741fffd22bd tempest-GroupSnapshotsTest-639166163 tempest-GroupSnapshotsTest-639166163-project-admin] http://10.222.0.30/volume/v3/1bbd355bfa644dadb4a2782c4e050612/group_types returned with HTTP 202
Sep 03 18:03:08.504433 dv-cinder-760193-9-smb devstack@c-api.service[100968]: INFO cinder.api.openstack.wsgi [None req-c086435d-1cb7-426e-b78b-f9b9029d04d3 tempest-VolumeQuotasAdminTestJSON-2084677574 tempest-VolumeQuotasAdminTestJSON-2084677574-project-admin] PUT http://10.222.0.30/volume/v3/214a82385a7841a295b31e279f73ce6b/os-quota-sets/ce087b9f58b442f0a7f494949fb14f89
Sep 03 18:03:08.508350 dv-cinder-760193-9-smb devstack@c-api.service[100968]: DEBUG cinder.api.openstack.wsgi [None req-c086435d-1cb7-426e-b78b-f9b9029d04d3 tempest-VolumeQuotasAdminTestJSON-2084677574 tempest-VolumeQuotasAdminTestJSON-2084677574-project-admin] Action: 'update', calling method: update, body: {"quota_set": {"volumes": 10, "per_volume_gigabytes": -1, "snapshots": 10, "gigabytes": 1000, "backups": 10, "backup_gigabytes": 1000}} {{(pid=100968) _process_stack /opt/stack/cinder/cinder/api/openstack/wsgi.py:854}}
Sep 03 18:03:08.511085 dv-cinder-760193-9-smb devstack@c-api.service[100967]: [pid: 100967|app: 0|req: 81/169] 10.222.0.30 () {62 vars in 1288 bytes} [Fri Sep 3 18:03:08 2021] POST /volume/v3/1bbd355bfa644dadb4a2782c4e050612/group_types => generated 181 bytes in 46 msecs (HTTP/1.1 202) 7 headers in 292 bytes (2 switches on core 0)
Sep 03 18:03:08.516395 dv-cinder-760193-9-smb devstack@c-api.service[100967]: INFO cinder.api.openstack.wsgi [None req-6e3a8c06-2507-48e7-8f3e-fc1bee100c2b tempest-GroupSnapshotsTest-1492157813 tempest-GroupSnapshotsTest-1492157813-project] POST http://10.222.0.30/volume/v3/8bfad689614d4433afb193b6cd70a8fc/groups
Sep 03 18:03:08.517427 dv-cinder-760193-9-smb devstack@c-api.service[100967]: DEBUG cinder.api.openstack.wsgi [None req-6e3a8c06-2507-48e7-8f3e-fc1bee100c2b tempest-GroupSnapshotsTest-1492157813 tempest-GroupSnapshotsTest-1492157813-project] Action: 'create', calling method: version_select, body: {"group": {"group_type": "b49835cd-49c6-4f7c-a1c1-5cbf017d8bd2", "volume_types": ["06292ddd-dae1-46f9-aa58-bdce7b5383f6"], "name": "tempest-GroupSnapshotsTest-Group-1143588545"}} {{(pid=100967) _process_stack /opt/stack/cinder/cinder/api/openstack/wsgi.py:854}}
Sep 03 18:03:08.518498 dv-cinder-760193-9-smb devstack@c-api.service[100967]: DEBUG cinder.api.v3.groups [None req-6e3a8c06-2507-48e7-8f3e-fc1bee100c2b tempest-GroupSnapshotsTest-1492157813 tempest-GroupSnapshotsTest-1492157813-project] Creating new group {'group': {'group_type': 'b49835cd-49c6-4f7c-a1c1-5cbf017d8bd2', 'volume_types': ['06292ddd-dae1-46f9-aa58-bdce7b5383f6'], 'name': 'tempest-GroupSnapshotsTest-Group-1143588545'}} {{(pid=100967) create /opt/stack/cinder/cinder/api/v3/groups.py:190}}
Sep 03 18:03:08.526155 dv-cinder-760193-9-smb devstack@c-api.service[100967]: INFO cinder.api.v3.groups [None req-6e3a8c06-2507-48e7-8f3e-fc1bee100c2b tempest-GroupSnapshotsTest-1492157813 tempest-GroupSnapshotsTest-1492157813-project] Creating group tempest-GroupSnapshotsTest-Group-1143588545.
Sep 03 18:03:08.548524 dv-cinder-760193-9-smb devstack@c-api.service[100967]: INFO cinder.volume.api [None req-6e3a8c06-2507-48e7-8f3e-fc1bee100c2b tempest-GroupSnapshotsTest-1492157813 tempest-GroupSnapshotsTest-1492157813-project] Availability Zones retrieved successfully.
Sep 03 18:03:08.599966 dv-cinder-760193-9-smb devstack@c-api.service[100967]: DEBUG cinder.quota [None req-6e3a8c06-2507-48e7-8f3e-fc1bee100c2b tempest-GroupSnapshotsTest-1492157813 tempest-GroupSnapshotsTest-1492157813-project] Created reservations ['db836f38-eeea-433a-a200-119e5a28b1b9'] {{(pid=100967) reserve /opt/stack/cinder/cinder/quota.py:755}}
Sep 03 18:03:08.688287 dv-cinder-760193-9-smb devstack@c-api.service[100967]: INFO cinder.api.openstack.wsgi [None req-6e3a8c06-2507-48e7-8f3e-fc1bee100c2b tempest-GroupSnapshotsTest-1492157813 tempest-GroupSnapshotsTest-1492157813-project] http://10.222.0.30/volume/v3/8bfad689614d4433afb193b6cd70a8fc/groups returned with HTTP 202
Sep 03 18:03:08.689760 dv-cinder-760193-9-smb devstack@c-api.service[100967]: [pid: 100967|app: 0|req: 82/170] 10.222.0.30 () {62 vars in 1274 bytes} [Fri Sep 3 18:03:08 2021] POST /volume/v3/8bfad689614d4433afb193b6cd70a8fc/groups => generated 112 bytes in 178 msecs (HTTP/1.1 202) 7 headers in 292 bytes (1 switches on core 0)
Sep 03 18:03:08.698980 dv-cinder-760193-9-smb devstack@c-api.service[100967]: INFO cinder.api.openstack.wsgi [None req-37fa1cb6-af4d-43be-aca4-2c03931d2c93 tempest-GroupSnapshotsTest-1492157813 tempest-GroupSnapshotsTest-1492157813-project] GET http://10.222.0.30/volume/v3/8bfad689614d4433afb193b6cd70a8fc/groups/2d359609-f21f-42a7-8732-a6873c79c467
Sep 03 18:03:08.699955 dv-cinder-760193-9-smb devstack@c-api.service[100967]: DEBUG cinder.api.openstack.wsgi [None req-37fa1cb6-af4d-43be-aca4-2c03931d2c93 tempest-GroupSnapshotsTest-1492157813 tempest-GroupSnapshotsTest-1492157813-project] Empty body provided in request {{(pid=100967) get_body /opt/stack/cinder/cinder/api/openstack/wsgi.py:703}}
Sep 03 18:03:08.700644 dv-cinder-760193-9-smb devstack@c-api.service[100967]: /usr/local/lib/python3.8/dist-packages/webob/acceptparse.py:1047: DeprecationWarning: The behavior of AcceptValidHeader.best_match is currently being maintained for backward compatibility, but it will be deprecated in the future, as it does not conform to the RFC.
Sep 03 18:03:08.700644 dv-cinder-760193-9-smb devstack@c-api.service[100967]: warnings.warn(
Sep 03 18:03:08.701401 dv-cinder-760193-9-smb devstack@c-api.service[100967]: DEBUG cinder.api.openstack.wsgi [None req-37fa1cb6-af4d-43be-aca4-2c03931d2c93 tempest-GroupSnapshotsTest-1492157813 tempest-GroupSnapshotsTest-1492157813-project] Calling method 'version_select' {{(pid=100967) _process_stack /opt/stack/cinder/cinder/api/openstack/wsgi.py:856}}
Sep 03 18:03:08.701930 dv-cinder-760193-9-smb devstack@c-api.service[100967]: DEBUG cinder.api.v3.groups [None req-37fa1cb6-af4d-43be-aca4-2c03931d2c93 tempest-GroupSnapshotsTest-1492157813 tempest-GroupSnapshotsTest-1492157813-project] show called for member 2d359609-f21f-42a7-8732-a6873c79c467 {{(pid=100967) show /opt/stack/cinder/cinder/api/v3/groups.py:58}}
Sep 03 18:03:08.713762 dv-cinder-760193-9-smb devstack@c-api.service[100967]: /usr/local/lib/python3.8/dist-packages/oslo_context/context.py:105: DeprecationWarning: Policy enforcement is depending on the value of is_admin. This key is deprecated. Please update your policy file to use the standard policy values.
Sep 03 18:03:08.713762 dv-cinder-760193-9-smb devstack@c-api.service[100967]: warnings.warn('Policy enforcement is depending on the value of '
Sep 03 18:03:08.751142 dv-cinder-760193-9-smb devstack@c-api.service[100967]: INFO cinder.api.openstack.wsgi [None req-37fa1cb6-af4d-43be-aca4-2c03931d2c93 tempest-GroupSnapshotsTest-1492157813 tempest-GroupSnapshotsTest-1492157813-project] http://10.222.0.30/volume/v3/8bfad689614d4433afb193b6cd70a8fc/groups/2d359609-f21f-42a7-8732-a6873c79c467 returned with HTTP 200
Sep 03 18:03:08.752109 dv-cinder-760193-9-smb devstack@c-api.service[100967]: [pid: 100967|app: 0|req: 83/171] 10.222.0.30 () {60 vars in 1363 bytes} [Fri Sep 3 18:03:08 2021] GET /volume/v3/8bfad689614d4433afb193b6cd70a8fc/groups/2d359609-f21f-42a7-8732-a6873c79c467 => generated 392 bytes in 57 msecs (HTTP/1.1 200) 7 headers in 286 bytes (2 switches on core 0)
Sep 03 18:03:08.793837 dv-cinder-760193-9-smb devstack@c-api.service[100968]: WARNING cinder.quota [None req-c086435d-1cb7-426e-b78b-f9b9029d04d3 tempest-VolumeQuotasAdminTestJSON-2084677574 tempest-VolumeQuotasAdminTestJSON-2084677574-project-admin] Deprecated: Default quota for resource: volumes_tempest-GroupSnapshotsTest-volume-type-958452892 is set by the default quota flag: quota_volumes_tempest-GroupSnapshotsTest-volume-type-958452892, it is now deprecated. Please use the default quota class for default quota.
Sep 03 18:03:08.797378 dv-cinder-760193-9-smb devstack@c-api.service[100968]: WARNING cinder.quota [None req-c086435d-1cb7-426e-b78b-f9b9029d04d3 tempest-VolumeQuotasAdminTestJSON-2084677574 tempest-VolumeQuotasAdminTestJSON-2084677574-project-admin] Deprecated: Default quota for resource: gigabytes_tempest-GroupSnapshotsTest-volume-type-958452892 is set by the default quota flag: quota_gigabytes_tempest-GroupSnapshotsTest-volume-type-958452892, it is now deprecated. Please use the default quota class for default quota.
Sep 03 18:03:08.798157 dv-cinder-760193-9-smb devstack@c-api.service[100968]: WARNING cinder.quota [None req-c086435d-1cb7-426e-b78b-f9b9029d04d3 tempest-VolumeQuotasAdminTestJSON-2084677574 tempest-VolumeQuotasAdminTestJSON-2084677574-project-admin] Deprecated: Default quota for resource: snapshots_tempest-GroupSnapshotsTest-volume-type-958452892 is set by the default quota flag: quota_snapshots_tempest-GroupSnapshotsTest-volume-type-958452892, it is now deprecated. Please use the default quota class for default quota.
Sep 03 18:03:08.810541 dv-cinder-760193-9-smb devstack@c-api.service[100968]: INFO cinder.api.openstack.wsgi [None req-c086435d-1cb7-426e-b78b-f9b9029d04d3 tempest-VolumeQuotasAdminTestJSON-2084677574 tempest-VolumeQuotasAdminTestJSON-2084677574-project-admin] http://10.222.0.30/volume/v3/214a82385a7841a295b31e279f73ce6b/os-quota-sets/ce087b9f58b442f0a7f494949fb14f89 returned with HTTP 200
Sep 03 18:03:08.811880 dv-cinder-760193-9-smb devstack@c-api.service[100968]: [pid: 100968|app: 0|req: 89/172] 10.222.0.30 () {60 vars in 1352 bytes} [Fri Sep 3 18:03:08 2021] PUT /volume/v3/214a82385a7841a295b31e279f73ce6b/os-quota-sets/ce087b9f58b442f0a7f494949fb14f89 => generated 714 bytes in 314 msecs (HTTP/1.1 200) 7 headers in 285 bytes (1 switches on core 0)
Sep 03 18:03:08.827342 dv-cinder-760193-9-smb devstack@c-api.service[100967]: INFO cinder.api.openstack.wsgi [None req-b07f5a11-d86a-4df1-9f87-6c713613ab4d tempest-VolumeQuotasAdminTestJSON-2084677574 tempest-VolumeQuotasAdminTestJSON-2084677574-project-admin] GET http://10.222.0.30/volume/v3/214a82385a7841a295b31e279f73ce6b/os-quota-sets/ce087b9f58b442f0a7f494949fb14f89/defaults
Sep 03 18:03:08.828500 dv-cinder-760193-9-smb devstack@c-api.service[100967]: DEBUG cinder.api.openstack.wsgi [None req-b07f5a11-d86a-4df1-9f87-6c713613ab4d tempest-VolumeQuotasAdminTestJSON-2084677574 tempest-VolumeQuotasAdminTestJSON-2084677574-project-admin] Empty body provided in request {{(pid=100967) get_body /opt/stack/cinder/cinder/api/openstack/wsgi.py:703}}
Sep 03 18:03:08.828852 dv-cinder-760193-9-smb devstack@c-api.service[100967]: /usr/local/lib/python3.8/dist-packages/webob/acceptparse.py:1047: DeprecationWarning: The behavior of AcceptValidHeader.best_match is currently being maintained for backward compatibility, but it will be deprecated in the future, as it does not conform to the RFC.
Sep 03 18:03:08.828852 dv-cinder-760193-9-smb devstack@c-api.service[100967]: warnings.warn(
Sep 03 18:03:08.829374 dv-cinder-760193-9-smb devstack@c-api.service[100967]: DEBUG cinder.api.openstack.wsgi [None req-b07f5a11-d86a-4df1-9f87-6c713613ab4d tempest-VolumeQuotasAdminTestJSON-2084677574 tempest-VolumeQuotasAdminTestJSON-2084677574-project-admin] Calling method 'defaults' {{(pid=100967) _process_stack /opt/stack/cinder/cinder/api/openstack/wsgi.py:856}}
Sep 03 18:03:08.830414 dv-cinder-760193-9-smb devstack@c-api.service[100967]: /usr/local/lib/python3.8/dist-packages/oslo_context/context.py:105: DeprecationWarning: Policy enforcement is depending on the value of is_admin. This key is deprecated. Please update your policy file to use the standard policy values.
Sep 03 18:03:08.830414 dv-cinder-760193-9-smb devstack@c-api.service[100967]: warnings.warn('Policy enforcement is depending on the value of '
Sep 03 18:03:08.854148 dv-cinder-760193-9-smb devstack@c-api.service[100967]: WARNING cinder.quota [None req-b07f5a11-d86a-4df1-9f87-6c713613ab4d tempest-VolumeQuotasAdminTestJSON-2084677574 tempest-VolumeQuotasAdminTestJSON-2084677574-project-admin] Deprecated: Default quota for resource: volumes_tempest-GroupSnapshotsTest-volume-type-958452892 is set by the default quota flag: quota_volumes_tempest-GroupSnapshotsTest-volume-type-958452892, it is now deprecated. Please use the default quota class for default quota.
Sep 03 18:03:08.858158 dv-cinder-760193-9-smb devstack@c-api.service[100967]: WARNING cinder.quota [None req-b07f5a11-d86a-4df1-9f87-6c713613ab4d tempest-VolumeQuotasAdminTestJSON-2084677574 tempest-VolumeQuotasAdminTestJSON-2084677574-project-admin] Deprecated: Default quota for resource: gigabytes_tempest-GroupSnapshotsTest-volume-type-958452892 is set by the default quota flag: quota_gigabytes_tempest-GroupSnapshotsTest-volume-type-958452892, it is now deprecated. Please use the default quota class for default quota.
Sep 03 18:03:08.863271 dv-cinder-760193-9-smb devstack@c-api.service[100967]: WARNING cinder.quota [None req-b07f5a11-d86a-4df1-9f87-6c713613ab4d tempest-VolumeQuotasAdminTestJSON-2084677574 tempest-VolumeQuotasAdminTestJSON-2084677574-project-admin] Deprecated: Default quota for resource: snapshots_tempest-GroupSnapshotsTest-volume-type-958452892 is set by the default quota flag: quota_snapshots_tempest-GroupSnapshotsTest-volume-type-958452892, it is now deprecated. Please use the default quota class for default quota.
Sep 03 18:03:08.877026 dv-cinder-760193-9-smb devstack@c-api.service[100967]: INFO cinder.api.openstack.wsgi [None req-b07f5a11-d86a-4df1-9f87-6c713613ab4d tempest-VolumeQuotasAdminTestJSON-2084677574 tempest-VolumeQuotasAdminTestJSON-2084677574-project-admin] http://10.222.0.30/volume/v3/214a82385a7841a295b31e279f73ce6b/os-quota-sets/ce087b9f58b442f0a7f494949fb14f89/defaults returned with HTTP 200
Sep 03 18:03:08.886733 dv-cinder-760193-9-smb devstack@c-api.service[100967]: [pid: 100967|app: 0|req: 84/173] 10.222.0.30 () {58 vars in 1358 bytes} [Fri Sep 3 18:03:08 2021] GET /volume/v3/214a82385a7841a295b31e279f73ce6b/os-quota-sets/ce087b9f58b442f0a7f494949fb14f89/defaults => generated 756 bytes in 65 msecs (HTTP/1.1 200) 7 headers in 285 bytes (1 switches on core 0)
Sep 03 18:03:08.892186 dv-cinder-760193-9-smb devstack@c-api.service[100968]: INFO cinder.api.openstack.wsgi [None req-5949765f-ff5b-44ef-b26f-0c7b9afee66f tempest-VolumeQuotasAdminTestJSON-2084677574 tempest-VolumeQuotasAdminTestJSON-2084677574-project-admin] GET http://10.222.0.30/volume/v3/214a82385a7841a295b31e279f73ce6b/os-quota-sets/ce087b9f58b442f0a7f494949fb14f89
Sep 03 18:03:08.893176 dv-cinder-760193-9-smb devstack@c-api.service[100968]: DEBUG cinder.api.openstack.wsgi [None req-5949765f-ff5b-44ef-b26f-0c7b9afee66f tempest-VolumeQuotasAdminTestJSON-2084677574 tempest-VolumeQuotasAdminTestJSON-2084677574-project-admin] Empty body provided in request {{(pid=100968) get_body /opt/stack/cinder/cinder/api/openstack/wsgi.py:703}}
Sep 03 18:03:08.893735 dv-cinder-760193-9-smb devstack@c-api.service[100968]: DEBUG cinder.api.openstack.wsgi [None req-5949765f-ff5b-44ef-b26f-0c7b9afee66f tempest-VolumeQuotasAdminTestJSON-2084677574 tempest-VolumeQuotasAdminTestJSON-2084677574-project-admin] Calling method 'show' {{(pid=100968) _process_stack /opt/stack/cinder/cinder/api/openstack/wsgi.py:856}}
Sep 03 18:03:08.956385 dv-cinder-760193-9-smb devstack@c-api.service[100968]: INFO cinder.api.openstack.wsgi [None req-5949765f-ff5b-44ef-b26f-0c7b9afee66f tempest-VolumeQuotasAdminTestJSON-2084677574 tempest-VolumeQuotasAdminTestJSON-2084677574-project-admin] http://10.222.0.30/volume/v3/214a82385a7841a295b31e279f73ce6b/os-quota-sets/ce087b9f58b442f0a7f494949fb14f89 returned with HTTP 200
Sep 03 18:03:08.958180 dv-cinder-760193-9-smb devstack@c-api.service[100968]: [pid: 100968|app: 0|req: 90/174] 10.222.0.30 () {58 vars in 1331 bytes} [Fri Sep 3 18:03:08 2021] GET /volume/v3/214a82385a7841a295b31e279f73ce6b/os-quota-sets/ce087b9f58b442f0a7f494949fb14f89 => generated 756 bytes in 72 msecs (HTTP/1.1 200) 7 headers in 285 bytes (2 switches on core 0)
Sep 03 18:03:08.979580 dv-cinder-760193-9-smb devstack@c-api.service[100968]: INFO cinder.api.openstack.wsgi [None req-ef7a2795-f8ea-43f4-81fd-546f7636cbba tempest-VolumeQuotasAdminTestJSON-2084677574 tempest-VolumeQuotasAdminTestJSON-2084677574-project-admin] GET http://10.222.0.30/volume/v3/214a82385a7841a295b31e279f73ce6b/os-quota-sets/ce087b9f58b442f0a7f494949fb14f89?usage=True
Sep 03 18:03:08.981769 dv-cinder-760193-9-smb devstack@c-api.service[100968]: DEBUG cinder.api.openstack.wsgi [None req-ef7a2795-f8ea-43f4-81fd-546f7636cbba tempest-VolumeQuotasAdminTestJSON-2084677574 tempest-VolumeQuotasAdminTestJSON-2084677574-project-admin] Empty body provided in request {{(pid=100968) get_body /opt/stack/cinder/cinder/api/openstack/wsgi.py:703}}
Sep 03 18:03:08.982411 dv-cinder-760193-9-smb devstack@c-api.service[100968]: DEBUG cinder.api.openstack.wsgi [None req-ef7a2795-f8ea-43f4-81fd-546f7636cbba tempest-VolumeQuotasAdminTestJSON-2084677574 tempest-VolumeQuotasAdminTestJSON-2084677574-project-admin] Calling method 'show' {{(pid=100968) _process_stack /opt/stack/cinder/cinder/api/openstack/wsgi.py:856}}
Sep 03 18:03:09.026458 dv-cinder-760193-9-smb devstack@c-api.service[100968]: INFO cinder.api.openstack.wsgi [None req-ef7a2795-f8ea-43f4-81fd-546f7636cbba tempest-VolumeQuotasAdminTestJSON-2084677574 tempest-VolumeQuotasAdminTestJSON-2084677574-project-admin] http://10.222.0.30/volume/v3/214a82385a7841a295b31e279f73ce6b/os-quota-sets/ce087b9f58b442f0a7f494949fb14f89?usage=True returned with HTTP 200
Sep 03 18:03:09.035436 dv-cinder-760193-9-smb devstack@c-api.service[100968]: [pid: 100968|app: 0|req: 91/175] 10.222.0.30 () {58 vars in 1352 bytes} [Fri Sep 3 18:03:08 2021] GET /volume/v3/214a82385a7841a295b31e279f73ce6b/os-quota-sets/ce087b9f58b442f0a7f494949fb14f89?usage=True => generated 1497 bytes in 62 msecs (HTTP/1.1 200) 7 headers in 286 bytes (1 switches on core 0)
Sep 03 18:03:09.148003 dv-cinder-760193-9-smb devstack@c-api.service[100967]: INFO cinder.api.openstack.wsgi [None req-5304e920-2484-4312-bf06-3599e4aa9998 tempest-VolumesTransfersV355Test-929787961 tempest-VolumesTransfersV355Test-929787961-project] POST http://10.222.0.30/volume/v3/2bfb6686c34f4cfd8bc52cf070023f0c/volumes
Sep 03 18:03:09.149357 dv-cinder-760193-9-smb devstack@c-api.service[100967]: DEBUG cinder.api.openstack.wsgi [None req-5304e920-2484-4312-bf06-3599e4aa9998 tempest-VolumesTransfersV355Test-929787961 tempest-VolumesTransfersV355Test-929787961-project] Action: 'create', calling method: create, body: {"volume": {"size": 1, "name": "tempest-VolumesTransfersV355Test-Volume-197448401"}} {{(pid=100967) _process_stack /opt/stack/cinder/cinder/api/openstack/wsgi.py:854}}
Sep 03 18:03:09.150475 dv-cinder-760193-9-smb devstack@c-api.service[100967]: DEBUG cinder.api.v3.volumes [None req-5304e920-2484-4312-bf06-3599e4aa9998 tempest-VolumesTransfersV355Test-929787961 tempest-VolumesTransfersV355Test-929787961-project] Create volume request body: {'volume': {'size': 1, 'name': 'tempest-VolumesTransfersV355Test-Volume-197448401'}} {{(pid=100967) create /opt/stack/cinder/cinder/api/v3/volumes.py:298}}
Sep 03 18:03:09.150982 dv-cinder-760193-9-smb devstack@c-api.service[100967]: INFO cinder.api.v3.volumes [None req-5304e920-2484-4312-bf06-3599e4aa9998 tempest-VolumesTransfersV355Test-929787961 tempest-VolumesTransfersV355Test-929787961-project] Create volume of 1 GB
Sep 03 18:03:09.169036 dv-cinder-760193-9-smb devstack@c-api.service[100967]: INFO cinder.volume.api [None req-5304e920-2484-4312-bf06-3599e4aa9998 tempest-VolumesTransfersV355Test-929787961 tempest-VolumesTransfersV355Test-929787961-project] Availability Zones retrieved successfully.
Sep 03 18:03:09.199038 dv-cinder-760193-9-smb devstack@c-api.service[100967]: DEBUG cinder.volume.api [None req-5304e920-2484-4312-bf06-3599e4aa9998 tempest-VolumesTransfersV355Test-929787961 tempest-VolumesTransfersV355Test-929787961-project] Flow 'volume_create_api' (9e6d373e-50b4-4bd2-a4cd-c33d6f10d31e) transitioned into state 'RUNNING' from state 'PENDING' {{(pid=100967) _flow_receiver /usr/local/lib/python3.8/dist-packages/taskflow/listeners/logging.py:141}}
Sep 03 18:03:09.201830 dv-cinder-760193-9-smb devstack@c-api.service[100967]: DEBUG cinder.volume.api [None req-5304e920-2484-4312-bf06-3599e4aa9998 tempest-VolumesTransfersV355Test-929787961 tempest-VolumesTransfersV355Test-929787961-project] Task 'cinder.volume.flows.api.create_volume.ExtractVolumeRequestTask;volume:create' (14a5515c-df84-47ce-8587-7d3306db9ddc) transitioned into state 'RUNNING' from state 'PENDING' {{(pid=100967) _task_receiver /usr/local/lib/python3.8/dist-packages/taskflow/listeners/logging.py:190}}
Sep 03 18:03:09.203895 dv-cinder-760193-9-smb devstack@c-api.service[100967]: DEBUG cinder.volume.flows.api.create_volume [None req-5304e920-2484-4312-bf06-3599e4aa9998 tempest-VolumesTransfersV355Test-929787961 tempest-VolumesTransfersV355Test-929787961-project] Validating volume size '1' using validate_int {{(pid=100967) _extract_size /opt/stack/cinder/cinder/volume/flows/api/create_volume.py:225}}
Sep 03 18:03:09.259332 dv-cinder-760193-9-smb devstack@c-api.service[100967]: DEBUG cinder.volume.api [None req-5304e920-2484-4312-bf06-3599e4aa9998 tempest-VolumesTransfersV355Test-929787961 tempest-VolumesTransfersV355Test-929787961-project] Task 'cinder.volume.flows.api.create_volume.ExtractVolumeRequestTask;volume:create' (14a5515c-df84-47ce-8587-7d3306db9ddc) transitioned into state 'SUCCESS' from state 'RUNNING' with result '{'size': 1, 'snapshot_id': None, 'source_volid': None, 'volume_type': VolumeType(created_at=2021-09-03T17:52:50Z,deleted=False,deleted_at=None,description='Default Volume Type',extra_specs={},id=302eb579-13de-4f0e-a3b1-9ff907bf015c,is_public=True,name='__DEFAULT__',projects=[],qos_specs=,qos_specs_id=None,updated_at=2021-09-03T17:52:50Z), 'volume_type_id': '302eb579-13de-4f0e-a3b1-9ff907bf015c', 'encryption_key_id': None, 'qos_specs': None, 'consistencygroup_id': None, 'cgsnapshot_id': None, 'group_id': None, 'replication_status': 'disabled', 'refresh_az': False, 'backup_id': None, 'multiattach': False, 'availability_zones': ['nova']}' {{(pid=100967) _task_receiver /usr/local/lib/python3.8/dist-packages/taskflow/listeners/logging.py:178}}
Sep 03 18:03:09.262506 dv-cinder-760193-9-smb devstack@c-api.service[100967]: DEBUG cinder.volume.api [None req-5304e920-2484-4312-bf06-3599e4aa9998 tempest-VolumesTransfersV355Test-929787961 tempest-VolumesTransfersV355Test-929787961-project] Task 'cinder.volume.flows.api.create_volume.QuotaReserveTask;volume:create' (1c9aef4a-90e0-4ef3-874d-a787380a2f70) transitioned into state 'RUNNING' from state 'PENDING' {{(pid=100967) _task_receiver /usr/local/lib/python3.8/dist-packages/taskflow/listeners/logging.py:190}}
Sep 03 18:03:09.279877 dv-cinder-760193-9-smb devstack@c-api.service[100968]: INFO cinder.api.openstack.wsgi [None req-9b9103a1-4a4a-48bc-b024-731a9f15af38 tempest-VolumeQuotasAdminTestJSON-949850204 tempest-VolumeQuotasAdminTestJSON-949850204-project] POST http://10.222.0.30/volume/v3/ce087b9f58b442f0a7f494949fb14f89/volumes
Sep 03 18:03:09.280716 dv-cinder-760193-9-smb devstack@c-api.service[100968]: DEBUG cinder.api.openstack.wsgi [None req-9b9103a1-4a4a-48bc-b024-731a9f15af38 tempest-VolumeQuotasAdminTestJSON-949850204 tempest-VolumeQuotasAdminTestJSON-949850204-project] Action: 'create', calling method: create, body: {"volume": {"size": 1, "name": "tempest-VolumeQuotasAdminTestJSON-Volume-374971022"}} {{(pid=100968) _process_stack /opt/stack/cinder/cinder/api/openstack/wsgi.py:854}}
Sep 03 18:03:09.281543 dv-cinder-760193-9-smb devstack@c-api.service[100968]: DEBUG cinder.api.v3.volumes [None req-9b9103a1-4a4a-48bc-b024-731a9f15af38 tempest-VolumeQuotasAdminTestJSON-949850204 tempest-VolumeQuotasAdminTestJSON-949850204-project] Create volume request body: {'volume': {'size': 1, 'name': 'tempest-VolumeQuotasAdminTestJSON-Volume-374971022'}} {{(pid=100968) create /opt/stack/cinder/cinder/api/v3/volumes.py:298}}
Sep 03 18:03:09.281848 dv-cinder-760193-9-smb devstack@c-api.service[100968]: INFO cinder.api.v3.volumes [None req-9b9103a1-4a4a-48bc-b024-731a9f15af38 tempest-VolumeQuotasAdminTestJSON-949850204 tempest-VolumeQuotasAdminTestJSON-949850204-project] Create volume of 1 GB
Sep 03 18:03:09.287859 dv-cinder-760193-9-smb devstack@c-api.service[100968]: INFO cinder.volume.api [None req-9b9103a1-4a4a-48bc-b024-731a9f15af38 tempest-VolumeQuotasAdminTestJSON-949850204 tempest-VolumeQuotasAdminTestJSON-949850204-project] Availability Zones retrieved successfully.
Sep 03 18:03:09.303663 dv-cinder-760193-9-smb devstack@c-api.service[100968]: DEBUG cinder.volume.api [None req-9b9103a1-4a4a-48bc-b024-731a9f15af38 tempest-VolumeQuotasAdminTestJSON-949850204 tempest-VolumeQuotasAdminTestJSON-949850204-project] Flow 'volume_create_api' (6cbe93e2-9f1c-40e0-9fd8-b23c8bd9ea2f) transitioned into state 'RUNNING' from state 'PENDING' {{(pid=100968) _flow_receiver /usr/local/lib/python3.8/dist-packages/taskflow/listeners/logging.py:141}}
Sep 03 18:03:09.306581 dv-cinder-760193-9-smb devstack@c-api.service[100968]: DEBUG cinder.volume.api [None req-9b9103a1-4a4a-48bc-b024-731a9f15af38 tempest-VolumeQuotasAdminTestJSON-949850204 tempest-VolumeQuotasAdminTestJSON-949850204-project] Task 'cinder.volume.flows.api.create_volume.ExtractVolumeRequestTask;volume:create' (11bbaa6f-9e09-492f-ab8e-5b96f63db458) transitioned into state 'RUNNING' from state 'PENDING' {{(pid=100968) _task_receiver /usr/local/lib/python3.8/dist-packages/taskflow/listeners/logging.py:190}}
Sep 03 18:03:09.308755 dv-cinder-760193-9-smb devstack@c-api.service[100968]: DEBUG cinder.volume.flows.api.create_volume [None req-9b9103a1-4a4a-48bc-b024-731a9f15af38 tempest-VolumeQuotasAdminTestJSON-949850204 tempest-VolumeQuotasAdminTestJSON-949850204-project] Validating volume size '1' using validate_int {{(pid=100968) _extract_size /opt/stack/cinder/cinder/volume/flows/api/create_volume.py:225}}
Sep 03 18:03:09.347624 dv-cinder-760193-9-smb devstack@c-api.service[100968]: DEBUG cinder.volume.api [None req-9b9103a1-4a4a-48bc-b024-731a9f15af38 tempest-VolumeQuotasAdminTestJSON-949850204 tempest-VolumeQuotasAdminTestJSON-949850204-project] Task 'cinder.volume.flows.api.create_volume.ExtractVolumeRequestTask;volume:create' (11bbaa6f-9e09-492f-ab8e-5b96f63db458) transitioned into state 'SUCCESS' from state 'RUNNING' with result '{'size': 1, 'snapshot_id': None, 'source_volid': None, 'volume_type': VolumeType(created_at=2021-09-03T17:52:50Z,deleted=False,deleted_at=None,description='Default Volume Type',extra_specs={},id=302eb579-13de-4f0e-a3b1-9ff907bf015c,is_public=True,name='__DEFAULT__',projects=[],qos_specs=,qos_specs_id=None,updated_at=2021-09-03T17:52:50Z), 'volume_type_id': '302eb579-13de-4f0e-a3b1-9ff907bf015c', 'encryption_key_id': None, 'qos_specs': None, 'consistencygroup_id': None, 'cgsnapshot_id': None, 'group_id': None, 'replication_status': 'disabled', 'refresh_az': False, 'backup_id': None, 'multiattach': False, 'availability_zones': ['nova']}' {{(pid=100968) _task_receiver /usr/local/lib/python3.8/dist-packages/taskflow/listeners/logging.py:178}}
Sep 03 18:03:09.349788 dv-cinder-760193-9-smb devstack@c-api.service[100968]: DEBUG cinder.volume.api [None req-9b9103a1-4a4a-48bc-b024-731a9f15af38 tempest-VolumeQuotasAdminTestJSON-949850204 tempest-VolumeQuotasAdminTestJSON-949850204-project] Task 'cinder.volume.flows.api.create_volume.QuotaReserveTask;volume:create' (652288dd-9092-4cef-aed6-02407676fb5b) transitioned into state 'RUNNING' from state 'PENDING' {{(pid=100968) _task_receiver /usr/local/lib/python3.8/dist-packages/taskflow/listeners/logging.py:190}}
Sep 03 18:03:09.362812 dv-cinder-760193-9-smb devstack@c-api.service[100967]: DEBUG cinder.quota [None req-5304e920-2484-4312-bf06-3599e4aa9998 tempest-VolumesTransfersV355Test-929787961 tempest-VolumesTransfersV355Test-929787961-project] Created reservations ['748596a6-4b0d-4524-9395-37b207d79f44', 'a8f47697-e7b4-48cd-9cf2-38165a2c2588', 'e6e11e9f-7813-4392-8cc9-2e065b1a4d7a', '1357e15e-018e-4447-9575-706d7ce07df1'] {{(pid=100967) reserve /opt/stack/cinder/cinder/quota.py:755}}
Sep 03 18:03:09.364886 dv-cinder-760193-9-smb devstack@c-api.service[100967]: DEBUG cinder.volume.api [None req-5304e920-2484-4312-bf06-3599e4aa9998 tempest-VolumesTransfersV355Test-929787961 tempest-VolumesTransfersV355Test-929787961-project] Task 'cinder.volume.flows.api.create_volume.QuotaReserveTask;volume:create' (1c9aef4a-90e0-4ef3-874d-a787380a2f70) transitioned into state 'SUCCESS' from state 'RUNNING' with result '{'reservations': ['748596a6-4b0d-4524-9395-37b207d79f44', 'a8f47697-e7b4-48cd-9cf2-38165a2c2588', 'e6e11e9f-7813-4392-8cc9-2e065b1a4d7a', '1357e15e-018e-4447-9575-706d7ce07df1']}' {{(pid=100967) _task_receiver /usr/local/lib/python3.8/dist-packages/taskflow/listeners/logging.py:178}}
Sep 03 18:03:09.368115 dv-cinder-760193-9-smb devstack@c-api.service[100967]: DEBUG cinder.volume.api [None req-5304e920-2484-4312-bf06-3599e4aa9998 tempest-VolumesTransfersV355Test-929787961 tempest-VolumesTransfersV355Test-929787961-project] Task 'cinder.volume.flows.api.create_volume.EntryCreateTask;volume:create' (2111d34c-610d-4e03-9bcb-12179a8961ee) transitioned into state 'RUNNING' from state 'PENDING' {{(pid=100967) _task_receiver /usr/local/lib/python3.8/dist-packages/taskflow/listeners/logging.py:190}}
Sep 03 18:03:09.395563 dv-cinder-760193-9-smb devstack@c-api.service[100967]: DEBUG cinder.volume.api [None req-5304e920-2484-4312-bf06-3599e4aa9998 tempest-VolumesTransfersV355Test-929787961 tempest-VolumesTransfersV355Test-929787961-project] Task 'cinder.volume.flows.api.create_volume.EntryCreateTask;volume:create' (2111d34c-610d-4e03-9bcb-12179a8961ee) transitioned into state 'SUCCESS' from state 'RUNNING' with result '{'volume_id': '489b5829-c65e-405e-91ff-0fd6f41a0607', 'volume_properties': VolumeProperties(attach_status='detached',availability_zone='nova',cgsnapshot_id=None,consistencygroup_id=None,display_description=None,display_name='tempest-VolumesTransfersV355Test-Volume-197448401',encryption_key_id=None,group_id=None,group_type_id=,metadata={},multiattach=False,project_id='2bfb6686c34f4cfd8bc52cf070023f0c',qos_specs=None,replication_status=,reservations=['748596a6-4b0d-4524-9395-37b207d79f44','a8f47697-e7b4-48cd-9cf2-38165a2c2588','e6e11e9f-7813-4392-8cc9-2e065b1a4d7a','1357e15e-018e-4447-9575-706d7ce07df1'],size=1,snapshot_id=None,source_replicaid=,source_volid=None,status='creating',user_id='2d1545c33ea941ff8df31c73eb70f8d5',volume_type_id=302eb579-13de-4f0e-a3b1-9ff907bf015c), 'volume': Volume(_name_id=None,admin_metadata=,attach_status='detached',availability_zone='nova',bootable=False,cluster=,cluster_name=None,consistencygroup=,consistencygroup_id=None,created_at=2021-09-03T18:03:09Z,deleted=False,deleted_at=None,display_description=None,display_name='tempest-VolumesTransfersV355Test-Volume-197448401',ec2_id=None,encryption_key_id=None,glance_metadata=,group=,group_id=None,host=None,id=489b5829-c65e-405e-91ff-0fd6f41a0607,launched_at=None,metadata={},migration_status=None,multiattach=False,previous_status=None,project_id='2bfb6686c34f4cfd8bc52cf070023f0c',provider_auth=None,provider_geometry=None,provider_id=None,provider_location=None,replication_driver_data=None,replication_extended_status=None,replication_status=None,scheduled_at=None,service_uuid=None,shared_targets=True,size=1,snapshot_id=None,snapshots=,source_volid=None,status='creating',terminated_at=None,updated_at=None,use_quota=True,user_id='2d1545c33ea941ff8df31c73eb70f8d5',volume_attachment=,volume_type=VolumeType(302eb579-13de-4f0e-a3b1-9ff907bf015c),volume_type_id=302eb579-13de-4f0e-a3b1-9ff907bf015c)}' {{(pid=100967) _task_receiver /usr/local/lib/python3.8/dist-packages/taskflow/listeners/logging.py:178}}
Sep 03 18:03:09.397475 dv-cinder-760193-9-smb devstack@c-api.service[100967]: DEBUG cinder.volume.api [None req-5304e920-2484-4312-bf06-3599e4aa9998 tempest-VolumesTransfersV355Test-929787961 tempest-VolumesTransfersV355Test-929787961-project] Task 'cinder.volume.flows.api.create_volume.QuotaCommitTask;volume:create' (aa3982a1-2a5a-4a72-a137-af19e789c00f) transitioned into state 'RUNNING' from state 'PENDING' {{(pid=100967) _task_receiver /usr/local/lib/python3.8/dist-packages/taskflow/listeners/logging.py:190}}
Sep 03 18:03:09.425058 dv-cinder-760193-9-smb devstack@c-api.service[100967]: DEBUG cinder.volume.api [None req-5304e920-2484-4312-bf06-3599e4aa9998 tempest-VolumesTransfersV355Test-929787961 tempest-VolumesTransfersV355Test-929787961-project] Task 'cinder.volume.flows.api.create_volume.QuotaCommitTask;volume:create' (aa3982a1-2a5a-4a72-a137-af19e789c00f) transitioned into state 'SUCCESS' from state 'RUNNING' with result '{'volume_properties': VolumeProperties(attach_status='detached',availability_zone='nova',cgsnapshot_id=None,consistencygroup_id=None,display_description=None,display_name='tempest-VolumesTransfersV355Test-Volume-197448401',encryption_key_id=None,group_id=None,group_type_id=,metadata={},multiattach=False,project_id='2bfb6686c34f4cfd8bc52cf070023f0c',qos_specs=None,replication_status=,reservations=['748596a6-4b0d-4524-9395-37b207d79f44','a8f47697-e7b4-48cd-9cf2-38165a2c2588','e6e11e9f-7813-4392-8cc9-2e065b1a4d7a','1357e15e-018e-4447-9575-706d7ce07df1'],size=1,snapshot_id=None,source_replicaid=,source_volid=None,status='creating',user_id='2d1545c33ea941ff8df31c73eb70f8d5',volume_type_id=302eb579-13de-4f0e-a3b1-9ff907bf015c)}' {{(pid=100967) _task_receiver /usr/local/lib/python3.8/dist-packages/taskflow/listeners/logging.py:178}}
Sep 03 18:03:09.427873 dv-cinder-760193-9-smb devstack@c-api.service[100967]: DEBUG cinder.volume.api [None req-5304e920-2484-4312-bf06-3599e4aa9998 tempest-VolumesTransfersV355Test-929787961 tempest-VolumesTransfersV355Test-929787961-project] Task 'cinder.volume.flows.api.create_volume.VolumeCastTask;volume:create' (9abea4d3-00eb-4d5c-8581-274605cb0ea5) transitioned into state 'RUNNING' from state 'PENDING' {{(pid=100967) _task_receiver /usr/local/lib/python3.8/dist-packages/taskflow/listeners/logging.py:190}}
Sep 03 18:03:09.442044 dv-cinder-760193-9-smb devstack@c-api.service[100968]: DEBUG cinder.quota [None req-9b9103a1-4a4a-48bc-b024-731a9f15af38 tempest-VolumeQuotasAdminTestJSON-949850204 tempest-VolumeQuotasAdminTestJSON-949850204-project] Created reservations ['99311c77-86f4-4fd9-9b16-51e9fde4651b', 'aa0e45a9-5969-4371-9654-d3033ab8b263', 'df1bff1a-0295-4059-9de1-88fdfab087ab', 'dc866b20-47d8-4faa-b30b-10550d33717e'] {{(pid=100968) reserve /opt/stack/cinder/cinder/quota.py:755}}
Sep 03 18:03:09.444511 dv-cinder-760193-9-smb devstack@c-api.service[100968]: DEBUG cinder.volume.api [None req-9b9103a1-4a4a-48bc-b024-731a9f15af38 tempest-VolumeQuotasAdminTestJSON-949850204 tempest-VolumeQuotasAdminTestJSON-949850204-project] Task 'cinder.volume.flows.api.create_volume.QuotaReserveTask;volume:create' (652288dd-9092-4cef-aed6-02407676fb5b) transitioned into state 'SUCCESS' from state 'RUNNING' with result '{'reservations': ['99311c77-86f4-4fd9-9b16-51e9fde4651b', 'aa0e45a9-5969-4371-9654-d3033ab8b263', 'df1bff1a-0295-4059-9de1-88fdfab087ab', 'dc866b20-47d8-4faa-b30b-10550d33717e']}' {{(pid=100968) _task_receiver /usr/local/lib/python3.8/dist-packages/taskflow/listeners/logging.py:178}}
Sep 03 18:03:09.448251 dv-cinder-760193-9-smb devstack@c-api.service[100967]: DEBUG cinder.volume.api [None req-5304e920-2484-4312-bf06-3599e4aa9998 tempest-VolumesTransfersV355Test-929787961 tempest-VolumesTransfersV355Test-929787961-project] Task 'cinder.volume.flows.api.create_volume.VolumeCastTask;volume:create' (9abea4d3-00eb-4d5c-8581-274605cb0ea5) transitioned into state 'SUCCESS' from state 'RUNNING' with result 'None' {{(pid=100967) _task_receiver /usr/local/lib/python3.8/dist-packages/taskflow/listeners/logging.py:178}}
Sep 03 18:03:09.451171 dv-cinder-760193-9-smb devstack@c-api.service[100967]: DEBUG cinder.volume.api [None req-5304e920-2484-4312-bf06-3599e4aa9998 tempest-VolumesTransfersV355Test-929787961 tempest-VolumesTransfersV355Test-929787961-project] Flow 'volume_create_api' (9e6d373e-50b4-4bd2-a4cd-c33d6f10d31e) transitioned into state 'SUCCESS' from state 'RUNNING' {{(pid=100967) _flow_receiver /usr/local/lib/python3.8/dist-packages/taskflow/listeners/logging.py:141}}
Sep 03 18:03:09.452386 dv-cinder-760193-9-smb devstack@c-api.service[100967]: INFO cinder.volume.api [None req-5304e920-2484-4312-bf06-3599e4aa9998 tempest-VolumesTransfersV355Test-929787961 tempest-VolumesTransfersV355Test-929787961-project] Create volume request issued successfully.
Sep 03 18:03:09.459328 dv-cinder-760193-9-smb devstack@c-api.service[100968]: DEBUG cinder.volume.api [None req-9b9103a1-4a4a-48bc-b024-731a9f15af38 tempest-VolumeQuotasAdminTestJSON-949850204 tempest-VolumeQuotasAdminTestJSON-949850204-project] Task 'cinder.volume.flows.api.create_volume.EntryCreateTask;volume:create' (fa890eeb-ac61-4dab-969f-03d83740c6b3) transitioned into state 'RUNNING' from state 'PENDING' {{(pid=100968) _task_receiver /usr/local/lib/python3.8/dist-packages/taskflow/listeners/logging.py:190}}
Sep 03 18:03:09.461448 dv-cinder-760193-9-smb devstack@c-api.service[100967]: INFO cinder.api.openstack.wsgi [None req-5304e920-2484-4312-bf06-3599e4aa9998 tempest-VolumesTransfersV355Test-929787961 tempest-VolumesTransfersV355Test-929787961-project] http://10.222.0.30/volume/v3/2bfb6686c34f4cfd8bc52cf070023f0c/volumes returned with HTTP 202
Sep 03 18:03:09.464038 dv-cinder-760193-9-smb devstack@c-api.service[100967]: [pid: 100967|app: 0|req: 85/176] 10.222.0.30 () {62 vars in 1276 bytes} [Fri Sep 3 18:03:08 2021] POST /volume/v3/2bfb6686c34f4cfd8bc52cf070023f0c/volumes => generated 887 bytes in 542 msecs (HTTP/1.1 202) 7 headers in 292 bytes (1 switches on core 0)
Sep 03 18:03:09.512441 dv-cinder-760193-9-smb devstack@c-api.service[100968]: DEBUG cinder.volume.api [None req-9b9103a1-4a4a-48bc-b024-731a9f15af38 tempest-VolumeQuotasAdminTestJSON-949850204 tempest-VolumeQuotasAdminTestJSON-949850204-project] Task 'cinder.volume.flows.api.create_volume.EntryCreateTask;volume:create' (fa890eeb-ac61-4dab-969f-03d83740c6b3) transitioned into state 'SUCCESS' from state 'RUNNING' with result '{'volume_id': '73cbc003-add8-495f-ab9d-9ca0d4377ff5', 'volume_properties': VolumeProperties(attach_status='detached',availability_zone='nova',cgsnapshot_id=None,consistencygroup_id=None,display_description=None,display_name='tempest-VolumeQuotasAdminTestJSON-Volume-374971022',encryption_key_id=None,group_id=None,group_type_id=,metadata={},multiattach=False,project_id='ce087b9f58b442f0a7f494949fb14f89',qos_specs=None,replication_status=,reservations=['99311c77-86f4-4fd9-9b16-51e9fde4651b','aa0e45a9-5969-4371-9654-d3033ab8b263','df1bff1a-0295-4059-9de1-88fdfab087ab','dc866b20-47d8-4faa-b30b-10550d33717e'],size=1,snapshot_id=None,source_replicaid=,source_volid=None,status='creating',user_id='822edb4106f549e59630d6d2709f025b',volume_type_id=302eb579-13de-4f0e-a3b1-9ff907bf015c), 'volume': Volume(_name_id=None,admin_metadata=,attach_status='detached',availability_zone='nova',bootable=False,cluster=,cluster_name=None,consistencygroup=,consistencygroup_id=None,created_at=2021-09-03T18:03:09Z,deleted=False,deleted_at=None,display_description=None,display_name='tempest-VolumeQuotasAdminTestJSON-Volume-374971022',ec2_id=None,encryption_key_id=None,glance_metadata=,group=,group_id=None,host=None,id=73cbc003-add8-495f-ab9d-9ca0d4377ff5,launched_at=None,metadata={},migration_status=None,multiattach=False,previous_status=None,project_id='ce087b9f58b442f0a7f494949fb14f89',provider_auth=None,provider_geometry=None,provider_id=None,provider_location=None,replication_driver_data=None,replication_extended_status=None,replication_status=None,scheduled_at=None,service_uuid=None,shared_targets=True,size=1,snapshot_id=None,snapshots=,source_volid=None,status='creating',terminated_at=None,updated_at=None,use_quota=True,user_id='822edb4106f549e59630d6d2709f025b',volume_attachment=,volume_type=VolumeType(302eb579-13de-4f0e-a3b1-9ff907bf015c),volume_type_id=302eb579-13de-4f0e-a3b1-9ff907bf015c)}' {{(pid=100968) _task_receiver /usr/local/lib/python3.8/dist-packages/taskflow/listeners/logging.py:178}}
Sep 03 18:03:09.514955 dv-cinder-760193-9-smb devstack@c-api.service[100968]: DEBUG cinder.volume.api [None req-9b9103a1-4a4a-48bc-b024-731a9f15af38 tempest-VolumeQuotasAdminTestJSON-949850204 tempest-VolumeQuotasAdminTestJSON-949850204-project] Task 'cinder.volume.flows.api.create_volume.QuotaCommitTask;volume:create' (d9848ee9-5644-4de2-b719-1f24a6ccbe40) transitioned into state 'RUNNING' from state 'PENDING' {{(pid=100968) _task_receiver /usr/local/lib/python3.8/dist-packages/taskflow/listeners/logging.py:190}}
Sep 03 18:03:09.543635 dv-cinder-760193-9-smb devstack@c-api.service[100968]: DEBUG cinder.volume.api [None req-9b9103a1-4a4a-48bc-b024-731a9f15af38 tempest-VolumeQuotasAdminTestJSON-949850204 tempest-VolumeQuotasAdminTestJSON-949850204-project] Task 'cinder.volume.flows.api.create_volume.QuotaCommitTask;volume:create' (d9848ee9-5644-4de2-b719-1f24a6ccbe40) transitioned into state 'SUCCESS' from state 'RUNNING' with result '{'volume_properties': VolumeProperties(attach_status='detached',availability_zone='nova',cgsnapshot_id=None,consistencygroup_id=None,display_description=None,display_name='tempest-VolumeQuotasAdminTestJSON-Volume-374971022',encryption_key_id=None,group_id=None,group_type_id=,metadata={},multiattach=False,project_id='ce087b9f58b442f0a7f494949fb14f89',qos_specs=None,replication_status=,reservations=['99311c77-86f4-4fd9-9b16-51e9fde4651b','aa0e45a9-5969-4371-9654-d3033ab8b263','df1bff1a-0295-4059-9de1-88fdfab087ab','dc866b20-47d8-4faa-b30b-10550d33717e'],size=1,snapshot_id=None,source_replicaid=,source_volid=None,status='creating',user_id='822edb4106f549e59630d6d2709f025b',volume_type_id=302eb579-13de-4f0e-a3b1-9ff907bf015c)}' {{(pid=100968) _task_receiver /usr/local/lib/python3.8/dist-packages/taskflow/listeners/logging.py:178}}
Sep 03 18:03:09.545977 dv-cinder-760193-9-smb devstack@c-api.service[100968]: DEBUG cinder.volume.api [None req-9b9103a1-4a4a-48bc-b024-731a9f15af38 tempest-VolumeQuotasAdminTestJSON-949850204 tempest-VolumeQuotasAdminTestJSON-949850204-project] Task 'cinder.volume.flows.api.create_volume.VolumeCastTask;volume:create' (f7d85f31-b22d-4ae8-82fa-1509a03056d6) transitioned into state 'RUNNING' from state 'PENDING' {{(pid=100968) _task_receiver /usr/local/lib/python3.8/dist-packages/taskflow/listeners/logging.py:190}}
Sep 03 18:03:09.567093 dv-cinder-760193-9-smb devstack@c-api.service[100968]: DEBUG cinder.volume.api [None req-9b9103a1-4a4a-48bc-b024-731a9f15af38 tempest-VolumeQuotasAdminTestJSON-949850204 tempest-VolumeQuotasAdminTestJSON-949850204-project] Task 'cinder.volume.flows.api.create_volume.VolumeCastTask;volume:create' (f7d85f31-b22d-4ae8-82fa-1509a03056d6) transitioned into state 'SUCCESS' from state 'RUNNING' with result 'None' {{(pid=100968) _task_receiver /usr/local/lib/python3.8/dist-packages/taskflow/listeners/logging.py:178}}
