Sep 03 18:24:18.386884 dv-cinder-760193-9-iscsi neutron-server[94513]: DEBUG neutron.pecan_wsgi.hooks.policy_enforcement [req-1329bf76-daba-4705-9ef3-61ce97185be0 req-9bdd676d-1885-4a61-b1eb-fae9eda3898d tempest-ServerRescueNegativeTestJSON-1555870671 tempest-ServerRescueNegativeTestJSON-1555870671-project] Attributes excluded by policy engine: ['standard_attr_id', 'binding:profile', 'binding:host_id', 'binding:vif_type', 'binding:vif_details'] {{(pid=94513) _exclude_attributes_by_policy /opt/stack/neutron/neutron/pecan_wsgi/hooks/policy_enforcement.py:255}}
Sep 03 18:24:18.388434 dv-cinder-760193-9-iscsi neutron-server[94513]: INFO neutron.wsgi [req-1329bf76-daba-4705-9ef3-61ce97185be0 req-9bdd676d-1885-4a61-b1eb-fae9eda3898d tempest-ServerRescueNegativeTestJSON-1555870671 tempest-ServerRescueNegativeTestJSON-1555870671-project] 10.222.0.43 "GET /v2.0/ports?device_id=f00b6780-3ae3-4736-b40b-4ae4f93c5520 HTTP/1.1" status: 200 len: 945 time: 0.0572586
Sep 03 18:24:18.445589 dv-cinder-760193-9-iscsi neutron-server[94513]: INFO neutron.wsgi [req-1329bf76-daba-4705-9ef3-61ce97185be0 req-d1ac6054-dadc-4407-9f00-9f1bbfff0e70 tempest-ServerRescueNegativeTestJSON-1555870671 tempest-ServerRescueNegativeTestJSON-1555870671-project] 10.222.0.43 "GET /v2.0/security-groups?id=adc688ee-fd21-4245-83c3-ac09538e0b9b&fields=id&fields=name HTTP/1.1" status: 200 len: 286 time: 0.0506525
Sep 03 18:24:18.673711 dv-cinder-760193-9-iscsi neutron-server[94513]: DEBUG neutron.pecan_wsgi.hooks.policy_enforcement [req-7dff2b72-18c2-43b9-86ac-c1d1d47f378d req-92576583-5d23-4ced-8275-c340341889b1 tempest-VolumesActionsTest-1932366672 tempest-VolumesActionsTest-1932366672-project] Attributes excluded by policy engine: ['standard_attr_id', 'binding:profile', 'binding:host_id', 'binding:vif_type', 'binding:vif_details'] {{(pid=94513) _exclude_attributes_by_policy /opt/stack/neutron/neutron/pecan_wsgi/hooks/policy_enforcement.py:255}}
Sep 03 18:24:18.689436 dv-cinder-760193-9-iscsi neutron-server[94513]: INFO neutron.wsgi [req-7dff2b72-18c2-43b9-86ac-c1d1d47f378d req-92576583-5d23-4ced-8275-c340341889b1 tempest-VolumesActionsTest-1932366672 tempest-VolumesActionsTest-1932366672-project] 10.222.0.43 "GET /v2.0/ports?device_id=e659c992-8ad3-4530-9059-14b0ecefdd96 HTTP/1.1" status: 200 len: 945 time: 0.1168213
Sep 03 18:24:18.753576 dv-cinder-760193-9-iscsi neutron-server[94513]: INFO neutron.wsgi [req-7dff2b72-18c2-43b9-86ac-c1d1d47f378d req-74380aeb-4100-4af7-88c2-b0c7c51e193e tempest-VolumesActionsTest-1932366672 tempest-VolumesActionsTest-1932366672-project] 10.222.0.43 "GET /v2.0/security-groups?id=804621f3-430d-49fd-aa08-4a0798d43edc&fields=id&fields=name HTTP/1.1" status: 200 len: 286 time: 0.0550053
Sep 03 18:24:19.564187 dv-cinder-760193-9-iscsi neutron-server[94513]: DEBUG neutron.pecan_wsgi.hooks.policy_enforcement [req-54c4b18f-2c63-48e7-96cc-49424a90080e req-c5423b7c-637f-4ba8-9741-c197971e2ac7 tempest-ServerRescueNegativeTestJSON-1555870671 tempest-ServerRescueNegativeTestJSON-1555870671-project] Attributes excluded by policy engine: ['standard_attr_id', 'binding:profile', 'binding:host_id', 'binding:vif_type', 'binding:vif_details'] {{(pid=94513) _exclude_attributes_by_policy /opt/stack/neutron/neutron/pecan_wsgi/hooks/policy_enforcement.py:255}}
Sep 03 18:24:19.566018 dv-cinder-760193-9-iscsi neutron-server[94513]: INFO neutron.wsgi [req-54c4b18f-2c63-48e7-96cc-49424a90080e req-c5423b7c-637f-4ba8-9741-c197971e2ac7 tempest-ServerRescueNegativeTestJSON-1555870671 tempest-ServerRescueNegativeTestJSON-1555870671-project] 10.222.0.43 "GET /v2.0/ports?device_id=f00b6780-3ae3-4736-b40b-4ae4f93c5520 HTTP/1.1" status: 200 len: 945 time: 0.0504730
Sep 03 18:24:19.614338 dv-cinder-760193-9-iscsi neutron-server[94513]: INFO neutron.wsgi [req-54c4b18f-2c63-48e7-96cc-49424a90080e req-fc0c5db2-5be2-4847-b9ea-7acb5d94ea8b tempest-ServerRescueNegativeTestJSON-1555870671 tempest-ServerRescueNegativeTestJSON-1555870671-project] 10.222.0.43 "GET /v2.0/security-groups?id=adc688ee-fd21-4245-83c3-ac09538e0b9b&fields=id&fields=name HTTP/1.1" status: 200 len: 286 time: 0.0358765
Sep 03 18:24:20.597265 dv-cinder-760193-9-iscsi neutron-server[94514]: DEBUG neutron_lib.callbacks.manager [None req-d72e3e36-c7a7-4672-b8af-39571a48f5aa None None] Notify callbacks ['neutron.services.segments.db._update_segment_host_mapping_for_agent-8738553186115', 'neutron.plugins.ml2.plugin.Ml2Plugin._retry_binding_revived_agents-4091462'] for agent, after_update {{(pid=94514) _notify_loop /usr/local/lib/python3.8/dist-packages/neutron_lib/callbacks/manager.py:192}}
Sep 03 18:24:20.760817 dv-cinder-760193-9-iscsi neutron-server[94513]: DEBUG neutron.pecan_wsgi.hooks.policy_enforcement [req-1e1544d8-ace7-43bf-9428-dcca41880655 req-d73e39ce-6ba8-45ea-9226-874bb85ef980 tempest-ServerRescueNegativeTestJSON-1555870671 tempest-ServerRescueNegativeTestJSON-1555870671-project] Attributes excluded by policy engine: ['standard_attr_id', 'binding:profile', 'binding:host_id', 'binding:vif_type', 'binding:vif_details'] {{(pid=94513) _exclude_attributes_by_policy /opt/stack/neutron/neutron/pecan_wsgi/hooks/policy_enforcement.py:255}}
Sep 03 18:24:20.762341 dv-cinder-760193-9-iscsi neutron-server[94513]: INFO neutron.wsgi [req-1e1544d8-ace7-43bf-9428-dcca41880655 req-d73e39ce-6ba8-45ea-9226-874bb85ef980 tempest-ServerRescueNegativeTestJSON-1555870671 tempest-ServerRescueNegativeTestJSON-1555870671-project] 10.222.0.43 "GET /v2.0/ports?device_id=f00b6780-3ae3-4736-b40b-4ae4f93c5520 HTTP/1.1" status: 200 len: 945 time: 0.0538349
Sep 03 18:24:20.803827 dv-cinder-760193-9-iscsi neutron-server[94513]: INFO neutron.wsgi [req-1e1544d8-ace7-43bf-9428-dcca41880655 req-aa4c8e3d-8041-49cf-9b5b-e0cd48e2985d tempest-ServerRescueNegativeTestJSON-1555870671 tempest-ServerRescueNegativeTestJSON-1555870671-project] 10.222.0.43 "GET /v2.0/security-groups?id=adc688ee-fd21-4245-83c3-ac09538e0b9b&fields=id&fields=name HTTP/1.1" status: 200 len: 286 time: 0.0352037
Sep 03 18:24:21.917266 dv-cinder-760193-9-iscsi neutron-server[94513]: DEBUG neutron.pecan_wsgi.hooks.policy_enforcement [req-59854a56-73c2-447b-85b9-97b53fc91663 req-e87e0a02-858f-4b7e-b965-9a5cd4b0d3d9 tempest-ServerRescueNegativeTestJSON-1555870671 tempest-ServerRescueNegativeTestJSON-1555870671-project] Attributes excluded by policy engine: ['standard_attr_id', 'binding:profile', 'binding:host_id', 'binding:vif_type', 'binding:vif_details'] {{(pid=94513) _exclude_attributes_by_policy /opt/stack/neutron/neutron/pecan_wsgi/hooks/policy_enforcement.py:255}}
Sep 03 18:24:21.919326 dv-cinder-760193-9-iscsi neutron-server[94513]: INFO neutron.wsgi [req-59854a56-73c2-447b-85b9-97b53fc91663 req-e87e0a02-858f-4b7e-b965-9a5cd4b0d3d9 tempest-ServerRescueNegativeTestJSON-1555870671 tempest-ServerRescueNegativeTestJSON-1555870671-project] 10.222.0.43 "GET /v2.0/ports?device_id=f00b6780-3ae3-4736-b40b-4ae4f93c5520 HTTP/1.1" status: 200 len: 945 time: 0.0492468
Sep 03 18:24:21.956801 dv-cinder-760193-9-iscsi neutron-server[94513]: INFO neutron.wsgi [req-59854a56-73c2-447b-85b9-97b53fc91663 req-6fe8a35a-00b3-41a9-a3b4-fbaced160465 tempest-ServerRescueNegativeTestJSON-1555870671 tempest-ServerRescueNegativeTestJSON-1555870671-project] 10.222.0.43 "GET /v2.0/security-groups?id=adc688ee-fd21-4245-83c3-ac09538e0b9b&fields=id&fields=name HTTP/1.1" status: 200 len: 286 time: 0.0315125
Sep 03 18:24:23.007460 dv-cinder-760193-9-iscsi neutron-server[94514]: DEBUG neutron_lib.callbacks.manager [None req-204c6ab5-9251-43e6-8ed8-c13c78be10cc None None] Notify callbacks ['neutron.services.segments.db._update_segment_host_mapping_for_agent-8738553186115', 'neutron.plugins.ml2.plugin.Ml2Plugin._retry_binding_revived_agents-4091462'] for agent, after_update {{(pid=94514) _notify_loop /usr/local/lib/python3.8/dist-packages/neutron_lib/callbacks/manager.py:192}}
Sep 03 18:24:23.075686 dv-cinder-760193-9-iscsi neutron-server[94513]: DEBUG neutron.pecan_wsgi.hooks.policy_enforcement [req-3ab1931c-333f-47bc-bc08-9ccd4d50505b req-1dbd05f9-3e0f-4686-9230-1c2f6f233dcb tempest-ServerRescueNegativeTestJSON-1555870671 tempest-ServerRescueNegativeTestJSON-1555870671-project] Attributes excluded by policy engine: ['standard_attr_id', 'binding:profile', 'binding:host_id', 'binding:vif_type', 'binding:vif_details'] {{(pid=94513) _exclude_attributes_by_policy /opt/stack/neutron/neutron/pecan_wsgi/hooks/policy_enforcement.py:255}}
Sep 03 18:24:23.076439 dv-cinder-760193-9-iscsi neutron-server[94513]: INFO neutron.wsgi [req-3ab1931c-333f-47bc-bc08-9ccd4d50505b req-1dbd05f9-3e0f-4686-9230-1c2f6f233dcb tempest-ServerRescueNegativeTestJSON-1555870671 tempest-ServerRescueNegativeTestJSON-1555870671-project] 10.222.0.43 "GET /v2.0/ports?device_id=f00b6780-3ae3-4736-b40b-4ae4f93c5520 HTTP/1.1" status: 200 len: 945 time: 0.0503118
Sep 03 18:24:23.134027 dv-cinder-760193-9-iscsi neutron-server[94513]: INFO neutron.wsgi [req-3ab1931c-333f-47bc-bc08-9ccd4d50505b req-82d5db21-eb66-41c3-bb87-1d2b7b4265c0 tempest-ServerRescueNegativeTestJSON-1555870671 tempest-ServerRescueNegativeTestJSON-1555870671-project] 10.222.0.43 "GET /v2.0/security-groups?id=adc688ee-fd21-4245-83c3-ac09538e0b9b&fields=id&fields=name HTTP/1.1" status: 200 len: 286 time: 0.0502408
Sep 03 18:24:23.425961 dv-cinder-760193-9-iscsi neutron-server[94514]: DEBUG neutron_lib.callbacks.manager [None req-f28f95cb-9a23-43bc-a9b8-83e7283c409b None None] Notify callbacks ['neutron.services.segments.db._update_segment_host_mapping_for_agent-8738553186115', 'neutron.plugins.ml2.plugin.Ml2Plugin._retry_binding_revived_agents-4091462'] for agent, after_update {{(pid=94514) _notify_loop /usr/local/lib/python3.8/dist-packages/neutron_lib/callbacks/manager.py:192}}
Sep 03 18:24:23.712789 dv-cinder-760193-9-iscsi neutron-server[94513]: DEBUG neutron.pecan_wsgi.hooks.policy_enforcement [req-cee1c47d-8c65-4aeb-8888-28b737a906e2 req-d5681089-c3d0-4a5d-bb91-2ff35f672f14 tempest-VolumesActionsTest-1932366672 tempest-VolumesActionsTest-1932366672-project] Attributes excluded by policy engine: ['standard_attr_id', 'binding:profile', 'binding:host_id', 'binding:vif_type', 'binding:vif_details'] {{(pid=94513) _exclude_attributes_by_policy /opt/stack/neutron/neutron/pecan_wsgi/hooks/policy_enforcement.py:255}}
Sep 03 18:24:23.714202 dv-cinder-760193-9-iscsi neutron-server[94513]: INFO neutron.wsgi [req-cee1c47d-8c65-4aeb-8888-28b737a906e2 req-d5681089-c3d0-4a5d-bb91-2ff35f672f14 tempest-VolumesActionsTest-1932366672 tempest-VolumesActionsTest-1932366672-project] 10.222.0.43 "GET /v2.0/ports?device_id=e659c992-8ad3-4530-9059-14b0ecefdd96 HTTP/1.1" status: 200 len: 945 time: 0.0995183
Sep 03 18:24:23.731786 dv-cinder-760193-9-iscsi neutron-server[94513]: DEBUG neutron.pecan_wsgi.hooks.policy_enforcement [req-4ce9ea02-b083-4205-8b3b-54d871099992 req-31b7a1ff-e268-4c6b-9e28-fec53e6184aa service neutron] Attributes excluded by policy engine: ['standard_attr_id'] {{(pid=94513) _exclude_attributes_by_policy /opt/stack/neutron/neutron/pecan_wsgi/hooks/policy_enforcement.py:255}}
Sep 03 18:24:23.733246 dv-cinder-760193-9-iscsi neutron-server[94513]: INFO neutron.wsgi [req-4ce9ea02-b083-4205-8b3b-54d871099992 req-31b7a1ff-e268-4c6b-9e28-fec53e6184aa service neutron] 10.222.0.32 "GET /v2.0/ports?device_id=f00b6780-3ae3-4736-b40b-4ae4f93c5520 HTTP/1.1" status: 200 len: 1098 time: 0.0643129
Sep 03 18:24:23.774335 dv-cinder-760193-9-iscsi neutron-server[94513]: INFO neutron.wsgi [req-cee1c47d-8c65-4aeb-8888-28b737a906e2 req-365ab114-ccf7-4f3d-a367-36f135a09679 tempest-VolumesActionsTest-1932366672 tempest-VolumesActionsTest-1932366672-project] 10.222.0.43 "GET /v2.0/security-groups?id=804621f3-430d-49fd-aa08-4a0798d43edc&fields=id&fields=name HTTP/1.1" status: 200 len: 286 time: 0.0527275
Sep 03 18:24:23.784711 dv-cinder-760193-9-iscsi neutron-server[94513]: INFO neutron.wsgi [req-4ce9ea02-b083-4205-8b3b-54d871099992 req-bfd6a603-1682-4ce6-8572-3627b3b8f964 service neutron] 10.222.0.32 "GET /v2.0/security-groups?id=adc688ee-fd21-4245-83c3-ac09538e0b9b&fields=id&fields=name HTTP/1.1" status: 200 len: 286 time: 0.0434330
Sep 03 18:24:24.223028 dv-cinder-760193-9-iscsi neutron-server[94514]: DEBUG neutron_lib.callbacks.manager [None req-c4cbc9e4-5428-4235-b10c-2c8b18e7871f None None] Notify callbacks ['neutron.services.segments.db._update_segment_host_mapping_for_agent-8738553186115', 'neutron.plugins.ml2.plugin.Ml2Plugin._retry_binding_revived_agents-4091462'] for agent, after_update {{(pid=94514) _notify_loop /usr/local/lib/python3.8/dist-packages/neutron_lib/callbacks/manager.py:192}}
Sep 03 18:24:24.259031 dv-cinder-760193-9-iscsi neutron-server[94513]: DEBUG neutron.pecan_wsgi.hooks.policy_enforcement [req-99002426-8faa-4b67-9816-a4a1680acca2 req-f0feca3a-4935-4ffb-9a47-fb1e55c7192f tempest-ServerRescueNegativeTestJSON-1555870671 tempest-ServerRescueNegativeTestJSON-1555870671-project] Attributes excluded by policy engine: ['standard_attr_id', 'binding:profile', 'binding:host_id', 'binding:vif_type', 'binding:vif_details'] {{(pid=94513) _exclude_attributes_by_policy /opt/stack/neutron/neutron/pecan_wsgi/hooks/policy_enforcement.py:255}}
Sep 03 18:24:24.261498 dv-cinder-760193-9-iscsi neutron-server[94513]: INFO neutron.wsgi [req-99002426-8faa-4b67-9816-a4a1680acca2 req-f0feca3a-4935-4ffb-9a47-fb1e55c7192f tempest-ServerRescueNegativeTestJSON-1555870671 tempest-ServerRescueNegativeTestJSON-1555870671-project] 10.222.0.43 "GET /v2.0/ports?device_id=f00b6780-3ae3-4736-b40b-4ae4f93c5520 HTTP/1.1" status: 200 len: 945 time: 0.0540025
Sep 03 18:24:24.306585 dv-cinder-760193-9-iscsi neutron-server[94513]: INFO neutron.wsgi [req-99002426-8faa-4b67-9816-a4a1680acca2 req-b6879853-3992-47a9-a31c-4710e96c2131 tempest-ServerRescueNegativeTestJSON-1555870671 tempest-ServerRescueNegativeTestJSON-1555870671-project] 10.222.0.43 "GET /v2.0/security-groups?id=adc688ee-fd21-4245-83c3-ac09538e0b9b&fields=id&fields=name HTTP/1.1" status: 200 len: 286 time: 0.0346913
Sep 03 18:24:24.362776 dv-cinder-760193-9-iscsi neutron-server[94512]: DEBUG neutron.wsgi [-] (94512) accepted ('10.222.0.43', 59518) {{(pid=94512) server /usr/local/lib/python3.8/dist-packages/eventlet/wsgi.py:982}}
Sep 03 18:24:24.476918 dv-cinder-760193-9-iscsi neutron-server[94512]: DEBUG neutron_lib.callbacks.manager [None req-22ed8877-18e6-4749-9a39-1d38f04965c5 admin admin] Notify callbacks [] for security_group, before_create {{(pid=94512) _notify_loop /usr/local/lib/python3.8/dist-packages/neutron_lib/callbacks/manager.py:192}}
Sep 03 18:24:24.622231 dv-cinder-760193-9-iscsi neutron-server[94512]: DEBUG neutron_lib.callbacks.manager [None req-22ed8877-18e6-4749-9a39-1d38f04965c5 admin admin] Notify callbacks [] for security_group, precommit_create {{(pid=94512) _notify_loop /usr/local/lib/python3.8/dist-packages/neutron_lib/callbacks/manager.py:192}}
Sep 03 18:24:24.698444 dv-cinder-760193-9-iscsi neutron-server[94512]: DEBUG neutron_lib.callbacks.manager [None req-22ed8877-18e6-4749-9a39-1d38f04965c5 admin admin] Notify callbacks ['neutron.plugins.ml2.ovo_rpc._ObjectChangeHandler.handle_event-585893'] for security_group, after_create {{(pid=94512) _notify_loop /usr/local/lib/python3.8/dist-packages/neutron_lib/callbacks/manager.py:192}}
Sep 03 18:24:24.742696 dv-cinder-760193-9-iscsi neutron-server[94512]: INFO neutron.wsgi [None req-22ed8877-18e6-4749-9a39-1d38f04965c5 admin admin] 10.222.0.43 "GET /v2.0/security-groups?tenant_id=c80dc4951628461b9fae7d90543655f6&name=default HTTP/1.1" status: 200 len: 2979 time: 0.3787477
Sep 03 18:24:24.744832 dv-cinder-760193-9-iscsi neutron-server[94512]: DEBUG neutron.api.rpc.handlers.resources_rpc [None req-22ed8877-18e6-4749-9a39-1d38f04965c5 admin admin] Pushing event updated for resources: {'SecurityGroup': ['ID=00adef75-91ba-4a6c-b063-a31dfcdc580d,revision_number=1']} {{(pid=94512) push /opt/stack/neutron/neutron/api/rpc/handlers/resources_rpc.py:237}}
Sep 03 18:24:24.749786 dv-cinder-760193-9-iscsi neutron-server[94512]: DEBUG neutron.wsgi [-] (94512) accepted ('10.222.0.43', 59540) {{(pid=94512) server /usr/local/lib/python3.8/dist-packages/eventlet/wsgi.py:982}}
Sep 03 18:24:24.818708 dv-cinder-760193-9-iscsi neutron-server[94512]: DEBUG neutron_lib.callbacks.manager [None req-f66359c5-df3b-43f4-8f51-4cedba8dd389 admin admin] Notify callbacks [] for security_group, before_delete {{(pid=94512) _notify_loop /usr/local/lib/python3.8/dist-packages/neutron_lib/callbacks/manager.py:192}}
Sep 03 18:24:24.846015 dv-cinder-760193-9-iscsi neutron-server[94512]: DEBUG neutron_lib.callbacks.manager [None req-f66359c5-df3b-43f4-8f51-4cedba8dd389 admin admin] Notify callbacks [] for security_group, precommit_delete {{(pid=94512) _notify_loop /usr/local/lib/python3.8/dist-packages/neutron_lib/callbacks/manager.py:192}}
Sep 03 18:24:24.935111 dv-cinder-760193-9-iscsi neutron-server[94513]: DEBUG neutron.pecan_wsgi.hooks.policy_enforcement [req-2bbe71aa-4d1f-4470-8760-040e3afc11d3 req-7f796e8c-ca50-4ee4-a8a2-9839152c44af tempest-VolumesActionsTest-1932366672 tempest-VolumesActionsTest-1932366672-project] Attributes excluded by policy engine: ['standard_attr_id', 'binding:profile', 'binding:host_id', 'binding:vif_type', 'binding:vif_details'] {{(pid=94513) _exclude_attributes_by_policy /opt/stack/neutron/neutron/pecan_wsgi/hooks/policy_enforcement.py:255}}
Sep 03 18:24:24.936820 dv-cinder-760193-9-iscsi neutron-server[94513]: INFO neutron.wsgi [req-2bbe71aa-4d1f-4470-8760-040e3afc11d3 req-7f796e8c-ca50-4ee4-a8a2-9839152c44af tempest-VolumesActionsTest-1932366672 tempest-VolumesActionsTest-1932366672-project] 10.222.0.43 "GET /v2.0/ports?device_id=e659c992-8ad3-4530-9059-14b0ecefdd96 HTTP/1.1" status: 200 len: 945 time: 0.0607488
Sep 03 18:24:24.981035 dv-cinder-760193-9-iscsi neutron-server[94512]: DEBUG neutron_lib.callbacks.manager [None req-f66359c5-df3b-43f4-8f51-4cedba8dd389 admin admin] Notify callbacks ['neutron.plugins.ml2.ovo_rpc._ObjectChangeHandler.handle_event-585893'] for security_group, after_delete {{(pid=94512) _notify_loop /usr/local/lib/python3.8/dist-packages/neutron_lib/callbacks/manager.py:192}}
Sep 03 18:24:24.984231 dv-cinder-760193-9-iscsi neutron-server[94513]: INFO neutron.wsgi [req-2bbe71aa-4d1f-4470-8760-040e3afc11d3 req-61818460-7717-4012-bf8c-ac37ec521459 tempest-VolumesActionsTest-1932366672 tempest-VolumesActionsTest-1932366672-project] 10.222.0.43 "GET /v2.0/security-groups?id=804621f3-430d-49fd-aa08-4a0798d43edc&fields=id&fields=name HTTP/1.1" status: 200 len: 286 time: 0.0379462
Sep 03 18:24:24.984503 dv-cinder-760193-9-iscsi neutron-server[94512]: DEBUG neutron_lib.callbacks.manager [None req-f66359c5-df3b-43f4-8f51-4cedba8dd389 admin admin] Notify callbacks [] for security_group, before_response {{(pid=94512) _notify_loop /usr/local/lib/python3.8/dist-packages/neutron_lib/callbacks/manager.py:192}}
Sep 03 18:24:24.988784 dv-cinder-760193-9-iscsi neutron-server[94512]: INFO neutron.wsgi [None req-f66359c5-df3b-43f4-8f51-4cedba8dd389 admin admin] 10.222.0.43 "DELETE /v2.0/security-groups/00adef75-91ba-4a6c-b063-a31dfcdc580d HTTP/1.1" status: 204 len: 168 time: 0.2349634
Sep 03 18:24:25.000317 dv-cinder-760193-9-iscsi neutron-server[94512]: DEBUG neutron.api.rpc.handlers.resources_rpc [None req-f66359c5-df3b-43f4-8f51-4cedba8dd389 admin admin] Pushing event deleted for resources: {'SecurityGroup': ['ID=00adef75-91ba-4a6c-b063-a31dfcdc580d,revision_number=None']} {{(pid=94512) push /opt/stack/neutron/neutron/api/rpc/handlers/resources_rpc.py:237}}
Sep 03 18:24:25.461810 dv-cinder-760193-9-iscsi neutron-server[94513]: DEBUG neutron.pecan_wsgi.hooks.policy_enforcement [req-6bb71f00-5f5c-4d88-8666-ebc1f5e9e6f7 req-27a35e28-f785-4e90-9ad9-61484cb5897b tempest-ServerRescueNegativeTestJSON-1555870671 tempest-ServerRescueNegativeTestJSON-1555870671-project] Attributes excluded by policy engine: ['standard_attr_id', 'binding:profile', 'binding:host_id', 'binding:vif_type', 'binding:vif_details'] {{(pid=94513) _exclude_attributes_by_policy /opt/stack/neutron/neutron/pecan_wsgi/hooks/policy_enforcement.py:255}}
Sep 03 18:24:25.463380 dv-cinder-760193-9-iscsi neutron-server[94513]: INFO neutron.wsgi [req-6bb71f00-5f5c-4d88-8666-ebc1f5e9e6f7 req-27a35e28-f785-4e90-9ad9-61484cb5897b tempest-ServerRescueNegativeTestJSON-1555870671 tempest-ServerRescueNegativeTestJSON-1555870671-project] 10.222.0.43 "GET /v2.0/ports?device_id=f00b6780-3ae3-4736-b40b-4ae4f93c5520 HTTP/1.1" status: 200 len: 945 time: 0.0495791
Sep 03 18:24:25.504458 dv-cinder-760193-9-iscsi neutron-server[94513]: INFO neutron.wsgi [req-6bb71f00-5f5c-4d88-8666-ebc1f5e9e6f7 req-29368a83-d475-49b6-89bc-f0cef404e43c tempest-ServerRescueNegativeTestJSON-1555870671 tempest-ServerRescueNegativeTestJSON-1555870671-project] 10.222.0.43 "GET /v2.0/security-groups?id=adc688ee-fd21-4245-83c3-ac09538e0b9b&fields=id&fields=name HTTP/1.1" status: 200 len: 286 time: 0.0343850
Sep 03 18:24:25.609006 dv-cinder-760193-9-iscsi neutron-server[94512]: DEBUG neutron.wsgi [-] (94512) accepted ('10.222.0.43', 59568) {{(pid=94512) server /usr/local/lib/python3.8/dist-packages/eventlet/wsgi.py:982}}
Sep 03 18:24:25.701694 dv-cinder-760193-9-iscsi neutron-server[94513]: DEBUG neutron.pecan_wsgi.hooks.policy_enforcement [req-236ec3ab-0a5d-431c-9a86-30cdfe7b270d req-f130b8a3-0c19-4c0a-9c0f-2c29d5d021dc tempest-VolumesActionsTest-1932366672 tempest-VolumesActionsTest-1932366672-project] Attributes excluded by policy engine: ['standard_attr_id', 'binding:profile', 'binding:host_id', 'binding:vif_type', 'binding:vif_details'] {{(pid=94513) _exclude_attributes_by_policy /opt/stack/neutron/neutron/pecan_wsgi/hooks/policy_enforcement.py:255}}
Sep 03 18:24:25.703526 dv-cinder-760193-9-iscsi neutron-server[94513]: INFO neutron.wsgi [req-236ec3ab-0a5d-431c-9a86-30cdfe7b270d req-f130b8a3-0c19-4c0a-9c0f-2c29d5d021dc tempest-VolumesActionsTest-1932366672 tempest-VolumesActionsTest-1932366672-project] 10.222.0.32 "GET /v2.0/ports?device_id=e659c992-8ad3-4530-9059-14b0ecefdd96 HTTP/1.1" status: 200 len: 945 time: 0.1455283
Sep 03 18:24:25.717544 dv-cinder-760193-9-iscsi neutron-server[94513]: DEBUG neutron.pecan_wsgi.hooks.policy_enforcement [req-f0196ccf-bf7c-4b28-8e24-838e43318076 req-938e08ea-80c0-4f39-a372-86757117bcf3 tempest-ServerRescueNegativeTestJSON-1555870671 tempest-ServerRescueNegativeTestJSON-1555870671-project] Attributes excluded by policy engine: ['standard_attr_id', 'binding:profile', 'binding:host_id', 'binding:vif_type', 'binding:vif_details'] {{(pid=94513) _exclude_attributes_by_policy /opt/stack/neutron/neutron/pecan_wsgi/hooks/policy_enforcement.py:255}}
Sep 03 18:24:25.719580 dv-cinder-760193-9-iscsi neutron-server[94513]: INFO neutron.wsgi [req-f0196ccf-bf7c-4b28-8e24-838e43318076 req-938e08ea-80c0-4f39-a372-86757117bcf3 tempest-ServerRescueNegativeTestJSON-1555870671 tempest-ServerRescueNegativeTestJSON-1555870671-project] 10.222.0.43 "GET /v2.0/ports?device_id=04f72760-96d0-4659-a90b-ca00d42fcc86 HTTP/1.1" status: 200 len: 946 time: 0.1172423
Sep 03 18:24:25.800004 dv-cinder-760193-9-iscsi neutron-server[94512]: DEBUG neutron.wsgi [-] (94512) accepted ('10.222.0.43', 59578) {{(pid=94512) server /usr/local/lib/python3.8/dist-packages/eventlet/wsgi.py:982}}
Sep 03 18:24:25.836145 dv-cinder-760193-9-iscsi neutron-server[94512]: DEBUG neutron_lib.callbacks.manager [None req-8a5f73e8-a332-48b5-b739-e6d2a3dfe75d admin admin] Notify callbacks [] for security_group, before_create {{(pid=94512) _notify_loop /usr/local/lib/python3.8/dist-packages/neutron_lib/callbacks/manager.py:192}}
Sep 03 18:24:25.856898 dv-cinder-760193-9-iscsi neutron-server[94512]: DEBUG neutron_lib.callbacks.manager [None req-7be63113-3e43-4db3-9e08-58f7558f8551 admin admin] Notify callbacks [] for security_group, before_create {{(pid=94512) _notify_loop /usr/local/lib/python3.8/dist-packages/neutron_lib/callbacks/manager.py:192}}
Sep 03 18:24:25.864236 dv-cinder-760193-9-iscsi neutron-server[94514]: DEBUG neutron_lib.callbacks.manager [None req-cd624a02-8e41-44f3-8473-19adf3e454b1 None None] Notify callbacks ['neutron.services.segments.db._update_segment_host_mapping_for_agent-8738553186115', 'neutron.plugins.ml2.plugin.Ml2Plugin._retry_binding_revived_agents-4091462'] for agent, after_update {{(pid=94514) _notify_loop /usr/local/lib/python3.8/dist-packages/neutron_lib/callbacks/manager.py:192}}
Sep 03 18:24:25.878141 dv-cinder-760193-9-iscsi neutron-server[94513]: INFO neutron.wsgi [req-f0196ccf-bf7c-4b28-8e24-838e43318076 req-78c822d3-c904-4241-bc44-01dcc0854abc tempest-ServerRescueNegativeTestJSON-1555870671 tempest-ServerRescueNegativeTestJSON-1555870671-project] 10.222.0.43 "GET /v2.0/security-groups?id=adc688ee-fd21-4245-83c3-ac09538e0b9b&fields=id&fields=name HTTP/1.1" status: 200 len: 286 time: 0.1471562
Sep 03 18:24:25.921289 dv-cinder-760193-9-iscsi neutron-server[94513]: DEBUG neutron.plugins.ml2.plugin [req-236ec3ab-0a5d-431c-9a86-30cdfe7b270d req-a5420c2a-252e-4fe3-be29-abb559960656 tempest-VolumesActionsTest-1932366672 tempest-VolumesActionsTest-1932366672-project] Deleting port 874b1b7f-505b-4987-8b95-22bd07d28ac4 {{(pid=94513) _pre_delete_port /opt/stack/neutron/neutron/plugins/ml2/plugin.py:1921}}
Sep 03 18:24:25.921911 dv-cinder-760193-9-iscsi neutron-server[94513]: DEBUG neutron_lib.callbacks.manager [req-236ec3ab-0a5d-431c-9a86-30cdfe7b270d req-a5420c2a-252e-4fe3-be29-abb559960656 tempest-VolumesActionsTest-1932366672 tempest-VolumesActionsTest-1932366672-project] Notify callbacks ['neutron.db.l3_db.L3_NAT_dbonly_mixin._prevent_l3_port_delete_callback-8738553154798'] for port, before_delete {{(pid=94513) _notify_loop /usr/local/lib/python3.8/dist-packages/neutron_lib/callbacks/manager.py:192}}
Sep 03 18:24:26.048230 dv-cinder-760193-9-iscsi neutron-server[94512]: DEBUG neutron_lib.callbacks.manager [None req-8a5f73e8-a332-48b5-b739-e6d2a3dfe75d admin admin] Notify callbacks [] for security_group, precommit_create {{(pid=94512) _notify_loop /usr/local/lib/python3.8/dist-packages/neutron_lib/callbacks/manager.py:192}}
Sep 03 18:24:26.050824 dv-cinder-760193-9-iscsi neutron-server[94513]: DEBUG neutron.plugins.ml2.db [req-236ec3ab-0a5d-431c-9a86-30cdfe7b270d req-a5420c2a-252e-4fe3-be29-abb559960656 tempest-VolumesActionsTest-1932366672 tempest-VolumesActionsTest-1932366672-project] For port 874b1b7f-505b-4987-8b95-22bd07d28ac4, host hv-cinder-76019, got binding levels [PortBindingLevel(driver='hyperv',host='hv-cinder-76019',level=0,port_id=874b1b7f-505b-4987-8b95-22bd07d28ac4,segment=NetworkSegment(e1078921-03ec-4bd2-9fad-b1bfeca4a047),segment_id=e1078921-03ec-4bd2-9fad-b1bfeca4a047)] {{(pid=94513) get_binding_level_objs /opt/stack/neutron/neutron/plugins/ml2/db.py:74}}
Sep 03 18:24:26.051441 dv-cinder-760193-9-iscsi neutron-server[94513]: DEBUG neutron_lib.callbacks.manager [req-236ec3ab-0a5d-431c-9a86-30cdfe7b270d req-a5420c2a-252e-4fe3-be29-abb559960656 tempest-VolumesActionsTest-1932366672 tempest-VolumesActionsTest-1932366672-project] Notify callbacks ['neutron.services.l3_router.l3_router_plugin.L3_NAT_dbonly_mixin._precommit_delete_port_callback-570419'] for port, precommit_delete {{(pid=94513) _notify_loop /usr/local/lib/python3.8/dist-packages/neutron_lib/callbacks/manager.py:192}}
Sep 03 18:24:26.069661 dv-cinder-760193-9-iscsi neutron-server[94513]: DEBUG neutron.plugins.ml2.plugin [req-236ec3ab-0a5d-431c-9a86-30cdfe7b270d req-a5420c2a-252e-4fe3-be29-abb559960656 tempest-VolumesActionsTest-1932366672 tempest-VolumesActionsTest-1932366672-project] Calling delete_port for 874b1b7f-505b-4987-8b95-22bd07d28ac4 owned by compute:nova {{(pid=94513) delete_port /opt/stack/neutron/neutron/plugins/ml2/plugin.py:1999}}
Sep 03 18:24:26.213566 dv-cinder-760193-9-iscsi neutron-server[94512]: DEBUG neutron_lib.callbacks.manager [None req-8a5f73e8-a332-48b5-b739-e6d2a3dfe75d admin admin] Notify callbacks ['neutron.plugins.ml2.ovo_rpc._ObjectChangeHandler.handle_event-585893'] for security_group, after_create {{(pid=94512) _notify_loop /usr/local/lib/python3.8/dist-packages/neutron_lib/callbacks/manager.py:192}}
Sep 03 18:24:26.238645 dv-cinder-760193-9-iscsi neutron-server[94513]: DEBUG neutron.pecan_wsgi.hooks.policy_enforcement [req-71afcd55-787e-40be-9117-21f6013d9ef0 req-849366ab-62f1-4a72-89ac-6a8623f9d2db tempest-VolumesActionsTest-1932366672 tempest-VolumesActionsTest-1932366672-project] Attributes excluded by policy engine: ['standard_attr_id', 'binding:profile', 'binding:host_id', 'binding:vif_type', 'binding:vif_details'] {{(pid=94513) _exclude_attributes_by_policy /opt/stack/neutron/neutron/pecan_wsgi/hooks/policy_enforcement.py:255}}
Sep 03 18:24:26.240157 dv-cinder-760193-9-iscsi neutron-server[94513]: INFO neutron.wsgi [req-71afcd55-787e-40be-9117-21f6013d9ef0 req-849366ab-62f1-4a72-89ac-6a8623f9d2db tempest-VolumesActionsTest-1932366672 tempest-VolumesActionsTest-1932366672-project] 10.222.0.43 "GET /v2.0/ports?device_id=e659c992-8ad3-4530-9059-14b0ecefdd96 HTTP/1.1" status: 200 len: 945 time: 0.0931976
Sep 03 18:24:26.296340 dv-cinder-760193-9-iscsi neutron-server[94513]: INFO neutron.wsgi [req-71afcd55-787e-40be-9117-21f6013d9ef0 req-d5cbd21b-49b8-4961-986b-407e0d0f4f7a tempest-VolumesActionsTest-1932366672 tempest-VolumesActionsTest-1932366672-project] 10.222.0.43 "GET /v2.0/security-groups?id=804621f3-430d-49fd-aa08-4a0798d43edc&fields=id&fields=name HTTP/1.1" status: 200 len: 286 time: 0.0483057
Sep 03 18:24:26.298575 dv-cinder-760193-9-iscsi neutron-server[94512]: INFO neutron.wsgi [None req-8a5f73e8-a332-48b5-b739-e6d2a3dfe75d admin admin] 10.222.0.43 "GET /v2.0/security-groups?tenant_id=6a008873e4924433b5b95d1489fda286&name=default HTTP/1.1" status: 200 len: 2979 time: 0.4972842
Sep 03 18:24:26.303020 dv-cinder-760193-9-iscsi neutron-server[94512]: DEBUG neutron.wsgi [-] (94512) accepted ('10.222.0.43', 59592) {{(pid=94512) server /usr/local/lib/python3.8/dist-packages/eventlet/wsgi.py:982}}
Sep 03 18:24:26.328327 dv-cinder-760193-9-iscsi neutron-server[94512]: DEBUG neutron.api.rpc.handlers.resources_rpc [None req-8a5f73e8-a332-48b5-b739-e6d2a3dfe75d admin admin] Pushing event updated for resources: {'SecurityGroup': ['ID=6da9bf48-629b-431e-bf1f-8f49c98527bf,revision_number=1']} {{(pid=94512) push /opt/stack/neutron/neutron/api/rpc/handlers/resources_rpc.py:237}}
Sep 03 18:24:26.357510 dv-cinder-760193-9-iscsi neutron-server[94513]: DEBUG neutron_lib.callbacks.manager [req-236ec3ab-0a5d-431c-9a86-30cdfe7b270d req-a5420c2a-252e-4fe3-be29-abb559960656 tempest-VolumesActionsTest-1932366672 tempest-VolumesActionsTest-1932366672-project] Notify callbacks ['neutron.plugins.ml2.plugin.SecurityGroupServerNotifierRpcMixin._notify_sg_on_port_change-4049852', 'neutron.plugins.ml2.ovo_rpc._ObjectChangeHandler.handle_event-111081', 'neutron.api.rpc.agentnotifiers.dhcp_rpc_agent_api.DhcpAgentNotifyAPI._native_event_send_dhcp_notification-1047761', 'neutron.db.l3_db.L3RpcNotifierMixin._notify_routers_callback-8738553159608', 'neutron.db.l3_dvrscheduler_db._notify_port_delete-8738552640130', 'neutron.services.segments.plugin.NovaSegmentNotifier._notify_port_created_or_deleted-1821019'] for port, after_delete {{(pid=94513) _notify_loop /usr/local/lib/python3.8/dist-packages/neutron_lib/callbacks/manager.py:192}}
Sep 03 18:24:26.372477 dv-cinder-760193-9-iscsi neutron-server[94514]: DEBUG neutron.plugins.ml2.db [None req-89c978b6-3fbc-45ef-8a40-c82371bcd421 None None] get_ports_and_sgs() called for port_ids ['874b1b7f-505b-4987-8b95-22bd07d28ac4'] {{(pid=94514) get_ports_and_sgs /opt/stack/neutron/neutron/plugins/ml2/db.py:156}}
Sep 03 18:24:26.388511 dv-cinder-760193-9-iscsi neutron-server[94513]: DEBUG neutron.api.rpc.handlers.resources_rpc [None req-a5420c2a-252e-4fe3-be29-abb559960656 tempest-VolumesActionsTest-1932366672 tempest-VolumesActionsTest-1932366672-project] Pushing event deleted for resources: {'Port': ['ID=874b1b7f-505b-4987-8b95-22bd07d28ac4,revision_number=None']} {{(pid=94513) push /opt/stack/neutron/neutron/api/rpc/handlers/resources_rpc.py:237}}
Sep 03 18:24:26.418225 dv-cinder-760193-9-iscsi neutron-server[94512]: DEBUG neutron_lib.callbacks.manager [None req-ba247fe7-4fbe-4790-919f-60c42cee77f5 admin admin] Notify callbacks [] for security_group, before_delete {{(pid=94512) _notify_loop /usr/local/lib/python3.8/dist-packages/neutron_lib/callbacks/manager.py:192}}
Sep 03 18:24:26.430166 dv-cinder-760193-9-iscsi neutron-server[94512]: DEBUG neutron_lib.callbacks.manager [None req-7be63113-3e43-4db3-9e08-58f7558f8551 admin admin] Notify callbacks [] for security_group, precommit_create {{(pid=94512) _notify_loop /usr/local/lib/python3.8/dist-packages/neutron_lib/callbacks/manager.py:192}}
Sep 03 18:24:26.450726 dv-cinder-760193-9-iscsi neutron-server[94512]: DEBUG neutron_lib.callbacks.manager [None req-ba247fe7-4fbe-4790-919f-60c42cee77f5 admin admin] Notify callbacks [] for security_group, precommit_delete {{(pid=94512) _notify_loop /usr/local/lib/python3.8/dist-packages/neutron_lib/callbacks/manager.py:192}}
Sep 03 18:24:26.459466 dv-cinder-760193-9-iscsi neutron-server[94513]: DEBUG neutron.db.l3_dvrscheduler_db [req-236ec3ab-0a5d-431c-9a86-30cdfe7b270d req-a5420c2a-252e-4fe3-be29-abb559960656 tempest-VolumesActionsTest-1932366672 tempest-VolumesActionsTest-1932366672-project] No DVR routers for this DVR port 874b1b7f-505b-4987-8b95-22bd07d28ac4 on host hv-cinder-76019 {{(pid=94513) get_dvr_routers_to_remove /opt/stack/neutron/neutron/db/l3_dvrscheduler_db.py:214}}
Sep 03 18:24:26.464592 dv-cinder-760193-9-iscsi neutron-server[94513]: DEBUG neutron_lib.callbacks.manager [req-236ec3ab-0a5d-431c-9a86-30cdfe7b270d req-a5420c2a-252e-4fe3-be29-abb559960656 tempest-VolumesActionsTest-1932366672 tempest-VolumesActionsTest-1932366672-project] Notify callbacks ['neutron.notifiers.nova.Notifier._send_nova_notification-6722'] for port, before_response {{(pid=94513) _notify_loop /usr/local/lib/python3.8/dist-packages/neutron_lib/callbacks/manager.py:192}}
Sep 03 18:24:26.467941 dv-cinder-760193-9-iscsi neutron-server[94513]: INFO neutron.wsgi [req-236ec3ab-0a5d-431c-9a86-30cdfe7b270d req-a5420c2a-252e-4fe3-be29-abb559960656 tempest-VolumesActionsTest-1932366672 tempest-VolumesActionsTest-1932366672-project] 10.222.0.32 "DELETE /v2.0/ports/874b1b7f-505b-4987-8b95-22bd07d28ac4 HTTP/1.1" status: 204 len: 173 time: 0.7470531
Sep 03 18:24:26.468596 dv-cinder-760193-9-iscsi neutron-server[94513]: DEBUG neutron.notifiers.nova [-] Sending events: [{'server_uuid': 'e659c992-8ad3-4530-9059-14b0ecefdd96', 'name': 'network-vif-deleted', 'tag': '874b1b7f-505b-4987-8b95-22bd07d28ac4'}] {{(pid=94513) send_events /opt/stack/neutron/neutron/notifiers/nova.py:262}}
Sep 03 18:24:26.473290 dv-cinder-760193-9-iscsi neutron-server[94513]: DEBUG novaclient.v2.client [-] REQ: curl -g -i --cacert "/opt/stack/data/ca-bundle.pem" -X POST http://10.222.0.43/compute/v2.1/os-server-external-events -H "Accept: application/json" -H "Content-Type: application/json" -H "User-Agent: python-novaclient" -H "X-Auth-Token: {SHA256}ef016b5d49e13709e12694ae4ddaf909589d3651297aa68d4371a94bfb5af374" -H "X-OpenStack-Nova-API-Version: 2.1" -H "X-OpenStack-Request-ID: req-38ef89e6-e114-4bba-8141-6be53342411b" -d '{"events": [{"server_uuid": "e659c992-8ad3-4530-9059-14b0ecefdd96", "name": "network-vif-deleted", "tag": "874b1b7f-505b-4987-8b95-22bd07d28ac4"}]}' {{(pid=94513) _http_log_request /usr/local/lib/python3.8/dist-packages/keystoneauth1/session.py:519}}
Sep 03 18:24:26.511464 dv-cinder-760193-9-iscsi neutron-server[94513]: DEBUG novaclient.v2.client [-] RESP: [200] Connection: close Content-Length: 183 Content-Type: application/json Date: Fri, 03 Sep 2021 18:24:26 GMT OpenStack-API-Version: compute 2.1 Server: Apache/2.4.41 (Ubuntu) Vary: OpenStack-API-Version,X-OpenStack-Nova-API-Version X-OpenStack-Nova-API-Version: 2.1 x-compute-request-id: req-455369d8-48d5-4e28-928f-c55e7cfdeead x-openstack-request-id: req-455369d8-48d5-4e28-928f-c55e7cfdeead {{(pid=94513) _http_log_response /usr/local/lib/python3.8/dist-packages/keystoneauth1/session.py:550}}
Sep 03 18:24:26.511730 dv-cinder-760193-9-iscsi neutron-server[94512]: DEBUG neutron_lib.callbacks.manager [None req-7be63113-3e43-4db3-9e08-58f7558f8551 admin admin] Notify callbacks ['neutron.plugins.ml2.ovo_rpc._ObjectChangeHandler.handle_event-585893'] for security_group, after_create {{(pid=94512) _notify_loop /usr/local/lib/python3.8/dist-packages/neutron_lib/callbacks/manager.py:192}}
Sep 03 18:24:26.511891 dv-cinder-760193-9-iscsi neutron-server[94513]: DEBUG novaclient.v2.client [-] RESP BODY: {"events": [{"server_uuid": "e659c992-8ad3-4530-9059-14b0ecefdd96", "name": "network-vif-deleted", "tag": "874b1b7f-505b-4987-8b95-22bd07d28ac4", "status": "completed", "code": 200}]} {{(pid=94513) _http_log_response /usr/local/lib/python3.8/dist-packages/keystoneauth1/session.py:582}}
Sep 03 18:24:26.512262 dv-cinder-760193-9-iscsi neutron-server[94513]: DEBUG novaclient.v2.client [-] POST call to compute for http://10.222.0.43/compute/v2.1/os-server-external-events used request id req-455369d8-48d5-4e28-928f-c55e7cfdeead {{(pid=94513) request /usr/local/lib/python3.8/dist-packages/keystoneauth1/session.py:954}}
Sep 03 18:24:26.512866 dv-cinder-760193-9-iscsi neutron-server[94513]: INFO neutron.notifiers.nova [-] Nova event response: {'server_uuid': 'e659c992-8ad3-4530-9059-14b0ecefdd96', 'name': 'network-vif-deleted', 'tag': '874b1b7f-505b-4987-8b95-22bd07d28ac4', 'status': 'completed', 'code': 200}
Sep 03 18:24:26.551179 dv-cinder-760193-9-iscsi neutron-server[94512]: INFO neutron.wsgi [None req-7be63113-3e43-4db3-9e08-58f7558f8551 admin admin] 10.222.0.43 "GET /v2.0/security-groups?tenant_id=e7debdca9b71463e9bc688bb200ed9c6&name=default HTTP/1.1" status: 200 len: 2979 time: 0.9409082
Sep 03 18:24:26.551895 dv-cinder-760193-9-iscsi neutron-server[94512]: DEBUG neutron.api.rpc.handlers.resources_rpc [None req-7be63113-3e43-4db3-9e08-58f7558f8551 admin admin] Pushing event updated for resources: {'SecurityGroup': ['ID=cbe5d31c-8729-4ccf-a0d0-be071b4b6a78,revision_number=1']} {{(pid=94512) push /opt/stack/neutron/neutron/api/rpc/handlers/resources_rpc.py:237}}
Sep 03 18:24:26.554785 dv-cinder-760193-9-iscsi neutron-server[94513]: DEBUG neutron.wsgi [-] (94513) accepted ('10.222.0.43', 59596) {{(pid=94513) server /usr/local/lib/python3.8/dist-packages/eventlet/wsgi.py:982}}
Sep 03 18:24:26.611315 dv-cinder-760193-9-iscsi neutron-server[94513]: DEBUG neutron_lib.callbacks.manager [None req-4dd25cf6-9887-451f-b4fa-b2ef7d0161e5 admin admin] Notify callbacks [] for security_group, before_delete {{(pid=94513) _notify_loop /usr/local/lib/python3.8/dist-packages/neutron_lib/callbacks/manager.py:192}}
Sep 03 18:24:26.624270 dv-cinder-760193-9-iscsi neutron-server[94512]: DEBUG neutron_lib.callbacks.manager [None req-ba247fe7-4fbe-4790-919f-60c42cee77f5 admin admin] Notify callbacks ['neutron.plugins.ml2.ovo_rpc._ObjectChangeHandler.handle_event-585893'] for security_group, after_delete {{(pid=94512) _notify_loop /usr/local/lib/python3.8/dist-packages/neutron_lib/callbacks/manager.py:192}}
Sep 03 18:24:26.629359 dv-cinder-760193-9-iscsi neutron-server[94512]: DEBUG neutron_lib.callbacks.manager [None req-ba247fe7-4fbe-4790-919f-60c42cee77f5 admin admin] Notify callbacks [] for security_group, before_response {{(pid=94512) _notify_loop /usr/local/lib/python3.8/dist-packages/neutron_lib/callbacks/manager.py:192}}
Sep 03 18:24:26.631052 dv-cinder-760193-9-iscsi neutron-server[94512]: INFO neutron.wsgi [None req-ba247fe7-4fbe-4790-919f-60c42cee77f5 admin admin] 10.222.0.43 "DELETE /v2.0/security-groups/6da9bf48-629b-431e-bf1f-8f49c98527bf HTTP/1.1" status: 204 len: 168 time: 0.3249676
Sep 03 18:24:26.639250 dv-cinder-760193-9-iscsi neutron-server[94513]: DEBUG neutron_lib.callbacks.manager [None req-4dd25cf6-9887-451f-b4fa-b2ef7d0161e5 admin admin] Notify callbacks [] for security_group, precommit_delete {{(pid=94513) _notify_loop /usr/local/lib/python3.8/dist-packages/neutron_lib/callbacks/manager.py:192}}
Sep 03 18:24:26.643034 dv-cinder-760193-9-iscsi neutron-server[94512]: DEBUG neutron.api.rpc.handlers.resources_rpc [None req-ba247fe7-4fbe-4790-919f-60c42cee77f5 admin admin] Pushing event deleted for resources: {'SecurityGroup': ['ID=6da9bf48-629b-431e-bf1f-8f49c98527bf,revision_number=None']} {{(pid=94512) push /opt/stack/neutron/neutron/api/rpc/handlers/resources_rpc.py:237}}
Sep 03 18:24:26.810132 dv-cinder-760193-9-iscsi neutron-server[94513]: DEBUG neutron_lib.callbacks.manager [None req-4dd25cf6-9887-451f-b4fa-b2ef7d0161e5 admin admin] Notify callbacks ['neutron.plugins.ml2.ovo_rpc._ObjectChangeHandler.handle_event-585893'] for security_group, after_delete {{(pid=94513) _notify_loop /usr/local/lib/python3.8/dist-packages/neutron_lib/callbacks/manager.py:192}}
Sep 03 18:24:26.820228 dv-cinder-760193-9-iscsi neutron-server[94513]: DEBUG neutron_lib.callbacks.manager [None req-4dd25cf6-9887-451f-b4fa-b2ef7d0161e5 admin admin] Notify callbacks [] for security_group, before_response {{(pid=94513) _notify_loop /usr/local/lib/python3.8/dist-packages/neutron_lib/callbacks/manager.py:192}}
Sep 03 18:24:26.833567 dv-cinder-760193-9-iscsi neutron-server[94513]: INFO neutron.wsgi [None req-4dd25cf6-9887-451f-b4fa-b2ef7d0161e5 admin admin] 10.222.0.43 "DELETE /v2.0/security-groups/cbe5d31c-8729-4ccf-a0d0-be071b4b6a78 HTTP/1.1" status: 204 len: 168 time: 0.2662971
Sep 03 18:24:26.844028 dv-cinder-760193-9-iscsi neutron-server[94513]: DEBUG neutron.api.rpc.handlers.resources_rpc [None req-4dd25cf6-9887-451f-b4fa-b2ef7d0161e5 admin admin] Pushing event deleted for resources: {'SecurityGroup': ['ID=cbe5d31c-8729-4ccf-a0d0-be071b4b6a78,revision_number=None']} {{(pid=94513) push /opt/stack/neutron/neutron/api/rpc/handlers/resources_rpc.py:237}}
Sep 03 18:24:27.428191 dv-cinder-760193-9-iscsi neutron-server[94513]: INFO neutron.wsgi [req-99756a50-876e-45c1-bd01-2b8eee625296 req-e3433e29-65e1-4b48-8ae7-aa930e33dfe4 tempest-VolumesActionsTest-1932366672 tempest-VolumesActionsTest-1932366672-project] 10.222.0.43 "GET /v2.0/ports?device_id=e659c992-8ad3-4530-9059-14b0ecefdd96 HTTP/1.1" status: 200 len: 210 time: 0.0319281
Sep 03 18:24:28.845195 dv-cinder-760193-9-iscsi neutron-server[94514]: DEBUG neutron.plugins.ml2.rpc [None req-89c978b6-3fbc-45ef-8a40-c82371bcd421 None None] Device 874b1b7f-505b-4987-8b95-22bd07d28ac4 no longer exists at agent hyperv_hv-cinder-76019 {{(pid=94514) update_device_down /opt/stack/neutron/neutron/plugins/ml2/rpc.py:259}}
Sep 03 18:24:28.882166 dv-cinder-760193-9-iscsi neutron-server[94514]: DEBUG neutron.plugins.ml2.plugin [None req-89c978b6-3fbc-45ef-8a40-c82371bcd421 None None] No Port match for: 874b1b7f-505b-4987-8b95-22bd07d28ac4 {{(pid=94514) port_bound_to_host /opt/stack/neutron/neutron/plugins/ml2/plugin.py:2257}}
Sep 03 18:24:28.882629 dv-cinder-760193-9-iscsi neutron-server[94514]: DEBUG neutron.plugins.ml2.rpc [None req-89c978b6-3fbc-45ef-8a40-c82371bcd421 None None] Device 874b1b7f-505b-4987-8b95-22bd07d28ac4 not bound to the agent host hv-cinder-76019 {{(pid=94514) update_device_down /opt/stack/neutron/neutron/plugins/ml2/rpc.py:269}}
Sep 03 18:24:29.114190 dv-cinder-760193-9-iscsi neutron-server[94513]: DEBUG neutron.pecan_wsgi.hooks.policy_enforcement [req-b39e0b9f-74c7-4e7c-bd4a-70775e3a7899 req-db0e1a1c-64ff-49a8-b7eb-4f29b5458e2c tempest-ServerRescueNegativeTestJSON-1555870671 tempest-ServerRescueNegativeTestJSON-1555870671-project] Attributes excluded by policy engine: ['standard_attr_id', 'binding:profile', 'binding:host_id', 'binding:vif_type', 'binding:vif_details'] {{(pid=94513) _exclude_attributes_by_policy /opt/stack/neutron/neutron/pecan_wsgi/hooks/policy_enforcement.py:255}}
Sep 03 18:24:29.121610 dv-cinder-760193-9-iscsi neutron-server[94513]: INFO neutron.wsgi [req-b39e0b9f-74c7-4e7c-bd4a-70775e3a7899 req-db0e1a1c-64ff-49a8-b7eb-4f29b5458e2c tempest-ServerRescueNegativeTestJSON-1555870671 tempest-ServerRescueNegativeTestJSON-1555870671-project] 10.222.0.43 "GET /v2.0/ports?device_id=04f72760-96d0-4659-a90b-ca00d42fcc86 HTTP/1.1" status: 200 len: 946 time: 0.4328549
Sep 03 18:24:29.163045 dv-cinder-760193-9-iscsi neutron-server[94513]: DEBUG neutron.pecan_wsgi.hooks.policy_enforcement [req-00581c15-8de3-42b3-8092-53c3027eb6ce req-ca8c0f6f-71d0-4200-b259-110a45505440 service neutron] Attributes excluded by policy engine: ['standard_attr_id'] {{(pid=94513) _exclude_attributes_by_policy /opt/stack/neutron/neutron/pecan_wsgi/hooks/policy_enforcement.py:255}}
Sep 03 18:24:29.164550 dv-cinder-760193-9-iscsi neutron-server[94513]: INFO neutron.wsgi [req-00581c15-8de3-42b3-8092-53c3027eb6ce req-ca8c0f6f-71d0-4200-b259-110a45505440 service neutron] 10.222.0.32 "GET /v2.0/ports?tenant_id=29638545443a4d02a8c1378db162cd9e&device_id=04f72760-96d0-4659-a90b-ca00d42fcc86 HTTP/1.1" status: 200 len: 1099 time: 0.4253085
Sep 03 18:24:29.326915 dv-cinder-760193-9-iscsi neutron-server[94513]: INFO neutron.wsgi [req-b39e0b9f-74c7-4e7c-bd4a-70775e3a7899 req-d23cae71-6106-4931-bc74-c1ac8ea16e13 tempest-ServerRescueNegativeTestJSON-1555870671 tempest-ServerRescueNegativeTestJSON-1555870671-project] 10.222.0.43 "GET /v2.0/security-groups?id=adc688ee-fd21-4245-83c3-ac09538e0b9b&fields=id&fields=name HTTP/1.1" status: 200 len: 286 time: 0.2027063
Sep 03 18:24:29.348842 dv-cinder-760193-9-iscsi neutron-server[94513]: DEBUG neutron.pecan_wsgi.hooks.policy_enforcement [req-e9e69acd-1a31-484f-9fc4-d2f9de4ac1b3 req-107f7364-1d13-47dc-8cc5-cea3fe3b6960 tempest-VolumesActionsTest-1932366672 tempest-VolumesActionsTest-1932366672-project] Attributes excluded by policy engine: ['standard_attr_id', 'vlan_transparent', 'provider:network_type', 'provider:physical_network', 'provider:segmentation_id'] {{(pid=94513) _exclude_attributes_by_policy /opt/stack/neutron/neutron/pecan_wsgi/hooks/policy_enforcement.py:255}}
Sep 03 18:24:29.362568 dv-cinder-760193-9-iscsi neutron-server[94513]: INFO neutron.wsgi [req-e9e69acd-1a31-484f-9fc4-d2f9de4ac1b3 req-107f7364-1d13-47dc-8cc5-cea3fe3b6960 tempest-VolumesActionsTest-1932366672 tempest-VolumesActionsTest-1932366672-project] 10.222.0.43 "GET /v2.0/networks?id=b9c6550f-0dd2-4e2e-9631-eeaa30d35dd7 HTTP/1.1" status: 200 len: 808 time: 0.5731409
Sep 03 18:24:29.408926 dv-cinder-760193-9-iscsi neutron-server[94513]: INFO neutron.wsgi [req-e9e69acd-1a31-484f-9fc4-d2f9de4ac1b3 req-27308ed9-883d-4add-9a43-5135c4d2f9e6 tempest-VolumesActionsTest-1932366672 tempest-VolumesActionsTest-1932366672-project] 10.222.0.43 "GET /v2.0/quotas/36ee71eae85d4a88b8316a69f37e9d31 HTTP/1.1" status: 200 len: 375 time: 0.0453570
Sep 03 18:24:29.428477 dv-cinder-760193-9-iscsi neutron-server[94513]: DEBUG neutron.pecan_wsgi.hooks.policy_enforcement [req-00581c15-8de3-42b3-8092-53c3027eb6ce req-89b45871-32d5-4fac-8232-9d12a764124c service neutron] Attributes excluded by policy engine: ['standard_attr_id', 'vlan_transparent'] {{(pid=94513) _exclude_attributes_by_policy /opt/stack/neutron/neutron/pecan_wsgi/hooks/policy_enforcement.py:255}}
Sep 03 18:24:29.430284 dv-cinder-760193-9-iscsi neutron-server[94513]: INFO neutron.wsgi [req-00581c15-8de3-42b3-8092-53c3027eb6ce req-89b45871-32d5-4fac-8232-9d12a764124c service neutron] 10.222.0.32 "GET /v2.0/networks?id=815a170a-9300-450a-a438-374a9fbe2f53 HTTP/1.1" status: 200 len: 920 time: 0.2573681
Sep 03 18:24:29.460415 dv-cinder-760193-9-iscsi neutron-server[94513]: INFO neutron.wsgi [req-e9e69acd-1a31-484f-9fc4-d2f9de4ac1b3 req-7e1ecbd1-4e44-4c83-aebb-f8145981e16d tempest-VolumesActionsTest-1932366672 tempest-VolumesActionsTest-1932366672-project] 10.222.0.43 "GET /v2.0/ports?tenant_id=36ee71eae85d4a88b8316a69f37e9d31&fields=id HTTP/1.1" status: 200 len: 210 time: 0.0501883
Sep 03 18:24:29.521464 dv-cinder-760193-9-iscsi neutron-server[94513]: INFO neutron.wsgi [req-00581c15-8de3-42b3-8092-53c3027eb6ce req-07de7f4e-f56f-40fd-a5ce-044faa147ab1 service neutron] 10.222.0.32 "GET /v2.0/floatingips?fixed_ip_address=172.20.0.11&port_id=08c8d689-708f-40c4-a8a1-ad808a939a90 HTTP/1.1" status: 200 len: 217 time: 0.0704687
Sep 03 18:24:29.712326 dv-cinder-760193-9-iscsi neutron-server[94513]: DEBUG neutron.pecan_wsgi.hooks.policy_enforcement [req-00581c15-8de3-42b3-8092-53c3027eb6ce req-8b519f9e-6be6-4ab2-a098-68a92d343df9 service neutron] Attributes excluded by policy engine: ['standard_attr_id', 'shared', 'segment_id'] {{(pid=94513) _exclude_attributes_by_policy /opt/stack/neutron/neutron/pecan_wsgi/hooks/policy_enforcement.py:255}}
Sep 03 18:24:29.715902 dv-cinder-760193-9-iscsi neutron-server[94513]: INFO neutron.wsgi [req-00581c15-8de3-42b3-8092-53c3027eb6ce req-8b519f9e-6be6-4ab2-a098-68a92d343df9 service neutron] 10.222.0.32 "GET /v2.0/subnets?id=d057384a-5901-42e3-80f5-8484300272f4 HTTP/1.1" status: 200 len: 859 time: 0.1182983
Sep 03 18:24:29.729570 dv-cinder-760193-9-iscsi neutron-server[94513]: INFO neutron.wsgi [req-e9e69acd-1a31-484f-9fc4-d2f9de4ac1b3 req-19fb2587-fbda-4ae7-ba1d-204c3bd3d845 service neutron] 10.222.0.43 "GET /v2.0/networks/b9c6550f-0dd2-4e2e-9631-eeaa30d35dd7?fields=segments HTTP/1.1" status: 200 len: 212 time: 0.2671947
Sep 03 18:24:29.830550 dv-cinder-760193-9-iscsi neutron-server[94513]: INFO neutron.wsgi [req-00581c15-8de3-42b3-8092-53c3027eb6ce req-c2ef8072-72a7-4bfa-b428-d78dbfad86ae service neutron] 10.222.0.32 "GET /v2.0/ports?network_id=815a170a-9300-450a-a438-374a9fbe2f53&device_owner=network%3Adhcp HTTP/1.1" status: 200 len: 210 time: 0.0607996
Sep 03 18:24:29.957505 dv-cinder-760193-9-iscsi neutron-server[94513]: INFO neutron.wsgi [req-e9e69acd-1a31-484f-9fc4-d2f9de4ac1b3 req-e2248237-1f0c-4d8c-9a7e-f411761b4efb service neutron] 10.222.0.43 "GET /v2.0/networks/b9c6550f-0dd2-4e2e-9631-eeaa30d35dd7?fields=provider%3Aphysical_network&fields=provider%3Anetwork_type HTTP/1.1" status: 200 len: 281 time: 0.2252200
