Aug 27 23:11:23.500941 dv-cinder-760193-7-smb neutron-server[94728]: DEBUG neutron.db.provisioning_blocks [None req-8da1f802-00a9-461a-8228-48b23f792065 None None] Provisioning for port 04e57d25-0d31-4d9b-9178-45de74d6af87 completed by entity DHCP. {{(pid=94728) provisioning_complete /opt/stack/neutron/neutron/db/provisioning_blocks.py:133}}
Aug 27 23:11:23.506916 dv-cinder-760193-7-smb neutron-server[94728]: DEBUG neutron.db.provisioning_blocks [None req-8da1f802-00a9-461a-8228-48b23f792065 None None] Provisioning complete for port 04e57d25-0d31-4d9b-9178-45de74d6af87 triggered by entity DHCP. {{(pid=94728) provisioning_complete /opt/stack/neutron/neutron/db/provisioning_blocks.py:139}}
Aug 27 23:11:23.507435 dv-cinder-760193-7-smb neutron-server[94728]: DEBUG neutron_lib.callbacks.manager [None req-8da1f802-00a9-461a-8228-48b23f792065 None None] Notify callbacks ['neutron.plugins.ml2.plugin.Ml2Plugin._port_provisioned-1400005'] for port, provisioning_complete {{(pid=94728) _notify_loop /usr/local/lib/python3.8/dist-packages/neutron_lib/callbacks/manager.py:192}}
Aug 27 23:11:23.566746 dv-cinder-760193-7-smb neutron-server[94728]: DEBUG neutron.plugins.ml2.plugin [None req-8da1f802-00a9-461a-8228-48b23f792065 None None] Port 04e57d25-0d31-4d9b-9178-45de74d6af87 cannot update to ACTIVE because it is not bound. {{(pid=94728) _port_provisioned /opt/stack/neutron/neutron/plugins/ml2/plugin.py:337}}
Aug 27 23:11:23.618584 dv-cinder-760193-7-smb neutron-server[94726]: INFO neutron.wsgi [req-b45cdca1-343a-4337-ad0e-c82b778b1e5c req-5df525df-c337-42e8-a8f0-269bcc5d387e service neutron] 10.222.0.43 "GET /v2.0/networks/f468ba8b-8d07-482b-a29c-a0c30f69a6eb?fields=provider%3Aphysical_network&fields=provider%3Anetwork_type HTTP/1.1" status: 200 len: 281 time: 0.1228929
Aug 27 23:11:23.628259 dv-cinder-760193-7-smb neutron-server[94726]: DEBUG neutron_lib.callbacks.manager [None req-4d89ee7c-8f7e-420e-812a-a4b1f3140426 admin admin] Notify callbacks ['neutron.plugins.ml2.plugin.SecurityGroupDbMixin._ensure_default_security_group_handler-1538892'] for port, before_update {{(pid=94726) _notify_loop /usr/local/lib/python3.8/dist-packages/neutron_lib/callbacks/manager.py:192}}
Aug 27 23:11:23.781970 dv-cinder-760193-7-smb neutron-server[94728]: DEBUG neutron.plugins.ml2.rpc [None req-3c4c0210-22b4-4d64-9ded-a6625da86104 None None] Device b69f9d16-6002-4463-90cb-1df411cc4507 up at agent ovs-agent-dv-cinder-760193-7-smb {{(pid=94728) update_device_up /opt/stack/neutron/neutron/plugins/ml2/rpc.py:296}}
Aug 27 23:11:23.849948 dv-cinder-760193-7-smb neutron-server[94726]: DEBUG neutron.pecan_wsgi.hooks.policy_enforcement [req-2c9ec1ae-2cde-4a7f-86f3-ba97258ea1d0 req-fd45c9a5-02e2-4a08-9c3d-13b937c2cb04 tempest-AttachVolumeTestJSON-1096708694 tempest-AttachVolumeTestJSON-1096708694-project] Attributes excluded by policy engine: ['standard_attr_id', 'binding:profile', 'binding:host_id', 'binding:vif_type', 'binding:vif_details'] {{(pid=94726) _exclude_attributes_by_policy /opt/stack/neutron/neutron/pecan_wsgi/hooks/policy_enforcement.py:255}}
Aug 27 23:11:23.851477 dv-cinder-760193-7-smb neutron-server[94726]: INFO neutron.wsgi [req-2c9ec1ae-2cde-4a7f-86f3-ba97258ea1d0 req-fd45c9a5-02e2-4a08-9c3d-13b937c2cb04 tempest-AttachVolumeTestJSON-1096708694 tempest-AttachVolumeTestJSON-1096708694-project] 10.222.0.35 "GET /v2.0/ports?device_id=3456146b-f852-45a9-9db1-e2b86db0ace9 HTTP/1.1" status: 200 len: 945 time: 0.0995393
Aug 27 23:11:23.878121 dv-cinder-760193-7-smb neutron-server[94728]: DEBUG neutron.db.provisioning_blocks [None req-3c4c0210-22b4-4d64-9ded-a6625da86104 None None] Provisioning complete for port b69f9d16-6002-4463-90cb-1df411cc4507 triggered by entity L2. {{(pid=94728) provisioning_complete /opt/stack/neutron/neutron/db/provisioning_blocks.py:139}}
Aug 27 23:11:23.878491 dv-cinder-760193-7-smb neutron-server[94728]: DEBUG neutron_lib.callbacks.manager [None req-3c4c0210-22b4-4d64-9ded-a6625da86104 None None] Notify callbacks ['neutron.plugins.ml2.plugin.Ml2Plugin._port_provisioned-1400005'] for port, provisioning_complete {{(pid=94728) _notify_loop /usr/local/lib/python3.8/dist-packages/neutron_lib/callbacks/manager.py:192}}
Aug 27 23:11:23.935351 dv-cinder-760193-7-smb neutron-server[94726]: INFO neutron.wsgi [req-2c9ec1ae-2cde-4a7f-86f3-ba97258ea1d0 req-81956bff-a21c-4d0a-b7e6-2d0efa37475e tempest-AttachVolumeTestJSON-1096708694 tempest-AttachVolumeTestJSON-1096708694-project] 10.222.0.35 "GET /v2.0/security-groups?id=64e8f37b-6fe3-4154-8bd6-53b2fa42512d&fields=id&fields=name HTTP/1.1" status: 200 len: 313 time: 0.0701952
Aug 27 23:11:23.966805 dv-cinder-760193-7-smb neutron-server[94726]: DEBUG neutron_lib.callbacks.manager [None req-4d89ee7c-8f7e-420e-812a-a4b1f3140426 admin admin] Notify callbacks [] for port, precommit_update {{(pid=94726) _notify_loop /usr/local/lib/python3.8/dist-packages/neutron_lib/callbacks/manager.py:192}}
Aug 27 23:11:24.050087 dv-cinder-760193-7-smb neutron-server[94726]: DEBUG neutron_lib.callbacks.manager [None req-4d89ee7c-8f7e-420e-812a-a4b1f3140426 admin admin] Notify callbacks ['neutron.plugins.ml2.plugin.SecurityGroupServerNotifierRpcMixin._notify_sg_on_port_change-1538819', 'neutron.plugins.ml2.ovo_rpc._ObjectChangeHandler.handle_event-239649', 'neutron.api.rpc.agentnotifiers.dhcp_rpc_agent_api.DhcpAgentNotifyAPI._native_event_send_dhcp_notification-1686919', 'neutron.db.l3_db.L3RpcNotifierMixin._notify_gateway_port_ip_changed-8794072368945', 'neutron.db.l3_dvrscheduler_db._notify_l3_agent_port_update-8794071912726', 'neutron.db.l3_hascheduler_db._notify_l3_agent_ha_port_update-8794071912744', 'neutron.services.segments.plugin.NovaSegmentNotifier._notify_port_updated-15948690'] for port, after_update {{(pid=94726) _notify_loop /usr/local/lib/python3.8/dist-packages/neutron_lib/callbacks/manager.py:192}}
Aug 27 23:11:24.170668 dv-cinder-760193-7-smb neutron-server[94726]: DEBUG neutron_lib.callbacks.manager [None req-4d89ee7c-8f7e-420e-812a-a4b1f3140426 admin admin] Notify callbacks ['neutron.api.rpc.agentnotifiers.dhcp_rpc_agent_api.DhcpAgentNotifyAPI._after_router_interface_created-1686953', 'neutron.services.l3_router.l3_router_plugin.DVRResourceOperationHandler._update_snat_v6_addrs_after_intf_update-515384'] for router_interface, after_create {{(pid=94726) _notify_loop /usr/local/lib/python3.8/dist-packages/neutron_lib/callbacks/manager.py:192}}
Aug 27 23:11:24.178036 dv-cinder-760193-7-smb neutron-server[94726]: DEBUG neutron.api.rpc.handlers.resources_rpc [None req-4d89ee7c-8f7e-420e-812a-a4b1f3140426 admin admin] Pushing event updated for resources: {'Port': ['ID=04e57d25-0d31-4d9b-9178-45de74d6af87,revision_number=2']} {{(pid=94726) push /opt/stack/neutron/neutron/api/rpc/handlers/resources_rpc.py:237}}
Aug 27 23:11:24.210581 dv-cinder-760193-7-smb neutron-server[94726]: DEBUG neutron.pecan_wsgi.hooks.policy_enforcement [req-fe1f09c6-965f-468a-b022-0c850e5774de req-f59ee550-18d9-4387-9959-2feba8ed4bb7 tempest-ServerRescueNegativeTestJSON-1694515135 tempest-ServerRescueNegativeTestJSON-1694515135-project] Attributes excluded by policy engine: ['standard_attr_id', 'binding:profile', 'binding:host_id', 'binding:vif_type', 'binding:vif_details'] {{(pid=94726) _exclude_attributes_by_policy /opt/stack/neutron/neutron/pecan_wsgi/hooks/policy_enforcement.py:255}}
Aug 27 23:11:24.212120 dv-cinder-760193-7-smb neutron-server[94726]: INFO neutron.wsgi [req-fe1f09c6-965f-468a-b022-0c850e5774de req-f59ee550-18d9-4387-9959-2feba8ed4bb7 tempest-ServerRescueNegativeTestJSON-1694515135 tempest-ServerRescueNegativeTestJSON-1694515135-project] 10.222.0.35 "GET /v2.0/ports?device_id=0c34c250-1573-4d3a-b3b2-088c65e98dda HTTP/1.1" status: 200 len: 946 time: 0.1336021
Aug 27 23:11:24.297664 dv-cinder-760193-7-smb neutron-server[94726]: INFO neutron.wsgi [req-fe1f09c6-965f-468a-b022-0c850e5774de req-05c076f9-cde6-4b04-9fc4-b1d26e45ddab tempest-ServerRescueNegativeTestJSON-1694515135 tempest-ServerRescueNegativeTestJSON-1694515135-project] 10.222.0.35 "GET /v2.0/security-groups?id=21b3beb6-9726-46bf-a297-7fe8c33a6c3b&fields=id&fields=name HTTP/1.1" status: 200 len: 286 time: 0.0746100
Aug 27 23:11:24.328365 dv-cinder-760193-7-smb neutron-server[94726]: DEBUG neutron.scheduler.dhcp_agent_scheduler [None req-4d89ee7c-8f7e-420e-812a-a4b1f3140426 admin admin] Network e88471de-5a60-4eb0-b57e-7792219682b4 is already hosted by enough agents. {{(pid=94726) _get_dhcp_agents_hosting_network /opt/stack/neutron/neutron/scheduler/dhcp_agent_scheduler.py:275}}
Aug 27 23:11:24.329810 dv-cinder-760193-7-smb neutron-server[94726]: DEBUG neutron.scheduler.base_scheduler [None req-4d89ee7c-8f7e-420e-812a-a4b1f3140426 admin admin] Resources bound (agent type, host, resource id): {{(pid=94726) schedule /opt/stack/neutron/neutron/scheduler/base_scheduler.py:57}}
Aug 27 23:11:24.468323 dv-cinder-760193-7-smb neutron-server[94726]: DEBUG neutron.scheduler.l3_agent_scheduler [None req-4d89ee7c-8f7e-420e-812a-a4b1f3140426 admin admin] Router c55dd56b-9d03-4fd3-89b7-1c04aa0b8aec has already been hosted by L3 agent cc787de5-2d22-46c0-a11c-bce90978ed3d {{(pid=94726) _get_candidates /opt/stack/neutron/neutron/scheduler/l3_agent_scheduler.py:126}}
Aug 27 23:11:24.609635 dv-cinder-760193-7-smb neutron-server[94726]: DEBUG neutron.api.rpc.agentnotifiers.l3_rpc_agent_api [None req-4d89ee7c-8f7e-420e-812a-a4b1f3140426 admin admin] Notify agent at l3_agent.dv-cinder-760193-7-smb the message routers_updated {{(pid=94726) _agent_notification /opt/stack/neutron/neutron/api/rpc/agentnotifiers/l3_rpc_agent_api.py:65}}
Aug 27 23:11:24.623021 dv-cinder-760193-7-smb neutron-server[94726]: INFO neutron.wsgi [None req-4d89ee7c-8f7e-420e-812a-a4b1f3140426 admin admin] 10.222.0.35 "PUT /v2.0/routers/c55dd56b-9d03-4fd3-89b7-1c04aa0b8aec/add_router_interface HTTP/1.1" status: 200 len: 503 time: 2.7889786
Aug 27 23:11:24.698598 dv-cinder-760193-7-smb neutron-server[94728]: DEBUG neutron.db.provisioning_blocks [None req-14d14fd5-6383-41c7-ae85-be9ad59bf663 None None] Provisioning complete for port 04e57d25-0d31-4d9b-9178-45de74d6af87 triggered by entity DHCP. {{(pid=94728) provisioning_complete /opt/stack/neutron/neutron/db/provisioning_blocks.py:139}}
Aug 27 23:11:24.699143 dv-cinder-760193-7-smb neutron-server[94728]: DEBUG neutron_lib.callbacks.manager [None req-14d14fd5-6383-41c7-ae85-be9ad59bf663 None None] Notify callbacks ['neutron.plugins.ml2.plugin.Ml2Plugin._port_provisioned-1400005'] for port, provisioning_complete {{(pid=94728) _notify_loop /usr/local/lib/python3.8/dist-packages/neutron_lib/callbacks/manager.py:192}}
Aug 27 23:11:24.734323 dv-cinder-760193-7-smb neutron-server[94728]: DEBUG neutron.plugins.ml2.plugin [None req-14d14fd5-6383-41c7-ae85-be9ad59bf663 None None] Port 04e57d25-0d31-4d9b-9178-45de74d6af87 cannot update to ACTIVE because it is not bound. {{(pid=94728) _port_provisioned /opt/stack/neutron/neutron/plugins/ml2/plugin.py:337}}
Aug 27 23:11:25.057589 dv-cinder-760193-7-smb neutron-server[94726]: DEBUG neutron.pecan_wsgi.hooks.policy_enforcement [req-79a2deec-1693-46bc-bcdd-fd28a11d38fc req-49db1d1a-6c33-4632-b616-343e6b5c7574 tempest-AttachVolumeTestJSON-1096708694 tempest-AttachVolumeTestJSON-1096708694-project] Attributes excluded by policy engine: ['standard_attr_id', 'binding:profile', 'binding:host_id', 'binding:vif_type', 'binding:vif_details'] {{(pid=94726) _exclude_attributes_by_policy /opt/stack/neutron/neutron/pecan_wsgi/hooks/policy_enforcement.py:255}}
Aug 27 23:11:25.059763 dv-cinder-760193-7-smb neutron-server[94726]: INFO neutron.wsgi [req-79a2deec-1693-46bc-bcdd-fd28a11d38fc req-49db1d1a-6c33-4632-b616-343e6b5c7574 tempest-AttachVolumeTestJSON-1096708694 tempest-AttachVolumeTestJSON-1096708694-project] 10.222.0.35 "GET /v2.0/ports?device_id=3456146b-f852-45a9-9db1-e2b86db0ace9 HTTP/1.1" status: 200 len: 945 time: 0.0531693
Aug 27 23:11:25.102725 dv-cinder-760193-7-smb neutron-server[94726]: INFO neutron.wsgi [req-79a2deec-1693-46bc-bcdd-fd28a11d38fc req-80996763-d4ee-41f6-b254-7cf441858e81 tempest-AttachVolumeTestJSON-1096708694 tempest-AttachVolumeTestJSON-1096708694-project] 10.222.0.35 "GET /v2.0/security-groups?id=64e8f37b-6fe3-4154-8bd6-53b2fa42512d&fields=id&fields=name HTTP/1.1" status: 200 len: 313 time: 0.0356126
Aug 27 23:11:25.438817 dv-cinder-760193-7-smb neutron-server[94728]: DEBUG neutron.api.rpc.handlers.l3_rpc [None req-036d07e6-b6c8-49e0-a8d5-972f5d774d66 None None] Sync routers for ids ['c55dd56b-9d03-4fd3-89b7-1c04aa0b8aec'] in dv-cinder-760193-7-smb {{(pid=94728) sync_routers /opt/stack/neutron/neutron/api/rpc/handlers/l3_rpc.py:125}}
Aug 27 23:11:25.464758 dv-cinder-760193-7-smb neutron-server[94728]: DEBUG neutron.db.l3_dvrscheduler_db [None req-036d07e6-b6c8-49e0-a8d5-972f5d774d66 None None] Routers {'c55dd56b-9d03-4fd3-89b7-1c04aa0b8aec'} bound to L3 agent in host dv-cinder-760193-7-smb {{(pid=94728) _get_router_ids_for_agent /opt/stack/neutron/neutron/db/l3_dvrscheduler_db.py:420}}
Aug 27 23:11:25.465497 dv-cinder-760193-7-smb neutron-server[94728]: DEBUG neutron.db.l3_hamode_db [None req-036d07e6-b6c8-49e0-a8d5-972f5d774d66 None None] neutron.services.l3_router.l3_router_plugin.L3RouterPlugin method get_ha_sync_data_for_host called with arguments (, 'dv-cinder-760193-7-smb', Agent(admin_state_up=True,agent_type='L3 agent',availability_zone='nova',binary='neutron-l3-agent',configurations={"agent_mode": "legacy", "ex_gw_ports": 4, "extensions": [], "floating_ips": 2, "handle_internal_only_routers": true, "interface_driver": "openvswitch", "interfaces": 4, "log_agent_heartbeats": false, "routers": 4},created_at=2021-08-27T23:00:01Z,description=,heartbeat_timestamp=2021-08-27T23:11:01Z,host='dv-cinder-760193-7-smb',id=cc787de5-2d22-46c0-a11c-bce90978ed3d,load=0,resource_versions=,resources_synced=,started_at=2021-08-27T23:00:02Z,topic='l3_agent')) {'router_ids': ['c55dd56b-9d03-4fd3-89b7-1c04aa0b8aec'], 'active': True} {{(pid=94728) wrapper /usr/local/lib/python3.8/dist-packages/oslo_log/helpers.py:65}}
Aug 27 23:11:25.499919 dv-cinder-760193-7-smb neutron-server[94727]: DEBUG neutron.wsgi [-] (94727) accepted ('10.222.0.35', 47198) {{(pid=94727) server /usr/local/lib/python3.8/dist-packages/eventlet/wsgi.py:982}}
Aug 27 23:11:25.501391 dv-cinder-760193-7-smb neutron-server[94726]: DEBUG neutron.pecan_wsgi.hooks.policy_enforcement [req-b888b156-8e39-4730-8a30-c31a9e8db7da req-2f3bfc8c-c39b-4336-88ee-e7b2504aa316 tempest-ServerRescueNegativeTestJSON-1694515135 tempest-ServerRescueNegativeTestJSON-1694515135-project] Attributes excluded by policy engine: ['standard_attr_id', 'binding:profile', 'binding:host_id', 'binding:vif_type', 'binding:vif_details'] {{(pid=94726) _exclude_attributes_by_policy /opt/stack/neutron/neutron/pecan_wsgi/hooks/policy_enforcement.py:255}}
Aug 27 23:11:25.503858 dv-cinder-760193-7-smb neutron-server[94726]: INFO neutron.wsgi [req-b888b156-8e39-4730-8a30-c31a9e8db7da req-2f3bfc8c-c39b-4336-88ee-e7b2504aa316 tempest-ServerRescueNegativeTestJSON-1694515135 tempest-ServerRescueNegativeTestJSON-1694515135-project] 10.222.0.35 "GET /v2.0/ports?device_id=0c34c250-1573-4d3a-b3b2-088c65e98dda HTTP/1.1" status: 200 len: 946 time: 0.0924523
Aug 27 23:11:25.505366 dv-cinder-760193-7-smb neutron-server[94727]: DEBUG neutron.api.v2.base [None req-a7805a0e-83a9-4e4f-a365-b2f7674c2a69 admin admin] Request body: {'network': {'name': 'tempest-TestShelveInstance-1681646307-network', 'tenant_id': '275753ed20d84308a69f164e732285f9'}} {{(pid=94727) prepare_request_body /opt/stack/neutron/neutron/api/v2/base.py:730}}
Aug 27 23:11:25.606367 dv-cinder-760193-7-smb neutron-server[94727]: DEBUG neutron.pecan_wsgi.hooks.quota_enforcement [None req-a7805a0e-83a9-4e4f-a365-b2f7674c2a69 admin admin] Made reservation on behalf of 275753ed20d84308a69f164e732285f9 for: {'network': 1} {{(pid=94727) before /opt/stack/neutron/neutron/pecan_wsgi/hooks/quota_enforcement.py:53}}
Aug 27 23:11:25.606513 dv-cinder-760193-7-smb neutron-server[94728]: DEBUG neutron.db.l3_dvr_db [None req-036d07e6-b6c8-49e0-a8d5-972f5d774d66 None None] Set router c55dd56b-9d03-4fd3-89b7-1c04aa0b8aec gateway port host: dv-cinder-760193-7-smb {{(pid=94728) _build_routers_list /opt/stack/neutron/neutron/db/l3_dvr_db.py:906}}
Aug 27 23:11:25.610707 dv-cinder-760193-7-smb neutron-server[94727]: DEBUG neutron_lib.callbacks.manager [None req-a7805a0e-83a9-4e4f-a365-b2f7674c2a69 admin admin] Notify callbacks ['neutron.plugins.ml2.plugin.SecurityGroupDbMixin._ensure_default_security_group_handler-1538892'] for network, before_create {{(pid=94727) _notify_loop /usr/local/lib/python3.8/dist-packages/neutron_lib/callbacks/manager.py:192}}
Aug 27 23:11:25.621137 dv-cinder-760193-7-smb neutron-server[94727]: DEBUG neutron_lib.callbacks.manager [None req-a7805a0e-83a9-4e4f-a365-b2f7674c2a69 admin admin] Notify callbacks [] for security_group, before_create {{(pid=94727) _notify_loop /usr/local/lib/python3.8/dist-packages/neutron_lib/callbacks/manager.py:192}}
Aug 27 23:11:25.749846 dv-cinder-760193-7-smb neutron-server[94727]: DEBUG neutron_lib.callbacks.manager [None req-a7805a0e-83a9-4e4f-a365-b2f7674c2a69 admin admin] Notify callbacks [] for security_group, precommit_create {{(pid=94727) _notify_loop /usr/local/lib/python3.8/dist-packages/neutron_lib/callbacks/manager.py:192}}
Aug 27 23:11:25.820886 dv-cinder-760193-7-smb neutron-server[94726]: INFO neutron.wsgi [req-b888b156-8e39-4730-8a30-c31a9e8db7da req-498b2c4c-7c0b-4b32-b820-039c33453c24 tempest-ServerRescueNegativeTestJSON-1694515135 tempest-ServerRescueNegativeTestJSON-1694515135-project] 10.222.0.35 "GET /v2.0/security-groups?id=21b3beb6-9726-46bf-a297-7fe8c33a6c3b&fields=id&fields=name HTTP/1.1" status: 200 len: 286 time: 0.3032486
Aug 27 23:11:25.837697 dv-cinder-760193-7-smb neutron-server[94727]: DEBUG neutron_lib.callbacks.manager [None req-a7805a0e-83a9-4e4f-a365-b2f7674c2a69 admin admin] Notify callbacks ['neutron.plugins.ml2.ovo_rpc._ObjectChangeHandler.handle_event-442143'] for security_group, after_create {{(pid=94727) _notify_loop /usr/local/lib/python3.8/dist-packages/neutron_lib/callbacks/manager.py:192}}
Aug 27 23:11:25.859476 dv-cinder-760193-7-smb neutron-server[94727]: DEBUG neutron.plugins.ml2.drivers.helpers [None req-a7805a0e-83a9-4e4f-a365-b2f7674c2a69 admin admin] vlan segment allocate from pool success with {'physical_network': 'physnet1', 'vlan_id': 235} {{(pid=94727) allocate_partially_specified_segment /opt/stack/neutron/neutron/plugins/ml2/drivers/helpers.py:153}}
Aug 27 23:11:25.868984 dv-cinder-760193-7-smb neutron-server[94728]: DEBUG neutron.plugins.ml2.rpc [None req-3c4c0210-22b4-4d64-9ded-a6625da86104 None None] Device 05d7264e-48dc-42a3-828d-77cae7e2f168 up at agent ovs-agent-dv-cinder-760193-7-smb {{(pid=94728) update_device_up /opt/stack/neutron/neutron/plugins/ml2/rpc.py:296}}
Aug 27 23:11:25.875395 dv-cinder-760193-7-smb neutron-server[94727]: DEBUG neutron.api.rpc.handlers.resources_rpc [None req-a7805a0e-83a9-4e4f-a365-b2f7674c2a69 admin admin] Pushing event updated for resources: {'SecurityGroup': ['ID=a09485af-4104-4e1a-8d98-151c9cd88a0a,revision_number=1']} {{(pid=94727) push /opt/stack/neutron/neutron/api/rpc/handlers/resources_rpc.py:237}}
Aug 27 23:11:25.878228 dv-cinder-760193-7-smb neutron-server[94727]: DEBUG neutron_lib.callbacks.manager [None req-a7805a0e-83a9-4e4f-a365-b2f7674c2a69 admin admin] Notify callbacks ['neutron.plugins.ml2.plugin.Ml2Plugin._handle_segment_change-1491006'] for segment, precommit_create {{(pid=94727) _notify_loop /usr/local/lib/python3.8/dist-packages/neutron_lib/callbacks/manager.py:192}}
Aug 27 23:11:25.878572 dv-cinder-760193-7-smb neutron-server[94727]: INFO neutron.db.segments_db [None req-a7805a0e-83a9-4e4f-a365-b2f7674c2a69 admin admin] Added segment e2e48afa-2a30-42f7-bfc1-a602928997d8 of type vlan for network 01a20e84-73ff-4e6c-bb28-dc41bcd5a94e
Aug 27 23:11:25.927944 dv-cinder-760193-7-smb neutron-server[94727]: DEBUG neutron_lib.callbacks.manager [None req-a7805a0e-83a9-4e4f-a365-b2f7674c2a69 admin admin] Notify callbacks ['neutron.services.auto_allocate.db._ensure_external_network_default_value_callback-8794071896935'] for network, precommit_create {{(pid=94727) _notify_loop /usr/local/lib/python3.8/dist-packages/neutron_lib/callbacks/manager.py:192}}
Aug 27 23:11:25.973818 dv-cinder-760193-7-smb neutron-server[94728]: DEBUG neutron.db.l3_hamode_db [None req-036d07e6-b6c8-49e0-a8d5-972f5d774d66 None None] neutron.services.l3_router.l3_router_plugin.L3RouterPlugin method _process_sync_ha_data called with arguments (, [{'id': 'c55dd56b-9d03-4fd3-89b7-1c04aa0b8aec', 'name': 'tempest-TestShelveInstance-2088913153-router', 'tenant_id': 'd51eb53ab03444329932f98e26c0d32e', 'admin_state_up': True, 'status': 'ACTIVE', 'external_gateway_info': {'network_id': 'a3656010-6517-4edf-85e8-dbb9189f671f', 'external_fixed_ips': [{'subnet_id': '1aa90c70-63cc-4d66-883d-4207a3881b0d', 'ip_address': '172.28.1.174'}], 'enable_snat': True}, 'gw_port_id': '05d7264e-48dc-42a3-828d-77cae7e2f168', 'description': '', 'availability_zones': ['nova'], 'distributed': False, 'ha': False, 'ha_vr_id': 0, 'availability_zone_hints': [], 'routes': [], 'flavor_id': None, 'tags': [], 'created_at': '2021-08-27T23:11:19Z', 'updated_at': '2021-08-27T23:11:23Z', 'revision_number': 4, 'project_id': 'd51eb53ab03444329932f98e26c0d32e', 'gw_port': {'id': '05d7264e-48dc-42a3-828d-77cae7e2f168', 'name': '', 'network_id': 'a3656010-6517-4edf-85e8-dbb9189f671f', 'tenant_id': '', 'mac_address': 'fa:16:3e:18:8b:0d', 'admin_state_up': True, 'status': 'DOWN', 'device_id': 'c55dd56b-9d03-4fd3-89b7-1c04aa0b8aec', 'device_owner': 'network:router_gateway', 'standard_attr_id': 327, 'fixed_ips': [{'subnet_id': '1aa90c70-63cc-4d66-883d-4207a3881b0d', 'ip_address': '172.28.1.174', 'prefixlen': 24}], 'allowed_address_pairs': [], 'extra_dhcp_opts': [], 'security_groups': [], 'description': '', 'binding:vnic_type': 'normal', 'binding:profile': {}, 'binding:host_id': 'dv-cinder-760193-7-smb', 'binding:vif_type': 'ovs', 'binding:vif_details': {'connectivity': 'l2', 'port_filter': True, 'ovs_hybrid_plug': False, 'datapath_type': 'system', 'bridge_name': 'br-int'}, 'port_security_enabled': False, 'tags': [], 'created_at': '2021-08-27T23:11:20Z', 'updated_at': '2021-08-27T23:11:22Z', 'revision_number': 3, 'project_id': '', 'subnets': [{'id': '1aa90c70-63cc-4d66-883d-4207a3881b0d', 'cidr': '172.28.1.0/24', 'gateway_ip': '172.28.1.1', 'dns_nameservers': [], 'ipv6_ra_mode': None, 'subnetpool_id': None}], 'extra_subnets': [], 'address_scopes': {4: None, 6: None}, 'mtu': 1500}, 'enable_snat': True, 'gw_port_host': 'dv-cinder-760193-7-smb', '_interfaces': [{'id': '04e57d25-0d31-4d9b-9178-45de74d6af87', 'name': '', 'network_id': 'e88471de-5a60-4eb0-b57e-7792219682b4', 'tenant_id': 'd51eb53ab03444329932f98e26c0d32e', 'mac_address': 'fa:16:3e:22:4c:f8', 'admin_state_up': True, 'status': 'DOWN', 'device_id': 'c55dd56b-9d03-4fd3-89b7-1c04aa0b8aec', 'device_owner': 'network:router_interface', 'standard_attr_id': 333, 'fixed_ips': [{'subnet_id': '7c4213cb-67da-4028-ae93-17694b36bc5f', 'ip_address': '172.20.0.1', 'prefixlen': 28}], 'allowed_address_pairs': [], 'extra_dhcp_opts': [], 'security_groups': [], 'description': '', 'binding:vnic_type': 'normal', 'binding:profile': {}, 'binding:host_id': '', 'binding:vif_type': 'unbound', 'binding:vif_details': {}, 'port_security_enabled': False, 'tags': [], 'created_at': '2021-08-27T23:11:22Z', 'updated_at': '2021-08-27T23:11:23Z', 'revision_number': 2, 'project_id': 'd51eb53ab03444329932f98e26c0d32e', 'subnets': [{'id': '7c4213cb-67da-4028-ae93-17694b36bc5f', 'cidr': '172.20.0.0/28', 'gateway_ip': '172.20.0.1', 'dns_nameservers': [], 'ipv6_ra_mode': None, 'subnetpool_id': None}], 'extra_subnets': [], 'address_scopes': {4: None, 6: None}, 'mtu': 1500}]}], 'dv-cinder-760193-7-smb', False) {} {{(pid=94728) wrapper /usr/local/lib/python3.8/dist-packages/oslo_log/helpers.py:65}}
Aug 27 23:11:25.999151 dv-cinder-760193-7-smb neutron-server[94728]: DEBUG neutron.api.rpc.handlers.l3_rpc [None req-036d07e6-b6c8-49e0-a8d5-972f5d774d66 None None] Checking router: c55dd56b-9d03-4fd3-89b7-1c04aa0b8aec for host: dv-cinder-760193-7-smb {{(pid=94728) _ensure_host_set_on_ports /opt/stack/neutron/neutron/api/rpc/handlers/l3_rpc.py:155}}
Aug 27 23:11:25.999517 dv-cinder-760193-7-smb neutron-server[94728]: DEBUG neutron.api.rpc.handlers.l3_rpc [None req-036d07e6-b6c8-49e0-a8d5-972f5d774d66 None None] Updating router c55dd56b-9d03-4fd3-89b7-1c04aa0b8aec port 04e57d25-0d31-4d9b-9178-45de74d6af87 binding host dv-cinder-760193-7-smb {{(pid=94728) _ensure_host_set_on_port /opt/stack/neutron/neutron/api/rpc/handlers/l3_rpc.py:205}}
Aug 27 23:11:26.005464 dv-cinder-760193-7-smb neutron-server[94727]: DEBUG neutron_lib.callbacks.manager [None req-a7805a0e-83a9-4e4f-a365-b2f7674c2a69 admin admin] Notify callbacks ['neutron.plugins.ml2.ovo_rpc._ObjectChangeHandler.handle_event-442188', 'neutron.api.rpc.agentnotifiers.dhcp_rpc_agent_api.DhcpAgentNotifyAPI._native_event_send_dhcp_notification-1686919'] for network, after_create {{(pid=94727) _notify_loop /usr/local/lib/python3.8/dist-packages/neutron_lib/callbacks/manager.py:192}}
Aug 27 23:11:26.006435 dv-cinder-760193-7-smb neutron-server[94727]: DEBUG neutron.pecan_wsgi.hooks.policy_enforcement [None req-a7805a0e-83a9-4e4f-a365-b2f7674c2a69 admin admin] Attributes excluded by policy engine: ['standard_attr_id', 'vlan_transparent'] {{(pid=94727) _exclude_attributes_by_policy /opt/stack/neutron/neutron/pecan_wsgi/hooks/policy_enforcement.py:255}}
Aug 27 23:11:26.007022 dv-cinder-760193-7-smb neutron-server[94727]: DEBUG neutron_lib.callbacks.manager [None req-a7805a0e-83a9-4e4f-a365-b2f7674c2a69 admin admin] Notify callbacks ['neutron.api.rpc.agentnotifiers.dhcp_rpc_agent_api.DhcpAgentNotifyAPI._send_dhcp_notification-1686901'] for network, before_response {{(pid=94727) _notify_loop /usr/local/lib/python3.8/dist-packages/neutron_lib/callbacks/manager.py:192}}
Aug 27 23:11:26.023985 dv-cinder-760193-7-smb neutron-server[94728]: DEBUG neutron_lib.callbacks.manager [None req-036d07e6-b6c8-49e0-a8d5-972f5d774d66 None None] Notify callbacks ['neutron.plugins.ml2.plugin.SecurityGroupDbMixin._ensure_default_security_group_handler-1538892'] for port, before_update {{(pid=94728) _notify_loop /usr/local/lib/python3.8/dist-packages/neutron_lib/callbacks/manager.py:192}}
Aug 27 23:11:26.040083 dv-cinder-760193-7-smb neutron-server[94728]: DEBUG neutron.db.provisioning_blocks [None req-3c4c0210-22b4-4d64-9ded-a6625da86104 None None] Provisioning for port 05d7264e-48dc-42a3-828d-77cae7e2f168 completed by entity L2. {{(pid=94728) provisioning_complete /opt/stack/neutron/neutron/db/provisioning_blocks.py:133}}
Aug 27 23:11:26.046086 dv-cinder-760193-7-smb neutron-server[94728]: DEBUG neutron.db.provisioning_blocks [None req-3c4c0210-22b4-4d64-9ded-a6625da86104 None None] Provisioning complete for port 05d7264e-48dc-42a3-828d-77cae7e2f168 triggered by entity L2. {{(pid=94728) provisioning_complete /opt/stack/neutron/neutron/db/provisioning_blocks.py:139}}
Aug 27 23:11:26.046520 dv-cinder-760193-7-smb neutron-server[94728]: DEBUG neutron_lib.callbacks.manager [None req-3c4c0210-22b4-4d64-9ded-a6625da86104 None None] Notify callbacks ['neutron.plugins.ml2.plugin.Ml2Plugin._port_provisioned-1400005'] for port, provisioning_complete {{(pid=94728) _notify_loop /usr/local/lib/python3.8/dist-packages/neutron_lib/callbacks/manager.py:192}}
Aug 27 23:11:26.072585 dv-cinder-760193-7-smb neutron-server[94727]: DEBUG neutron.api.rpc.handlers.resources_rpc [None req-a7805a0e-83a9-4e4f-a365-b2f7674c2a69 admin admin] Pushing event updated for resources: {'Network': ['ID=01a20e84-73ff-4e6c-bb28-dc41bcd5a94e,revision_number=1']} {{(pid=94727) push /opt/stack/neutron/neutron/api/rpc/handlers/resources_rpc.py:237}}
Aug 27 23:11:26.090118 dv-cinder-760193-7-smb neutron-server[94728]: DEBUG neutron.plugins.ml2.rpc [None req-3c4c0210-22b4-4d64-9ded-a6625da86104 None None] Network 01a20e84-73ff-4e6c-bb28-dc41bcd5a94e details requested by agent ovs-agent-dv-cinder-760193-7-smb with host dv-cinder-760193-7-smb {{(pid=94728) get_network_details /opt/stack/neutron/neutron/plugins/ml2/rpc.py:248}}
Aug 27 23:11:26.126108 dv-cinder-760193-7-smb neutron-server[94727]: INFO neutron.wsgi [None req-a7805a0e-83a9-4e4f-a365-b2f7674c2a69 admin admin] 10.222.0.35 "POST /v2.0/networks HTTP/1.1" status: 201 len: 882 time: 0.6247106
Aug 27 23:11:26.128798 dv-cinder-760193-7-smb neutron-server[94726]: DEBUG neutron.wsgi [-] (94726) accepted ('10.222.0.35', 47208) {{(pid=94726) server /usr/local/lib/python3.8/dist-packages/eventlet/wsgi.py:982}}
Aug 27 23:11:26.134186 dv-cinder-760193-7-smb neutron-server[94726]: DEBUG neutron.api.v2.base [None req-60474831-0529-4051-a8f9-f2a5b02337e0 admin admin] Request body: {'subnet': {'network_id': '01a20e84-73ff-4e6c-bb28-dc41bcd5a94e', 'cidr': '172.20.0.0/28', 'name': 'tempest-TestShelveInstance-1681646307-subnet', 'tenant_id': '275753ed20d84308a69f164e732285f9', 'ip_version': 4}} {{(pid=94726) prepare_request_body /opt/stack/neutron/neutron/api/v2/base.py:730}}
Aug 27 23:11:26.225374 dv-cinder-760193-7-smb neutron-server[94726]: DEBUG neutron.pecan_wsgi.hooks.policy_enforcement [req-2f52706e-1a1a-4599-bdab-d09720a2638d req-ec32ecf4-2773-4bc5-a0c2-a2724f13cb44 tempest-AttachVolumeTestJSON-1096708694 tempest-AttachVolumeTestJSON-1096708694-project] Attributes excluded by policy engine: ['standard_attr_id', 'binding:profile', 'binding:host_id', 'binding:vif_type', 'binding:vif_details'] {{(pid=94726) _exclude_attributes_by_policy /opt/stack/neutron/neutron/pecan_wsgi/hooks/policy_enforcement.py:255}}
Aug 27 23:11:26.226810 dv-cinder-760193-7-smb neutron-server[94726]: INFO neutron.wsgi [req-2f52706e-1a1a-4599-bdab-d09720a2638d req-ec32ecf4-2773-4bc5-a0c2-a2724f13cb44 tempest-AttachVolumeTestJSON-1096708694 tempest-AttachVolumeTestJSON-1096708694-project] 10.222.0.35 "GET /v2.0/ports?device_id=3456146b-f852-45a9-9db1-e2b86db0ace9 HTTP/1.1" status: 200 len: 945 time: 0.0491693
Aug 27 23:11:26.240392 dv-cinder-760193-7-smb neutron-server[94726]: DEBUG neutron.pecan_wsgi.hooks.quota_enforcement [None req-60474831-0529-4051-a8f9-f2a5b02337e0 admin admin] Made reservation on behalf of 275753ed20d84308a69f164e732285f9 for: {'subnet': 1} {{(pid=94726) before /opt/stack/neutron/neutron/pecan_wsgi/hooks/quota_enforcement.py:53}}
Aug 27 23:11:26.242606 dv-cinder-760193-7-smb neutron-server[94726]: DEBUG neutron_lib.callbacks.manager [None req-60474831-0529-4051-a8f9-f2a5b02337e0 admin admin] Notify callbacks ['neutron.services.segments.plugin.SegmentHostRoutes.host_routes_before_create-14461362'] for subnet, before_create {{(pid=94726) _notify_loop /usr/local/lib/python3.8/dist-packages/neutron_lib/callbacks/manager.py:192}}
Aug 27 23:11:26.311103 dv-cinder-760193-7-smb neutron-server[94726]: INFO neutron.wsgi [req-2f52706e-1a1a-4599-bdab-d09720a2638d req-b025962d-71f1-4d03-88ac-5dbf4e993d2e tempest-AttachVolumeTestJSON-1096708694 tempest-AttachVolumeTestJSON-1096708694-project] 10.222.0.35 "GET /v2.0/security-groups?id=64e8f37b-6fe3-4154-8bd6-53b2fa42512d&fields=id&fields=name HTTP/1.1" status: 200 len: 313 time: 0.0780098
Aug 27 23:11:26.350949 dv-cinder-760193-7-smb neutron-server[94728]: DEBUG neutron_lib.callbacks.manager [None req-3c4c0210-22b4-4d64-9ded-a6625da86104 None None] Notify callbacks ['neutron.plugins.ml2.plugin.SecurityGroupDbMixin._ensure_default_security_group_handler-1538892'] for port, before_update {{(pid=94728) _notify_loop /usr/local/lib/python3.8/dist-packages/neutron_lib/callbacks/manager.py:192}}
Aug 27 23:11:26.394655 dv-cinder-760193-7-smb neutron-server[94728]: DEBUG neutron.plugins.ml2.db [None req-3c4c0210-22b4-4d64-9ded-a6625da86104 None None] For port 05d7264e-48dc-42a3-828d-77cae7e2f168, host dv-cinder-760193-7-smb, got binding levels [PortBindingLevel(driver='openvswitch',host='dv-cinder-760193-7-smb',level=0,port_id=05d7264e-48dc-42a3-828d-77cae7e2f168,segment=NetworkSegment(bdc1db8a-e592-4432-ada4-81c981ecce3e),segment_id=bdc1db8a-e592-4432-ada4-81c981ecce3e)] {{(pid=94728) get_binding_level_objs /opt/stack/neutron/neutron/plugins/ml2/db.py:74}}
Aug 27 23:11:26.469049 dv-cinder-760193-7-smb neutron-server[94728]: DEBUG neutron_lib.callbacks.manager [None req-036d07e6-b6c8-49e0-a8d5-972f5d774d66 None None] Notify callbacks [] for port, precommit_update {{(pid=94728) _notify_loop /usr/local/lib/python3.8/dist-packages/neutron_lib/callbacks/manager.py:192}}
Aug 27 23:11:26.480126 dv-cinder-760193-7-smb neutron-server[94728]: DEBUG neutron.db.provisioning_blocks [None req-036d07e6-b6c8-49e0-a8d5-972f5d774d66 None None] Transition to ACTIVE for port object 04e57d25-0d31-4d9b-9178-45de74d6af87 will not be triggered until provisioned by entity L2. {{(pid=94728) add_provisioning_component /opt/stack/neutron/neutron/db/provisioning_blocks.py:73}}
Aug 27 23:11:26.518114 dv-cinder-760193-7-smb neutron-server[94728]: DEBUG neutron_lib.callbacks.manager [None req-3c4c0210-22b4-4d64-9ded-a6625da86104 None None] Notify callbacks ['neutron.plugins.ml2.plugin.SecurityGroupServerNotifierRpcMixin._notify_sg_on_port_change-1538819', 'neutron.plugins.ml2.ovo_rpc._ObjectChangeHandler.handle_event-239649', 'neutron.api.rpc.agentnotifiers.dhcp_rpc_agent_api.DhcpAgentNotifyAPI._native_event_send_dhcp_notification-1686919', 'neutron.db.l3_db.L3RpcNotifierMixin._notify_gateway_port_ip_changed-8794072368945', 'neutron.db.l3_dvrscheduler_db._notify_l3_agent_port_update-8794071912726', 'neutron.db.l3_hascheduler_db._notify_l3_agent_ha_port_update-8794071912744'] for port, after_update {{(pid=94728) _notify_loop /usr/local/lib/python3.8/dist-packages/neutron_lib/callbacks/manager.py:192}}
Aug 27 23:11:26.566048 dv-cinder-760193-7-smb neutron-server[94728]: DEBUG neutron.api.rpc.handlers.resources_rpc [None req-3c4c0210-22b4-4d64-9ded-a6625da86104 None None] Pushing event updated for resources: {'Port': ['ID=05d7264e-48dc-42a3-828d-77cae7e2f168,revision_number=4']} {{(pid=94728) push /opt/stack/neutron/neutron/api/rpc/handlers/resources_rpc.py:237}}
Aug 27 23:11:26.614702 dv-cinder-760193-7-smb neutron-server[94728]: DEBUG neutron_lib.callbacks.manager [None req-036d07e6-b6c8-49e0-a8d5-972f5d774d66 None None] Notify callbacks ['neutron.plugins.ml2.plugin.SecurityGroupServerNotifierRpcMixin._notify_sg_on_port_change-1538819', 'neutron.plugins.ml2.ovo_rpc._ObjectChangeHandler.handle_event-239649', 'neutron.api.rpc.agentnotifiers.dhcp_rpc_agent_api.DhcpAgentNotifyAPI._native_event_send_dhcp_notification-1686919', 'neutron.db.l3_db.L3RpcNotifierMixin._notify_gateway_port_ip_changed-8794072368945', 'neutron.db.l3_dvrscheduler_db._notify_l3_agent_port_update-8794071912726', 'neutron.db.l3_hascheduler_db._notify_l3_agent_ha_port_update-8794071912744'] for port, after_update {{(pid=94728) _notify_loop /usr/local/lib/python3.8/dist-packages/neutron_lib/callbacks/manager.py:192}}
Aug 27 23:11:26.665518 dv-cinder-760193-7-smb neutron-server[94728]: DEBUG neutron.api.rpc.handlers.resources_rpc [None req-b29d8d15-975a-47d6-989e-f8e1c8472215 None None] Pushing event updated for resources: {'Port': ['ID=04e57d25-0d31-4d9b-9178-45de74d6af87,revision_number=3']} {{(pid=94728) push /opt/stack/neutron/neutron/api/rpc/handlers/resources_rpc.py:237}}
Aug 27 23:11:26.689671 dv-cinder-760193-7-smb neutron-server[94726]: DEBUG neutron_lib.callbacks.manager [None req-60474831-0529-4051-a8f9-f2a5b02337e0 admin admin] Notify callbacks ['neutron.plugins.ml2.ovo_rpc._ObjectChangeHandler.handle_event-442295', 'neutron.api.rpc.agentnotifiers.dhcp_rpc_agent_api.DhcpAgentNotifyAPI._native_event_send_dhcp_notification-1686919', 'neutron.services.segments.plugin.NovaSegmentNotifier._notify_subnet_created-15948059', 'neutron.services.segments.plugin.SegmentHostRoutes.host_routes_after_create-14461376'] for subnet, after_create {{(pid=94726) _notify_loop /usr/local/lib/python3.8/dist-packages/neutron_lib/callbacks/manager.py:192}}
Aug 27 23:11:26.772914 dv-cinder-760193-7-smb neutron-server[94726]: DEBUG neutron.api.rpc.handlers.resources_rpc [None req-60474831-0529-4051-a8f9-f2a5b02337e0 admin admin] Pushing event updated for resources: {'Subnet': ['ID=86cd9402-a6a5-412b-8406-1a37ec63d9a4,revision_number=0']} {{(pid=94726) push /opt/stack/neutron/neutron/api/rpc/handlers/resources_rpc.py:237}}
Aug 27 23:11:26.785690 dv-cinder-760193-7-smb neutron-server[94726]: DEBUG neutron.plugins.ml2.drivers.mech_agent [None req-60474831-0529-4051-a8f9-f2a5b02337e0 admin admin] Checking segment: {'id': 'e2e48afa-2a30-42f7-bfc1-a602928997d8', 'network_type': 'vlan', 'physical_network': 'physnet1', 'segmentation_id': 235, 'network_id': '01a20e84-73ff-4e6c-bb28-dc41bcd5a94e'} for mappings: {'physnet1': 'br-data'} with network types: ['local', 'flat', 'vlan'] {{(pid=94726) check_segment_for_agent /opt/stack/neutron/neutron/plugins/ml2/drivers/mech_agent.py:352}}
Aug 27 23:11:26.786213 dv-cinder-760193-7-smb neutron-server[94726]: DEBUG neutron.scheduler.dhcp_agent_scheduler [None req-60474831-0529-4051-a8f9-f2a5b02337e0 admin admin] Network hostable DHCP agents. Network: 01a20e84-73ff-4e6c-bb28-dc41bcd5a94e, hostable agents: ['8dfb4ae9-1cbf-4498-a6bf-0d7154f85378'], hosted agents: [] {{(pid=94726) _get_network_hostable_dhcp_agents /opt/stack/neutron/neutron/scheduler/dhcp_agent_scheduler.py:329}}
Aug 27 23:11:26.875614 dv-cinder-760193-7-smb neutron-server[94728]: DEBUG neutron.plugins.ml2.managers [None req-036d07e6-b6c8-49e0-a8d5-972f5d774d66 None None] Attempting to bind port 04e57d25-0d31-4d9b-9178-45de74d6af87 on host dv-cinder-760193-7-smb for vnic_type normal with profile {{(pid=94728) bind_port /opt/stack/neutron/neutron/plugins/ml2/managers.py:790}}
Aug 27 23:11:26.875614 dv-cinder-760193-7-smb neutron-server[94728]: DEBUG neutron.plugins.ml2.managers [None req-036d07e6-b6c8-49e0-a8d5-972f5d774d66 None None] Attempting to bind port 04e57d25-0d31-4d9b-9178-45de74d6af87 by drivers openvswitch,hyperv on host dv-cinder-760193-7-smb at level 0 using segments [{'id': '25c80958-960f-417d-bd2d-74cc90d2975e', 'network_type': 'vlan', 'physical_network': 'physnet1', 'segmentation_id': 225, 'network_id': 'e88471de-5a60-4eb0-b57e-7792219682b4'}] {{(pid=94728) _bind_port_level /opt/stack/neutron/neutron/plugins/ml2/managers.py:815}}
Aug 27 23:11:26.875614 dv-cinder-760193-7-smb neutron-server[94728]: DEBUG neutron.plugins.ml2.drivers.mech_agent [None req-036d07e6-b6c8-49e0-a8d5-972f5d774d66 None None] Attempting to bind port 04e57d25-0d31-4d9b-9178-45de74d6af87 on network e88471de-5a60-4eb0-b57e-7792219682b4 {{(pid=94728) bind_port /opt/stack/neutron/neutron/plugins/ml2/drivers/mech_agent.py:85}}
Aug 27 23:11:26.882966 dv-cinder-760193-7-smb neutron-server[94728]: DEBUG neutron.plugins.ml2.drivers.mech_agent [None req-036d07e6-b6c8-49e0-a8d5-972f5d774d66 None None] Checking agent: {'id': '9f96f3a8-6c0f-47a6-babe-c3344294c0ac', 'agent_type': 'Open vSwitch agent', 'binary': 'neutron-openvswitch-agent', 'topic': 'N/A', 'host': 'dv-cinder-760193-7-smb', 'admin_state_up': True, 'created_at': datetime.datetime(2021, 8, 27, 23, 0, 2), 'started_at': datetime.datetime(2021, 8, 27, 23, 0, 32), 'heartbeat_timestamp': datetime.datetime(2021, 8, 27, 23, 11, 2), 'description': None, 'resources_synced': None, 'availability_zone': None, 'alive': True, 'configurations': {'arp_responder_enabled': False, 'baremetal_smartnic': False, 'bridge_mappings': {'physnet1': 'br-data'}, 'datapath_type': 'system', 'devices': 0, 'enable_distributed_routing': False, 'extensions': [], 'in_distributed_mode': False, 'integration_bridge': 'br-int', 'l2_population': False, 'log_agent_heartbeats': False, 'ovs_capabilities': {'datapath_types': ['netdev', 'system'], 'iface_types': ['erspan', 'geneve', 'gre', 'internal', 'ip6erspan', 'ip6gre', 'lisp', 'patch', 'stt', 'system', 'tap', 'vxlan']}, 'ovs_hybrid_plug': False, 'resource_provider_bandwidths': {}, 'resource_provider_hypervisors': {'br-data': 'dv-cinder-760193-7-smb'}, 'resource_provider_inventory_defaults': {'allocation_ratio': 1.0, 'min_unit': 1, 'step_size': 1, 'reserved': 0}, 'tunnel_types': [], 'tunneling_ip': None, 'vhostuser_socket_dir': '/var/run/openvswitch'}, 'resource_versions': {'AddressGroup': '1.2', 'ConntrackHelper': '1.0', 'Log': '1.0', 'Network': '1.1', 'Port': '1.7', 'PortForwarding': '1.2', 'QosPolicy': '1.9', 'SecurityGroup': '1.4', 'SecurityGroupRule': '1.2', 'SubPort': '1.0', 'Subnet': '1.1', 'Trunk': '1.1'}} {{(pid=94728) bind_port /opt/stack/neutron/neutron/plugins/ml2/drivers/mech_agent.py:104}}
Aug 27 23:11:26.882966 dv-cinder-760193-7-smb neutron-server[94728]: DEBUG neutron.plugins.ml2.drivers.mech_agent [None req-036d07e6-b6c8-49e0-a8d5-972f5d774d66 None None] Checking segment: {'id': '25c80958-960f-417d-bd2d-74cc90d2975e', 'network_type': 'vlan', 'physical_network': 'physnet1', 'segmentation_id': 225, 'network_id': 'e88471de-5a60-4eb0-b57e-7792219682b4'} for mappings: {'physnet1': 'br-data'} with network types: ['local', 'flat', 'vlan'] {{(pid=94728) check_segment_for_agent /opt/stack/neutron/neutron/plugins/ml2/drivers/mech_agent.py:352}}
Aug 27 23:11:26.882966 dv-cinder-760193-7-smb neutron-server[94728]: DEBUG neutron_lib.callbacks.manager [None req-036d07e6-b6c8-49e0-a8d5-972f5d774d66 None None] Notify callbacks [] for ovs_bridge_name, before_read {{(pid=94728) _notify_loop /usr/local/lib/python3.8/dist-packages/neutron_lib/callbacks/manager.py:192}}
Aug 27 23:11:26.882966 dv-cinder-760193-7-smb neutron-server[94728]: DEBUG neutron.plugins.ml2.drivers.mech_agent [None req-036d07e6-b6c8-49e0-a8d5-972f5d774d66 None None] Bound using segment: {'id': '25c80958-960f-417d-bd2d-74cc90d2975e', 'network_type': 'vlan', 'physical_network': 'physnet1', 'segmentation_id': 225, 'network_id': 'e88471de-5a60-4eb0-b57e-7792219682b4'} {{(pid=94728) bind_port /opt/stack/neutron/neutron/plugins/ml2/drivers/mech_agent.py:114}}
Aug 27 23:11:26.882966 dv-cinder-760193-7-smb neutron-server[94728]: DEBUG neutron.plugins.ml2.managers [None req-036d07e6-b6c8-49e0-a8d5-972f5d774d66 None None] Bound port: 04e57d25-0d31-4d9b-9178-45de74d6af87, host: dv-cinder-760193-7-smb, vif_type: ovs, vif_details: {"connectivity": "l2", "port_filter": true, "ovs_hybrid_plug": false, "datapath_type": "system", "bridge_name": "br-int"}, binding_levels: [{'bound_driver': 'openvswitch', 'bound_segment': {'id': '25c80958-960f-417d-bd2d-74cc90d2975e', 'network_type': 'vlan', 'physical_network': 'physnet1', 'segmentation_id': 225, 'network_id': 'e88471de-5a60-4eb0-b57e-7792219682b4'}}] {{(pid=94728) _bind_port_level /opt/stack/neutron/neutron/plugins/ml2/managers.py:928}}
Aug 27 23:11:26.883968 dv-cinder-760193-7-smb neutron-server[94728]: DEBUG neutron_lib.callbacks.manager [None req-036d07e6-b6c8-49e0-a8d5-972f5d774d66 None None] Notify callbacks ['neutron.plugins.ml2.plugin.SecurityGroupDbMixin._ensure_default_security_group_handler-1538892'] for port, before_update {{(pid=94728) _notify_loop /usr/local/lib/python3.8/dist-packages/neutron_lib/callbacks/manager.py:192}}
Aug 27 23:11:26.922483 dv-cinder-760193-7-smb neutron-server[94726]: DEBUG neutron.scheduler.dhcp_agent_scheduler [None req-60474831-0529-4051-a8f9-f2a5b02337e0 admin admin] Network 01a20e84-73ff-4e6c-bb28-dc41bcd5a94e is scheduled to be hosted by DHCP agent 8dfb4ae9-1cbf-4498-a6bf-0d7154f85378 with binding_index 1 {{(pid=94726) bind /opt/stack/neutron/neutron/scheduler/dhcp_agent_scheduler.py:227}}
Aug 27 23:11:26.951625 dv-cinder-760193-7-smb neutron-server[94728]: DEBUG neutron.plugins.ml2.db [None req-036d07e6-b6c8-49e0-a8d5-972f5d774d66 None None] For port 04e57d25-0d31-4d9b-9178-45de74d6af87, host dv-cinder-760193-7-smb, cleared binding levels {{(pid=94728) clear_binding_levels /opt/stack/neutron/neutron/plugins/ml2/db.py:87}}
Aug 27 23:11:26.962318 dv-cinder-760193-7-smb neutron-server[94728]: DEBUG neutron.plugins.ml2.db [None req-036d07e6-b6c8-49e0-a8d5-972f5d774d66 None None] For port 04e57d25-0d31-4d9b-9178-45de74d6af87, host dv-cinder-760193-7-smb, set binding levels [PortBindingLevel(driver='openvswitch',host='dv-cinder-760193-7-smb',level=0,port_id=04e57d25-0d31-4d9b-9178-45de74d6af87,segment=NetworkSegment(25c80958-960f-417d-bd2d-74cc90d2975e),segment_id=25c80958-960f-417d-bd2d-74cc90d2975e)] {{(pid=94728) set_binding_levels /opt/stack/neutron/neutron/plugins/ml2/db.py:59}}
Aug 27 23:11:26.965740 dv-cinder-760193-7-smb neutron-server[94726]: DEBUG neutron.pecan_wsgi.hooks.policy_enforcement [req-c46db6b4-ec84-4808-8e9e-f12a384094bc req-b3915d3c-f985-4d8b-a273-122103311380 tempest-ServerRescueNegativeTestJSON-1694515135 tempest-ServerRescueNegativeTestJSON-1694515135-project] Attributes excluded by policy engine: ['standard_attr_id', 'binding:profile', 'binding:host_id', 'binding:vif_type', 'binding:vif_details'] {{(pid=94726) _exclude_attributes_by_policy /opt/stack/neutron/neutron/pecan_wsgi/hooks/policy_enforcement.py:255}}
Aug 27 23:11:26.967298 dv-cinder-760193-7-smb neutron-server[94726]: INFO neutron.wsgi [req-c46db6b4-ec84-4808-8e9e-f12a384094bc req-b3915d3c-f985-4d8b-a273-122103311380 tempest-ServerRescueNegativeTestJSON-1694515135 tempest-ServerRescueNegativeTestJSON-1694515135-project] 10.222.0.35 "GET /v2.0/ports?device_id=0c34c250-1573-4d3a-b3b2-088c65e98dda HTTP/1.1" status: 200 len: 946 time: 0.0589948
Aug 27 23:11:27.004105 dv-cinder-760193-7-smb neutron-server[94726]: DEBUG neutron.scheduler.base_scheduler [None req-60474831-0529-4051-a8f9-f2a5b02337e0 admin admin] Resources bound (agent type, host, resource id): (DHCP agent, dv-cinder-760193-7-smb, 01a20e84-73ff-4e6c-bb28-dc41bcd5a94e) {{(pid=94726) schedule /opt/stack/neutron/neutron/scheduler/base_scheduler.py:57}}
Aug 27 23:11:27.012731 dv-cinder-760193-7-smb neutron-server[94726]: INFO neutron.wsgi [req-c46db6b4-ec84-4808-8e9e-f12a384094bc req-10445688-2755-461d-9391-1f7f41f5f00d tempest-ServerRescueNegativeTestJSON-1694515135 tempest-ServerRescueNegativeTestJSON-1694515135-project] 10.222.0.35 "GET /v2.0/security-groups?id=21b3beb6-9726-46bf-a297-7fe8c33a6c3b&fields=id&fields=name HTTP/1.1" status: 200 len: 286 time: 0.0362139
Aug 27 23:11:27.014693 dv-cinder-760193-7-smb neutron-server[94726]: DEBUG neutron.pecan_wsgi.hooks.policy_enforcement [None req-60474831-0529-4051-a8f9-f2a5b02337e0 admin admin] Attributes excluded by policy engine: ['standard_attr_id', 'shared', 'segment_id', 'network'] {{(pid=94726) _exclude_attributes_by_policy /opt/stack/neutron/neutron/pecan_wsgi/hooks/policy_enforcement.py:255}}
Aug 27 23:11:27.015503 dv-cinder-760193-7-smb neutron-server[94726]: DEBUG neutron_lib.callbacks.manager [None req-60474831-0529-4051-a8f9-f2a5b02337e0 admin admin] Notify callbacks ['neutron.api.rpc.agentnotifiers.dhcp_rpc_agent_api.DhcpAgentNotifyAPI._send_dhcp_notification-1686901'] for subnet, before_response {{(pid=94726) _notify_loop /usr/local/lib/python3.8/dist-packages/neutron_lib/callbacks/manager.py:192}}
Aug 27 23:11:27.016725 dv-cinder-760193-7-smb neutron-server[94728]: DEBUG neutron.api.rpc.handlers.dhcp_rpc [None req-588dae62-27c7-48ea-a5f3-4c040c1aaa32 None None] Network 01a20e84-73ff-4e6c-bb28-dc41bcd5a94e requested from dv-cinder-760193-7-smb {{(pid=94728) get_network_info /opt/stack/neutron/neutron/api/rpc/handlers/dhcp_rpc.py:218}}
Aug 27 23:11:27.057987 dv-cinder-760193-7-smb neutron-server[94728]: DEBUG neutron_lib.callbacks.manager [None req-036d07e6-b6c8-49e0-a8d5-972f5d774d66 None None] Notify callbacks ['neutron.plugins.ml2.plugin.SecurityGroupServerNotifierRpcMixin._notify_sg_on_port_change-1538819', 'neutron.plugins.ml2.ovo_rpc._ObjectChangeHandler.handle_event-239649', 'neutron.api.rpc.agentnotifiers.dhcp_rpc_agent_api.DhcpAgentNotifyAPI._native_event_send_dhcp_notification-1686919', 'neutron.db.l3_db.L3RpcNotifierMixin._notify_gateway_port_ip_changed-8794072368945', 'neutron.db.l3_dvrscheduler_db._notify_l3_agent_port_update-8794071912726', 'neutron.db.l3_hascheduler_db._notify_l3_agent_ha_port_update-8794071912744'] for port, after_update {{(pid=94728) _notify_loop /usr/local/lib/python3.8/dist-packages/neutron_lib/callbacks/manager.py:192}}
Aug 27 23:11:27.091773 dv-cinder-760193-7-smb neutron-server[94726]: INFO neutron.wsgi [None req-60474831-0529-4051-a8f9-f2a5b02337e0 admin admin] 10.222.0.35 "POST /v2.0/subnets HTTP/1.1" status: 201 len: 845 time: 0.9617629
Aug 27 23:11:27.094658 dv-cinder-760193-7-smb neutron-server[94726]: DEBUG neutron.wsgi [-] (94726) accepted ('10.222.0.35', 47230) {{(pid=94726) server /usr/local/lib/python3.8/dist-packages/eventlet/wsgi.py:982}}
Aug 27 23:11:27.099071 dv-cinder-760193-7-smb neutron-server[94726]: DEBUG neutron.api.v2.base [None req-ec8903ad-e7b7-4bbe-886a-7e90d71fb854 admin admin] Request body: {'router': {'name': 'tempest-TestShelveInstance-1681646307-router', 'tenant_id': '275753ed20d84308a69f164e732285f9', 'external_gateway_info': {'network_id': 'a3656010-6517-4edf-85e8-dbb9189f671f'}}} {{(pid=94726) prepare_request_body /opt/stack/neutron/neutron/api/v2/base.py:730}}
Aug 27 23:11:27.149787 dv-cinder-760193-7-smb neutron-server[94728]: DEBUG neutron.api.rpc.handlers.resources_rpc [None req-b29d8d15-975a-47d6-989e-f8e1c8472215 None None] Pushing event updated for resources: {'Port': ['ID=04e57d25-0d31-4d9b-9178-45de74d6af87,revision_number=4']} {{(pid=94728) push /opt/stack/neutron/neutron/api/rpc/handlers/resources_rpc.py:237}}
Aug 27 23:11:27.157730 dv-cinder-760193-7-smb neutron-server[94728]: DEBUG neutron.db.l3_dvrscheduler_db [None req-036d07e6-b6c8-49e0-a8d5-972f5d774d66 None None] Routers {'c55dd56b-9d03-4fd3-89b7-1c04aa0b8aec'} bound to L3 agent in host dv-cinder-760193-7-smb {{(pid=94728) _get_router_ids_for_agent /opt/stack/neutron/neutron/db/l3_dvrscheduler_db.py:420}}
