Aug 13 03:20:07.303859 dv-cinder-760193-6-smb devstack@placement-api.service[94392]: WARNING keystonemiddleware.auth_token [-] AuthToken middleware is set with keystone_authtoken.service_token_roles_required set to False. This is backwards compatible but deprecated behaviour. Please set this to True.
Aug 13 03:20:07.437783 dv-cinder-760193-6-smb devstack@placement-api.service[94391]: WARNING keystonemiddleware.auth_token [-] Configuring www_authenticate_uri to point to the public identity endpoint is required; clients may not be able to authenticate against an admin endpoint
Aug 13 03:20:07.441688 dv-cinder-760193-6-smb devstack@placement-api.service[94392]: WARNING keystonemiddleware.auth_token [-] Configuring www_authenticate_uri to point to the public identity endpoint is required; clients may not be able to authenticate against an admin endpoint
Aug 13 03:20:07.444459 dv-cinder-760193-6-smb devstack@placement-api.service[94391]: DEBUG oslo_concurrency.lockutils [-] Acquired lock "trait_sync" {{(pid=94391) lock /usr/local/lib/python3.8/dist-packages/oslo_concurrency/lockutils.py:266}}
Aug 13 03:20:07.448805 dv-cinder-760193-6-smb devstack@placement-api.service[94392]: DEBUG oslo_concurrency.lockutils [-] Acquired lock "trait_sync" {{(pid=94392) lock /usr/local/lib/python3.8/dist-packages/oslo_concurrency/lockutils.py:266}}
Aug 13 03:20:07.466424 dv-cinder-760193-6-smb devstack@placement-api.service[94391]: DEBUG oslo_db.sqlalchemy.engines [-] MySQL server mode set to STRICT_TRANS_TABLES,STRICT_ALL_TABLES,NO_ZERO_IN_DATE,NO_ZERO_DATE,ERROR_FOR_DIVISION_BY_ZERO,TRADITIONAL,NO_ENGINE_SUBSTITUTION {{(pid=94391) _check_effective_sql_mode /usr/local/lib/python3.8/dist-packages/oslo_db/sqlalchemy/engines.py:314}}
Aug 13 03:20:07.471189 dv-cinder-760193-6-smb devstack@placement-api.service[94392]: DEBUG oslo_db.sqlalchemy.engines [-] MySQL server mode set to STRICT_TRANS_TABLES,STRICT_ALL_TABLES,NO_ZERO_IN_DATE,NO_ZERO_DATE,ERROR_FOR_DIVISION_BY_ZERO,TRADITIONAL,NO_ENGINE_SUBSTITUTION {{(pid=94392) _check_effective_sql_mode /usr/local/lib/python3.8/dist-packages/oslo_db/sqlalchemy/engines.py:314}}
Aug 13 03:20:07.505132 dv-cinder-760193-6-smb devstack@placement-api.service[94391]: DEBUG placement.objects.trait [-] Synced traits from os_traits into API DB: {'HW_CPU_X86_MPX', 'HW_GPU_API_OPENGL_V1_3', 'HW_GPU_API_DIRECTX_V12', 'HW_NIC_ACCEL_IPSEC', 'HW_CPU_X86_BMI', 'COMPUTE_IMAGE_TYPE_RAW', 'HW_NIC_SRIOV_QOS_RX', 'HW_GPU_API_DIRECT3D_V8_0', 'COMPUTE_RESCUE_BFV', 'HW_NIC_OFFLOAD_FDF', 'HW_NIC_OFFLOAD_GRE', 'HW_GPU_API_DIRECTX_V11', 'COMPUTE_NET_VIF_MODEL_NE2K_PCI', 'COMPUTE_NET_VIF_MODEL_PCNET', 'HW_CPU_X86_AVX512VPCLMULQDQ', 'COMPUTE_ACCELERATORS', 'HW_GPU_RESOLUTION_W2560H1600', 'HW_CPU_X86_AVX512VBMI2', 'HW_NIC_OFFLOAD_TXVLAN', 'HW_CPU_X86_SSE', 'COMPUTE_IMAGE_TYPE_VHDX', 'HW_CPU_X86_SSE2', 'HW_GPU_API_DIRECT3D_V11_0', 'HW_NIC_OFFLOAD_LRO', 'HW_NIC_SRIOV_MULTIQUEUE', 'COMPUTE_SOCKET_PCI_NUMA_AFFINITY', 'HW_GPU_API_OPENGL_V4_0', 'HW_CPU_X86_AMD_VIRT_SSBD', 'COMPUTE_GRAPHICS_MODEL_VGA', 'COMPUTE_MIGRATE_AUTO_CONVERGE', 'HW_CPU_PPC64LE_POWER8', 'HW_CPU_X86_SSE3', 'COMPUTE_NET_VIF_MODEL_VIRTIO', 'COMPUTE_VOLUME_ATTACH', 'HW_GPU_API_OPENGL_V3_3', 'HW_GPU_CUDA_SDK_V10_0', 'COMPUTE_STORAGE_BUS_UML', 'HW_GPU_CUDA_COMPUTE_CAPABILITY_V2_0', 'COMPUTE_IMAGE_TYPE_AKI', 'HW_CPU_X86_AVX2', 'HW_GPU_CUDA_SDK_V9_2', 'HW_NIC_OFFLOAD_RDMA', 'COMPUTE_NODE', 'HW_CPU_X86_AVX512VL', 'HW_NIC_OFFLOAD_UFO', 'HW_CPU_X86_INTEL_SSBD', 'COMPUTE_GRAPHICS_MODEL_NONE', 'HW_GPU_API_OPENGL_V4_2', 'HW_GPU_RESOLUTION_W3840H2160', 'COMPUTE_NET_VIF_MODEL_E1000E', 'HW_CPU_AARCH64_FP', 'HW_CPU_AARCH64_CRC32', 'HW_CPU_X86_FMA4', 'HW_CPU_X86_TBM', 'HW_CPU_AARCH64_FPHP', 'HW_CPU_AARCH64_FCMA', 'HW_CPU_AARCH64_AES', 'HW_GPU_RESOLUTION_W1152H864', 'COMPUTE_STORAGE_BUS_IDE', 'HW_CPU_HYPERTHREADING', 'HW_GPU_API_OPENGL_V4_1', 'HW_CPU_X86_SSE4A', 'HW_GPU_API_DIRECT3D_V6_0', 'HW_CPU_AARCH64_SM3', 'HW_CPU_X86_BMI2', 'HW_NIC_MULTIQUEUE', 'HW_GPU_RESOLUTION_W7680H4320', 'COMPUTE_NET_ATTACH_INTERFACE_WITH_TAG', 'HW_CPU_X86_TSX', 'COMPUTE_GRAPHICS_MODEL_GOP', 'HW_CPU_X86_SSSE3', 'HW_CPU_X86_MMX', 'COMPUTE_GRAPHICS_MODEL_XEN', 'HW_NIC_DCB_PFC', 'HW_GPU_API_OPENGL_V1_1', 'COMPUTE_GRAPHICS_MODEL_VIRTIO', 'COMPUTE_NET_VIF_MODEL_SPAPR_VLAN', 'HW_CPU_X86_INTEL_SPEC_CTRL', 'HW_GPU_MAX_DISPLAY_HEADS_6', 'HW_GPU_API_OPENCL_V2_2', 'HW_NIC_PROGRAMMABLE_PIPELINE', 'HW_NIC_OFFLOAD_TCS', 'HW_CPU_AARCH64_LRCPC', 'HW_CPU_X86_AVX512VNNI', 'HW_GPU_RESOLUTION_W1366H768', 'COMPUTE_IMAGE_TYPE_AMI', 'COMPUTE_IMAGE_TYPE_VMDK', 'COMPUTE_SECURITY_UEFI_SECURE_BOOT', 'HW_CPU_X86_AVX512CD', 'COMPUTE_NET_VIF_MODEL_SRIOV', 'HW_CPU_AARCH64_SHA2', 'HW_CPU_AARCH64_SM4', 'HW_GPU_API_DIRECT3D_V8_1', 'HW_GPU_API_DIRECT3D_V9_0C', 'HW_NIC_OFFLOAD_RX', 'HW_CPU_X86_AVX512F', 'HW_CPU_AARCH64_SVE', 'HW_GPU_RESOLUTION_W1600H900', 'HW_GPU_RESOLUTION_W1360H768', 'HW_CPU_X86_AVX512VBMI', 'HW_GPU_API_OPENCL_V1_1', 'HW_GPU_CUDA_COMPUTE_CAPABILITY_V1_0', 'HW_GPU_API_DIRECT3D_V11_2', 'HW_GPU_API_DIRECT3D_V12_0', 'HW_CPU_X86_INTEL_VMX', 'COMPUTE_STORAGE_BUS_LXC', 'COMPUTE_GRAPHICS_MODEL_CIRRUS', 'COMPUTE_MIGRATE_POST_COPY', 'HW_GPU_RESOLUTION_W1600H1200', 'HW_NIC_DCB_ETS', 'COMPUTE_IMAGE_TYPE_VHD', 'HW_NIC_VMDQ', 'HW_GPU_API_DIRECT3D_V11_3', 'HW_GPU_API_OPENGL_V1_4', 'HW_GPU_RESOLUTION_W1920H1080', 'HW_NIC_OFFLOAD_L2CRC', 'HW_CPU_X86_ABM', 'COMPUTE_EPHEMERAL_ENCRYPTION_LUKS', 'COMPUTE_NET_VIF_MODEL_RTL8139', 'COMPUTE_STORAGE_BUS_USB', 'COMPUTE_STORAGE_BUS_VIRTIO', 'HW_CPU_X86_PDPE1GB', 'COMPUTE_STORAGE_BUS_FDC', 'HW_GPU_API_DIRECT3D_V7_0', 'HW_GPU_API_OPENGL_V3_1', 'HW_NIC_OFFLOAD_QINQ', 'COMPUTE_NET_VIF_MODEL_LAN9118', 'HW_NIC_OFFLOAD_TSO', 'HW_CPU_AARCH64_PMULL', 'HW_CPU_X86_INTEL_PCID', 'HW_NIC_OFFLOAD_RXVLAN', 'HW_NIC_OFFLOAD_TXUDP', 'COMPUTE_IMAGE_TYPE_ISO', 'COMPUTE_STORAGE_BUS_SATA', 'HW_GPU_CUDA_COMPUTE_CAPABILITY_V5_3', 'HW_CPU_AARCH64_ATOMICS', 'HW_GPU_RESOLUTION_W1680H1050', 'HW_CPU_X86_AMD_SEV', 'HW_CPU_X86_VMX', 'HW_GPU_CUDA_COMPUTE_CAPABILITY_V5_0', 'HW_GPU_API_DIRECTX_V10', 'HW_CPU_AARCH64_ASIMDRDM', 'COMPUTE_IMAGE_TYPE_ARI', 'MISC_SHARES_VIA_AGGREGATE', 'COMPUTE_TRUSTED_CERTS', 'HW_NIC_OFFLOAD_SG', 'HW_GPU_API_OPENGL_V1_2', 'HW_CPU_PPC64LE_POWER9', 'HW_CPU_X86_AVX512BW', 'COMPUTE_IMAGE_TYPE_VDI', 'STORAGE_DISK_SSD', 'HW_NIC_SRIOV', 'HW_GPU_RESOLUTION_W1920H1200', 'HW_CPU_X86_AVX512IFMA', 'HW_NIC_OFFLOAD_GSO', 'COMPUTE_GRAPHICS_MODEL_VMVGA', 'HW_GPU_API_DIRECT3D_V10_0', 'HW_CPU_X86_AMD_NO_SSB', 'HW_GPU_API_OPENGL_V3_0', 'COMPUTE_DEVICE_TAGGING', 'HW_CPU_X86_AVX', 'HW_GPU_API_OPENGL_V2_0', 'HW_GPU_API_DIRECT3D_V10_1', 'HW_GPU_RESOLUTION_W1024H768', 'HW_NIC_SRIOV_TRUSTED', 'HW_GPU_API_DIRECT2D', 'HW_CPU_X86_AVX512VAES', 'HW_CPU_X86_SGX', 'HW_NIC_OFFLOAD_SWITCHDEV', 'HW_CPU_X86_XOP', 'HW_GPU_RESOLUTION_W1280H768', 'COMPUTE_NET_ATTACH_INTERFACE', 'HW_NIC_OFFLOAD_TX', 'HW_NIC_ACCEL_SSL', 'COMPUTE_STATUS_DISABLED', 'HW_GPU_RESOLUTION_W1280H720', 'HW_NIC_OFFLOAD_UCS', 'HW_GPU_CUDA_COMPUTE_CAPABILITY_V2_1', 'HW_CPU_X86_AESNI', 'HW_GPU_CUDA_SDK_V7_5', 'COMPUTE_VOLUME_MULTI_ATTACH', 'COMPUTE_NET_VIF_MODEL_VMXNET', 'COMPUTE_VOLUME_ATTACH_WITH_TAG', 'HW_CPU_AARCH64_SHA1', 'HW_GPU_API_DXVA', 'COMPUTE_GRAPHICS_MODEL_QXL', 'HW_GPU_RESOLUTION_W800H600', 'COMPUTE_IMAGE_TYPE_PLOOP', 'HW_GPU_API_DIRECT3D_V9_0L', 'HW_GPU_CUDA_SDK_V9_0', 'HW_CPU_AARCH64_EVTSTRM', 'HW_GPU_CUDA_COMPUTE_CAPABILITY_V5_2', 'HW_GPU_MAX_DISPLAY_HEADS_4', 'HW_GPU_API_DIRECT3D_V9_0B', 'HW_CPU_X86_F16C', 'HW_GPU_CUDA_COMPUTE_CAPABILITY_V1_1', 'HW_CPU_X86_AVX512GFNI', 'HW_GPU_CUDA_COMPUTE_CAPABILITY_V3_7', 'HW_NIC_DCB_QCN', 'HW_CPU_X86_AVX512BITALG', 'HW_GPU_API_OPENGL_V1_5', 'HW_CPU_X86_ASF', 'HW_GPU_MAX_DISPLAY_HEADS_2', 'HW_NIC_OFFLOAD_SCS', 'COMPUTE_NET_VIF_MODEL_VMXNET3', 'HW_CPU_X86_SVM', 'HW_CPU_X86_SSE42', 'HW_GPU_CUDA_COMPUTE_CAPABILITY_V1_3', 'COMPUTE_IMAGE_TYPE_QCOW2', 'HW_CPU_AARCH64_DCPOP', 'HW_CPU_X86_AMD_SSBD', 'COMPUTE_NET_VIF_MODEL_NETFRONT', 'HW_GPU_RESOLUTION_W640H480', 'HW_GPU_CUDA_COMPUTE_CAPABILITY_V3_0', 'HW_GPU_CUDA_COMPUTE_CAPABILITY_V6_1', 'HW_GPU_API_OPENGL_V2_1', 'HW_GPU_RESOLUTION_W2560H1440', 'HW_CPU_AARCH64_SHA512', 'HW_CPU_X86_CLMUL', 'HW_GPU_API_OPENCL_V2_1', 'COMPUTE_EPHEMERAL_ENCRYPTION_PLAIN', 'HW_GPU_CUDA_SDK_V6_5', 'HW_CPU_X86_STIBP', 'HW_GPU_API_OPENGL_V4_4', 'HW_NIC_ACCEL_DIFFIEH', 'COMPUTE_VOLUME_EXTEND', 'HW_GPU_API_OPENGL_V4_5', 'HW_CPU_X86_AMD_IBPB', 'HW_GPU_CUDA_SDK_V9_1', 'HW_CPU_AARCH64_ASIMDHP', 'HW_NIC_ACCEL_RSA', 'HW_CPU_X86_FMA3', 'HW_GPU_RESOLUTION_W1440H900', 'HW_GPU_CUDA_COMPUTE_CAPABILITY_V6_2', 'HW_NIC_OFFLOAD_GRO', 'HW_GPU_RESOLUTION_W1280H1024', 'HW_CPU_X86_AMD_SVM', 'HW_CPU_X86_INTEL_MD_CLEAR', 'HW_GPU_CUDA_COMPUTE_CAPABILITY_V3_2', 'HW_GPU_CUDA_COMPUTE_CAPABILITY_V6_0', 'HW_NIC_ACCEL_DEFLATE', 'HW_NIC_OFFLOAD_RXHASH', 'HW_GPU_API_DIRECT3D_V11_1', 'COMPUTE_SECURITY_TPM_2_0', 'HW_NIC_OFFLOAD_LSO', 'HW_CPU_AARCH64_ASIMD', 'HW_CPU_AMD_SEV', 'HW_CPU_AARCH64_SHA3', 'HW_GPU_API_OPENGL_V4_3', 'HW_GPU_RESOLUTION_W1024H600', 'HW_CPU_X86_AVX512PF', 'HW_GPU_RESOLUTION_W320H240', 'COMPUTE_NET_VIF_MODEL_E1000', 'HW_CPU_X86_SHA', 'HW_CPU_AARCH64_CPUID', 'COMPUTE_STORAGE_BUS_SCSI', 'HW_GPU_API_OPENCL_V2_0', 'HW_NUMA_ROOT', 'HW_GPU_MAX_DISPLAY_HEADS_8', 'HW_CPU_X86_AVX512VPOPCNTDQ', 'COMPUTE_SECURITY_TPM_1_2', 'HW_NIC_ACCEL_LZS', 'HW_NIC_ACCEL_ECC', 'HW_GPU_CUDA_COMPUTE_CAPABILITY_V1_2', 'COMPUTE_EPHEMERAL_ENCRYPTION', 'HW_NIC_ACCEL_TLS', 'COMPUTE_STORAGE_BUS_XEN', 'HW_GPU_CUDA_COMPUTE_CAPABILITY_V3_5', 'HW_GPU_CUDA_COMPUTE_CAPABILITY_V7_0', 'HW_GPU_RESOLUTION_W1280H800', 'HW_GPU_MAX_DISPLAY_HEADS_1', 'HW_GPU_API_OPENCL_V1_2', 'HW_CPU_X86_AVX512ER', 'HW_CPU_X86_AVX512DQ', 'COMPUTE_SAME_HOST_COLD_MIGRATE', 'HW_CPU_AARCH64_ASIMDDP', 'HW_CPU_AARCH64_JSCVT', 'HW_CPU_X86_3DNOW', 'HW_GPU_API_VULKAN', 'HW_GPU_API_DIRECT3D_V9_0', 'HW_GPU_API_OPENCL_V1_0', 'HW_NIC_OFFLOAD_GENEVE', 'HW_NIC_OFFLOAD_VXLAN', 'HW_GPU_API_OPENGL_V3_2', 'HW_GPU_CUDA_COMPUTE_CAPABILITY_V7_2', 'HW_GPU_CUDA_COMPUTE_CAPABILITY_V7_1', 'STORAGE_DISK_HDD', 'COMPUTE_EPHEMERAL_ENCRYPTION_LUKSV2', 'HW_GPU_CUDA_SDK_V8_0', 'HW_NIC_SRIOV_QOS_TX', 'HW_CPU_X86_SSE41'} {{(pid=94391) _trait_sync /opt/stack/placement/placement/objects/trait.py:286}}
Aug 13 03:20:07.509982 dv-cinder-760193-6-smb devstack@placement-api.service[94391]: DEBUG oslo_concurrency.lockutils [-] Releasing lock "trait_sync" {{(pid=94391) lock /usr/local/lib/python3.8/dist-packages/oslo_concurrency/lockutils.py:282}}
Aug 13 03:20:07.510382 dv-cinder-760193-6-smb devstack@placement-api.service[94391]: DEBUG oslo_concurrency.lockutils [-] Acquired lock "resource_classes_sync" {{(pid=94391) lock /usr/local/lib/python3.8/dist-packages/oslo_concurrency/lockutils.py:266}}
Aug 13 03:20:07.513292 dv-cinder-760193-6-smb devstack@placement-api.service[94392]: DEBUG oslo_concurrency.lockutils [-] Releasing lock "trait_sync" {{(pid=94392) lock /usr/local/lib/python3.8/dist-packages/oslo_concurrency/lockutils.py:282}}
Aug 13 03:20:07.513674 dv-cinder-760193-6-smb devstack@placement-api.service[94392]: DEBUG oslo_concurrency.lockutils [-] Acquired lock "resource_classes_sync" {{(pid=94392) lock /usr/local/lib/python3.8/dist-packages/oslo_concurrency/lockutils.py:266}}
Aug 13 03:20:07.572848 dv-cinder-760193-6-smb devstack@placement-api.service[94392]: DEBUG placement.objects.resource_class [-] Found existing resource classes in db: [] {{(pid=94392) _resource_classes_sync /opt/stack/placement/placement/objects/resource_class.py:228}}
Aug 13 03:20:07.573065 dv-cinder-760193-6-smb devstack@placement-api.service[94391]: DEBUG placement.objects.resource_class [-] Found existing resource classes in db: [] {{(pid=94391) _resource_classes_sync /opt/stack/placement/placement/objects/resource_class.py:228}}
Aug 13 03:20:07.576599 dv-cinder-760193-6-smb devstack@placement-api.service[94391]: DEBUG placement.objects.resource_class [-] Synced resource_classes from os_resource_classes: [{'name': 'VCPU', 'id': 0}, {'name': 'MEMORY_MB', 'id': 1}, {'name': 'DISK_GB', 'id': 2}, {'name': 'PCI_DEVICE', 'id': 3}, {'name': 'SRIOV_NET_VF', 'id': 4}, {'name': 'NUMA_SOCKET', 'id': 5}, {'name': 'NUMA_CORE', 'id': 6}, {'name': 'NUMA_THREAD', 'id': 7}, {'name': 'NUMA_MEMORY_MB', 'id': 8}, {'name': 'IPV4_ADDRESS', 'id': 9}, {'name': 'VGPU', 'id': 10}, {'name': 'VGPU_DISPLAY_HEAD', 'id': 11}, {'name': 'NET_BW_EGR_KILOBIT_PER_SEC', 'id': 12}, {'name': 'NET_BW_IGR_KILOBIT_PER_SEC', 'id': 13}, {'name': 'PCPU', 'id': 14}, {'name': 'MEM_ENCRYPTION_CONTEXT', 'id': 15}, {'name': 'FPGA', 'id': 16}, {'name': 'PGPU', 'id': 17}, {'name': 'NET_PACKET_RATE_KILOPACKET_PER_SEC', 'id': 18}, {'name': 'NET_PACKET_RATE_EGR_KILOPACKET_PER_SEC', 'id': 19}, {'name': 'NET_PACKET_RATE_IGR_KILOPACKET_PER_SEC', 'id': 20}] {{(pid=94391) _resource_classes_sync /opt/stack/placement/placement/objects/resource_class.py:245}}
Aug 13 03:20:07.579951 dv-cinder-760193-6-smb devstack@placement-api.service[94391]: DEBUG oslo_concurrency.lockutils [-] Releasing lock "resource_classes_sync" {{(pid=94391) lock /usr/local/lib/python3.8/dist-packages/oslo_concurrency/lockutils.py:282}}
Aug 13 03:20:07.580470 dv-cinder-760193-6-smb devstack@placement-api.service[94391]: WSGI app 0 (mountpoint='') ready in 3 seconds on interpreter 0x555cd17c89c0 pid: 94391 (default app)
Aug 13 03:20:07.580816 dv-cinder-760193-6-smb devstack@placement-api.service[94392]: DEBUG oslo_concurrency.lockutils [-] Releasing lock "resource_classes_sync" {{(pid=94392) lock /usr/local/lib/python3.8/dist-packages/oslo_concurrency/lockutils.py:282}}
Aug 13 03:20:07.580984 dv-cinder-760193-6-smb devstack@placement-api.service[94392]: WSGI app 0 (mountpoint='') ready in 3 seconds on interpreter 0x555cd17c89c0 pid: 94392 (default app)
Aug 13 03:20:07.581905 dv-cinder-760193-6-smb devstack@placement-api.service[94391]: DEBUG placement.requestlog [None req-5a042059-6001-4549-91a6-60a9ba660108 None None] Starting request: 10.222.0.49 "GET /placement/" {{(pid=94391) __call__ /opt/stack/placement/placement/requestlog.py:55}}
Aug 13 03:20:07.597173 dv-cinder-760193-6-smb devstack@placement-api.service[94391]: INFO placement.requestlog [None req-5a042059-6001-4549-91a6-60a9ba660108 None None] 10.222.0.49 "GET /placement/" status: 200 len: 136 microversion: 1.0
Aug 13 03:20:07.597374 dv-cinder-760193-6-smb devstack@placement-api.service[94391]: [pid: 94391|app: 0|req: 1/1] 10.222.0.49 () {50 vars in 776 bytes} [Fri Aug 13 03:20:07 2021] GET /placement => generated 136 bytes in 16 msecs (HTTP/1.1 200) 6 headers in 224 bytes (1 switches on core 0)
Aug 13 03:21:06.326130 dv-cinder-760193-6-smb devstack@placement-api.service[94392]: DEBUG placement.requestlog [None req-e294f55e-352f-491f-8e09-8e9cadab4b76 None None] Starting request: 10.222.0.49 "GET /placement/" {{(pid=94392) __call__ /opt/stack/placement/placement/requestlog.py:55}}
Aug 13 03:21:06.348295 dv-cinder-760193-6-smb devstack@placement-api.service[94392]: INFO placement.requestlog [None req-e294f55e-352f-491f-8e09-8e9cadab4b76 None None] 10.222.0.49 "GET /placement/" status: 200 len: 136 microversion: 1.0
Aug 13 03:21:06.353459 dv-cinder-760193-6-smb devstack@placement-api.service[94392]: [pid: 94392|app: 0|req: 1/2] 10.222.0.49 () {54 vars in 916 bytes} [Fri Aug 13 03:21:06 2021] GET /placement => generated 136 bytes in 28 msecs (HTTP/1.1 200) 6 headers in 224 bytes (1 switches on core 0)
Aug 13 03:21:06.610534 dv-cinder-760193-6-smb devstack@placement-api.service[94391]: DEBUG placement.requestlog [None req-144f341d-5959-49e0-bbdd-34f79446a745 None None] Starting request: 10.222.0.49 "GET /placement/" {{(pid=94391) __call__ /opt/stack/placement/placement/requestlog.py:55}}
Aug 13 03:21:06.611601 dv-cinder-760193-6-smb devstack@placement-api.service[94391]: INFO placement.requestlog [None req-144f341d-5959-49e0-bbdd-34f79446a745 None None] 10.222.0.49 "GET /placement/" status: 200 len: 136 microversion: 1.0
Aug 13 03:21:06.611875 dv-cinder-760193-6-smb devstack@placement-api.service[94391]: [pid: 94391|app: 0|req: 2/3] 10.222.0.49 () {54 vars in 916 bytes} [Fri Aug 13 03:21:06 2021] GET /placement => generated 136 bytes in 2 msecs (HTTP/1.1 200) 6 headers in 224 bytes (1 switches on core 0)
Aug 13 03:21:10.931561 dv-cinder-760193-6-smb devstack@placement-api.service[94392]: DEBUG placement.requestlog [None req-a4d34d19-c469-4043-b2c2-f615de7758e0 None None] Starting request: 10.222.0.49 "GET /placement/" {{(pid=94392) __call__ /opt/stack/placement/placement/requestlog.py:55}}
Aug 13 03:21:10.932533 dv-cinder-760193-6-smb devstack@placement-api.service[94392]: INFO placement.requestlog [None req-a4d34d19-c469-4043-b2c2-f615de7758e0 None None] 10.222.0.49 "GET /placement/" status: 200 len: 136 microversion: 1.0
Aug 13 03:21:10.932745 dv-cinder-760193-6-smb devstack@placement-api.service[94392]: [pid: 94392|app: 0|req: 2/4] 10.222.0.49 () {54 vars in 916 bytes} [Fri Aug 13 03:21:10 2021] GET /placement => generated 136 bytes in 1 msecs (HTTP/1.1 200) 6 headers in 224 bytes (1 switches on core 0)
Aug 13 03:21:12.589386 dv-cinder-760193-6-smb devstack@placement-api.service[94391]: DEBUG placement.requestlog [None req-84be73f0-f7fb-4cdf-beb4-adccb02be191 None None] Starting request: 10.222.0.49 "GET /placement/" {{(pid=94391) __call__ /opt/stack/placement/placement/requestlog.py:55}}
Aug 13 03:21:12.590346 dv-cinder-760193-6-smb devstack@placement-api.service[94391]: INFO placement.requestlog [None req-84be73f0-f7fb-4cdf-beb4-adccb02be191 None None] 10.222.0.49 "GET /placement/" status: 200 len: 136 microversion: 1.0
Aug 13 03:21:12.590523 dv-cinder-760193-6-smb devstack@placement-api.service[94391]: [pid: 94391|app: 0|req: 3/5] 10.222.0.49 () {54 vars in 916 bytes} [Fri Aug 13 03:21:12 2021] GET /placement => generated 136 bytes in 1 msecs (HTTP/1.1 200) 6 headers in 224 bytes (1 switches on core 0)
Aug 13 03:22:20.097080 dv-cinder-760193-6-smb devstack@placement-api.service[94392]: DEBUG placement.requestlog [None req-aa994ae9-75a8-45a4-970a-e6d5d1052c7e None None] Starting request: 10.222.0.49 "GET /placement//" {{(pid=94392) __call__ /opt/stack/placement/placement/requestlog.py:55}}
Aug 13 03:22:20.098654 dv-cinder-760193-6-smb devstack@placement-api.service[94392]: INFO placement.requestlog [None req-aa994ae9-75a8-45a4-970a-e6d5d1052c7e None None] 10.222.0.49 "GET /placement//" status: 200 len: 136 microversion: 1.0
Aug 13 03:22:20.098824 dv-cinder-760193-6-smb devstack@placement-api.service[94392]: [pid: 94392|app: 0|req: 3/6] 10.222.0.49 () {56 vars in 1107 bytes} [Fri Aug 13 03:22:20 2021] GET /placement/ => generated 136 bytes in 2 msecs (HTTP/1.1 200) 6 headers in 224 bytes (1 switches on core 0)
Aug 13 03:26:16.495264 dv-cinder-760193-6-smb devstack@placement-api.service[94391]: DEBUG placement.requestlog [None req-233b7bf0-176e-4346-a1fd-fb8e8917bcf9 None None] Starting request: 10.222.0.64 "GET /placement/" {{(pid=94391) __call__ /opt/stack/placement/placement/requestlog.py:55}}
Aug 13 03:26:16.496240 dv-cinder-760193-6-smb devstack@placement-api.service[94391]: INFO placement.requestlog [None req-233b7bf0-176e-4346-a1fd-fb8e8917bcf9 None None] 10.222.0.64 "GET /placement/" status: 200 len: 136 microversion: 1.0
Aug 13 03:26:16.496407 dv-cinder-760193-6-smb devstack@placement-api.service[94391]: [pid: 94391|app: 0|req: 4/7] 10.222.0.64 () {54 vars in 913 bytes} [Fri Aug 13 03:26:16 2021] GET /placement => generated 136 bytes in 1 msecs (HTTP/1.1 200) 6 headers in 224 bytes (1 switches on core 0)
Aug 13 03:26:19.701981 dv-cinder-760193-6-smb devstack@placement-api.service[94392]: DEBUG placement.requestlog [req-9ceeefad-ec77-4c1d-a9a9-6d199d58ca53 req-60d5dde2-1ce1-4c6f-ab59-3fe1492a91ab None None] Starting request: 10.222.0.64 "GET /placement/resource_providers?in_tree=6e24ee54-85c9-4dad-9eb4-64132f1e20d5" {{(pid=94392) __call__ /opt/stack/placement/placement/requestlog.py:55}}
Aug 13 03:26:19.821450 dv-cinder-760193-6-smb devstack@placement-api.service[94392]: INFO placement.requestlog [req-9ceeefad-ec77-4c1d-a9a9-6d199d58ca53 req-60d5dde2-1ce1-4c6f-ab59-3fe1492a91ab service placement] 10.222.0.64 "GET /placement/resource_providers?in_tree=6e24ee54-85c9-4dad-9eb4-64132f1e20d5" status: 200 len: 26 microversion: 1.14
Aug 13 03:26:19.821791 dv-cinder-760193-6-smb devstack@placement-api.service[94392]: [pid: 94392|app: 0|req: 4/8] 10.222.0.64 () {60 vars in 1377 bytes} [Fri Aug 13 03:26:19 2021] GET /placement/resource_providers?in_tree=6e24ee54-85c9-4dad-9eb4-64132f1e20d5 => generated 26 bytes in 120 msecs (HTTP/1.1 200) 6 headers in 224 bytes (2 switches on core 0)
Aug 13 03:26:19.830220 dv-cinder-760193-6-smb devstack@placement-api.service[94391]: DEBUG placement.requestlog [req-9ceeefad-ec77-4c1d-a9a9-6d199d58ca53 req-7252d3ad-ef84-4184-9d5f-890641bf1489 None None] Starting request: 10.222.0.64 "POST /placement/resource_providers" {{(pid=94391) __call__ /opt/stack/placement/placement/requestlog.py:55}}
Aug 13 03:26:19.871003 dv-cinder-760193-6-smb devstack@placement-api.service[94391]: INFO placement.requestlog [req-9ceeefad-ec77-4c1d-a9a9-6d199d58ca53 req-7252d3ad-ef84-4184-9d5f-890641bf1489 service placement] 10.222.0.64 "POST /placement/resource_providers" status: 200 len: 838 microversion: 1.20
Aug 13 03:26:19.871411 dv-cinder-760193-6-smb devstack@placement-api.service[94391]: [pid: 94391|app: 0|req: 5/9] 10.222.0.64 () {64 vars in 1341 bytes} [Fri Aug 13 03:26:19 2021] POST /placement/resource_providers => generated 838 bytes in 41 msecs (HTTP/1.1 200) 9 headers in 392 bytes (2 switches on core 0)
Aug 13 03:26:20.092938 dv-cinder-760193-6-smb devstack@placement-api.service[94392]: DEBUG placement.requestlog [req-9ceeefad-ec77-4c1d-a9a9-6d199d58ca53 req-cb4d01d9-40aa-42f5-83e6-c66da0f4525a None None] Starting request: 10.222.0.64 "PUT /placement/resource_providers/6e24ee54-85c9-4dad-9eb4-64132f1e20d5/inventories" {{(pid=94392) __call__ /opt/stack/placement/placement/requestlog.py:55}}
Aug 13 03:26:20.125990 dv-cinder-760193-6-smb devstack@placement-api.service[94392]: INFO placement.requestlog [req-9ceeefad-ec77-4c1d-a9a9-6d199d58ca53 req-cb4d01d9-40aa-42f5-83e6-c66da0f4525a service placement] 10.222.0.64 "PUT /placement/resource_providers/6e24ee54-85c9-4dad-9eb4-64132f1e20d5/inventories" status: 200 len: 397 microversion: 1.26
Aug 13 03:26:20.126372 dv-cinder-760193-6-smb devstack@placement-api.service[94392]: [pid: 94392|app: 0|req: 5/10] 10.222.0.64 () {64 vars in 1488 bytes} [Fri Aug 13 03:26:20 2021] PUT /placement/resource_providers/6e24ee54-85c9-4dad-9eb4-64132f1e20d5/inventories => generated 397 bytes in 34 msecs (HTTP/1.1 200) 8 headers in 296 bytes (2 switches on core 0)
Aug 13 03:26:20.136854 dv-cinder-760193-6-smb devstack@placement-api.service[94391]: DEBUG placement.requestlog [req-9ceeefad-ec77-4c1d-a9a9-6d199d58ca53 req-4507bbd8-9a66-44f2-a147-25f0fc5965ba None None] Starting request: 10.222.0.64 "GET /placement/traits?name=in:COMPUTE_VOLUME_ATTACH_WITH_TAG,COMPUTE_IMAGE_TYPE_VHD,COMPUTE_VOLUME_EXTEND,COMPUTE_NET_ATTACH_INTERFACE,COMPUTE_IMAGE_TYPE_VHDX,COMPUTE_NET_ATTACH_INTERFACE_WITH_TAG,COMPUTE_DEVICE_TAGGING,COMPUTE_TRUSTED_CERTS,COMPUTE_NODE" {{(pid=94391) __call__ /opt/stack/placement/placement/requestlog.py:55}}
Aug 13 03:26:20.150254 dv-cinder-760193-6-smb devstack@placement-api.service[94391]: INFO placement.requestlog [req-9ceeefad-ec77-4c1d-a9a9-6d199d58ca53 req-4507bbd8-9a66-44f2-a147-25f0fc5965ba service placement] 10.222.0.64 "GET /placement/traits?name=in:COMPUTE_VOLUME_ATTACH_WITH_TAG,COMPUTE_IMAGE_TYPE_VHD,COMPUTE_VOLUME_EXTEND,COMPUTE_NET_ATTACH_INTERFACE,COMPUTE_IMAGE_TYPE_VHDX,COMPUTE_NET_ATTACH_INTERFACE_WITH_TAG,COMPUTE_DEVICE_TAGGING,COMPUTE_TRUSTED_CERTS,COMPUTE_NODE" status: 200 len: 264 microversion: 1.6
Aug 13 03:26:20.150605 dv-cinder-760193-6-smb devstack@placement-api.service[94391]: [pid: 94391|app: 0|req: 6/11] 10.222.0.64 () {60 vars in 1716 bytes} [Fri Aug 13 03:26:20 2021] GET /placement/traits?name=in:COMPUTE_VOLUME_ATTACH_WITH_TAG,COMPUTE_IMAGE_TYPE_VHD,COMPUTE_VOLUME_EXTEND,COMPUTE_NET_ATTACH_INTERFACE,COMPUTE_IMAGE_TYPE_VHDX,COMPUTE_NET_ATTACH_INTERFACE_WITH_TAG,COMPUTE_DEVICE_TAGGING,COMPUTE_TRUSTED_CERTS,COMPUTE_NODE => generated 264 bytes in 14 msecs (HTTP/1.1 200) 6 headers in 224 bytes (1 switches on core 0)
Aug 13 03:26:20.158028 dv-cinder-760193-6-smb devstack@placement-api.service[94392]: DEBUG placement.requestlog [req-9ceeefad-ec77-4c1d-a9a9-6d199d58ca53 req-aa439843-97aa-40c5-ac42-f03586387c8b None None] Starting request: 10.222.0.64 "PUT /placement/resource_providers/6e24ee54-85c9-4dad-9eb4-64132f1e20d5/traits" {{(pid=94392) __call__ /opt/stack/placement/placement/requestlog.py:55}}
Aug 13 03:26:20.205780 dv-cinder-760193-6-smb devstack@placement-api.service[94392]: INFO placement.requestlog [req-9ceeefad-ec77-4c1d-a9a9-6d199d58ca53 req-aa439843-97aa-40c5-ac42-f03586387c8b service placement] 10.222.0.64 "PUT /placement/resource_providers/6e24ee54-85c9-4dad-9eb4-64132f1e20d5/traits" status: 200 len: 299 microversion: 1.6
Aug 13 03:26:20.206014 dv-cinder-760193-6-smb devstack@placement-api.service[94392]: [pid: 94392|app: 0|req: 6/12] 10.222.0.64 () {64 vars in 1472 bytes} [Fri Aug 13 03:26:20 2021] PUT /placement/resource_providers/6e24ee54-85c9-4dad-9eb4-64132f1e20d5/traits => generated 299 bytes in 48 msecs (HTTP/1.1 200) 6 headers in 224 bytes (2 switches on core 0)
Aug 13 03:27:16.680825 dv-cinder-760193-6-smb devstack@placement-api.service[94391]: DEBUG placement.requestlog [req-6acda473-205e-45e6-a79d-8fae620f822a req-ae083cad-ed05-4188-ba05-90ea71a0cc68 None None] Starting request: 10.222.0.64 "GET /placement/resource_providers/6e24ee54-85c9-4dad-9eb4-64132f1e20d5/allocations" {{(pid=94391) __call__ /opt/stack/placement/placement/requestlog.py:55}}
Aug 13 03:27:16.706847 dv-cinder-760193-6-smb devstack@placement-api.service[94391]: INFO placement.requestlog [req-6acda473-205e-45e6-a79d-8fae620f822a req-ae083cad-ed05-4188-ba05-90ea71a0cc68 service placement] 10.222.0.64 "GET /placement/resource_providers/6e24ee54-85c9-4dad-9eb4-64132f1e20d5/allocations" status: 200 len: 54 microversion: 1.0
Aug 13 03:27:16.707095 dv-cinder-760193-6-smb devstack@placement-api.service[94391]: [pid: 94391|app: 0|req: 7/13] 10.222.0.64 () {58 vars in 1391 bytes} [Fri Aug 13 03:27:16 2021] GET /placement/resource_providers/6e24ee54-85c9-4dad-9eb4-64132f1e20d5/allocations => generated 54 bytes in 26 msecs (HTTP/1.1 200) 6 headers in 223 bytes (1 switches on core 0)
Aug 13 03:28:06.200875 dv-cinder-760193-6-smb devstack@placement-api.service[94392]: DEBUG placement.requestlog [req-1df05a64-564f-4ef0-bfed-b2234aa6b06c req-6bdc573a-9402-4a37-ba33-505624d8ec2b None None] Starting request: 10.222.0.49 "GET /placement/allocation_candidates?limit=1000&resources=DISK_GB%3A1%2CMEMORY_MB%3A1024%2CVCPU%3A1&root_required=%21COMPUTE_STATUS_DISABLED" {{(pid=94392) __call__ /opt/stack/placement/placement/requestlog.py:55}}
Aug 13 03:28:06.535713 dv-cinder-760193-6-smb devstack@placement-api.service[94392]: DEBUG placement.objects.research_context [req-1df05a64-564f-4ef0-bfed-b2234aa6b06c req-6bdc573a-9402-4a37-ba33-505624d8ec2b service placement] getting providers with 1 DISK_GB {{(pid=94392) __init__ /opt/stack/placement/placement/objects/research_context.py:126}}
Aug 13 03:28:06.548972 dv-cinder-760193-6-smb devstack@placement-api.service[94392]: DEBUG placement.objects.research_context [req-1df05a64-564f-4ef0-bfed-b2234aa6b06c req-6bdc573a-9402-4a37-ba33-505624d8ec2b service placement] getting providers with 1024 MEMORY_MB {{(pid=94392) __init__ /opt/stack/placement/placement/objects/research_context.py:126}}
Aug 13 03:28:06.562366 dv-cinder-760193-6-smb devstack@placement-api.service[94392]: DEBUG placement.objects.research_context [req-1df05a64-564f-4ef0-bfed-b2234aa6b06c req-6bdc573a-9402-4a37-ba33-505624d8ec2b service placement] getting providers with 1 VCPU {{(pid=94392) __init__ /opt/stack/placement/placement/objects/research_context.py:126}}
Aug 13 03:28:06.562525 dv-cinder-760193-6-smb devstack@placement-api.service[94392]: DEBUG placement.objects.research_context [req-1df05a64-564f-4ef0-bfed-b2234aa6b06c req-6bdc573a-9402-4a37-ba33-505624d8ec2b service placement] found 1 providers with available 1 DISK_GB {{(pid=94392) get_provider_ids_matching /opt/stack/placement/placement/objects/research_context.py:549}}
Aug 13 03:28:06.562867 dv-cinder-760193-6-smb devstack@placement-api.service[94392]: DEBUG placement.objects.research_context [req-1df05a64-564f-4ef0-bfed-b2234aa6b06c req-6bdc573a-9402-4a37-ba33-505624d8ec2b service placement] found 1 providers with available 1024 MEMORY_MB {{(pid=94392) get_provider_ids_matching /opt/stack/placement/placement/objects/research_context.py:549}}
Aug 13 03:28:06.563519 dv-cinder-760193-6-smb devstack@placement-api.service[94392]: DEBUG placement.objects.research_context [req-1df05a64-564f-4ef0-bfed-b2234aa6b06c req-6bdc573a-9402-4a37-ba33-505624d8ec2b service placement] found 1 providers after filtering by previous result {{(pid=94392) get_provider_ids_matching /opt/stack/placement/placement/objects/research_context.py:580}}
Aug 13 03:28:06.564255 dv-cinder-760193-6-smb devstack@placement-api.service[94392]: DEBUG placement.objects.research_context [req-1df05a64-564f-4ef0-bfed-b2234aa6b06c req-6bdc573a-9402-4a37-ba33-505624d8ec2b service placement] found 1 providers with available 1 VCPU {{(pid=94392) get_provider_ids_matching /opt/stack/placement/placement/objects/research_context.py:549}}
Aug 13 03:28:06.564610 dv-cinder-760193-6-smb devstack@placement-api.service[94392]: DEBUG placement.objects.research_context [req-1df05a64-564f-4ef0-bfed-b2234aa6b06c req-6bdc573a-9402-4a37-ba33-505624d8ec2b service placement] found 1 providers after filtering by previous result {{(pid=94392) get_provider_ids_matching /opt/stack/placement/placement/objects/research_context.py:580}}
Aug 13 03:28:06.603640 dv-cinder-760193-6-smb devstack@placement-api.service[94392]: DEBUG placement.objects.allocation_candidate [req-1df05a64-564f-4ef0-bfed-b2234aa6b06c req-6bdc573a-9402-4a37-ba33-505624d8ec2b service placement] RequestGroup(use_same_provider=False, resources={DISK_GB:1, MEMORY_MB:1024, VCPU:1}, traits=[], aggregates=[]) (suffix '') returned 1 matches {{(pid=94392) _get_by_requests /opt/stack/placement/placement/objects/allocation_candidate.py:145}}
Aug 13 03:28:06.604985 dv-cinder-760193-6-smb devstack@placement-api.service[94392]: DEBUG placement.objects.allocation_candidate [req-1df05a64-564f-4ef0-bfed-b2234aa6b06c req-6bdc573a-9402-4a37-ba33-505624d8ec2b service placement] Merging candidates yields 1 allocation requests and 1 provider summaries {{(pid=94392) _merge_candidates /opt/stack/placement/placement/objects/allocation_candidate.py:783}}
Aug 13 03:28:06.608985 dv-cinder-760193-6-smb devstack@placement-api.service[94392]: INFO placement.requestlog [req-1df05a64-564f-4ef0-bfed-b2234aa6b06c req-6bdc573a-9402-4a37-ba33-505624d8ec2b service placement] 10.222.0.49 "GET /placement/allocation_candidates?limit=1000&resources=DISK_GB%3A1%2CMEMORY_MB%3A1024%2CVCPU%3A1&root_required=%21COMPUTE_STATUS_DISABLED" status: 200 len: 764 microversion: 1.35
Aug 13 03:28:06.609926 dv-cinder-760193-6-smb devstack@placement-api.service[94392]: [pid: 94392|app: 0|req: 7/14] 10.222.0.49 () {60 vars in 1507 bytes} [Fri Aug 13 03:28:06 2021] GET /placement/allocation_candidates?limit=1000&resources=DISK_GB%3A1%2CMEMORY_MB%3A1024%2CVCPU%3A1&root_required=%21COMPUTE_STATUS_DISABLED => generated 764 bytes in 409 msecs (HTTP/1.1 200) 8 headers in 296 bytes (1 switches on core 0)
Aug 13 03:28:06.828655 dv-cinder-760193-6-smb devstack@placement-api.service[94391]: DEBUG placement.requestlog [req-1df05a64-564f-4ef0-bfed-b2234aa6b06c req-93478887-5e82-4c60-bbe4-4b49ee989dfe None None] Starting request: 10.222.0.49 "GET /placement/allocations/d7cf5ff0-2905-4cee-8b87-0a0f0cf9fd93" {{(pid=94391) __call__ /opt/stack/placement/placement/requestlog.py:55}}
Aug 13 03:28:07.182076 dv-cinder-760193-6-smb devstack@placement-api.service[94391]: INFO placement.requestlog [req-1df05a64-564f-4ef0-bfed-b2234aa6b06c req-93478887-5e82-4c60-bbe4-4b49ee989dfe service placement] 10.222.0.49 "GET /placement/allocations/d7cf5ff0-2905-4cee-8b87-0a0f0cf9fd93" status: 200 len: 19 microversion: 1.28
Aug 13 03:28:07.184389 dv-cinder-760193-6-smb devstack@placement-api.service[94391]: [pid: 94391|app: 0|req: 8/15] 10.222.0.49 () {60 vars in 1381 bytes} [Fri Aug 13 03:28:06 2021] GET /placement/allocations/d7cf5ff0-2905-4cee-8b87-0a0f0cf9fd93 => generated 19 bytes in 356 msecs (HTTP/1.1 200) 8 headers in 295 bytes (1 switches on core 0)
Aug 13 03:28:07.191352 dv-cinder-760193-6-smb devstack@placement-api.service[94392]: DEBUG placement.requestlog [req-1df05a64-564f-4ef0-bfed-b2234aa6b06c req-eae94ae7-3192-438b-80fd-09035db4cef5 None None] Starting request: 10.222.0.49 "PUT /placement/allocations/d7cf5ff0-2905-4cee-8b87-0a0f0cf9fd93" {{(pid=94392) __call__ /opt/stack/placement/placement/requestlog.py:55}}
Aug 13 03:28:07.447738 dv-cinder-760193-6-smb devstack@placement-api.service[94392]: DEBUG placement.handlers.allocation [req-1df05a64-564f-4ef0-bfed-b2234aa6b06c req-eae94ae7-3192-438b-80fd-09035db4cef5 service placement] Successfully wrote allocations [, , ] {{(pid=94392) _create_allocations /opt/stack/placement/placement/handlers/allocation.py:435}}
Aug 13 03:28:07.448533 dv-cinder-760193-6-smb devstack@placement-api.service[94392]: INFO placement.requestlog [req-1df05a64-564f-4ef0-bfed-b2234aa6b06c req-eae94ae7-3192-438b-80fd-09035db4cef5 service placement] 10.222.0.49 "PUT /placement/allocations/d7cf5ff0-2905-4cee-8b87-0a0f0cf9fd93" status: 204 len: 0 microversion: 1.35
Aug 13 03:28:07.448995 dv-cinder-760193-6-smb devstack@placement-api.service[94392]: [pid: 94392|app: 0|req: 8/16] 10.222.0.49 () {64 vars in 1434 bytes} [Fri Aug 13 03:28:07 2021] PUT /placement/allocations/d7cf5ff0-2905-4cee-8b87-0a0f0cf9fd93 => generated 0 bytes in 258 msecs (HTTP/1.1 204) 5 headers in 199 bytes (1 switches on core 0)
Aug 13 03:28:08.926982 dv-cinder-760193-6-smb devstack@placement-api.service[94391]: DEBUG placement.requestlog [req-1df05a64-564f-4ef0-bfed-b2234aa6b06c req-6c1c7dbd-56de-44c8-b501-487b11edb7a8 None None] Starting request: 10.222.0.64 "GET /placement/allocations/d7cf5ff0-2905-4cee-8b87-0a0f0cf9fd93" {{(pid=94391) __call__ /opt/stack/placement/placement/requestlog.py:55}}
Aug 13 03:28:08.961622 dv-cinder-760193-6-smb devstack@placement-api.service[94391]: INFO placement.requestlog [req-1df05a64-564f-4ef0-bfed-b2234aa6b06c req-6c1c7dbd-56de-44c8-b501-487b11edb7a8 service placement] 10.222.0.64 "GET /placement/allocations/d7cf5ff0-2905-4cee-8b87-0a0f0cf9fd93" status: 200 len: 258 microversion: 1.28
Aug 13 03:28:08.963681 dv-cinder-760193-6-smb devstack@placement-api.service[94391]: [pid: 94391|app: 0|req: 9/17] 10.222.0.64 () {60 vars in 1378 bytes} [Fri Aug 13 03:28:08 2021] GET /placement/allocations/d7cf5ff0-2905-4cee-8b87-0a0f0cf9fd93 => generated 258 bytes in 37 msecs (HTTP/1.1 200) 8 headers in 296 bytes (1 switches on core 0)
Aug 13 03:28:17.541796 dv-cinder-760193-6-smb devstack@placement-api.service[94392]: DEBUG placement.requestlog [req-22fe6a51-9ef0-4aed-a632-4879e6d30776 req-0628186f-92e3-48ca-9fbf-9e6bc5e88002 None None] Starting request: 10.222.0.49 "GET /placement/allocation_candidates?limit=1000&resources=DISK_GB%3A1%2CMEMORY_MB%3A1024%2CVCPU%3A1&root_required=%21COMPUTE_STATUS_DISABLED" {{(pid=94392) __call__ /opt/stack/placement/placement/requestlog.py:55}}
Aug 13 03:28:17.655139 dv-cinder-760193-6-smb devstack@placement-api.service[94392]: DEBUG placement.objects.research_context [req-22fe6a51-9ef0-4aed-a632-4879e6d30776 req-0628186f-92e3-48ca-9fbf-9e6bc5e88002 service placement] getting providers with 1 DISK_GB {{(pid=94392) __init__ /opt/stack/placement/placement/objects/research_context.py:126}}
Aug 13 03:28:17.663719 dv-cinder-760193-6-smb devstack@placement-api.service[94391]: DEBUG placement.requestlog [req-6c14b668-eb55-4b17-9ce7-f08398da56a1 req-2c7bee70-43f0-4a63-a34b-2d07a8161b53 None None] Starting request: 10.222.0.64 "GET /placement/resource_providers/6e24ee54-85c9-4dad-9eb4-64132f1e20d5/allocations" {{(pid=94391) __call__ /opt/stack/placement/placement/requestlog.py:55}}
Aug 13 03:28:17.683069 dv-cinder-760193-6-smb devstack@placement-api.service[94392]: DEBUG placement.objects.research_context [req-22fe6a51-9ef0-4aed-a632-4879e6d30776 req-0628186f-92e3-48ca-9fbf-9e6bc5e88002 service placement] getting providers with 1024 MEMORY_MB {{(pid=94392) __init__ /opt/stack/placement/placement/objects/research_context.py:126}}
Aug 13 03:28:17.721051 dv-cinder-760193-6-smb devstack@placement-api.service[94391]: INFO placement.requestlog [req-6c14b668-eb55-4b17-9ce7-f08398da56a1 req-2c7bee70-43f0-4a63-a34b-2d07a8161b53 service placement] 10.222.0.64 "GET /placement/resource_providers/6e24ee54-85c9-4dad-9eb4-64132f1e20d5/allocations" status: 200 len: 153 microversion: 1.0
Aug 13 03:28:17.721779 dv-cinder-760193-6-smb devstack@placement-api.service[94392]: DEBUG placement.objects.research_context [req-22fe6a51-9ef0-4aed-a632-4879e6d30776 req-0628186f-92e3-48ca-9fbf-9e6bc5e88002 service placement] getting providers with 1 VCPU {{(pid=94392) __init__ /opt/stack/placement/placement/objects/research_context.py:126}}
Aug 13 03:28:17.725170 dv-cinder-760193-6-smb devstack@placement-api.service[94391]: [pid: 94391|app: 0|req: 10/18] 10.222.0.64 () {58 vars in 1391 bytes} [Fri Aug 13 03:28:17 2021] GET /placement/resource_providers/6e24ee54-85c9-4dad-9eb4-64132f1e20d5/allocations => generated 153 bytes in 62 msecs (HTTP/1.1 200) 6 headers in 224 bytes (2 switches on core 0)
Aug 13 03:28:17.766916 dv-cinder-760193-6-smb devstack@placement-api.service[94392]: DEBUG placement.objects.research_context [req-22fe6a51-9ef0-4aed-a632-4879e6d30776 req-0628186f-92e3-48ca-9fbf-9e6bc5e88002 service placement] found 1 providers with available 1 DISK_GB {{(pid=94392) get_provider_ids_matching /opt/stack/placement/placement/objects/research_context.py:549}}
Aug 13 03:28:17.767213 dv-cinder-760193-6-smb devstack@placement-api.service[94392]: DEBUG placement.objects.research_context [req-22fe6a51-9ef0-4aed-a632-4879e6d30776 req-0628186f-92e3-48ca-9fbf-9e6bc5e88002 service placement] found 1 providers with available 1024 MEMORY_MB {{(pid=94392) get_provider_ids_matching /opt/stack/placement/placement/objects/research_context.py:549}}
Aug 13 03:28:17.769096 dv-cinder-760193-6-smb devstack@placement-api.service[94392]: DEBUG placement.objects.research_context [req-22fe6a51-9ef0-4aed-a632-4879e6d30776 req-0628186f-92e3-48ca-9fbf-9e6bc5e88002 service placement] found 1 providers after filtering by previous result {{(pid=94392) get_provider_ids_matching /opt/stack/placement/placement/objects/research_context.py:580}}
Aug 13 03:28:17.770666 dv-cinder-760193-6-smb devstack@placement-api.service[94392]: DEBUG placement.objects.research_context [req-22fe6a51-9ef0-4aed-a632-4879e6d30776 req-0628186f-92e3-48ca-9fbf-9e6bc5e88002 service placement] found 1 providers with available 1 VCPU {{(pid=94392) get_provider_ids_matching /opt/stack/placement/placement/objects/research_context.py:549}}
Aug 13 03:28:17.771936 dv-cinder-760193-6-smb devstack@placement-api.service[94392]: DEBUG placement.objects.research_context [req-22fe6a51-9ef0-4aed-a632-4879e6d30776 req-0628186f-92e3-48ca-9fbf-9e6bc5e88002 service placement] found 1 providers after filtering by previous result {{(pid=94392) get_provider_ids_matching /opt/stack/placement/placement/objects/research_context.py:580}}
Aug 13 03:28:17.850111 dv-cinder-760193-6-smb devstack@placement-api.service[94392]: DEBUG placement.objects.allocation_candidate [req-22fe6a51-9ef0-4aed-a632-4879e6d30776 req-0628186f-92e3-48ca-9fbf-9e6bc5e88002 service placement] RequestGroup(use_same_provider=False, resources={DISK_GB:1, MEMORY_MB:1024, VCPU:1}, traits=[], aggregates=[]) (suffix '') returned 1 matches {{(pid=94392) _get_by_requests /opt/stack/placement/placement/objects/allocation_candidate.py:145}}
Aug 13 03:28:17.850653 dv-cinder-760193-6-smb devstack@placement-api.service[94392]: DEBUG placement.objects.allocation_candidate [req-22fe6a51-9ef0-4aed-a632-4879e6d30776 req-0628186f-92e3-48ca-9fbf-9e6bc5e88002 service placement] Merging candidates yields 1 allocation requests and 1 provider summaries {{(pid=94392) _merge_candidates /opt/stack/placement/placement/objects/allocation_candidate.py:783}}
Aug 13 03:28:17.853616 dv-cinder-760193-6-smb devstack@placement-api.service[94392]: INFO placement.requestlog [req-22fe6a51-9ef0-4aed-a632-4879e6d30776 req-0628186f-92e3-48ca-9fbf-9e6bc5e88002 service placement] 10.222.0.49 "GET /placement/allocation_candidates?limit=1000&resources=DISK_GB%3A1%2CMEMORY_MB%3A1024%2CVCPU%3A1&root_required=%21COMPUTE_STATUS_DISABLED" status: 200 len: 767 microversion: 1.35
Aug 13 03:28:17.873134 dv-cinder-760193-6-smb devstack@placement-api.service[94392]: [pid: 94392|app: 0|req: 9/19] 10.222.0.49 () {60 vars in 1507 bytes} [Fri Aug 13 03:28:17 2021] GET /placement/allocation_candidates?limit=1000&resources=DISK_GB%3A1%2CMEMORY_MB%3A1024%2CVCPU%3A1&root_required=%21COMPUTE_STATUS_DISABLED => generated 767 bytes in 335 msecs (HTTP/1.1 200) 8 headers in 296 bytes (1 switches on core 0)
Aug 13 03:28:18.335977 dv-cinder-760193-6-smb devstack@placement-api.service[94391]: DEBUG placement.requestlog [req-22fe6a51-9ef0-4aed-a632-4879e6d30776 req-8b77739e-ada3-42b4-9760-ae2f57a06936 None None] Starting request: 10.222.0.49 "GET /placement/allocations/260095a8-51c2-482e-a4b2-9aec55e6f8f7" {{(pid=94391) __call__ /opt/stack/placement/placement/requestlog.py:55}}
Aug 13 03:28:18.356478 dv-cinder-760193-6-smb devstack@placement-api.service[94391]: INFO placement.requestlog [req-22fe6a51-9ef0-4aed-a632-4879e6d30776 req-8b77739e-ada3-42b4-9760-ae2f57a06936 service placement] 10.222.0.49 "GET /placement/allocations/260095a8-51c2-482e-a4b2-9aec55e6f8f7" status: 200 len: 19 microversion: 1.28
Aug 13 03:28:18.357857 dv-cinder-760193-6-smb devstack@placement-api.service[94391]: [pid: 94391|app: 0|req: 11/20] 10.222.0.49 () {60 vars in 1381 bytes} [Fri Aug 13 03:28:18 2021] GET /placement/allocations/260095a8-51c2-482e-a4b2-9aec55e6f8f7 => generated 19 bytes in 22 msecs (HTTP/1.1 200) 8 headers in 295 bytes (1 switches on core 0)
Aug 13 03:28:18.363252 dv-cinder-760193-6-smb devstack@placement-api.service[94392]: DEBUG placement.requestlog [req-22fe6a51-9ef0-4aed-a632-4879e6d30776 req-371a26e5-610b-4158-ab1e-a33dff3c71fb None None] Starting request: 10.222.0.49 "PUT /placement/allocations/260095a8-51c2-482e-a4b2-9aec55e6f8f7" {{(pid=94392) __call__ /opt/stack/placement/placement/requestlog.py:55}}
Aug 13 03:28:18.530641 dv-cinder-760193-6-smb devstack@placement-api.service[94392]: DEBUG placement.handlers.allocation [req-22fe6a51-9ef0-4aed-a632-4879e6d30776 req-371a26e5-610b-4158-ab1e-a33dff3c71fb service placement] Successfully wrote allocations [, , ] {{(pid=94392) _create_allocations /opt/stack/placement/placement/handlers/allocation.py:435}}
Aug 13 03:28:18.531669 dv-cinder-760193-6-smb devstack@placement-api.service[94392]: INFO placement.requestlog [req-22fe6a51-9ef0-4aed-a632-4879e6d30776 req-371a26e5-610b-4158-ab1e-a33dff3c71fb service placement] 10.222.0.49 "PUT /placement/allocations/260095a8-51c2-482e-a4b2-9aec55e6f8f7" status: 204 len: 0 microversion: 1.35
Aug 13 03:28:18.540605 dv-cinder-760193-6-smb devstack@placement-api.service[94392]: [pid: 94392|app: 0|req: 10/21] 10.222.0.49 () {64 vars in 1434 bytes} [Fri Aug 13 03:28:18 2021] PUT /placement/allocations/260095a8-51c2-482e-a4b2-9aec55e6f8f7 => generated 0 bytes in 169 msecs (HTTP/1.1 204) 5 headers in 199 bytes (2 switches on core 0)
Aug 13 03:28:19.892021 dv-cinder-760193-6-smb devstack@placement-api.service[94391]: DEBUG placement.requestlog [req-22fe6a51-9ef0-4aed-a632-4879e6d30776 req-dad26f88-2a09-4d06-bc71-2ebe9bdc2619 None None] Starting request: 10.222.0.64 "GET /placement/allocations/260095a8-51c2-482e-a4b2-9aec55e6f8f7" {{(pid=94391) __call__ /opt/stack/placement/placement/requestlog.py:55}}
Aug 13 03:28:19.924924 dv-cinder-760193-6-smb devstack@placement-api.service[94391]: INFO placement.requestlog [req-22fe6a51-9ef0-4aed-a632-4879e6d30776 req-dad26f88-2a09-4d06-bc71-2ebe9bdc2619 service placement] 10.222.0.64 "GET /placement/allocations/260095a8-51c2-482e-a4b2-9aec55e6f8f7" status: 200 len: 258 microversion: 1.28
Aug 13 03:28:19.926873 dv-cinder-760193-6-smb devstack@placement-api.service[94391]: [pid: 94391|app: 0|req: 12/22] 10.222.0.64 () {60 vars in 1378 bytes} [Fri Aug 13 03:28:19 2021] GET /placement/allocations/260095a8-51c2-482e-a4b2-9aec55e6f8f7 => generated 258 bytes in 35 msecs (HTTP/1.1 200) 8 headers in 296 bytes (1 switches on core 0)
Aug 13 03:28:21.788107 dv-cinder-760193-6-smb devstack@placement-api.service[94392]: DEBUG placement.requestlog [req-fa7a4841-0989-47c5-8d65-d1ba1d980179 req-f0a8fbbc-b4af-452f-a182-c956856be435 None None] Starting request: 10.222.0.49 "GET /placement/allocation_candidates?limit=1000&resources=DISK_GB%3A1%2CMEMORY_MB%3A1024%2CVCPU%3A1&root_required=%21COMPUTE_STATUS_DISABLED" {{(pid=94392) __call__ /opt/stack/placement/placement/requestlog.py:55}}
Aug 13 03:28:21.917184 dv-cinder-760193-6-smb devstack@placement-api.service[94392]: DEBUG placement.objects.research_context [req-fa7a4841-0989-47c5-8d65-d1ba1d980179 req-f0a8fbbc-b4af-452f-a182-c956856be435 service placement] getting providers with 1 DISK_GB {{(pid=94392) __init__ /opt/stack/placement/placement/objects/research_context.py:126}}
Aug 13 03:28:21.930385 dv-cinder-760193-6-smb devstack@placement-api.service[94392]: DEBUG placement.objects.research_context [req-fa7a4841-0989-47c5-8d65-d1ba1d980179 req-f0a8fbbc-b4af-452f-a182-c956856be435 service placement] getting providers with 1024 MEMORY_MB {{(pid=94392) __init__ /opt/stack/placement/placement/objects/research_context.py:126}}
Aug 13 03:28:21.949670 dv-cinder-760193-6-smb devstack@placement-api.service[94392]: DEBUG placement.objects.research_context [req-fa7a4841-0989-47c5-8d65-d1ba1d980179 req-f0a8fbbc-b4af-452f-a182-c956856be435 service placement] getting providers with 1 VCPU {{(pid=94392) __init__ /opt/stack/placement/placement/objects/research_context.py:126}}
Aug 13 03:28:21.959113 dv-cinder-760193-6-smb devstack@placement-api.service[94392]: DEBUG placement.objects.research_context [req-fa7a4841-0989-47c5-8d65-d1ba1d980179 req-f0a8fbbc-b4af-452f-a182-c956856be435 service placement] found 1 providers with available 1 DISK_GB {{(pid=94392) get_provider_ids_matching /opt/stack/placement/placement/objects/research_context.py:549}}
Aug 13 03:28:21.959622 dv-cinder-760193-6-smb devstack@placement-api.service[94392]: DEBUG placement.objects.research_context [req-fa7a4841-0989-47c5-8d65-d1ba1d980179 req-f0a8fbbc-b4af-452f-a182-c956856be435 service placement] found 1 providers with available 1024 MEMORY_MB {{(pid=94392) get_provider_ids_matching /opt/stack/placement/placement/objects/research_context.py:549}}
Aug 13 03:28:21.960072 dv-cinder-760193-6-smb devstack@placement-api.service[94392]: DEBUG placement.objects.research_context [req-fa7a4841-0989-47c5-8d65-d1ba1d980179 req-f0a8fbbc-b4af-452f-a182-c956856be435 service placement] found 1 providers after filtering by previous result {{(pid=94392) get_provider_ids_matching /opt/stack/placement/placement/objects/research_context.py:580}}
Aug 13 03:28:21.960554 dv-cinder-760193-6-smb devstack@placement-api.service[94392]: DEBUG placement.objects.research_context [req-fa7a4841-0989-47c5-8d65-d1ba1d980179 req-f0a8fbbc-b4af-452f-a182-c956856be435 service placement] found 1 providers with available 1 VCPU {{(pid=94392) get_provider_ids_matching /opt/stack/placement/placement/objects/research_context.py:549}}
Aug 13 03:28:21.961005 dv-cinder-760193-6-smb devstack@placement-api.service[94392]: DEBUG placement.objects.research_context [req-fa7a4841-0989-47c5-8d65-d1ba1d980179 req-f0a8fbbc-b4af-452f-a182-c956856be435 service placement] found 1 providers after filtering by previous result {{(pid=94392) get_provider_ids_matching /opt/stack/placement/placement/objects/research_context.py:580}}
Aug 13 03:28:21.983233 dv-cinder-760193-6-smb devstack@placement-api.service[94392]: DEBUG placement.objects.allocation_candidate [req-fa7a4841-0989-47c5-8d65-d1ba1d980179 req-f0a8fbbc-b4af-452f-a182-c956856be435 service placement] RequestGroup(use_same_provider=False, resources={DISK_GB:1, MEMORY_MB:1024, VCPU:1}, traits=[], aggregates=[]) (suffix '') returned 1 matches {{(pid=94392) _get_by_requests /opt/stack/placement/placement/objects/allocation_candidate.py:145}}
Aug 13 03:28:21.983935 dv-cinder-760193-6-smb devstack@placement-api.service[94392]: DEBUG placement.objects.allocation_candidate [req-fa7a4841-0989-47c5-8d65-d1ba1d980179 req-f0a8fbbc-b4af-452f-a182-c956856be435 service placement] Merging candidates yields 1 allocation requests and 1 provider summaries {{(pid=94392) _merge_candidates /opt/stack/placement/placement/objects/allocation_candidate.py:783}}
Aug 13 03:28:21.986015 dv-cinder-760193-6-smb devstack@placement-api.service[94392]: INFO placement.requestlog [req-fa7a4841-0989-47c5-8d65-d1ba1d980179 req-f0a8fbbc-b4af-452f-a182-c956856be435 service placement] 10.222.0.49 "GET /placement/allocation_candidates?limit=1000&resources=DISK_GB%3A1%2CMEMORY_MB%3A1024%2CVCPU%3A1&root_required=%21COMPUTE_STATUS_DISABLED" status: 200 len: 767 microversion: 1.35
Aug 13 03:28:21.986858 dv-cinder-760193-6-smb devstack@placement-api.service[94392]: [pid: 94392|app: 0|req: 11/23] 10.222.0.49 () {60 vars in 1507 bytes} [Fri Aug 13 03:28:21 2021] GET /placement/allocation_candidates?limit=1000&resources=DISK_GB%3A1%2CMEMORY_MB%3A1024%2CVCPU%3A1&root_required=%21COMPUTE_STATUS_DISABLED => generated 767 bytes in 199 msecs (HTTP/1.1 200) 8 headers in 296 bytes (1 switches on core 0)
