Aug 13 03:28:39.855854 dv-cinder-760193-6-smb devstack@c-api.service[100759]: INFO cinder.api.openstack.wsgi [None req-efc78bc0-6c56-46eb-9bf3-864151f30601 tempest-GroupSnapshotsTest-1265246220 tempest-GroupSnapshotsTest-1265246220-project] GET http://10.222.0.49/volume/v3/3a0df14e3aef4c00a8c7907097fde126/volumes/adcb4a26-fc5e-45ed-8376-6d1253627a29
Aug 13 03:28:39.857072 dv-cinder-760193-6-smb devstack@c-api.service[100759]: DEBUG cinder.api.openstack.wsgi [None req-efc78bc0-6c56-46eb-9bf3-864151f30601 tempest-GroupSnapshotsTest-1265246220 tempest-GroupSnapshotsTest-1265246220-project] Empty body provided in request {{(pid=100759) get_body /opt/stack/cinder/cinder/api/openstack/wsgi.py:703}}
Aug 13 03:28:39.857268 dv-cinder-760193-6-smb devstack@c-api.service[100759]: /usr/local/lib/python3.8/dist-packages/webob/acceptparse.py:1047: DeprecationWarning: The behavior of AcceptValidHeader.best_match is currently being maintained for backward compatibility, but it will be deprecated in the future, as it does not conform to the RFC.
Aug 13 03:28:39.857268 dv-cinder-760193-6-smb devstack@c-api.service[100759]: warnings.warn(
Aug 13 03:28:39.857566 dv-cinder-760193-6-smb devstack@c-api.service[100759]: DEBUG cinder.api.openstack.wsgi [None req-efc78bc0-6c56-46eb-9bf3-864151f30601 tempest-GroupSnapshotsTest-1265246220 tempest-GroupSnapshotsTest-1265246220-project] Calling method 'show' {{(pid=100759) _process_stack /opt/stack/cinder/cinder/api/openstack/wsgi.py:856}}
Aug 13 03:28:39.871521 dv-cinder-760193-6-smb devstack@c-api.service[100759]: INFO cinder.api.openstack.wsgi [None req-efc78bc0-6c56-46eb-9bf3-864151f30601 tempest-GroupSnapshotsTest-1265246220 tempest-GroupSnapshotsTest-1265246220-project] http://10.222.0.49/volume/v3/3a0df14e3aef4c00a8c7907097fde126/volumes/adcb4a26-fc5e-45ed-8376-6d1253627a29 returned with HTTP 404
Aug 13 03:28:39.872888 dv-cinder-760193-6-smb devstack@c-api.service[100759]: [pid: 100759|app: 0|req: 106/225] 10.222.0.49 () {60 vars in 1366 bytes} [Fri Aug 13 03:28:39 2021] GET /volume/v3/3a0df14e3aef4c00a8c7907097fde126/volumes/adcb4a26-fc5e-45ed-8376-6d1253627a29 => generated 109 bytes in 22 msecs (HTTP/1.1 404) 7 headers in 293 bytes (1 switches on core 0)
Aug 13 03:28:39.880130 dv-cinder-760193-6-smb devstack@c-api.service[100758]: INFO cinder.api.openstack.wsgi [None req-1de8fb04-fc82-45e9-bbb9-723e3384a16a tempest-GroupSnapshotsTest-1265246220 tempest-GroupSnapshotsTest-1265246220-project] GET http://10.222.0.49/volume/v3/3a0df14e3aef4c00a8c7907097fde126/groups/47f386f9-cc57-4f58-b881-624ddb140645
Aug 13 03:28:39.880742 dv-cinder-760193-6-smb devstack@c-api.service[100758]: DEBUG cinder.api.openstack.wsgi [None req-1de8fb04-fc82-45e9-bbb9-723e3384a16a tempest-GroupSnapshotsTest-1265246220 tempest-GroupSnapshotsTest-1265246220-project] Empty body provided in request {{(pid=100758) get_body /opt/stack/cinder/cinder/api/openstack/wsgi.py:703}}
Aug 13 03:28:39.881056 dv-cinder-760193-6-smb devstack@c-api.service[100758]: /usr/local/lib/python3.8/dist-packages/webob/acceptparse.py:1047: DeprecationWarning: The behavior of AcceptValidHeader.best_match is currently being maintained for backward compatibility, but it will be deprecated in the future, as it does not conform to the RFC.
Aug 13 03:28:39.881056 dv-cinder-760193-6-smb devstack@c-api.service[100758]: warnings.warn(
Aug 13 03:28:39.881374 dv-cinder-760193-6-smb devstack@c-api.service[100758]: DEBUG cinder.api.openstack.wsgi [None req-1de8fb04-fc82-45e9-bbb9-723e3384a16a tempest-GroupSnapshotsTest-1265246220 tempest-GroupSnapshotsTest-1265246220-project] Calling method 'version_select' {{(pid=100758) _process_stack /opt/stack/cinder/cinder/api/openstack/wsgi.py:856}}
Aug 13 03:28:39.882235 dv-cinder-760193-6-smb devstack@c-api.service[100758]: DEBUG cinder.api.v3.groups [None req-1de8fb04-fc82-45e9-bbb9-723e3384a16a tempest-GroupSnapshotsTest-1265246220 tempest-GroupSnapshotsTest-1265246220-project] show called for member 47f386f9-cc57-4f58-b881-624ddb140645 {{(pid=100758) show /opt/stack/cinder/cinder/api/v3/groups.py:58}}
Aug 13 03:28:39.887165 dv-cinder-760193-6-smb devstack@c-api.service[100758]: INFO cinder.api.openstack.wsgi [None req-1de8fb04-fc82-45e9-bbb9-723e3384a16a tempest-GroupSnapshotsTest-1265246220 tempest-GroupSnapshotsTest-1265246220-project] http://10.222.0.49/volume/v3/3a0df14e3aef4c00a8c7907097fde126/groups/47f386f9-cc57-4f58-b881-624ddb140645 returned with HTTP 404
Aug 13 03:28:39.888187 dv-cinder-760193-6-smb devstack@c-api.service[100758]: [pid: 100758|app: 0|req: 120/226] 10.222.0.49 () {60 vars in 1363 bytes} [Fri Aug 13 03:28:39 2021] GET /volume/v3/3a0df14e3aef4c00a8c7907097fde126/groups/47f386f9-cc57-4f58-b881-624ddb140645 => generated 108 bytes in 12 msecs (HTTP/1.1 404) 7 headers in 293 bytes (1 switches on core 0)
Aug 13 03:28:39.896541 dv-cinder-760193-6-smb devstack@c-api.service[100759]: INFO cinder.api.openstack.wsgi [None req-0aa6359b-d20c-4a67-8b42-3ea210890075 tempest-GroupSnapshotsTest-382718441 tempest-GroupSnapshotsTest-382718441-project-admin] DELETE http://10.222.0.49/volume/v3/00a6dc95655245aa833c079dd19787ef/group_types/a9a7f3cf-0d57-4abd-a6ad-7574d92b1ff4
Aug 13 03:28:39.897121 dv-cinder-760193-6-smb devstack@c-api.service[100759]: DEBUG cinder.api.openstack.wsgi [None req-0aa6359b-d20c-4a67-8b42-3ea210890075 tempest-GroupSnapshotsTest-382718441 tempest-GroupSnapshotsTest-382718441-project-admin] Empty body provided in request {{(pid=100759) get_body /opt/stack/cinder/cinder/api/openstack/wsgi.py:703}}
Aug 13 03:28:39.897642 dv-cinder-760193-6-smb devstack@c-api.service[100759]: DEBUG cinder.api.openstack.wsgi [None req-0aa6359b-d20c-4a67-8b42-3ea210890075 tempest-GroupSnapshotsTest-382718441 tempest-GroupSnapshotsTest-382718441-project-admin] Calling method 'version_select' {{(pid=100759) _process_stack /opt/stack/cinder/cinder/api/openstack/wsgi.py:856}}
Aug 13 03:28:39.930694 dv-cinder-760193-6-smb devstack@c-api.service[100759]: INFO cinder.api.openstack.wsgi [None req-0aa6359b-d20c-4a67-8b42-3ea210890075 tempest-GroupSnapshotsTest-382718441 tempest-GroupSnapshotsTest-382718441-project-admin] http://10.222.0.49/volume/v3/00a6dc95655245aa833c079dd19787ef/group_types/a9a7f3cf-0d57-4abd-a6ad-7574d92b1ff4 returned with HTTP 202
Aug 13 03:28:39.930694 dv-cinder-760193-6-smb devstack@c-api.service[100759]: [pid: 100759|app: 0|req: 107/227] 10.222.0.49 () {60 vars in 1381 bytes} [Fri Aug 13 03:28:39 2021] DELETE /volume/v3/00a6dc95655245aa833c079dd19787ef/group_types/a9a7f3cf-0d57-4abd-a6ad-7574d92b1ff4 => generated 0 bytes in 38 msecs (HTTP/1.1 202) 6 headers in 234 bytes (2 switches on core 0)
Aug 13 03:28:39.937253 dv-cinder-760193-6-smb devstack@c-api.service[100758]: INFO cinder.api.openstack.wsgi [None req-6889f153-e1f2-4418-ba59-d1999e75646f tempest-VolumeTypesAccessTest-2050752092 tempest-VolumeTypesAccessTest-2050752092-project] GET http://10.222.0.49/volume/v3/893a99c23914490785bed554263acd0b/volumes/12327402-63c2-44d6-ba21-b0a8fa5e9333
Aug 13 03:28:39.937826 dv-cinder-760193-6-smb devstack@c-api.service[100758]: DEBUG cinder.api.openstack.wsgi [None req-6889f153-e1f2-4418-ba59-d1999e75646f tempest-VolumeTypesAccessTest-2050752092 tempest-VolumeTypesAccessTest-2050752092-project] Empty body provided in request {{(pid=100758) get_body /opt/stack/cinder/cinder/api/openstack/wsgi.py:703}}
Aug 13 03:28:39.938306 dv-cinder-760193-6-smb devstack@c-api.service[100758]: DEBUG cinder.api.openstack.wsgi [None req-6889f153-e1f2-4418-ba59-d1999e75646f tempest-VolumeTypesAccessTest-2050752092 tempest-VolumeTypesAccessTest-2050752092-project] Calling method 'show' {{(pid=100758) _process_stack /opt/stack/cinder/cinder/api/openstack/wsgi.py:856}}
Aug 13 03:28:39.945268 dv-cinder-760193-6-smb devstack@c-api.service[100759]: INFO cinder.api.openstack.wsgi [None req-57e04857-2c04-49a0-9220-ba4bda74e1ac tempest-GroupSnapshotsTest-382718441 tempest-GroupSnapshotsTest-382718441-project-admin] POST http://10.222.0.49/volume/v3/00a6dc95655245aa833c079dd19787ef/types
Aug 13 03:28:39.945956 dv-cinder-760193-6-smb devstack@c-api.service[100759]: DEBUG cinder.api.openstack.wsgi [None req-57e04857-2c04-49a0-9220-ba4bda74e1ac tempest-GroupSnapshotsTest-382718441 tempest-GroupSnapshotsTest-382718441-project-admin] Action: 'create', calling method: _create, body: {"volume_type": {"name": "tempest-GroupSnapshotsTest-volume-type-2002008557"}} {{(pid=100759) _process_stack /opt/stack/cinder/cinder/api/openstack/wsgi.py:854}}
Aug 13 03:28:39.960759 dv-cinder-760193-6-smb devstack@c-api.service[100758]: /usr/local/lib/python3.8/dist-packages/oslo_context/context.py:105: DeprecationWarning: Policy enforcement is depending on the value of is_admin. This key is deprecated. Please update your policy file to use the standard policy values.
Aug 13 03:28:39.960759 dv-cinder-760193-6-smb devstack@c-api.service[100758]: warnings.warn('Policy enforcement is depending on the value of '
Aug 13 03:28:39.976011 dv-cinder-760193-6-smb devstack@c-api.service[100759]: INFO cinder.api.openstack.wsgi [None req-57e04857-2c04-49a0-9220-ba4bda74e1ac tempest-GroupSnapshotsTest-382718441 tempest-GroupSnapshotsTest-382718441-project-admin] http://10.222.0.49/volume/v3/00a6dc95655245aa833c079dd19787ef/types returned with HTTP 200
Aug 13 03:28:39.977238 dv-cinder-760193-6-smb devstack@c-api.service[100759]: [pid: 100759|app: 0|req: 108/228] 10.222.0.49 () {60 vars in 1229 bytes} [Fri Aug 13 03:28:39 2021] POST /volume/v3/00a6dc95655245aa833c079dd19787ef/types => generated 224 bytes in 38 msecs (HTTP/1.1 200) 7 headers in 285 bytes (1 switches on core 0)
Aug 13 03:28:39.987519 dv-cinder-760193-6-smb devstack@c-api.service[100758]: INFO cinder.volume.api [None req-6889f153-e1f2-4418-ba59-d1999e75646f tempest-VolumeTypesAccessTest-2050752092 tempest-VolumeTypesAccessTest-2050752092-project] Volume info retrieved successfully.
Aug 13 03:28:39.987992 dv-cinder-760193-6-smb devstack@c-api.service[100759]: INFO cinder.api.openstack.wsgi [None req-f7e8239f-db35-4468-bc16-8afac4d25a3d tempest-GroupSnapshotsTest-382718441 tempest-GroupSnapshotsTest-382718441-project-admin] POST http://10.222.0.49/volume/v3/00a6dc95655245aa833c079dd19787ef/group_types
Aug 13 03:28:39.989370 dv-cinder-760193-6-smb devstack@c-api.service[100759]: DEBUG cinder.api.openstack.wsgi [None req-f7e8239f-db35-4468-bc16-8afac4d25a3d tempest-GroupSnapshotsTest-382718441 tempest-GroupSnapshotsTest-382718441-project-admin] Action: 'create', calling method: version_select, body: {"group_type": {"name": "tempest-GroupSnapshotsTest-group-type-1921878295"}} {{(pid=100759) _process_stack /opt/stack/cinder/cinder/api/openstack/wsgi.py:854}}
Aug 13 03:28:40.030997 dv-cinder-760193-6-smb devstack@c-api.service[100758]: INFO cinder.api.openstack.wsgi [None req-6889f153-e1f2-4418-ba59-d1999e75646f tempest-VolumeTypesAccessTest-2050752092 tempest-VolumeTypesAccessTest-2050752092-project] http://10.222.0.49/volume/v3/893a99c23914490785bed554263acd0b/volumes/12327402-63c2-44d6-ba21-b0a8fa5e9333 returned with HTTP 200
Aug 13 03:28:40.045898 dv-cinder-760193-6-smb devstack@c-api.service[100758]: [pid: 100758|app: 0|req: 121/229] 10.222.0.49 () {58 vars in 1325 bytes} [Fri Aug 13 03:28:39 2021] GET /volume/v3/893a99c23914490785bed554263acd0b/volumes/12327402-63c2-44d6-ba21-b0a8fa5e9333 => generated 954 bytes in 107 msecs (HTTP/1.1 200) 7 headers in 285 bytes (1 switches on core 0)
Aug 13 03:28:40.046103 dv-cinder-760193-6-smb devstack@c-api.service[100759]: INFO cinder.api.openstack.wsgi [None req-f7e8239f-db35-4468-bc16-8afac4d25a3d tempest-GroupSnapshotsTest-382718441 tempest-GroupSnapshotsTest-382718441-project-admin] http://10.222.0.49/volume/v3/00a6dc95655245aa833c079dd19787ef/group_types returned with HTTP 202
Aug 13 03:28:40.046103 dv-cinder-760193-6-smb devstack@c-api.service[100759]: [pid: 100759|app: 0|req: 109/230] 10.222.0.49 () {62 vars in 1288 bytes} [Fri Aug 13 03:28:39 2021] POST /volume/v3/00a6dc95655245aa833c079dd19787ef/group_types => generated 181 bytes in 57 msecs (HTTP/1.1 202) 7 headers in 292 bytes (1 switches on core 0)
Aug 13 03:28:40.048381 dv-cinder-760193-6-smb devstack@c-api.service[100758]: INFO cinder.api.openstack.wsgi [None req-ad36257f-42ca-431b-b380-cbc0ac4c5807 tempest-GroupSnapshotsTest-1265246220 tempest-GroupSnapshotsTest-1265246220-project] POST http://10.222.0.49/volume/v3/3a0df14e3aef4c00a8c7907097fde126/groups
Aug 13 03:28:40.048894 dv-cinder-760193-6-smb devstack@c-api.service[100758]: /usr/local/lib/python3.8/dist-packages/webob/acceptparse.py:1047: DeprecationWarning: The behavior of AcceptValidHeader.best_match is currently being maintained for backward compatibility, but it will be deprecated in the future, as it does not conform to the RFC.
Aug 13 03:28:40.048894 dv-cinder-760193-6-smb devstack@c-api.service[100758]: warnings.warn(
Aug 13 03:28:40.049330 dv-cinder-760193-6-smb devstack@c-api.service[100758]: DEBUG cinder.api.openstack.wsgi [None req-ad36257f-42ca-431b-b380-cbc0ac4c5807 tempest-GroupSnapshotsTest-1265246220 tempest-GroupSnapshotsTest-1265246220-project] Action: 'create', calling method: version_select, body: {"group": {"group_type": "54d173d6-9a22-42d1-8641-7daf6bfbd64c", "volume_types": ["27aaccdb-5a67-4be6-aa89-920565bdf6c9"], "name": "tempest-GroupSnapshotsTest-Group-1519097174"}} {{(pid=100758) _process_stack /opt/stack/cinder/cinder/api/openstack/wsgi.py:854}}
Aug 13 03:28:40.050250 dv-cinder-760193-6-smb devstack@c-api.service[100758]: DEBUG cinder.api.v3.groups [None req-ad36257f-42ca-431b-b380-cbc0ac4c5807 tempest-GroupSnapshotsTest-1265246220 tempest-GroupSnapshotsTest-1265246220-project] Creating new group {'group': {'group_type': '54d173d6-9a22-42d1-8641-7daf6bfbd64c', 'volume_types': ['27aaccdb-5a67-4be6-aa89-920565bdf6c9'], 'name': 'tempest-GroupSnapshotsTest-Group-1519097174'}} {{(pid=100758) create /opt/stack/cinder/cinder/api/v3/groups.py:190}}
Aug 13 03:28:40.058913 dv-cinder-760193-6-smb devstack@c-api.service[100759]: INFO cinder.api.openstack.wsgi [None req-98314a8e-2909-4eab-a00e-7696f9bda589 tempest-VolumeTypesAccessTest-1352490629 tempest-VolumeTypesAccessTest-1352490629-project-admin] POST http://10.222.0.49/volume/v3/5f46409008af4cd29412403cf9787986/types/9289ae7c-3294-4779-a220-65f84f0e69d7/action
Aug 13 03:28:40.059639 dv-cinder-760193-6-smb devstack@c-api.service[100759]: DEBUG cinder.api.openstack.wsgi [None req-98314a8e-2909-4eab-a00e-7696f9bda589 tempest-VolumeTypesAccessTest-1352490629 tempest-VolumeTypesAccessTest-1352490629-project-admin] Action body: b'{"removeProjectAccess": {"project": "893a99c23914490785bed554263acd0b"}}' {{(pid=100759) get_method /opt/stack/cinder/cinder/api/openstack/wsgi.py:971}}
Aug 13 03:28:40.060727 dv-cinder-760193-6-smb devstack@c-api.service[100759]: DEBUG cinder.api.openstack.wsgi [None req-98314a8e-2909-4eab-a00e-7696f9bda589 tempest-VolumeTypesAccessTest-1352490629 tempest-VolumeTypesAccessTest-1352490629-project-admin] Action: 'action', calling method: _removeProjectAccess, body: {"removeProjectAccess": {"project": "893a99c23914490785bed554263acd0b"}} {{(pid=100759) _process_stack /opt/stack/cinder/cinder/api/openstack/wsgi.py:854}}
Aug 13 03:28:40.069238 dv-cinder-760193-6-smb devstack@c-api.service[100758]: INFO cinder.api.v3.groups [None req-ad36257f-42ca-431b-b380-cbc0ac4c5807 tempest-GroupSnapshotsTest-1265246220 tempest-GroupSnapshotsTest-1265246220-project] Creating group tempest-GroupSnapshotsTest-Group-1519097174.
Aug 13 03:28:40.084183 dv-cinder-760193-6-smb devstack@c-api.service[100759]: INFO cinder.api.openstack.wsgi [None req-98314a8e-2909-4eab-a00e-7696f9bda589 tempest-VolumeTypesAccessTest-1352490629 tempest-VolumeTypesAccessTest-1352490629-project-admin] http://10.222.0.49/volume/v3/5f46409008af4cd29412403cf9787986/types/9289ae7c-3294-4779-a220-65f84f0e69d7/action returned with HTTP 202
Aug 13 03:28:40.084405 dv-cinder-760193-6-smb devstack@c-api.service[100758]: INFO cinder.volume.api [None req-ad36257f-42ca-431b-b380-cbc0ac4c5807 tempest-GroupSnapshotsTest-1265246220 tempest-GroupSnapshotsTest-1265246220-project] Availability Zones retrieved successfully.
Aug 13 03:28:40.085614 dv-cinder-760193-6-smb devstack@c-api.service[100759]: [pid: 100759|app: 0|req: 110/231] 10.222.0.49 () {60 vars in 1361 bytes} [Fri Aug 13 03:28:40 2021] POST /volume/v3/5f46409008af4cd29412403cf9787986/types/9289ae7c-3294-4779-a220-65f84f0e69d7/action => generated 0 bytes in 33 msecs (HTTP/1.1 202) 6 headers in 233 bytes (1 switches on core 0)
Aug 13 03:28:40.094510 dv-cinder-760193-6-smb devstack@c-api.service[100759]: INFO cinder.api.openstack.wsgi [None req-cdc6658b-9f7c-42ff-9a1e-cca5016b96d1 tempest-VolumeTypesAccessTest-1352490629 tempest-VolumeTypesAccessTest-1352490629-project-admin] POST http://10.222.0.49/volume/v3/5f46409008af4cd29412403cf9787986/types
Aug 13 03:28:40.095205 dv-cinder-760193-6-smb devstack@c-api.service[100759]: DEBUG cinder.api.openstack.wsgi [None req-cdc6658b-9f7c-42ff-9a1e-cca5016b96d1 tempest-VolumeTypesAccessTest-1352490629 tempest-VolumeTypesAccessTest-1352490629-project-admin] Action: 'create', calling method: _create, body: {"volume_type": {"name": "tempest-VolumeTypesAccessTest-volume-type-1531681532", "os-volume-type-access:is_public": false}} {{(pid=100759) _process_stack /opt/stack/cinder/cinder/api/openstack/wsgi.py:854}}
Aug 13 03:28:40.119224 dv-cinder-760193-6-smb devstack@c-api.service[100758]: DEBUG cinder.quota [None req-ad36257f-42ca-431b-b380-cbc0ac4c5807 tempest-GroupSnapshotsTest-1265246220 tempest-GroupSnapshotsTest-1265246220-project] Created reservations ['6a68f05c-1562-4286-9bd5-e352cdd07eec'] {{(pid=100758) reserve /opt/stack/cinder/cinder/quota.py:755}}
Aug 13 03:28:40.141466 dv-cinder-760193-6-smb devstack@c-api.service[100759]: INFO cinder.api.openstack.wsgi [None req-cdc6658b-9f7c-42ff-9a1e-cca5016b96d1 tempest-VolumeTypesAccessTest-1352490629 tempest-VolumeTypesAccessTest-1352490629-project-admin] http://10.222.0.49/volume/v3/5f46409008af4cd29412403cf9787986/types returned with HTTP 200
Aug 13 03:28:40.142584 dv-cinder-760193-6-smb devstack@c-api.service[100759]: [pid: 100759|app: 0|req: 111/232] 10.222.0.49 () {60 vars in 1230 bytes} [Fri Aug 13 03:28:40 2021] POST /volume/v3/5f46409008af4cd29412403cf9787986/types => generated 229 bytes in 52 msecs (HTTP/1.1 200) 7 headers in 285 bytes (1 switches on core 0)
Aug 13 03:28:40.155487 dv-cinder-760193-6-smb devstack@c-api.service[100759]: INFO cinder.api.openstack.wsgi [None req-93fb3866-b5e5-4ce7-a30e-82276fe3e768 tempest-VolumeTypesAccessTest-1352490629 tempest-VolumeTypesAccessTest-1352490629-project-admin] POST http://10.222.0.49/volume/v3/5f46409008af4cd29412403cf9787986/types/28a51323-8996-4523-a0fc-46252f5b8c72/action
Aug 13 03:28:40.156536 dv-cinder-760193-6-smb devstack@c-api.service[100759]: DEBUG cinder.api.openstack.wsgi [None req-93fb3866-b5e5-4ce7-a30e-82276fe3e768 tempest-VolumeTypesAccessTest-1352490629 tempest-VolumeTypesAccessTest-1352490629-project-admin] Action body: b'{"addProjectAccess": {"project": "893a99c23914490785bed554263acd0b"}}' {{(pid=100759) get_method /opt/stack/cinder/cinder/api/openstack/wsgi.py:971}}
Aug 13 03:28:40.157667 dv-cinder-760193-6-smb devstack@c-api.service[100759]: DEBUG cinder.api.openstack.wsgi [None req-93fb3866-b5e5-4ce7-a30e-82276fe3e768 tempest-VolumeTypesAccessTest-1352490629 tempest-VolumeTypesAccessTest-1352490629-project-admin] Action: 'action', calling method: _addProjectAccess, body: {"addProjectAccess": {"project": "893a99c23914490785bed554263acd0b"}} {{(pid=100759) _process_stack /opt/stack/cinder/cinder/api/openstack/wsgi.py:854}}
Aug 13 03:28:40.176339 dv-cinder-760193-6-smb devstack@c-api.service[100759]: INFO cinder.api.openstack.wsgi [None req-93fb3866-b5e5-4ce7-a30e-82276fe3e768 tempest-VolumeTypesAccessTest-1352490629 tempest-VolumeTypesAccessTest-1352490629-project-admin] http://10.222.0.49/volume/v3/5f46409008af4cd29412403cf9787986/types/28a51323-8996-4523-a0fc-46252f5b8c72/action returned with HTTP 202
Aug 13 03:28:40.177791 dv-cinder-760193-6-smb devstack@c-api.service[100759]: [pid: 100759|app: 0|req: 112/233] 10.222.0.49 () {60 vars in 1361 bytes} [Fri Aug 13 03:28:40 2021] POST /volume/v3/5f46409008af4cd29412403cf9787986/types/28a51323-8996-4523-a0fc-46252f5b8c72/action => generated 0 bytes in 29 msecs (HTTP/1.1 202) 6 headers in 233 bytes (2 switches on core 0)
Aug 13 03:28:40.192692 dv-cinder-760193-6-smb devstack@c-api.service[100759]: INFO cinder.api.openstack.wsgi [None req-1fd018a6-081e-4b4c-b5d2-b364dee6d168 tempest-VolumeTypesAccessTest-1352490629 tempest-VolumeTypesAccessTest-1352490629-project-admin] POST http://10.222.0.49/volume/v3/5f46409008af4cd29412403cf9787986/types/28a51323-8996-4523-a0fc-46252f5b8c72/action
Aug 13 03:28:40.193362 dv-cinder-760193-6-smb devstack@c-api.service[100759]: DEBUG cinder.api.openstack.wsgi [None req-1fd018a6-081e-4b4c-b5d2-b364dee6d168 tempest-VolumeTypesAccessTest-1352490629 tempest-VolumeTypesAccessTest-1352490629-project-admin] Action body: b'{"addProjectAccess": {"project": "0c9ed3428fc24da59e1fabc46b5a4250"}}' {{(pid=100759) get_method /opt/stack/cinder/cinder/api/openstack/wsgi.py:971}}
Aug 13 03:28:40.193681 dv-cinder-760193-6-smb devstack@c-api.service[100759]: DEBUG cinder.api.openstack.wsgi [None req-1fd018a6-081e-4b4c-b5d2-b364dee6d168 tempest-VolumeTypesAccessTest-1352490629 tempest-VolumeTypesAccessTest-1352490629-project-admin] Action: 'action', calling method: _addProjectAccess, body: {"addProjectAccess": {"project": "0c9ed3428fc24da59e1fabc46b5a4250"}} {{(pid=100759) _process_stack /opt/stack/cinder/cinder/api/openstack/wsgi.py:854}}
Aug 13 03:28:40.204038 dv-cinder-760193-6-smb devstack@c-api.service[100758]: INFO cinder.api.openstack.wsgi [None req-ad36257f-42ca-431b-b380-cbc0ac4c5807 tempest-GroupSnapshotsTest-1265246220 tempest-GroupSnapshotsTest-1265246220-project] http://10.222.0.49/volume/v3/3a0df14e3aef4c00a8c7907097fde126/groups returned with HTTP 202
Aug 13 03:28:40.205200 dv-cinder-760193-6-smb devstack@c-api.service[100758]: [pid: 100758|app: 0|req: 122/234] 10.222.0.49 () {62 vars in 1274 bytes} [Fri Aug 13 03:28:40 2021] POST /volume/v3/3a0df14e3aef4c00a8c7907097fde126/groups => generated 112 bytes in 161 msecs (HTTP/1.1 202) 7 headers in 292 bytes (1 switches on core 0)
Aug 13 03:28:40.216137 dv-cinder-760193-6-smb devstack@c-api.service[100758]: INFO cinder.api.openstack.wsgi [None req-3d8f2ab0-3e2f-4854-ba7c-6607b23932bd tempest-VolumesDeleteCascade-1318781797 tempest-VolumesDeleteCascade-1318781797-project] GET http://10.222.0.49/volume/v3/6d148e549c8c4feab3e6a38c4bf1c1ec/snapshots/5a35cbd4-01c6-4bb8-9594-2970fb6adfac
Aug 13 03:28:40.216779 dv-cinder-760193-6-smb devstack@c-api.service[100758]: DEBUG cinder.api.openstack.wsgi [None req-3d8f2ab0-3e2f-4854-ba7c-6607b23932bd tempest-VolumesDeleteCascade-1318781797 tempest-VolumesDeleteCascade-1318781797-project] Empty body provided in request {{(pid=100758) get_body /opt/stack/cinder/cinder/api/openstack/wsgi.py:703}}
Aug 13 03:28:40.217224 dv-cinder-760193-6-smb devstack@c-api.service[100758]: /usr/local/lib/python3.8/dist-packages/webob/acceptparse.py:1047: DeprecationWarning: The behavior of AcceptValidHeader.best_match is currently being maintained for backward compatibility, but it will be deprecated in the future, as it does not conform to the RFC.
Aug 13 03:28:40.217224 dv-cinder-760193-6-smb devstack@c-api.service[100758]: warnings.warn(
Aug 13 03:28:40.217538 dv-cinder-760193-6-smb devstack@c-api.service[100758]: DEBUG cinder.api.openstack.wsgi [None req-3d8f2ab0-3e2f-4854-ba7c-6607b23932bd tempest-VolumesDeleteCascade-1318781797 tempest-VolumesDeleteCascade-1318781797-project] Calling method 'show' {{(pid=100758) _process_stack /opt/stack/cinder/cinder/api/openstack/wsgi.py:856}}
Aug 13 03:28:40.221604 dv-cinder-760193-6-smb devstack@c-api.service[100759]: INFO cinder.api.openstack.wsgi [None req-1fd018a6-081e-4b4c-b5d2-b364dee6d168 tempest-VolumeTypesAccessTest-1352490629 tempest-VolumeTypesAccessTest-1352490629-project-admin] http://10.222.0.49/volume/v3/5f46409008af4cd29412403cf9787986/types/28a51323-8996-4523-a0fc-46252f5b8c72/action returned with HTTP 202
Aug 13 03:28:40.225600 dv-cinder-760193-6-smb devstack@c-api.service[100759]: [pid: 100759|app: 0|req: 113/235] 10.222.0.49 () {60 vars in 1361 bytes} [Fri Aug 13 03:28:40 2021] POST /volume/v3/5f46409008af4cd29412403cf9787986/types/28a51323-8996-4523-a0fc-46252f5b8c72/action => generated 0 bytes in 33 msecs (HTTP/1.1 202) 6 headers in 233 bytes (2 switches on core 0)
Aug 13 03:28:40.231996 dv-cinder-760193-6-smb devstack@c-api.service[100759]: INFO cinder.api.openstack.wsgi [None req-77b18f96-eadb-49bb-aa93-bb5eb7f2134f tempest-GroupSnapshotsTest-1265246220 tempest-GroupSnapshotsTest-1265246220-project] GET http://10.222.0.49/volume/v3/3a0df14e3aef4c00a8c7907097fde126/groups/0de82e21-4df5-46ef-b6e8-315e74aba5da
Aug 13 03:28:40.232518 dv-cinder-760193-6-smb devstack@c-api.service[100759]: DEBUG cinder.api.openstack.wsgi [None req-77b18f96-eadb-49bb-aa93-bb5eb7f2134f tempest-GroupSnapshotsTest-1265246220 tempest-GroupSnapshotsTest-1265246220-project] Empty body provided in request {{(pid=100759) get_body /opt/stack/cinder/cinder/api/openstack/wsgi.py:703}}
Aug 13 03:28:40.233348 dv-cinder-760193-6-smb devstack@c-api.service[100759]: DEBUG cinder.api.openstack.wsgi [None req-77b18f96-eadb-49bb-aa93-bb5eb7f2134f tempest-GroupSnapshotsTest-1265246220 tempest-GroupSnapshotsTest-1265246220-project] Calling method 'version_select' {{(pid=100759) _process_stack /opt/stack/cinder/cinder/api/openstack/wsgi.py:856}}
Aug 13 03:28:40.233757 dv-cinder-760193-6-smb devstack@c-api.service[100759]: DEBUG cinder.api.v3.groups [None req-77b18f96-eadb-49bb-aa93-bb5eb7f2134f tempest-GroupSnapshotsTest-1265246220 tempest-GroupSnapshotsTest-1265246220-project] show called for member 0de82e21-4df5-46ef-b6e8-315e74aba5da {{(pid=100759) show /opt/stack/cinder/cinder/api/v3/groups.py:58}}
Aug 13 03:28:40.237579 dv-cinder-760193-6-smb devstack@c-api.service[100758]: /usr/local/lib/python3.8/dist-packages/oslo_context/context.py:105: DeprecationWarning: Policy enforcement is depending on the value of is_admin. This key is deprecated. Please update your policy file to use the standard policy values.
Aug 13 03:28:40.237579 dv-cinder-760193-6-smb devstack@c-api.service[100758]: warnings.warn('Policy enforcement is depending on the value of '
Aug 13 03:28:40.238778 dv-cinder-760193-6-smb devstack@c-api.service[100758]: INFO cinder.volume.api [None req-3d8f2ab0-3e2f-4854-ba7c-6607b23932bd tempest-VolumesDeleteCascade-1318781797 tempest-VolumesDeleteCascade-1318781797-project] Snapshot retrieved successfully.
Aug 13 03:28:40.240597 dv-cinder-760193-6-smb devstack@c-api.service[100758]: INFO cinder.api.openstack.wsgi [None req-3d8f2ab0-3e2f-4854-ba7c-6607b23932bd tempest-VolumesDeleteCascade-1318781797 tempest-VolumesDeleteCascade-1318781797-project] http://10.222.0.49/volume/v3/6d148e549c8c4feab3e6a38c4bf1c1ec/snapshots/5a35cbd4-01c6-4bb8-9594-2970fb6adfac returned with HTTP 200
Aug 13 03:28:40.241463 dv-cinder-760193-6-smb devstack@c-api.service[100759]: /usr/local/lib/python3.8/dist-packages/oslo_context/context.py:105: DeprecationWarning: Policy enforcement is depending on the value of is_admin. This key is deprecated. Please update your policy file to use the standard policy values.
Aug 13 03:28:40.241463 dv-cinder-760193-6-smb devstack@c-api.service[100759]: warnings.warn('Policy enforcement is depending on the value of '
Aug 13 03:28:40.241778 dv-cinder-760193-6-smb devstack@c-api.service[100758]: [pid: 100758|app: 0|req: 123/236] 10.222.0.49 () {58 vars in 1331 bytes} [Fri Aug 13 03:28:40 2021] GET /volume/v3/6d148e549c8c4feab3e6a38c4bf1c1ec/snapshots/5a35cbd4-01c6-4bb8-9594-2970fb6adfac => generated 568 bytes in 32 msecs (HTTP/1.1 200) 7 headers in 285 bytes (1 switches on core 0)
Aug 13 03:28:40.247721 dv-cinder-760193-6-smb devstack@c-api.service[100758]: INFO cinder.api.openstack.wsgi [None req-c159c78e-9e7c-41ef-b30a-68f889806c3d tempest-DeleteServersTestJSON-1135225584 tempest-DeleteServersTestJSON-1135225584-project] GET http://10.222.0.49/volume/v3/d6aa9ddbdb674a0c835f0a2f1c2c4538/volumes/36d2a462-a918-42a7-b2e5-4311c3a20ec2
Aug 13 03:28:40.249070 dv-cinder-760193-6-smb devstack@c-api.service[100758]: DEBUG cinder.api.openstack.wsgi [None req-c159c78e-9e7c-41ef-b30a-68f889806c3d tempest-DeleteServersTestJSON-1135225584 tempest-DeleteServersTestJSON-1135225584-project] Empty body provided in request {{(pid=100758) get_body /opt/stack/cinder/cinder/api/openstack/wsgi.py:703}}
Aug 13 03:28:40.249453 dv-cinder-760193-6-smb devstack@c-api.service[100758]: /usr/local/lib/python3.8/dist-packages/webob/acceptparse.py:1047: DeprecationWarning: The behavior of AcceptValidHeader.best_match is currently being maintained for backward compatibility, but it will be deprecated in the future, as it does not conform to the RFC.
Aug 13 03:28:40.249453 dv-cinder-760193-6-smb devstack@c-api.service[100758]: warnings.warn(
Aug 13 03:28:40.250008 dv-cinder-760193-6-smb devstack@c-api.service[100758]: DEBUG cinder.api.openstack.wsgi [None req-c159c78e-9e7c-41ef-b30a-68f889806c3d tempest-DeleteServersTestJSON-1135225584 tempest-DeleteServersTestJSON-1135225584-project] Calling method 'show' {{(pid=100758) _process_stack /opt/stack/cinder/cinder/api/openstack/wsgi.py:856}}
Aug 13 03:28:40.264518 dv-cinder-760193-6-smb devstack@c-api.service[100759]: INFO cinder.api.openstack.wsgi [None req-77b18f96-eadb-49bb-aa93-bb5eb7f2134f tempest-GroupSnapshotsTest-1265246220 tempest-GroupSnapshotsTest-1265246220-project] http://10.222.0.49/volume/v3/3a0df14e3aef4c00a8c7907097fde126/groups/0de82e21-4df5-46ef-b6e8-315e74aba5da returned with HTTP 200
Aug 13 03:28:40.265669 dv-cinder-760193-6-smb devstack@c-api.service[100759]: [pid: 100759|app: 0|req: 114/237] 10.222.0.49 () {60 vars in 1363 bytes} [Fri Aug 13 03:28:40 2021] GET /volume/v3/3a0df14e3aef4c00a8c7907097fde126/groups/0de82e21-4df5-46ef-b6e8-315e74aba5da => generated 392 bytes in 42 msecs (HTTP/1.1 200) 7 headers in 286 bytes (1 switches on core 0)
Aug 13 03:28:40.267581 dv-cinder-760193-6-smb devstack@c-api.service[100758]: /usr/local/lib/python3.8/dist-packages/oslo_context/context.py:105: DeprecationWarning: Policy enforcement is depending on the value of is_admin. This key is deprecated. Please update your policy file to use the standard policy values.
Aug 13 03:28:40.267581 dv-cinder-760193-6-smb devstack@c-api.service[100758]: warnings.warn('Policy enforcement is depending on the value of '
Aug 13 03:28:40.272522 dv-cinder-760193-6-smb devstack@c-api.service[100759]: INFO cinder.api.openstack.wsgi [None req-37d33d37-6391-4e74-9530-b402fb9bb7a8 tempest-VolumeTypesAccessTest-1352490629 tempest-VolumeTypesAccessTest-1352490629-project-admin] GET http://10.222.0.49/volume/v3/5f46409008af4cd29412403cf9787986/types/28a51323-8996-4523-a0fc-46252f5b8c72/os-volume-type-access
Aug 13 03:28:40.272955 dv-cinder-760193-6-smb devstack@c-api.service[100759]: DEBUG cinder.api.openstack.wsgi [None req-37d33d37-6391-4e74-9530-b402fb9bb7a8 tempest-VolumeTypesAccessTest-1352490629 tempest-VolumeTypesAccessTest-1352490629-project-admin] Empty body provided in request {{(pid=100759) get_body /opt/stack/cinder/cinder/api/openstack/wsgi.py:703}}
Aug 13 03:28:40.273122 dv-cinder-760193-6-smb devstack@c-api.service[100759]: /usr/local/lib/python3.8/dist-packages/webob/acceptparse.py:1047: DeprecationWarning: The behavior of AcceptValidHeader.best_match is currently being maintained for backward compatibility, but it will be deprecated in the future, as it does not conform to the RFC.
Aug 13 03:28:40.273122 dv-cinder-760193-6-smb devstack@c-api.service[100759]: warnings.warn(
Aug 13 03:28:40.273528 dv-cinder-760193-6-smb devstack@c-api.service[100759]: DEBUG cinder.api.openstack.wsgi [None req-37d33d37-6391-4e74-9530-b402fb9bb7a8 tempest-VolumeTypesAccessTest-1352490629 tempest-VolumeTypesAccessTest-1352490629-project-admin] Calling method 'index' {{(pid=100759) _process_stack /opt/stack/cinder/cinder/api/openstack/wsgi.py:856}}
Aug 13 03:28:40.274096 dv-cinder-760193-6-smb devstack@c-api.service[100759]: /usr/local/lib/python3.8/dist-packages/oslo_context/context.py:105: DeprecationWarning: Policy enforcement is depending on the value of is_admin. This key is deprecated. Please update your policy file to use the standard policy values.
Aug 13 03:28:40.274096 dv-cinder-760193-6-smb devstack@c-api.service[100759]: warnings.warn('Policy enforcement is depending on the value of '
Aug 13 03:28:40.276415 dv-cinder-760193-6-smb devstack@c-api.service[100758]: INFO cinder.volume.api [None req-c159c78e-9e7c-41ef-b30a-68f889806c3d tempest-DeleteServersTestJSON-1135225584 tempest-DeleteServersTestJSON-1135225584-project] Volume info retrieved successfully.
Aug 13 03:28:40.290475 dv-cinder-760193-6-smb devstack@c-api.service[100758]: /usr/local/lib/python3.8/dist-packages/oslo_context/context.py:105: DeprecationWarning: Policy enforcement is depending on the value of is_admin. This key is deprecated. Please update your policy file to use the standard policy values.
Aug 13 03:28:40.290475 dv-cinder-760193-6-smb devstack@c-api.service[100758]: warnings.warn('Policy enforcement is depending on the value of '
Aug 13 03:28:40.293943 dv-cinder-760193-6-smb devstack@c-api.service[100759]: INFO cinder.api.openstack.wsgi [None req-37d33d37-6391-4e74-9530-b402fb9bb7a8 tempest-VolumeTypesAccessTest-1352490629 tempest-VolumeTypesAccessTest-1352490629-project-admin] http://10.222.0.49/volume/v3/5f46409008af4cd29412403cf9787986/types/28a51323-8996-4523-a0fc-46252f5b8c72/os-volume-type-access returned with HTTP 200
Aug 13 03:28:40.294854 dv-cinder-760193-6-smb devstack@c-api.service[100759]: [pid: 100759|app: 0|req: 115/238] 10.222.0.49 () {58 vars in 1385 bytes} [Fri Aug 13 03:28:40 2021] GET /volume/v3/5f46409008af4cd29412403cf9787986/types/28a51323-8996-4523-a0fc-46252f5b8c72/os-volume-type-access => generated 244 bytes in 29 msecs (HTTP/1.1 200) 7 headers in 285 bytes (1 switches on core 0)
Aug 13 03:28:40.300261 dv-cinder-760193-6-smb devstack@c-api.service[100758]: INFO cinder.api.openstack.wsgi [None req-c159c78e-9e7c-41ef-b30a-68f889806c3d tempest-DeleteServersTestJSON-1135225584 tempest-DeleteServersTestJSON-1135225584-project] http://10.222.0.49/volume/v3/d6aa9ddbdb674a0c835f0a2f1c2c4538/volumes/36d2a462-a918-42a7-b2e5-4311c3a20ec2 returned with HTTP 200
Aug 13 03:28:40.301164 dv-cinder-760193-6-smb devstack@c-api.service[100758]: [pid: 100758|app: 0|req: 124/239] 10.222.0.49 () {58 vars in 1325 bytes} [Fri Aug 13 03:28:40 2021] GET /volume/v3/d6aa9ddbdb674a0c835f0a2f1c2c4538/volumes/36d2a462-a918-42a7-b2e5-4311c3a20ec2 => generated 914 bytes in 59 msecs (HTTP/1.1 200) 7 headers in 285 bytes (1 switches on core 0)
Aug 13 03:28:40.305382 dv-cinder-760193-6-smb devstack@c-api.service[100759]: INFO cinder.api.openstack.wsgi [None req-71e9c625-b91b-41ed-bf49-49a77aebfbc7 tempest-VolumesDeleteCascade-1318781797 tempest-VolumesDeleteCascade-1318781797-project] DELETE http://10.222.0.49/volume/v3/6d148e549c8c4feab3e6a38c4bf1c1ec/volumes/9a8f4c95-392d-494f-af1a-2bed83725b7d?cascade=True
Aug 13 03:28:40.306193 dv-cinder-760193-6-smb devstack@c-api.service[100759]: DEBUG cinder.api.openstack.wsgi [None req-71e9c625-b91b-41ed-bf49-49a77aebfbc7 tempest-VolumesDeleteCascade-1318781797 tempest-VolumesDeleteCascade-1318781797-project] Empty body provided in request {{(pid=100759) get_body /opt/stack/cinder/cinder/api/openstack/wsgi.py:703}}
Aug 13 03:28:40.306326 dv-cinder-760193-6-smb devstack@c-api.service[100758]: INFO cinder.api.openstack.wsgi [None req-95911227-3993-4c18-9eb9-3de86496d546 tempest-VolumeTypesAccessTest-1352490629 tempest-VolumeTypesAccessTest-1352490629-project-admin] POST http://10.222.0.49/volume/v3/5f46409008af4cd29412403cf9787986/types/28a51323-8996-4523-a0fc-46252f5b8c72/action
Aug 13 03:28:40.307341 dv-cinder-760193-6-smb devstack@c-api.service[100758]: /usr/local/lib/python3.8/dist-packages/webob/acceptparse.py:1047: DeprecationWarning: The behavior of AcceptValidHeader.best_match is currently being maintained for backward compatibility, but it will be deprecated in the future, as it does not conform to the RFC.
Aug 13 03:28:40.307341 dv-cinder-760193-6-smb devstack@c-api.service[100758]: warnings.warn(
Aug 13 03:28:40.307617 dv-cinder-760193-6-smb devstack@c-api.service[100758]: DEBUG cinder.api.openstack.wsgi [None req-95911227-3993-4c18-9eb9-3de86496d546 tempest-VolumeTypesAccessTest-1352490629 tempest-VolumeTypesAccessTest-1352490629-project-admin] Action body: b'{"removeProjectAccess": {"project": "0c9ed3428fc24da59e1fabc46b5a4250"}}' {{(pid=100758) get_method /opt/stack/cinder/cinder/api/openstack/wsgi.py:971}}
Aug 13 03:28:40.308107 dv-cinder-760193-6-smb devstack@c-api.service[100759]: DEBUG cinder.api.openstack.wsgi [None req-71e9c625-b91b-41ed-bf49-49a77aebfbc7 tempest-VolumesDeleteCascade-1318781797 tempest-VolumesDeleteCascade-1318781797-project] Calling method 'delete' {{(pid=100759) _process_stack /opt/stack/cinder/cinder/api/openstack/wsgi.py:856}}
Aug 13 03:28:40.308410 dv-cinder-760193-6-smb devstack@c-api.service[100758]: DEBUG cinder.api.openstack.wsgi [None req-95911227-3993-4c18-9eb9-3de86496d546 tempest-VolumeTypesAccessTest-1352490629 tempest-VolumeTypesAccessTest-1352490629-project-admin] Action: 'action', calling method: _removeProjectAccess, body: {"removeProjectAccess": {"project": "0c9ed3428fc24da59e1fabc46b5a4250"}} {{(pid=100758) _process_stack /opt/stack/cinder/cinder/api/openstack/wsgi.py:854}}
Aug 13 03:28:40.308725 dv-cinder-760193-6-smb devstack@c-api.service[100759]: INFO cinder.api.v3.volumes [None req-71e9c625-b91b-41ed-bf49-49a77aebfbc7 tempest-VolumesDeleteCascade-1318781797 tempest-VolumesDeleteCascade-1318781797-project] Delete volume with id: 9a8f4c95-392d-494f-af1a-2bed83725b7d
Aug 13 03:28:40.329196 dv-cinder-760193-6-smb devstack@c-api.service[100759]: /usr/local/lib/python3.8/dist-packages/oslo_context/context.py:105: DeprecationWarning: Policy enforcement is depending on the value of is_admin. This key is deprecated. Please update your policy file to use the standard policy values.
Aug 13 03:28:40.329196 dv-cinder-760193-6-smb devstack@c-api.service[100759]: warnings.warn('Policy enforcement is depending on the value of '
Aug 13 03:28:40.331072 dv-cinder-760193-6-smb devstack@c-api.service[100758]: INFO cinder.api.openstack.wsgi [None req-95911227-3993-4c18-9eb9-3de86496d546 tempest-VolumeTypesAccessTest-1352490629 tempest-VolumeTypesAccessTest-1352490629-project-admin] http://10.222.0.49/volume/v3/5f46409008af4cd29412403cf9787986/types/28a51323-8996-4523-a0fc-46252f5b8c72/action returned with HTTP 202
Aug 13 03:28:40.331990 dv-cinder-760193-6-smb devstack@c-api.service[100759]: INFO cinder.volume.api [None req-71e9c625-b91b-41ed-bf49-49a77aebfbc7 tempest-VolumesDeleteCascade-1318781797 tempest-VolumesDeleteCascade-1318781797-project] Volume info retrieved successfully.
Aug 13 03:28:40.333116 dv-cinder-760193-6-smb devstack@c-api.service[100758]: [pid: 100758|app: 0|req: 125/240] 10.222.0.49 () {60 vars in 1361 bytes} [Fri Aug 13 03:28:40 2021] POST /volume/v3/5f46409008af4cd29412403cf9787986/types/28a51323-8996-4523-a0fc-46252f5b8c72/action => generated 0 bytes in 30 msecs (HTTP/1.1 202) 6 headers in 233 bytes (2 switches on core 0)
Aug 13 03:28:40.341469 dv-cinder-760193-6-smb devstack@c-api.service[100758]: INFO cinder.api.openstack.wsgi [None req-9bf85e5d-2752-4d40-84fe-56e1ed753733 tempest-VolumeTypesAccessTest-1352490629 tempest-VolumeTypesAccessTest-1352490629-project-admin] POST http://10.222.0.49/volume/v3/5f46409008af4cd29412403cf9787986/types/28a51323-8996-4523-a0fc-46252f5b8c72/action
Aug 13 03:28:40.342433 dv-cinder-760193-6-smb devstack@c-api.service[100758]: DEBUG cinder.api.openstack.wsgi [None req-9bf85e5d-2752-4d40-84fe-56e1ed753733 tempest-VolumeTypesAccessTest-1352490629 tempest-VolumeTypesAccessTest-1352490629-project-admin] Action body: b'{"removeProjectAccess": {"project": "893a99c23914490785bed554263acd0b"}}' {{(pid=100758) get_method /opt/stack/cinder/cinder/api/openstack/wsgi.py:971}}
Aug 13 03:28:40.343125 dv-cinder-760193-6-smb devstack@c-api.service[100758]: DEBUG cinder.api.openstack.wsgi [None req-9bf85e5d-2752-4d40-84fe-56e1ed753733 tempest-VolumeTypesAccessTest-1352490629 tempest-VolumeTypesAccessTest-1352490629-project-admin] Action: 'action', calling method: _removeProjectAccess, body: {"removeProjectAccess": {"project": "893a99c23914490785bed554263acd0b"}} {{(pid=100758) _process_stack /opt/stack/cinder/cinder/api/openstack/wsgi.py:854}}
Aug 13 03:28:40.363872 dv-cinder-760193-6-smb devstack@c-api.service[100758]: INFO cinder.api.openstack.wsgi [None req-9bf85e5d-2752-4d40-84fe-56e1ed753733 tempest-VolumeTypesAccessTest-1352490629 tempest-VolumeTypesAccessTest-1352490629-project-admin] http://10.222.0.49/volume/v3/5f46409008af4cd29412403cf9787986/types/28a51323-8996-4523-a0fc-46252f5b8c72/action returned with HTTP 202
Aug 13 03:28:40.366218 dv-cinder-760193-6-smb devstack@c-api.service[100758]: [pid: 100758|app: 0|req: 126/241] 10.222.0.49 () {60 vars in 1361 bytes} [Fri Aug 13 03:28:40 2021] POST /volume/v3/5f46409008af4cd29412403cf9787986/types/28a51323-8996-4523-a0fc-46252f5b8c72/action => generated 0 bytes in 30 msecs (HTTP/1.1 202) 6 headers in 233 bytes (2 switches on core 0)
Aug 13 03:28:40.376668 dv-cinder-760193-6-smb devstack@c-api.service[100758]: INFO cinder.api.openstack.wsgi [None req-6d99e26a-7af9-43ef-907d-9f6bdec0d0af tempest-VolumeTypesAccessTest-1352490629 tempest-VolumeTypesAccessTest-1352490629-project-admin] DELETE http://10.222.0.49/volume/v3/5f46409008af4cd29412403cf9787986/types/28a51323-8996-4523-a0fc-46252f5b8c72
Aug 13 03:28:40.377365 dv-cinder-760193-6-smb devstack@c-api.service[100758]: DEBUG cinder.api.openstack.wsgi [None req-6d99e26a-7af9-43ef-907d-9f6bdec0d0af tempest-VolumeTypesAccessTest-1352490629 tempest-VolumeTypesAccessTest-1352490629-project-admin] Empty body provided in request {{(pid=100758) get_body /opt/stack/cinder/cinder/api/openstack/wsgi.py:703}}
Aug 13 03:28:40.377949 dv-cinder-760193-6-smb devstack@c-api.service[100758]: DEBUG cinder.api.openstack.wsgi [None req-6d99e26a-7af9-43ef-907d-9f6bdec0d0af tempest-VolumeTypesAccessTest-1352490629 tempest-VolumeTypesAccessTest-1352490629-project-admin] Calling method '_delete' {{(pid=100758) _process_stack /opt/stack/cinder/cinder/api/openstack/wsgi.py:856}}
Aug 13 03:28:40.414558 dv-cinder-760193-6-smb devstack@c-api.service[100759]: INFO cinder.volume.api [None req-71e9c625-b91b-41ed-bf49-49a77aebfbc7 tempest-VolumesDeleteCascade-1318781797 tempest-VolumesDeleteCascade-1318781797-project] Delete volume request issued successfully.
Aug 13 03:28:40.414978 dv-cinder-760193-6-smb devstack@c-api.service[100759]: INFO cinder.api.openstack.wsgi [None req-71e9c625-b91b-41ed-bf49-49a77aebfbc7 tempest-VolumesDeleteCascade-1318781797 tempest-VolumesDeleteCascade-1318781797-project] http://10.222.0.49/volume/v3/6d148e549c8c4feab3e6a38c4bf1c1ec/volumes/9a8f4c95-392d-494f-af1a-2bed83725b7d?cascade=True returned with HTTP 202
Aug 13 03:28:40.416286 dv-cinder-760193-6-smb devstack@c-api.service[100759]: [pid: 100759|app: 0|req: 116/242] 10.222.0.49 () {58 vars in 1353 bytes} [Fri Aug 13 03:28:40 2021] DELETE /volume/v3/6d148e549c8c4feab3e6a38c4bf1c1ec/volumes/9a8f4c95-392d-494f-af1a-2bed83725b7d?cascade=True => generated 0 bytes in 121 msecs (HTTP/1.1 202) 6 headers in 233 bytes (1 switches on core 0)
Aug 13 03:28:40.426992 dv-cinder-760193-6-smb devstack@c-api.service[100759]: INFO cinder.api.openstack.wsgi [None req-aeed1b4c-d4a0-4305-b0a8-c766dd68be4c tempest-VolumesDeleteCascade-1318781797 tempest-VolumesDeleteCascade-1318781797-project] GET http://10.222.0.49/volume/v3/6d148e549c8c4feab3e6a38c4bf1c1ec/volumes/9a8f4c95-392d-494f-af1a-2bed83725b7d
Aug 13 03:28:40.427377 dv-cinder-760193-6-smb devstack@c-api.service[100759]: DEBUG cinder.api.openstack.wsgi [None req-aeed1b4c-d4a0-4305-b0a8-c766dd68be4c tempest-VolumesDeleteCascade-1318781797 tempest-VolumesDeleteCascade-1318781797-project] Empty body provided in request {{(pid=100759) get_body /opt/stack/cinder/cinder/api/openstack/wsgi.py:703}}
Aug 13 03:28:40.427555 dv-cinder-760193-6-smb devstack@c-api.service[100759]: /usr/local/lib/python3.8/dist-packages/webob/acceptparse.py:1047: DeprecationWarning: The behavior of AcceptValidHeader.best_match is currently being maintained for backward compatibility, but it will be deprecated in the future, as it does not conform to the RFC.
Aug 13 03:28:40.427555 dv-cinder-760193-6-smb devstack@c-api.service[100759]: warnings.warn(
Aug 13 03:28:40.427861 dv-cinder-760193-6-smb devstack@c-api.service[100759]: DEBUG cinder.api.openstack.wsgi [None req-aeed1b4c-d4a0-4305-b0a8-c766dd68be4c tempest-VolumesDeleteCascade-1318781797 tempest-VolumesDeleteCascade-1318781797-project] Calling method 'show' {{(pid=100759) _process_stack /opt/stack/cinder/cinder/api/openstack/wsgi.py:856}}
Aug 13 03:28:40.432570 dv-cinder-760193-6-smb devstack@c-api.service[100758]: INFO cinder.api.openstack.wsgi [None req-6d99e26a-7af9-43ef-907d-9f6bdec0d0af tempest-VolumeTypesAccessTest-1352490629 tempest-VolumeTypesAccessTest-1352490629-project-admin] http://10.222.0.49/volume/v3/5f46409008af4cd29412403cf9787986/types/28a51323-8996-4523-a0fc-46252f5b8c72 returned with HTTP 202
Aug 13 03:28:40.433727 dv-cinder-760193-6-smb devstack@c-api.service[100758]: [pid: 100758|app: 0|req: 127/243] 10.222.0.49 () {58 vars in 1322 bytes} [Fri Aug 13 03:28:40 2021] DELETE /volume/v3/5f46409008af4cd29412403cf9787986/types/28a51323-8996-4523-a0fc-46252f5b8c72 => generated 0 bytes in 62 msecs (HTTP/1.1 202) 6 headers in 233 bytes (2 switches on core 0)
Aug 13 03:28:40.442646 dv-cinder-760193-6-smb devstack@c-api.service[100758]: INFO cinder.api.openstack.wsgi [None req-8b682be3-f2cf-4345-8ce9-793dc4469ad7 tempest-VolumeTypesAccessTest-1352490629 tempest-VolumeTypesAccessTest-1352490629-project-admin] GET http://10.222.0.49/volume/v3/5f46409008af4cd29412403cf9787986/types/28a51323-8996-4523-a0fc-46252f5b8c72
Aug 13 03:28:40.443096 dv-cinder-760193-6-smb devstack@c-api.service[100758]: DEBUG cinder.api.openstack.wsgi [None req-8b682be3-f2cf-4345-8ce9-793dc4469ad7 tempest-VolumeTypesAccessTest-1352490629 tempest-VolumeTypesAccessTest-1352490629-project-admin] Empty body provided in request {{(pid=100758) get_body /opt/stack/cinder/cinder/api/openstack/wsgi.py:703}}
Aug 13 03:28:40.445234 dv-cinder-760193-6-smb devstack@c-api.service[100758]: DEBUG cinder.api.openstack.wsgi [None req-8b682be3-f2cf-4345-8ce9-793dc4469ad7 tempest-VolumeTypesAccessTest-1352490629 tempest-VolumeTypesAccessTest-1352490629-project-admin] Calling method 'show' {{(pid=100758) _process_stack /opt/stack/cinder/cinder/api/openstack/wsgi.py:856}}
Aug 13 03:28:40.455200 dv-cinder-760193-6-smb devstack@c-api.service[100758]: INFO cinder.api.openstack.wsgi [None req-8b682be3-f2cf-4345-8ce9-793dc4469ad7 tempest-VolumeTypesAccessTest-1352490629 tempest-VolumeTypesAccessTest-1352490629-project-admin] http://10.222.0.49/volume/v3/5f46409008af4cd29412403cf9787986/types/28a51323-8996-4523-a0fc-46252f5b8c72 returned with HTTP 404
Aug 13 03:28:40.456814 dv-cinder-760193-6-smb devstack@c-api.service[100758]: [pid: 100758|app: 0|req: 128/244] 10.222.0.49 () {58 vars in 1319 bytes} [Fri Aug 13 03:28:40 2021] GET /volume/v3/5f46409008af4cd29412403cf9787986/types/28a51323-8996-4523-a0fc-46252f5b8c72 => generated 114 bytes in 19 msecs (HTTP/1.1 404) 7 headers in 292 bytes (1 switches on core 0)
Aug 13 03:28:40.457300 dv-cinder-760193-6-smb devstack@c-api.service[100759]: /usr/local/lib/python3.8/dist-packages/oslo_context/context.py:105: DeprecationWarning: Policy enforcement is depending on the value of is_admin. This key is deprecated. Please update your policy file to use the standard policy values.
Aug 13 03:28:40.457300 dv-cinder-760193-6-smb devstack@c-api.service[100759]: warnings.warn('Policy enforcement is depending on the value of '
Aug 13 03:28:40.462487 dv-cinder-760193-6-smb devstack@c-api.service[100758]: INFO cinder.api.openstack.wsgi [req-db135f22-89fc-4aa2-bde5-b02cb3bdf8e4 req-8dc9f8d8-2cf9-4bde-b22c-d1dbe7ee02e9 tempest-DeleteServersTestJSON-1135225584 tempest-DeleteServersTestJSON-1135225584-project] POST http://10.222.0.49/volume/v3/d6aa9ddbdb674a0c835f0a2f1c2c4538/attachments/dfb287f5-f46d-4a97-a5dc-4ac7bd49441a/action
Aug 13 03:28:40.464066 dv-cinder-760193-6-smb devstack@c-api.service[100758]: DEBUG cinder.api.openstack.wsgi [req-db135f22-89fc-4aa2-bde5-b02cb3bdf8e4 req-8dc9f8d8-2cf9-4bde-b22c-d1dbe7ee02e9 tempest-DeleteServersTestJSON-1135225584 tempest-DeleteServersTestJSON-1135225584-project] Action body: b'{"os-complete": null}' {{(pid=100758) get_method /opt/stack/cinder/cinder/api/openstack/wsgi.py:971}}
Aug 13 03:28:40.464686 dv-cinder-760193-6-smb devstack@c-api.service[100758]: DEBUG cinder.api.openstack.wsgi [req-db135f22-89fc-4aa2-bde5-b02cb3bdf8e4 req-8dc9f8d8-2cf9-4bde-b22c-d1dbe7ee02e9 tempest-DeleteServersTestJSON-1135225584 tempest-DeleteServersTestJSON-1135225584-project] Action: 'action', calling method: version_select, body: {"os-complete": null} {{(pid=100758) _process_stack /opt/stack/cinder/cinder/api/openstack/wsgi.py:854}}
Aug 13 03:28:40.466810 dv-cinder-760193-6-smb devstack@c-api.service[100759]: INFO cinder.volume.api [None req-aeed1b4c-d4a0-4305-b0a8-c766dd68be4c tempest-VolumesDeleteCascade-1318781797 tempest-VolumesDeleteCascade-1318781797-project] Volume info retrieved successfully.
