Sep 15 02:40:59.210390 dv-cinder-760193-12-iscsi neutron-server[101033]: DEBUG neutron.pecan_wsgi.hooks.policy_enforcement [req-e6056af6-3b54-47c2-ad84-e75368fd420d req-47f43dec-141f-4be5-b9d7-c3dc274bc72c tempest-AttachVolumeNegativeTest-558651100 tempest-AttachVolumeNegativeTest-558651100-project] Attributes excluded by policy engine: ['standard_attr_id', 'binding:profile', 'binding:host_id', 'binding:vif_type', 'binding:vif_details'] {{(pid=101033) _exclude_attributes_by_policy /opt/stack/neutron/neutron/pecan_wsgi/hooks/policy_enforcement.py:255}}
Sep 15 02:40:59.211872 dv-cinder-760193-12-iscsi neutron-server[101033]: INFO neutron.wsgi [req-e6056af6-3b54-47c2-ad84-e75368fd420d req-47f43dec-141f-4be5-b9d7-c3dc274bc72c tempest-AttachVolumeNegativeTest-558651100 tempest-AttachVolumeNegativeTest-558651100-project] 10.222.0.15 "GET /v2.0/ports?device_id=47b60182-faa2-41c6-b7fe-e9252bd20700 HTTP/1.1" status: 200 len: 944 time: 0.0806165
Sep 15 02:40:59.267691 dv-cinder-760193-12-iscsi neutron-server[101033]: INFO neutron.wsgi [req-9734dfc7-1be9-48f4-a65c-97db8c812794 req-798599de-9504-4426-b756-49badc20de36 tempest-ServerRescueNegativeTestJSON-420411961 tempest-ServerRescueNegativeTestJSON-420411961-project] 10.222.0.15 "GET /v2.0/security-groups?id=a34ff311-5c99-4409-9977-fcb48c1616ea&fields=id&fields=name HTTP/1.1" status: 200 len: 286 time: 0.0549049
Sep 15 02:40:59.272446 dv-cinder-760193-12-iscsi neutron-server[101033]: INFO neutron.wsgi [req-e6056af6-3b54-47c2-ad84-e75368fd420d req-40a9900b-a9a2-4a0c-bfd4-3ec45dbfcb1a tempest-AttachVolumeNegativeTest-558651100 tempest-AttachVolumeNegativeTest-558651100-project] 10.222.0.15 "GET /v2.0/security-groups?id=5a789338-565c-4b8a-a5da-8cb879a95ae0&fields=id&fields=name HTTP/1.1" status: 200 len: 286 time: 0.0522099
Sep 15 02:40:59.311745 dv-cinder-760193-12-iscsi neutron-server[101033]: DEBUG neutron.wsgi [-] (101033) accepted ('10.222.0.15', 44876) {{(pid=101033) server /usr/local/lib/python3.8/dist-packages/eventlet/wsgi.py:982}}
Sep 15 02:40:59.323214 dv-cinder-760193-12-iscsi neutron-server[101035]: DEBUG neutron.plugins.ml2.rpc [None req-46daed90-1326-4d3f-b65a-3ca40bdee274 None None] Device 51ddecc2-da0f-4ff9-bda1-2eac7760a7a6 details requested by agent hyperv_hv-cinder-76019 with host hv-cinder-76019 {{(pid=101035) get_device_details /opt/stack/neutron/neutron/plugins/ml2/rpc.py:102}}
Sep 15 02:40:59.330986 dv-cinder-760193-12-iscsi neutron-server[101035]: DEBUG neutron.plugins.ml2.rpc [None req-46daed90-1326-4d3f-b65a-3ca40bdee274 None None] Device b877440c-5e5b-41ca-be90-3b1e7b8920cd up at agent hyperv_hv-cinder-76019 {{(pid=101035) update_device_up /opt/stack/neutron/neutron/plugins/ml2/rpc.py:296}}
Sep 15 02:40:59.331268 dv-cinder-760193-12-iscsi neutron-server[101033]: DEBUG neutron_lib.callbacks.manager [None req-aa46e490-bec9-4fc6-8ac2-d67abe95daf0 admin admin] Notify callbacks ['neutron.plugins.ml2.ovo_rpc._ObjectChangeHandler.handle_event-611795'] for security_group, after_delete {{(pid=101033) _notify_loop /usr/local/lib/python3.8/dist-packages/neutron_lib/callbacks/manager.py:192}}
Sep 15 02:40:59.333842 dv-cinder-760193-12-iscsi neutron-server[101033]: DEBUG neutron_lib.callbacks.manager [None req-aa46e490-bec9-4fc6-8ac2-d67abe95daf0 admin admin] Notify callbacks [] for security_group, before_response {{(pid=101033) _notify_loop /usr/local/lib/python3.8/dist-packages/neutron_lib/callbacks/manager.py:192}}
Sep 15 02:40:59.340843 dv-cinder-760193-12-iscsi neutron-server[101033]: INFO neutron.wsgi [None req-aa46e490-bec9-4fc6-8ac2-d67abe95daf0 admin admin] 10.222.0.15 "DELETE /v2.0/security-groups/7fe9c1b2-552f-4f13-a903-53a098e24b90 HTTP/1.1" status: 204 len: 168 time: 0.5295682
Sep 15 02:40:59.340843 dv-cinder-760193-12-iscsi neutron-server[101033]: DEBUG neutron_lib.callbacks.manager [None req-b6bf01d2-2fc7-4b29-964c-c67cc8b427aa admin admin] Notify callbacks [] for security_group, before_create {{(pid=101033) _notify_loop /usr/local/lib/python3.8/dist-packages/neutron_lib/callbacks/manager.py:192}}
Sep 15 02:40:59.350933 dv-cinder-760193-12-iscsi neutron-server[101033]: DEBUG neutron.api.rpc.handlers.resources_rpc [None req-aa46e490-bec9-4fc6-8ac2-d67abe95daf0 admin admin] Pushing event deleted for resources: {'SecurityGroup': ['ID=7fe9c1b2-552f-4f13-a903-53a098e24b90,revision_number=None']} {{(pid=101033) push /opt/stack/neutron/neutron/api/rpc/handlers/resources_rpc.py:237}}
Sep 15 02:40:59.443314 dv-cinder-760193-12-iscsi neutron-server[101033]: DEBUG neutron.pecan_wsgi.hooks.policy_enforcement [req-eec5f1c2-0bca-455c-b5c7-fd1442bf0629 req-b66af7f3-60b7-4c31-9870-8bff0bd39864 tempest-DeleteServersTestJSON-95466316 tempest-DeleteServersTestJSON-95466316-project] Attributes excluded by policy engine: ['standard_attr_id', 'binding:profile', 'binding:host_id', 'binding:vif_type', 'binding:vif_details'] {{(pid=101033) _exclude_attributes_by_policy /opt/stack/neutron/neutron/pecan_wsgi/hooks/policy_enforcement.py:255}}
Sep 15 02:40:59.444868 dv-cinder-760193-12-iscsi neutron-server[101033]: INFO neutron.wsgi [req-eec5f1c2-0bca-455c-b5c7-fd1442bf0629 req-b66af7f3-60b7-4c31-9870-8bff0bd39864 tempest-DeleteServersTestJSON-95466316 tempest-DeleteServersTestJSON-95466316-project] 10.222.0.15 "GET /v2.0/ports?device_id=791c461a-fcc8-4a69-a36f-eb0f63aa9647 HTTP/1.1" status: 200 len: 945 time: 0.0764792
Sep 15 02:40:59.531561 dv-cinder-760193-12-iscsi neutron-server[101035]: DEBUG neutron.plugins.ml2.db [None req-46daed90-1326-4d3f-b65a-3ca40bdee274 None None] For port 51ddecc2-da0f-4ff9-bda1-2eac7760a7a6, host hv-cinder-76019, got binding levels [PortBindingLevel(driver='hyperv',host='hv-cinder-76019',level=0,port_id=51ddecc2-da0f-4ff9-bda1-2eac7760a7a6,segment=NetworkSegment(e2dcc510-7f31-4f14-9b42-d66f37e2fcef),segment_id=e2dcc510-7f31-4f14-9b42-d66f37e2fcef)] {{(pid=101035) get_binding_level_objs /opt/stack/neutron/neutron/plugins/ml2/db.py:74}}
Sep 15 02:40:59.540651 dv-cinder-760193-12-iscsi neutron-server[101035]: DEBUG neutron.db.provisioning_blocks [None req-46daed90-1326-4d3f-b65a-3ca40bdee274 None None] Provisioning for port b877440c-5e5b-41ca-be90-3b1e7b8920cd completed by entity L2. {{(pid=101035) provisioning_complete /opt/stack/neutron/neutron/db/provisioning_blocks.py:133}}
Sep 15 02:40:59.540888 dv-cinder-760193-12-iscsi neutron-server[101033]: INFO neutron.wsgi [req-eec5f1c2-0bca-455c-b5c7-fd1442bf0629 req-e94d40a4-fb49-431f-b530-3d91c1dd442b tempest-DeleteServersTestJSON-95466316 tempest-DeleteServersTestJSON-95466316-project] 10.222.0.15 "GET /v2.0/security-groups?id=d2aad439-b4da-4a79-a72b-4eac52d9f268&fields=id&fields=name HTTP/1.1" status: 200 len: 286 time: 0.0752475
Sep 15 02:40:59.546969 dv-cinder-760193-12-iscsi neutron-server[101033]: DEBUG neutron_lib.callbacks.manager [None req-b6bf01d2-2fc7-4b29-964c-c67cc8b427aa admin admin] Notify callbacks [] for security_group, precommit_create {{(pid=101033) _notify_loop /usr/local/lib/python3.8/dist-packages/neutron_lib/callbacks/manager.py:192}}
Sep 15 02:40:59.548163 dv-cinder-760193-12-iscsi neutron-server[101035]: DEBUG neutron.plugins.ml2.rpc [None req-46daed90-1326-4d3f-b65a-3ca40bdee274 None None] Returning: {'device': '51ddecc2-da0f-4ff9-bda1-2eac7760a7a6', 'network_id': '3ea7639c-a39f-409a-9342-1e37e322a159', 'port_id': '51ddecc2-da0f-4ff9-bda1-2eac7760a7a6', 'mac_address': 'fa:16:3e:95:95:c2', 'admin_state_up': True, 'network_type': 'vlan', 'segmentation_id': 108, 'physical_network': 'physnet1', 'mtu': 1500, 'fixed_ips': [{'subnet_id': 'd3587237-7c3c-4970-a87c-8bc86b7763fb', 'ip_address': '172.20.0.8'}], 'device_owner': 'compute:nova', 'allowed_address_pairs': [], 'port_security_enabled': True, 'qos_policy_id': None, 'network_qos_policy_id': None, 'profile': {}, 'propagate_uplink_status': False} {{(pid=101035) _get_device_details /opt/stack/neutron/neutron/plugins/ml2/rpc.py:184}}
Sep 15 02:40:59.549898 dv-cinder-760193-12-iscsi neutron-server[101035]: DEBUG neutron.db.provisioning_blocks [None req-46daed90-1326-4d3f-b65a-3ca40bdee274 None None] Provisioning complete for port b877440c-5e5b-41ca-be90-3b1e7b8920cd triggered by entity L2. {{(pid=101035) provisioning_complete /opt/stack/neutron/neutron/db/provisioning_blocks.py:139}}
Sep 15 02:40:59.550272 dv-cinder-760193-12-iscsi neutron-server[101035]: DEBUG neutron_lib.callbacks.manager [None req-46daed90-1326-4d3f-b65a-3ca40bdee274 None None] Notify callbacks ['neutron.plugins.ml2.plugin.Ml2Plugin._port_provisioned-3787049'] for port, provisioning_complete {{(pid=101035) _notify_loop /usr/local/lib/python3.8/dist-packages/neutron_lib/callbacks/manager.py:192}}
Sep 15 02:40:59.593897 dv-cinder-760193-12-iscsi neutron-server[101033]: DEBUG neutron.pecan_wsgi.hooks.policy_enforcement [req-3c224803-3b57-47fa-833a-d6c3f46ae530 req-f50d31be-f25e-4610-a5ba-a56d59ca679f tempest-AttachVolumeShelveTestJSON-195385658 tempest-AttachVolumeShelveTestJSON-195385658-project] Attributes excluded by policy engine: ['standard_attr_id', 'binding:profile', 'binding:host_id', 'binding:vif_type', 'binding:vif_details'] {{(pid=101033) _exclude_attributes_by_policy /opt/stack/neutron/neutron/pecan_wsgi/hooks/policy_enforcement.py:255}}
Sep 15 02:40:59.595292 dv-cinder-760193-12-iscsi neutron-server[101033]: INFO neutron.wsgi [req-3c224803-3b57-47fa-833a-d6c3f46ae530 req-f50d31be-f25e-4610-a5ba-a56d59ca679f tempest-AttachVolumeShelveTestJSON-195385658 tempest-AttachVolumeShelveTestJSON-195385658-project] 10.222.0.15 "GET /v2.0/ports?device_id=0235be5f-50fb-4741-83d3-4e7c40be2b8a HTTP/1.1" status: 200 len: 943 time: 0.0656445
Sep 15 02:40:59.618371 dv-cinder-760193-12-iscsi neutron-server[101035]: DEBUG neutron_lib.callbacks.manager [None req-46daed90-1326-4d3f-b65a-3ca40bdee274 None None] Notify callbacks ['neutron.plugins.ml2.plugin.SecurityGroupDbMixin._ensure_default_security_group_handler-3694565'] for port, before_update {{(pid=101035) _notify_loop /usr/local/lib/python3.8/dist-packages/neutron_lib/callbacks/manager.py:192}}
Sep 15 02:40:59.639052 dv-cinder-760193-12-iscsi neutron-server[101033]: INFO neutron.wsgi [req-3c224803-3b57-47fa-833a-d6c3f46ae530 req-42f0c7b1-73dc-4f52-92d1-a9519fd3d17c tempest-AttachVolumeShelveTestJSON-195385658 tempest-AttachVolumeShelveTestJSON-195385658-project] 10.222.0.15 "GET /v2.0/security-groups?id=f84c5e6a-2051-4c1a-bc05-a844eace37a2&fields=id&fields=name HTTP/1.1" status: 200 len: 313 time: 0.0373836
Sep 15 02:40:59.650412 dv-cinder-760193-12-iscsi neutron-server[101035]: DEBUG neutron.notifiers.nova [None req-46daed90-1326-4d3f-b65a-3ca40bdee274 None None] Ignoring state change previous_port_status: DOWN current_port_status: BUILD port_id 51ddecc2-da0f-4ff9-bda1-2eac7760a7a6 {{(pid=101035) record_port_status_changed /opt/stack/neutron/neutron/notifiers/nova.py:224}}
Sep 15 02:40:59.663030 dv-cinder-760193-12-iscsi neutron-server[101033]: DEBUG neutron_lib.callbacks.manager [None req-b6bf01d2-2fc7-4b29-964c-c67cc8b427aa admin admin] Notify callbacks ['neutron.plugins.ml2.ovo_rpc._ObjectChangeHandler.handle_event-611795'] for security_group, after_create {{(pid=101033) _notify_loop /usr/local/lib/python3.8/dist-packages/neutron_lib/callbacks/manager.py:192}}
Sep 15 02:40:59.690316 dv-cinder-760193-12-iscsi neutron-server[101033]: INFO neutron.wsgi [None req-b6bf01d2-2fc7-4b29-964c-c67cc8b427aa admin admin] 10.222.0.15 "GET /v2.0/security-groups?tenant_id=c9b31e10f8194b868804aa8c1b00bcbe&name=default HTTP/1.1" status: 200 len: 2979 time: 0.3770628
Sep 15 02:40:59.693412 dv-cinder-760193-12-iscsi neutron-server[101034]: DEBUG neutron.wsgi [-] (101034) accepted ('10.222.0.15', 44888) {{(pid=101034) server /usr/local/lib/python3.8/dist-packages/eventlet/wsgi.py:982}}
Sep 15 02:40:59.693890 dv-cinder-760193-12-iscsi neutron-server[101035]: DEBUG neutron.plugins.ml2.db [None req-46daed90-1326-4d3f-b65a-3ca40bdee274 None None] For port 51ddecc2-da0f-4ff9-bda1-2eac7760a7a6, host hv-cinder-76019, got binding levels [PortBindingLevel(driver='hyperv',host='hv-cinder-76019',level=0,port_id=51ddecc2-da0f-4ff9-bda1-2eac7760a7a6,segment=NetworkSegment(e2dcc510-7f31-4f14-9b42-d66f37e2fcef),segment_id=e2dcc510-7f31-4f14-9b42-d66f37e2fcef)] {{(pid=101035) get_binding_level_objs /opt/stack/neutron/neutron/plugins/ml2/db.py:74}}
Sep 15 02:40:59.724921 dv-cinder-760193-12-iscsi neutron-server[101033]: DEBUG neutron.api.rpc.handlers.resources_rpc [None req-b6bf01d2-2fc7-4b29-964c-c67cc8b427aa admin admin] Pushing event updated for resources: {'SecurityGroup': ['ID=e2d7db9e-dc9a-40f4-bdaf-0600e4d47e75,revision_number=1']} {{(pid=101033) push /opt/stack/neutron/neutron/api/rpc/handlers/resources_rpc.py:237}}
Sep 15 02:40:59.741018 dv-cinder-760193-12-iscsi neutron-server[101035]: DEBUG neutron_lib.callbacks.manager [None req-46daed90-1326-4d3f-b65a-3ca40bdee274 None None] Notify callbacks ['neutron.plugins.ml2.plugin.SecurityGroupDbMixin._ensure_default_security_group_handler-3694565'] for port, before_update {{(pid=101035) _notify_loop /usr/local/lib/python3.8/dist-packages/neutron_lib/callbacks/manager.py:192}}
Sep 15 02:40:59.775779 dv-cinder-760193-12-iscsi neutron-server[101034]: DEBUG neutron_lib.callbacks.manager [None req-439d9591-7286-4d4e-af71-aec2d4ff2e04 admin admin] Notify callbacks [] for security_group, before_delete {{(pid=101034) _notify_loop /usr/local/lib/python3.8/dist-packages/neutron_lib/callbacks/manager.py:192}}
Sep 15 02:40:59.776829 dv-cinder-760193-12-iscsi neutron-server[101035]: DEBUG neutron.notifiers.nova [-] Sending events: [{'server_uuid': '47b60182-faa2-41c6-b7fe-e9252bd20700', 'name': 'network-vif-plugged', 'status': 'completed', 'tag': 'b877440c-5e5b-41ca-be90-3b1e7b8920cd'}] {{(pid=101035) send_events /opt/stack/neutron/neutron/notifiers/nova.py:262}}
Sep 15 02:40:59.790407 dv-cinder-760193-12-iscsi neutron-server[101033]: DEBUG neutron.pecan_wsgi.hooks.policy_enforcement [req-1743abf2-d107-41a1-a88e-3a4a561c72c6 req-0c20a5f4-fc5a-40b8-9b09-108389cf2bb9 tempest-AttachVolumeTestJSON-175921451 tempest-AttachVolumeTestJSON-175921451-project] Attributes excluded by policy engine: ['standard_attr_id', 'binding:profile', 'binding:host_id', 'binding:vif_type', 'binding:vif_details'] {{(pid=101033) _exclude_attributes_by_policy /opt/stack/neutron/neutron/pecan_wsgi/hooks/policy_enforcement.py:255}}
Sep 15 02:40:59.799296 dv-cinder-760193-12-iscsi neutron-server[101033]: INFO neutron.wsgi [req-1743abf2-d107-41a1-a88e-3a4a561c72c6 req-0c20a5f4-fc5a-40b8-9b09-108389cf2bb9 tempest-AttachVolumeTestJSON-175921451 tempest-AttachVolumeTestJSON-175921451-project] 10.222.0.15 "GET /v2.0/ports?device_id=b311a14e-071a-4c9f-9ef9-3c8442b78c2d HTTP/1.1" status: 200 len: 944 time: 0.0932736
Sep 15 02:40:59.800348 dv-cinder-760193-12-iscsi neutron-server[101034]: DEBUG neutron_lib.callbacks.manager [None req-439d9591-7286-4d4e-af71-aec2d4ff2e04 admin admin] Notify callbacks [] for security_group, precommit_delete {{(pid=101034) _notify_loop /usr/local/lib/python3.8/dist-packages/neutron_lib/callbacks/manager.py:192}}
Sep 15 02:40:59.857222 dv-cinder-760193-12-iscsi neutron-server[101033]: INFO neutron.wsgi [req-1743abf2-d107-41a1-a88e-3a4a561c72c6 req-84043953-5cf5-4147-95f6-aa005c5779d9 tempest-AttachVolumeTestJSON-175921451 tempest-AttachVolumeTestJSON-175921451-project] 10.222.0.15 "GET /v2.0/security-groups?id=776c105b-2628-4607-bd3c-5e50f115aecc&fields=id&fields=name HTTP/1.1" status: 200 len: 312 time: 0.0521441
Sep 15 02:40:59.868835 dv-cinder-760193-12-iscsi neutron-server[101035]: DEBUG neutron_lib.callbacks.manager [None req-46daed90-1326-4d3f-b65a-3ca40bdee274 None None] Notify callbacks ['neutron.plugins.ml2.plugin.SecurityGroupServerNotifierRpcMixin._notify_sg_on_port_change-3694500', 'neutron.plugins.ml2.ovo_rpc._ObjectChangeHandler.handle_event-259967', 'neutron.api.rpc.agentnotifiers.dhcp_rpc_agent_api.DhcpAgentNotifyAPI._native_event_send_dhcp_notification-3618119', 'neutron.db.l3_db.L3RpcNotifierMixin._notify_gateway_port_ip_changed-8785541999373', 'neutron.db.l3_dvrscheduler_db._notify_l3_agent_port_update-8785541659850', 'neutron.db.l3_hascheduler_db._notify_l3_agent_ha_port_update-8785541659868'] for port, after_update {{(pid=101035) _notify_loop /usr/local/lib/python3.8/dist-packages/neutron_lib/callbacks/manager.py:192}}
Sep 15 02:40:59.871248 dv-cinder-760193-12-iscsi neutron-server[101035]: DEBUG neutron_lib.callbacks.manager [None req-94b4121f-1a0f-4475-84de-451136fccf4d None None] Notify callbacks ['neutron.services.segments.db._update_segment_host_mapping_for_agent-8785542203019', 'neutron.plugins.ml2.plugin.Ml2Plugin._retry_binding_revived_agents-3786962'] for agent, after_update {{(pid=101035) _notify_loop /usr/local/lib/python3.8/dist-packages/neutron_lib/callbacks/manager.py:192}}
Sep 15 02:40:59.906933 dv-cinder-760193-12-iscsi neutron-server[101035]: DEBUG neutron.plugins.ml2.db [None req-46daed90-1326-4d3f-b65a-3ca40bdee274 None None] For port b877440c-5e5b-41ca-be90-3b1e7b8920cd, host hv-cinder-76019, got binding levels [PortBindingLevel(driver='hyperv',host='hv-cinder-76019',level=0,port_id=b877440c-5e5b-41ca-be90-3b1e7b8920cd,segment=NetworkSegment(3ec1c19f-9ac1-40a6-b056-b86939bde53c),segment_id=3ec1c19f-9ac1-40a6-b056-b86939bde53c)] {{(pid=101035) get_binding_level_objs /opt/stack/neutron/neutron/plugins/ml2/db.py:74}}
Sep 15 02:40:59.942564 dv-cinder-760193-12-iscsi neutron-server[101035]: DEBUG neutron.api.rpc.handlers.resources_rpc [None req-46daed90-1326-4d3f-b65a-3ca40bdee274 None None] Pushing event updated for resources: {'Port': ['ID=51ddecc2-da0f-4ff9-bda1-2eac7760a7a6,revision_number=4']} {{(pid=101035) push /opt/stack/neutron/neutron/api/rpc/handlers/resources_rpc.py:237}}
Sep 15 02:40:59.961362 dv-cinder-760193-12-iscsi neutron-server[101034]: DEBUG neutron_lib.callbacks.manager [None req-439d9591-7286-4d4e-af71-aec2d4ff2e04 admin admin] Notify callbacks ['neutron.plugins.ml2.ovo_rpc._ObjectChangeHandler.handle_event-611795'] for security_group, after_delete {{(pid=101034) _notify_loop /usr/local/lib/python3.8/dist-packages/neutron_lib/callbacks/manager.py:192}}
Sep 15 02:40:59.963884 dv-cinder-760193-12-iscsi neutron-server[101034]: DEBUG neutron_lib.callbacks.manager [None req-439d9591-7286-4d4e-af71-aec2d4ff2e04 admin admin] Notify callbacks [] for security_group, before_response {{(pid=101034) _notify_loop /usr/local/lib/python3.8/dist-packages/neutron_lib/callbacks/manager.py:192}}
Sep 15 02:40:59.966096 dv-cinder-760193-12-iscsi neutron-server[101034]: INFO neutron.wsgi [None req-439d9591-7286-4d4e-af71-aec2d4ff2e04 admin admin] 10.222.0.15 "DELETE /v2.0/security-groups/e2d7db9e-dc9a-40f4-bdaf-0600e4d47e75 HTTP/1.1" status: 204 len: 168 time: 0.2717113
Sep 15 02:40:59.973725 dv-cinder-760193-12-iscsi neutron-server[101034]: DEBUG neutron.api.rpc.handlers.resources_rpc [None req-439d9591-7286-4d4e-af71-aec2d4ff2e04 admin admin] Pushing event deleted for resources: {'SecurityGroup': ['ID=e2d7db9e-dc9a-40f4-bdaf-0600e4d47e75,revision_number=None']} {{(pid=101034) push /opt/stack/neutron/neutron/api/rpc/handlers/resources_rpc.py:237}}
Sep 15 02:41:00.007211 dv-cinder-760193-12-iscsi neutron-server[101035]: DEBUG neutron_lib.callbacks.manager [None req-46daed90-1326-4d3f-b65a-3ca40bdee274 None None] Notify callbacks ['neutron.plugins.ml2.plugin.SecurityGroupServerNotifierRpcMixin._notify_sg_on_port_change-3694500', 'neutron.plugins.ml2.ovo_rpc._ObjectChangeHandler.handle_event-259967', 'neutron.api.rpc.agentnotifiers.dhcp_rpc_agent_api.DhcpAgentNotifyAPI._native_event_send_dhcp_notification-3618119', 'neutron.db.l3_db.L3RpcNotifierMixin._notify_gateway_port_ip_changed-8785541999373', 'neutron.db.l3_dvrscheduler_db._notify_l3_agent_port_update-8785541659850', 'neutron.db.l3_hascheduler_db._notify_l3_agent_ha_port_update-8785541659868'] for port, after_update {{(pid=101035) _notify_loop /usr/local/lib/python3.8/dist-packages/neutron_lib/callbacks/manager.py:192}}
Sep 15 02:41:00.008039 dv-cinder-760193-12-iscsi neutron-server[101035]: DEBUG neutron.plugins.ml2.rpc [None req-46daed90-1326-4d3f-b65a-3ca40bdee274 None None] Device d8a5603c-4185-4a4f-bfaf-0c75a5156c0e up at agent hyperv_hv-cinder-76019 {{(pid=101035) update_device_up /opt/stack/neutron/neutron/plugins/ml2/rpc.py:296}}
Sep 15 02:41:00.049340 dv-cinder-760193-12-iscsi neutron-server[101035]: DEBUG novaclient.v2.client [-] REQ: curl -g -i --cacert "/opt/stack/data/ca-bundle.pem" -X POST http://10.222.0.15/compute/v2.1/os-server-external-events -H "Accept: application/json" -H "Content-Type: application/json" -H "User-Agent: python-novaclient" -H "X-Auth-Token: {SHA256}d0d64e6e65f105fd14ff9b68c278e6ceb1f29d4c598a387d65b6f9ea82ecc062" -H "X-OpenStack-Nova-API-Version: 2.1" -H "X-OpenStack-Request-ID: req-92becfa4-c30b-4972-a984-14ff1d769db4" -d '{"events": [{"server_uuid": "47b60182-faa2-41c6-b7fe-e9252bd20700", "name": "network-vif-plugged", "status": "completed", "tag": "b877440c-5e5b-41ca-be90-3b1e7b8920cd"}]}' {{(pid=101035) _http_log_request /usr/local/lib/python3.8/dist-packages/keystoneauth1/session.py:519}}
Sep 15 02:41:00.072956 dv-cinder-760193-12-iscsi neutron-server[101035]: DEBUG neutron_lib.callbacks.manager [None req-6ec358ec-9712-4125-a95f-e218eb9b5504 None None] Notify callbacks ['neutron.services.segments.db._update_segment_host_mapping_for_agent-8785542203019', 'neutron.plugins.ml2.plugin.Ml2Plugin._retry_binding_revived_agents-3786962'] for agent, after_update {{(pid=101035) _notify_loop /usr/local/lib/python3.8/dist-packages/neutron_lib/callbacks/manager.py:192}}
Sep 15 02:41:00.102509 dv-cinder-760193-12-iscsi neutron-server[101035]: DEBUG neutron.api.rpc.handlers.resources_rpc [None req-46daed90-1326-4d3f-b65a-3ca40bdee274 None None] Pushing event updated for resources: {'Port': ['ID=b877440c-5e5b-41ca-be90-3b1e7b8920cd,revision_number=5']} {{(pid=101035) push /opt/stack/neutron/neutron/api/rpc/handlers/resources_rpc.py:237}}
Sep 15 02:41:00.184742 dv-cinder-760193-12-iscsi neutron-server[101035]: DEBUG neutron.plugins.ml2.db [None req-46daed90-1326-4d3f-b65a-3ca40bdee274 None None] get_ports_and_sgs() called for port_ids ['51ddecc2-da0f-4ff9-bda1-2eac7760a7a6'] {{(pid=101035) get_ports_and_sgs /opt/stack/neutron/neutron/plugins/ml2/db.py:156}}
Sep 15 02:41:00.189391 dv-cinder-760193-12-iscsi neutron-server[101035]: DEBUG neutron.db.provisioning_blocks [None req-46daed90-1326-4d3f-b65a-3ca40bdee274 None None] Provisioning for port d8a5603c-4185-4a4f-bfaf-0c75a5156c0e completed by entity L2. {{(pid=101035) provisioning_complete /opt/stack/neutron/neutron/db/provisioning_blocks.py:133}}
Sep 15 02:41:00.216704 dv-cinder-760193-12-iscsi neutron-server[101035]: DEBUG neutron.db.provisioning_blocks [None req-46daed90-1326-4d3f-b65a-3ca40bdee274 None None] Provisioning complete for port d8a5603c-4185-4a4f-bfaf-0c75a5156c0e triggered by entity L2. {{(pid=101035) provisioning_complete /opt/stack/neutron/neutron/db/provisioning_blocks.py:139}}
Sep 15 02:41:00.217072 dv-cinder-760193-12-iscsi neutron-server[101035]: DEBUG neutron_lib.callbacks.manager [None req-46daed90-1326-4d3f-b65a-3ca40bdee274 None None] Notify callbacks ['neutron.plugins.ml2.plugin.Ml2Plugin._port_provisioned-3787049'] for port, provisioning_complete {{(pid=101035) _notify_loop /usr/local/lib/python3.8/dist-packages/neutron_lib/callbacks/manager.py:192}}
Sep 15 02:41:00.239107 dv-cinder-760193-12-iscsi neutron-server[101035]: DEBUG novaclient.v2.client [-] RESP: [200] Connection: close Content-Length: 183 Content-Type: application/json Date: Wed, 15 Sep 2021 02:41:00 GMT OpenStack-API-Version: compute 2.1 Server: Apache/2.4.41 (Ubuntu) Vary: OpenStack-API-Version,X-OpenStack-Nova-API-Version X-OpenStack-Nova-API-Version: 2.1 x-compute-request-id: req-8c25eaa9-5067-43f4-aa7c-2d6ae33208e6 x-openstack-request-id: req-8c25eaa9-5067-43f4-aa7c-2d6ae33208e6 {{(pid=101035) _http_log_response /usr/local/lib/python3.8/dist-packages/keystoneauth1/session.py:550}}
Sep 15 02:41:00.239430 dv-cinder-760193-12-iscsi neutron-server[101035]: DEBUG novaclient.v2.client [-] RESP BODY: {"events": [{"server_uuid": "47b60182-faa2-41c6-b7fe-e9252bd20700", "name": "network-vif-plugged", "status": "completed", "tag": "b877440c-5e5b-41ca-be90-3b1e7b8920cd", "code": 200}]} {{(pid=101035) _http_log_response /usr/local/lib/python3.8/dist-packages/keystoneauth1/session.py:582}}
Sep 15 02:41:00.239683 dv-cinder-760193-12-iscsi neutron-server[101035]: DEBUG novaclient.v2.client [-] POST call to compute for http://10.222.0.15/compute/v2.1/os-server-external-events used request id req-8c25eaa9-5067-43f4-aa7c-2d6ae33208e6 {{(pid=101035) request /usr/local/lib/python3.8/dist-packages/keystoneauth1/session.py:954}}
Sep 15 02:41:00.240143 dv-cinder-760193-12-iscsi neutron-server[101035]: INFO neutron.notifiers.nova [-] Nova event response: {'server_uuid': '47b60182-faa2-41c6-b7fe-e9252bd20700', 'name': 'network-vif-plugged', 'status': 'completed', 'tag': 'b877440c-5e5b-41ca-be90-3b1e7b8920cd', 'code': 200}
Sep 15 02:41:00.376848 dv-cinder-760193-12-iscsi neutron-server[101035]: DEBUG neutron_lib.callbacks.manager [None req-46daed90-1326-4d3f-b65a-3ca40bdee274 None None] Notify callbacks ['neutron.plugins.ml2.plugin.SecurityGroupDbMixin._ensure_default_security_group_handler-3694565'] for port, before_update {{(pid=101035) _notify_loop /usr/local/lib/python3.8/dist-packages/neutron_lib/callbacks/manager.py:192}}
Sep 15 02:41:00.446298 dv-cinder-760193-12-iscsi neutron-server[101033]: DEBUG neutron.pecan_wsgi.hooks.policy_enforcement [req-f842be75-d621-42a4-a47c-6f27e1b35c3f req-b572416b-92c7-459b-a23a-3fb63f68f963 tempest-AttachVolumeNegativeTest-558651100 tempest-AttachVolumeNegativeTest-558651100-project] Attributes excluded by policy engine: ['standard_attr_id', 'binding:profile', 'binding:host_id', 'binding:vif_type', 'binding:vif_details'] {{(pid=101033) _exclude_attributes_by_policy /opt/stack/neutron/neutron/pecan_wsgi/hooks/policy_enforcement.py:255}}
Sep 15 02:41:00.447957 dv-cinder-760193-12-iscsi neutron-server[101033]: INFO neutron.wsgi [req-f842be75-d621-42a4-a47c-6f27e1b35c3f req-b572416b-92c7-459b-a23a-3fb63f68f963 tempest-AttachVolumeNegativeTest-558651100 tempest-AttachVolumeNegativeTest-558651100-project] 10.222.0.15 "GET /v2.0/ports?device_id=47b60182-faa2-41c6-b7fe-e9252bd20700 HTTP/1.1" status: 200 len: 945 time: 0.0853944
Sep 15 02:41:00.459427 dv-cinder-760193-12-iscsi neutron-server[101035]: DEBUG neutron.plugins.ml2.db [None req-46daed90-1326-4d3f-b65a-3ca40bdee274 None None] For port d8a5603c-4185-4a4f-bfaf-0c75a5156c0e, host hv-cinder-76019, got binding levels [PortBindingLevel(driver='hyperv',host='hv-cinder-76019',level=0,port_id=d8a5603c-4185-4a4f-bfaf-0c75a5156c0e,segment=NetworkSegment(aabe58e4-f295-4e90-86ca-e24f011480c0),segment_id=aabe58e4-f295-4e90-86ca-e24f011480c0)] {{(pid=101035) get_binding_level_objs /opt/stack/neutron/neutron/plugins/ml2/db.py:74}}
Sep 15 02:41:00.474606 dv-cinder-760193-12-iscsi neutron-server[101033]: DEBUG neutron.pecan_wsgi.hooks.policy_enforcement [req-83cfbcc5-ecea-4f10-b102-1f876d8630f4 req-d6821af8-b5ea-42e7-8119-f073726f87a2 tempest-ServerRescueNegativeTestJSON-420411961 tempest-ServerRescueNegativeTestJSON-420411961-project] Attributes excluded by policy engine: ['standard_attr_id', 'binding:profile', 'binding:host_id', 'binding:vif_type', 'binding:vif_details'] {{(pid=101033) _exclude_attributes_by_policy /opt/stack/neutron/neutron/pecan_wsgi/hooks/policy_enforcement.py:255}}
Sep 15 02:41:00.476193 dv-cinder-760193-12-iscsi neutron-server[101033]: INFO neutron.wsgi [req-83cfbcc5-ecea-4f10-b102-1f876d8630f4 req-d6821af8-b5ea-42e7-8119-f073726f87a2 tempest-ServerRescueNegativeTestJSON-420411961 tempest-ServerRescueNegativeTestJSON-420411961-project] 10.222.0.15 "GET /v2.0/ports?device_id=a774c78b-8234-4da9-b8ed-d2780b5d3b22 HTTP/1.1" status: 200 len: 944 time: 0.0840299
Sep 15 02:41:00.530509 dv-cinder-760193-12-iscsi neutron-server[101033]: INFO neutron.wsgi [req-f842be75-d621-42a4-a47c-6f27e1b35c3f req-7a512fe8-1971-4612-aea4-8a4d08a68ce3 tempest-AttachVolumeNegativeTest-558651100 tempest-AttachVolumeNegativeTest-558651100-project] 10.222.0.15 "GET /v2.0/security-groups?id=5a789338-565c-4b8a-a5da-8cb879a95ae0&fields=id&fields=name HTTP/1.1" status: 200 len: 286 time: 0.0647202
Sep 15 02:41:00.533113 dv-cinder-760193-12-iscsi neutron-server[101035]: DEBUG neutron_lib.callbacks.manager [None req-46daed90-1326-4d3f-b65a-3ca40bdee274 None None] Notify callbacks ['neutron.plugins.ml2.plugin.SecurityGroupServerNotifierRpcMixin._notify_sg_on_port_change-3694500', 'neutron.plugins.ml2.ovo_rpc._ObjectChangeHandler.handle_event-259967', 'neutron.api.rpc.agentnotifiers.dhcp_rpc_agent_api.DhcpAgentNotifyAPI._native_event_send_dhcp_notification-3618119', 'neutron.db.l3_db.L3RpcNotifierMixin._notify_gateway_port_ip_changed-8785541999373', 'neutron.db.l3_dvrscheduler_db._notify_l3_agent_port_update-8785541659850', 'neutron.db.l3_hascheduler_db._notify_l3_agent_ha_port_update-8785541659868'] for port, after_update {{(pid=101035) _notify_loop /usr/local/lib/python3.8/dist-packages/neutron_lib/callbacks/manager.py:192}}
Sep 15 02:41:00.534629 dv-cinder-760193-12-iscsi neutron-server[101035]: DEBUG neutron.plugins.ml2.rpc [None req-46daed90-1326-4d3f-b65a-3ca40bdee274 None None] Device 2e076bdd-98e1-4c01-af2f-0d26d613e688 up at agent hyperv_hv-cinder-76019 {{(pid=101035) update_device_up /opt/stack/neutron/neutron/plugins/ml2/rpc.py:296}}
Sep 15 02:41:00.572596 dv-cinder-760193-12-iscsi neutron-server[101033]: INFO neutron.wsgi [req-83cfbcc5-ecea-4f10-b102-1f876d8630f4 req-98e7aca1-2bd7-4667-bce9-6f0747f30dba tempest-ServerRescueNegativeTestJSON-420411961 tempest-ServerRescueNegativeTestJSON-420411961-project] 10.222.0.15 "GET /v2.0/security-groups?id=a34ff311-5c99-4409-9977-fcb48c1616ea&fields=id&fields=name HTTP/1.1" status: 200 len: 286 time: 0.0663402
Sep 15 02:41:00.684020 dv-cinder-760193-12-iscsi neutron-server[101033]: DEBUG neutron.pecan_wsgi.hooks.policy_enforcement [req-6924c948-6f84-40a6-8d71-a5d17a596e0f req-ea065f8f-9612-4aa7-83f3-0729a30239ea service neutron] Attributes excluded by policy engine: ['standard_attr_id'] {{(pid=101033) _exclude_attributes_by_policy /opt/stack/neutron/neutron/pecan_wsgi/hooks/policy_enforcement.py:255}}
Sep 15 02:41:00.693372 dv-cinder-760193-12-iscsi neutron-server[101033]: INFO neutron.wsgi [req-6924c948-6f84-40a6-8d71-a5d17a596e0f req-ea065f8f-9612-4aa7-83f3-0729a30239ea service neutron] 10.222.0.37 "GET /v2.0/ports?device_id=47b60182-faa2-41c6-b7fe-e9252bd20700 HTTP/1.1" status: 200 len: 1098 time: 0.1170449
Sep 15 02:41:00.736232 dv-cinder-760193-12-iscsi neutron-server[101033]: DEBUG neutron.pecan_wsgi.hooks.policy_enforcement [req-86bc68ec-6b5b-4295-a1b5-6867c4738526 req-34e7c9e6-4a6a-47b6-a8be-4662b1450b4f tempest-DeleteServersTestJSON-95466316 tempest-DeleteServersTestJSON-95466316-project] Attributes excluded by policy engine: ['standard_attr_id', 'binding:profile', 'binding:host_id', 'binding:vif_type', 'binding:vif_details'] {{(pid=101033) _exclude_attributes_by_policy /opt/stack/neutron/neutron/pecan_wsgi/hooks/policy_enforcement.py:255}}
Sep 15 02:41:00.745363 dv-cinder-760193-12-iscsi neutron-server[101033]: INFO neutron.wsgi [req-86bc68ec-6b5b-4295-a1b5-6867c4738526 req-34e7c9e6-4a6a-47b6-a8be-4662b1450b4f tempest-DeleteServersTestJSON-95466316 tempest-DeleteServersTestJSON-95466316-project] 10.222.0.15 "GET /v2.0/ports?device_id=791c461a-fcc8-4a69-a36f-eb0f63aa9647 HTTP/1.1" status: 200 len: 946 time: 0.1156099
Sep 15 02:41:00.771728 dv-cinder-760193-12-iscsi neutron-server[101035]: DEBUG neutron.api.rpc.handlers.resources_rpc [None req-46daed90-1326-4d3f-b65a-3ca40bdee274 None None] Pushing event updated for resources: {'Port': ['ID=d8a5603c-4185-4a4f-bfaf-0c75a5156c0e,revision_number=5']} {{(pid=101035) push /opt/stack/neutron/neutron/api/rpc/handlers/resources_rpc.py:237}}
Sep 15 02:41:00.802119 dv-cinder-760193-12-iscsi neutron-server[101033]: DEBUG neutron_lib.callbacks.manager [req-6924c948-6f84-40a6-8d71-a5d17a596e0f req-045c5bbb-b274-4f33-8f61-4ecb70f80d42 service neutron] Notify callbacks [] for security_group, before_create {{(pid=101033) _notify_loop /usr/local/lib/python3.8/dist-packages/neutron_lib/callbacks/manager.py:192}}
Sep 15 02:41:00.835150 dv-cinder-760193-12-iscsi neutron-server[101033]: INFO neutron.wsgi [req-86bc68ec-6b5b-4295-a1b5-6867c4738526 req-f555f62b-22e4-4773-9d5a-ff1acd9b62b8 tempest-DeleteServersTestJSON-95466316 tempest-DeleteServersTestJSON-95466316-project] 10.222.0.15 "GET /v2.0/security-groups?id=d2aad439-b4da-4a79-a72b-4eac52d9f268&fields=id&fields=name HTTP/1.1" status: 200 len: 286 time: 0.0880594
Sep 15 02:41:00.852045 dv-cinder-760193-12-iscsi neutron-server[101035]: DEBUG neutron.db.provisioning_blocks [None req-46daed90-1326-4d3f-b65a-3ca40bdee274 None None] Provisioning for port 2e076bdd-98e1-4c01-af2f-0d26d613e688 completed by entity L2. {{(pid=101035) provisioning_complete /opt/stack/neutron/neutron/db/provisioning_blocks.py:133}}
Sep 15 02:41:00.852045 dv-cinder-760193-12-iscsi neutron-server[101035]: DEBUG neutron.db.provisioning_blocks [None req-46daed90-1326-4d3f-b65a-3ca40bdee274 None None] Provisioning complete for port 2e076bdd-98e1-4c01-af2f-0d26d613e688 triggered by entity L2. {{(pid=101035) provisioning_complete /opt/stack/neutron/neutron/db/provisioning_blocks.py:139}}
Sep 15 02:41:00.856957 dv-cinder-760193-12-iscsi neutron-server[101035]: DEBUG neutron_lib.callbacks.manager [None req-46daed90-1326-4d3f-b65a-3ca40bdee274 None None] Notify callbacks ['neutron.plugins.ml2.plugin.Ml2Plugin._port_provisioned-3787049'] for port, provisioning_complete {{(pid=101035) _notify_loop /usr/local/lib/python3.8/dist-packages/neutron_lib/callbacks/manager.py:192}}
Sep 15 02:41:00.862542 dv-cinder-760193-12-iscsi neutron-server[101033]: DEBUG neutron.pecan_wsgi.hooks.policy_enforcement [req-36ac5b15-ee67-466d-97ad-8c12c3089343 req-b6f64c94-bb97-4a53-a9b4-b2007241ede0 tempest-AttachVolumeShelveTestJSON-195385658 tempest-AttachVolumeShelveTestJSON-195385658-project] Attributes excluded by policy engine: ['standard_attr_id', 'binding:profile', 'binding:host_id', 'binding:vif_type', 'binding:vif_details'] {{(pid=101033) _exclude_attributes_by_policy /opt/stack/neutron/neutron/pecan_wsgi/hooks/policy_enforcement.py:255}}
Sep 15 02:41:00.863982 dv-cinder-760193-12-iscsi neutron-server[101033]: INFO neutron.wsgi [req-36ac5b15-ee67-466d-97ad-8c12c3089343 req-b6f64c94-bb97-4a53-a9b4-b2007241ede0 tempest-AttachVolumeShelveTestJSON-195385658 tempest-AttachVolumeShelveTestJSON-195385658-project] 10.222.0.15 "GET /v2.0/ports?device_id=0235be5f-50fb-4741-83d3-4e7c40be2b8a HTTP/1.1" status: 200 len: 943 time: 0.0918267
Sep 15 02:41:00.928637 dv-cinder-760193-12-iscsi neutron-server[101035]: DEBUG neutron_lib.callbacks.manager [None req-e9717027-ba76-4c3b-a27e-da1ae492a4dd None None] Notify callbacks ['neutron.services.segments.db._update_segment_host_mapping_for_agent-8785542203019', 'neutron.plugins.ml2.plugin.Ml2Plugin._retry_binding_revived_agents-3786962'] for agent, after_update {{(pid=101035) _notify_loop /usr/local/lib/python3.8/dist-packages/neutron_lib/callbacks/manager.py:192}}
Sep 15 02:41:00.943679 dv-cinder-760193-12-iscsi neutron-server[101033]: INFO neutron.wsgi [req-36ac5b15-ee67-466d-97ad-8c12c3089343 req-63df08a1-04be-4c99-ad55-e820b315f42d tempest-AttachVolumeShelveTestJSON-195385658 tempest-AttachVolumeShelveTestJSON-195385658-project] 10.222.0.15 "GET /v2.0/security-groups?id=f84c5e6a-2051-4c1a-bc05-a844eace37a2&fields=id&fields=name HTTP/1.1" status: 200 len: 313 time: 0.0696871
Sep 15 02:41:01.009801 dv-cinder-760193-12-iscsi neutron-server[101033]: DEBUG neutron_lib.callbacks.manager [req-6924c948-6f84-40a6-8d71-a5d17a596e0f req-045c5bbb-b274-4f33-8f61-4ecb70f80d42 service neutron] Notify callbacks [] for security_group, precommit_create {{(pid=101033) _notify_loop /usr/local/lib/python3.8/dist-packages/neutron_lib/callbacks/manager.py:192}}
Sep 15 02:41:01.018314 dv-cinder-760193-12-iscsi neutron-server[101035]: DEBUG neutron_lib.callbacks.manager [None req-46daed90-1326-4d3f-b65a-3ca40bdee274 None None] Notify callbacks ['neutron.plugins.ml2.plugin.SecurityGroupDbMixin._ensure_default_security_group_handler-3694565'] for port, before_update {{(pid=101035) _notify_loop /usr/local/lib/python3.8/dist-packages/neutron_lib/callbacks/manager.py:192}}
Sep 15 02:41:01.034901 dv-cinder-760193-12-iscsi neutron-server[101033]: DEBUG neutron.pecan_wsgi.hooks.policy_enforcement [req-79157b96-16fa-45d7-922b-5f626dc56057 req-bfee2961-0cc9-454b-be73-97f98afbafdd tempest-AttachVolumeTestJSON-175921451 tempest-AttachVolumeTestJSON-175921451-project] Attributes excluded by policy engine: ['standard_attr_id', 'binding:profile', 'binding:host_id', 'binding:vif_type', 'binding:vif_details'] {{(pid=101033) _exclude_attributes_by_policy /opt/stack/neutron/neutron/pecan_wsgi/hooks/policy_enforcement.py:255}}
Sep 15 02:41:01.036424 dv-cinder-760193-12-iscsi neutron-server[101033]: INFO neutron.wsgi [req-79157b96-16fa-45d7-922b-5f626dc56057 req-bfee2961-0cc9-454b-be73-97f98afbafdd tempest-AttachVolumeTestJSON-175921451 tempest-AttachVolumeTestJSON-175921451-project] 10.222.0.15 "GET /v2.0/ports?device_id=b311a14e-071a-4c9f-9ef9-3c8442b78c2d HTTP/1.1" status: 200 len: 944 time: 0.0727792
Sep 15 02:41:01.056153 dv-cinder-760193-12-iscsi neutron-server[101035]: DEBUG neutron.plugins.ml2.db [None req-46daed90-1326-4d3f-b65a-3ca40bdee274 None None] For port 2e076bdd-98e1-4c01-af2f-0d26d613e688, host hv-cinder-76019, got binding levels [PortBindingLevel(driver='hyperv',host='hv-cinder-76019',level=0,port_id=2e076bdd-98e1-4c01-af2f-0d26d613e688,segment=NetworkSegment(e2dcc510-7f31-4f14-9b42-d66f37e2fcef),segment_id=e2dcc510-7f31-4f14-9b42-d66f37e2fcef)] {{(pid=101035) get_binding_level_objs /opt/stack/neutron/neutron/plugins/ml2/db.py:74}}
Sep 15 02:41:01.087019 dv-cinder-760193-12-iscsi neutron-server[101033]: INFO neutron.wsgi [req-79157b96-16fa-45d7-922b-5f626dc56057 req-c5bafd5c-220d-47d9-bc59-3fb2e30ba84f tempest-AttachVolumeTestJSON-175921451 tempest-AttachVolumeTestJSON-175921451-project] 10.222.0.15 "GET /v2.0/security-groups?id=776c105b-2628-4607-bd3c-5e50f115aecc&fields=id&fields=name HTTP/1.1" status: 200 len: 312 time: 0.0395727
Sep 15 02:41:01.088512 dv-cinder-760193-12-iscsi neutron-server[101033]: DEBUG neutron_lib.callbacks.manager [req-6924c948-6f84-40a6-8d71-a5d17a596e0f req-045c5bbb-b274-4f33-8f61-4ecb70f80d42 service neutron] Notify callbacks ['neutron.plugins.ml2.ovo_rpc._ObjectChangeHandler.handle_event-611795'] for security_group, after_create {{(pid=101033) _notify_loop /usr/local/lib/python3.8/dist-packages/neutron_lib/callbacks/manager.py:192}}
Sep 15 02:41:01.110164 dv-cinder-760193-12-iscsi neutron-server[101035]: DEBUG neutron_lib.callbacks.manager [None req-46daed90-1326-4d3f-b65a-3ca40bdee274 None None] Notify callbacks ['neutron.plugins.ml2.plugin.SecurityGroupServerNotifierRpcMixin._notify_sg_on_port_change-3694500', 'neutron.plugins.ml2.ovo_rpc._ObjectChangeHandler.handle_event-259967', 'neutron.api.rpc.agentnotifiers.dhcp_rpc_agent_api.DhcpAgentNotifyAPI._native_event_send_dhcp_notification-3618119', 'neutron.db.l3_db.L3RpcNotifierMixin._notify_gateway_port_ip_changed-8785541999373', 'neutron.db.l3_dvrscheduler_db._notify_l3_agent_port_update-8785541659850', 'neutron.db.l3_hascheduler_db._notify_l3_agent_ha_port_update-8785541659868'] for port, after_update {{(pid=101035) _notify_loop /usr/local/lib/python3.8/dist-packages/neutron_lib/callbacks/manager.py:192}}
Sep 15 02:41:01.120036 dv-cinder-760193-12-iscsi neutron-server[101033]: INFO neutron.wsgi [req-6924c948-6f84-40a6-8d71-a5d17a596e0f req-045c5bbb-b274-4f33-8f61-4ecb70f80d42 service neutron] 10.222.0.37 "GET /v2.0/security-groups?id=5a789338-565c-4b8a-a5da-8cb879a95ae0&fields=id&fields=name HTTP/1.1" status: 200 len: 286 time: 0.4159379
Sep 15 02:41:01.130263 dv-cinder-760193-12-iscsi neutron-server[101033]: DEBUG neutron.api.rpc.handlers.resources_rpc [None req-045c5bbb-b274-4f33-8f61-4ecb70f80d42 service neutron] Pushing event updated for resources: {'SecurityGroup': ['ID=0a6b1eca-fd06-44fb-88fd-538e09faf2ce,revision_number=1']} {{(pid=101033) push /opt/stack/neutron/neutron/api/rpc/handlers/resources_rpc.py:237}}
Sep 15 02:41:01.172748 dv-cinder-760193-12-iscsi neutron-server[101035]: DEBUG neutron.api.rpc.handlers.resources_rpc [None req-46daed90-1326-4d3f-b65a-3ca40bdee274 None None] Pushing event updated for resources: {'Port': ['ID=2e076bdd-98e1-4c01-af2f-0d26d613e688,revision_number=5']} {{(pid=101035) push /opt/stack/neutron/neutron/api/rpc/handlers/resources_rpc.py:237}}
Sep 15 02:41:01.318289 dv-cinder-760193-12-iscsi neutron-server[101035]: DEBUG neutron.plugins.ml2.rpc [None req-46daed90-1326-4d3f-b65a-3ca40bdee274 None None] Device a92fa06d-d76a-4350-bab9-17318c74ac96 details requested by agent hyperv_hv-cinder-76019 with host hv-cinder-76019 {{(pid=101035) get_device_details /opt/stack/neutron/neutron/plugins/ml2/rpc.py:102}}
Sep 15 02:41:01.338424 dv-cinder-760193-12-iscsi neutron-server[101035]: DEBUG neutron.plugins.ml2.rpc [None req-46daed90-1326-4d3f-b65a-3ca40bdee274 None None] Device 51ddecc2-da0f-4ff9-bda1-2eac7760a7a6 up at agent hyperv_hv-cinder-76019 {{(pid=101035) update_device_up /opt/stack/neutron/neutron/plugins/ml2/rpc.py:296}}
Sep 15 02:41:01.477534 dv-cinder-760193-12-iscsi neutron-server[101035]: DEBUG neutron.plugins.ml2.db [None req-46daed90-1326-4d3f-b65a-3ca40bdee274 None None] For port a92fa06d-d76a-4350-bab9-17318c74ac96, host hv-cinder-76019, got binding levels [PortBindingLevel(driver='hyperv',host='hv-cinder-76019',level=0,port_id=a92fa06d-d76a-4350-bab9-17318c74ac96,segment=NetworkSegment(e27701eb-18b1-4000-9b26-9a5e2b148b7a),segment_id=e27701eb-18b1-4000-9b26-9a5e2b148b7a)] {{(pid=101035) get_binding_level_objs /opt/stack/neutron/neutron/plugins/ml2/db.py:74}}
Sep 15 02:41:01.492832 dv-cinder-760193-12-iscsi neutron-server[101035]: DEBUG neutron.plugins.ml2.rpc [None req-46daed90-1326-4d3f-b65a-3ca40bdee274 None None] Returning: {'device': 'a92fa06d-d76a-4350-bab9-17318c74ac96', 'network_id': '75579842-5189-40fb-9720-3ef43c76374e', 'port_id': 'a92fa06d-d76a-4350-bab9-17318c74ac96', 'mac_address': 'fa:16:3e:83:29:31', 'admin_state_up': True, 'network_type': 'vlan', 'segmentation_id': 118, 'physical_network': 'physnet1', 'mtu': 1500, 'fixed_ips': [{'subnet_id': '2c3cf743-89a6-477f-8153-aa57c58ce92a', 'ip_address': '172.20.0.11'}], 'device_owner': 'compute:nova', 'allowed_address_pairs': [], 'port_security_enabled': True, 'qos_policy_id': None, 'network_qos_policy_id': None, 'profile': {}, 'propagate_uplink_status': False} {{(pid=101035) _get_device_details /opt/stack/neutron/neutron/plugins/ml2/rpc.py:184}}
Sep 15 02:41:01.537517 dv-cinder-760193-12-iscsi neutron-server[101035]: DEBUG neutron_lib.callbacks.manager [None req-46daed90-1326-4d3f-b65a-3ca40bdee274 None None] Notify callbacks ['neutron.plugins.ml2.plugin.SecurityGroupDbMixin._ensure_default_security_group_handler-3694565'] for port, before_update {{(pid=101035) _notify_loop /usr/local/lib/python3.8/dist-packages/neutron_lib/callbacks/manager.py:192}}
Sep 15 02:41:01.553246 dv-cinder-760193-12-iscsi neutron-server[101035]: DEBUG neutron.notifiers.nova [None req-46daed90-1326-4d3f-b65a-3ca40bdee274 None None] Ignoring state change previous_port_status: DOWN current_port_status: BUILD port_id a92fa06d-d76a-4350-bab9-17318c74ac96 {{(pid=101035) record_port_status_changed /opt/stack/neutron/neutron/notifiers/nova.py:224}}
Sep 15 02:41:01.565851 dv-cinder-760193-12-iscsi neutron-server[101035]: DEBUG neutron.db.provisioning_blocks [None req-46daed90-1326-4d3f-b65a-3ca40bdee274 None None] Provisioning for port 51ddecc2-da0f-4ff9-bda1-2eac7760a7a6 completed by entity L2. {{(pid=101035) provisioning_complete /opt/stack/neutron/neutron/db/provisioning_blocks.py:133}}
Sep 15 02:41:01.576858 dv-cinder-760193-12-iscsi neutron-server[101035]: DEBUG neutron.plugins.ml2.db [None req-46daed90-1326-4d3f-b65a-3ca40bdee274 None None] For port a92fa06d-d76a-4350-bab9-17318c74ac96, host hv-cinder-76019, got binding levels [PortBindingLevel(driver='hyperv',host='hv-cinder-76019',level=0,port_id=a92fa06d-d76a-4350-bab9-17318c74ac96,segment=NetworkSegment(e27701eb-18b1-4000-9b26-9a5e2b148b7a),segment_id=e27701eb-18b1-4000-9b26-9a5e2b148b7a)] {{(pid=101035) get_binding_level_objs /opt/stack/neutron/neutron/plugins/ml2/db.py:74}}
Sep 15 02:41:01.577765 dv-cinder-760193-12-iscsi neutron-server[101035]: DEBUG neutron.db.provisioning_blocks [None req-46daed90-1326-4d3f-b65a-3ca40bdee274 None None] Provisioning complete for port 51ddecc2-da0f-4ff9-bda1-2eac7760a7a6 triggered by entity L2. {{(pid=101035) provisioning_complete /opt/stack/neutron/neutron/db/provisioning_blocks.py:139}}
Sep 15 02:41:01.578134 dv-cinder-760193-12-iscsi neutron-server[101035]: DEBUG neutron_lib.callbacks.manager [None req-46daed90-1326-4d3f-b65a-3ca40bdee274 None None] Notify callbacks ['neutron.plugins.ml2.plugin.Ml2Plugin._port_provisioned-3787049'] for port, provisioning_complete {{(pid=101035) _notify_loop /usr/local/lib/python3.8/dist-packages/neutron_lib/callbacks/manager.py:192}}
Sep 15 02:41:01.654090 dv-cinder-760193-12-iscsi neutron-server[101033]: DEBUG neutron.pecan_wsgi.hooks.policy_enforcement [req-5777b27b-538e-4594-a3f2-ae45b68bfcc5 req-90aff7ac-8a98-4eba-a903-96831f2856f3 tempest-AttachVolumeNegativeTest-558651100 tempest-AttachVolumeNegativeTest-558651100-project] Attributes excluded by policy engine: ['standard_attr_id', 'binding:profile', 'binding:host_id', 'binding:vif_type', 'binding:vif_details'] {{(pid=101033) _exclude_attributes_by_policy /opt/stack/neutron/neutron/pecan_wsgi/hooks/policy_enforcement.py:255}}
Sep 15 02:41:01.658828 dv-cinder-760193-12-iscsi neutron-server[101033]: INFO neutron.wsgi [req-5777b27b-538e-4594-a3f2-ae45b68bfcc5 req-90aff7ac-8a98-4eba-a903-96831f2856f3 tempest-AttachVolumeNegativeTest-558651100 tempest-AttachVolumeNegativeTest-558651100-project] 10.222.0.15 "GET /v2.0/ports?device_id=47b60182-faa2-41c6-b7fe-e9252bd20700 HTTP/1.1" status: 200 len: 945 time: 0.0601287
Sep 15 02:41:01.671383 dv-cinder-760193-12-iscsi neutron-server[101035]: DEBUG neutron_lib.callbacks.manager [None req-46daed90-1326-4d3f-b65a-3ca40bdee274 None None] Notify callbacks ['neutron.plugins.ml2.plugin.SecurityGroupDbMixin._ensure_default_security_group_handler-3694565'] for port, before_update {{(pid=101035) _notify_loop /usr/local/lib/python3.8/dist-packages/neutron_lib/callbacks/manager.py:192}}
Sep 15 02:41:01.708638 dv-cinder-760193-12-iscsi neutron-server[101035]: DEBUG neutron.plugins.ml2.db [None req-46daed90-1326-4d3f-b65a-3ca40bdee274 None None] For port 51ddecc2-da0f-4ff9-bda1-2eac7760a7a6, host hv-cinder-76019, got binding levels [PortBindingLevel(driver='hyperv',host='hv-cinder-76019',level=0,port_id=51ddecc2-da0f-4ff9-bda1-2eac7760a7a6,segment=NetworkSegment(e2dcc510-7f31-4f14-9b42-d66f37e2fcef),segment_id=e2dcc510-7f31-4f14-9b42-d66f37e2fcef)] {{(pid=101035) get_binding_level_objs /opt/stack/neutron/neutron/plugins/ml2/db.py:74}}
Sep 15 02:41:01.710707 dv-cinder-760193-12-iscsi neutron-server[101035]: DEBUG neutron_lib.callbacks.manager [None req-46daed90-1326-4d3f-b65a-3ca40bdee274 None None] Notify callbacks ['neutron.plugins.ml2.plugin.SecurityGroupServerNotifierRpcMixin._notify_sg_on_port_change-3694500', 'neutron.plugins.ml2.ovo_rpc._ObjectChangeHandler.handle_event-259967', 'neutron.api.rpc.agentnotifiers.dhcp_rpc_agent_api.DhcpAgentNotifyAPI._native_event_send_dhcp_notification-3618119', 'neutron.db.l3_db.L3RpcNotifierMixin._notify_gateway_port_ip_changed-8785541999373', 'neutron.db.l3_dvrscheduler_db._notify_l3_agent_port_update-8785541659850', 'neutron.db.l3_hascheduler_db._notify_l3_agent_ha_port_update-8785541659868'] for port, after_update {{(pid=101035) _notify_loop /usr/local/lib/python3.8/dist-packages/neutron_lib/callbacks/manager.py:192}}
Sep 15 02:41:01.711251 dv-cinder-760193-12-iscsi neutron-server[101035]: DEBUG neutron.plugins.ml2.rpc [None req-46daed90-1326-4d3f-b65a-3ca40bdee274 None None] Device cf5ef637-b7f3-4dfe-a135-57f0482f24bb details requested by agent hyperv_hv-cinder-76019 with host hv-cinder-76019 {{(pid=101035) get_device_details /opt/stack/neutron/neutron/plugins/ml2/rpc.py:102}}
Sep 15 02:41:01.732986 dv-cinder-760193-12-iscsi neutron-server[101033]: INFO neutron.wsgi [req-5777b27b-538e-4594-a3f2-ae45b68bfcc5 req-184b6a35-8780-44fa-af5e-8de1b2591e1c tempest-AttachVolumeNegativeTest-558651100 tempest-AttachVolumeNegativeTest-558651100-project] 10.222.0.15 "GET /v2.0/security-groups?id=5a789338-565c-4b8a-a5da-8cb879a95ae0&fields=id&fields=name HTTP/1.1" status: 200 len: 286 time: 0.0731835
Sep 15 02:41:01.754871 dv-cinder-760193-12-iscsi neutron-server[101033]: DEBUG neutron.pecan_wsgi.hooks.policy_enforcement [req-80e65453-aafa-4102-883c-ba7689e8ccaa req-9273cea1-6e2e-44b8-a23f-5245232f2443 tempest-ServerRescueNegativeTestJSON-420411961 tempest-ServerRescueNegativeTestJSON-420411961-project] Attributes excluded by policy engine: ['standard_attr_id', 'binding:profile', 'binding:host_id', 'binding:vif_type', 'binding:vif_details'] {{(pid=101033) _exclude_attributes_by_policy /opt/stack/neutron/neutron/pecan_wsgi/hooks/policy_enforcement.py:255}}
Sep 15 02:41:01.756544 dv-cinder-760193-12-iscsi neutron-server[101033]: INFO neutron.wsgi [req-80e65453-aafa-4102-883c-ba7689e8ccaa req-9273cea1-6e2e-44b8-a23f-5245232f2443 tempest-ServerRescueNegativeTestJSON-420411961 tempest-ServerRescueNegativeTestJSON-420411961-project] 10.222.0.15 "GET /v2.0/ports?device_id=a774c78b-8234-4da9-b8ed-d2780b5d3b22 HTTP/1.1" status: 200 len: 944 time: 0.0951495
