Sep 15 02:41:10.541498 dv-cinder-760193-12-iscsi devstack@c-api.service[107868]: INFO cinder.api.openstack.wsgi [None req-e9f5f766-7e0a-4538-94bf-5be65400b726 tempest-VolumeTypesTest-558820657 tempest-VolumeTypesTest-558820657-project-admin] DELETE http://10.222.0.15/volume/v3/82b22574831f43388bfb447ceb051f47/types/8559ad10-b334-4701-a7a4-c5350569a2d0
Sep 15 02:41:10.542274 dv-cinder-760193-12-iscsi devstack@c-api.service[107868]: DEBUG cinder.api.openstack.wsgi [None req-e9f5f766-7e0a-4538-94bf-5be65400b726 tempest-VolumeTypesTest-558820657 tempest-VolumeTypesTest-558820657-project-admin] Empty body provided in request {{(pid=107868) get_body /opt/stack/cinder/cinder/api/openstack/wsgi.py:703}}
Sep 15 02:41:10.542858 dv-cinder-760193-12-iscsi devstack@c-api.service[107868]: DEBUG cinder.api.openstack.wsgi [None req-e9f5f766-7e0a-4538-94bf-5be65400b726 tempest-VolumeTypesTest-558820657 tempest-VolumeTypesTest-558820657-project-admin] Calling method '_delete' {{(pid=107868) _process_stack /opt/stack/cinder/cinder/api/openstack/wsgi.py:856}}
Sep 15 02:41:10.547361 dv-cinder-760193-12-iscsi devstack@c-api.service[107867]: DEBUG cinder.volume.api [None req-901c390f-29cb-453d-906a-510a33d722c3 tempest-VolumeQuotasNegativeTestJSON-408821405 tempest-VolumeQuotasNegativeTestJSON-408821405-project] Task 'cinder.volume.flows.api.create_volume.ExtractVolumeRequestTask;volume:create' (1e76ad01-66a0-4ab0-aeb5-25c9842ec8a7) transitioned into state 'SUCCESS' from state 'RUNNING' with result '{'size': 1, 'snapshot_id': None, 'source_volid': None, 'volume_type': VolumeType(created_at=2021-09-15T02:26:13Z,deleted=False,deleted_at=None,description='Default Volume Type',extra_specs={},id=0ce80dc0-6a69-4906-9be7-e9a557c31919,is_public=True,name='__DEFAULT__',projects=[],qos_specs=,qos_specs_id=None,updated_at=2021-09-15T02:26:13Z), 'volume_type_id': '0ce80dc0-6a69-4906-9be7-e9a557c31919', 'encryption_key_id': None, 'qos_specs': None, 'consistencygroup_id': None, 'cgsnapshot_id': None, 'group_id': None, 'replication_status': 'disabled', 'refresh_az': False, 'backup_id': None, 'multiattach': False, 'availability_zones': ['nova']}' {{(pid=107867) _task_receiver /usr/local/lib/python3.8/dist-packages/taskflow/listeners/logging.py:178}}
Sep 15 02:41:10.551431 dv-cinder-760193-12-iscsi devstack@c-api.service[107867]: DEBUG cinder.volume.api [None req-901c390f-29cb-453d-906a-510a33d722c3 tempest-VolumeQuotasNegativeTestJSON-408821405 tempest-VolumeQuotasNegativeTestJSON-408821405-project] Task 'cinder.volume.flows.api.create_volume.QuotaReserveTask;volume:create' (03ae1b3f-ef9c-4e45-bffe-e2a5494b94cb) transitioned into state 'RUNNING' from state 'PENDING' {{(pid=107867) _task_receiver /usr/local/lib/python3.8/dist-packages/taskflow/listeners/logging.py:190}}
Sep 15 02:41:10.749604 dv-cinder-760193-12-iscsi devstack@c-api.service[107868]: INFO cinder.api.openstack.wsgi [None req-e9f5f766-7e0a-4538-94bf-5be65400b726 tempest-VolumeTypesTest-558820657 tempest-VolumeTypesTest-558820657-project-admin] http://10.222.0.15/volume/v3/82b22574831f43388bfb447ceb051f47/types/8559ad10-b334-4701-a7a4-c5350569a2d0 returned with HTTP 202
Sep 15 02:41:10.750384 dv-cinder-760193-12-iscsi devstack@c-api.service[107868]: [pid: 107868|app: 0|req: 118/259] 10.222.0.15 () {58 vars in 1322 bytes} [Wed Sep 15 02:41:10 2021] DELETE /volume/v3/82b22574831f43388bfb447ceb051f47/types/8559ad10-b334-4701-a7a4-c5350569a2d0 => generated 0 bytes in 233 msecs (HTTP/1.1 202) 6 headers in 233 bytes (1 switches on core 0)
Sep 15 02:41:10.875341 dv-cinder-760193-12-iscsi devstack@c-api.service[107867]: DEBUG cinder.quota [None req-901c390f-29cb-453d-906a-510a33d722c3 tempest-VolumeQuotasNegativeTestJSON-408821405 tempest-VolumeQuotasNegativeTestJSON-408821405-project] Created reservations ['528ebe3c-4248-4538-85fa-2c7861b4ad9c', '08a3d847-a971-449b-84ce-bc21e9af8d2d', '1be306b4-594d-46c8-94fb-64b405e8f3c0', '88513bd4-cbf1-456e-9981-fa6488972679'] {{(pid=107867) reserve /opt/stack/cinder/cinder/quota.py:755}}
Sep 15 02:41:10.877470 dv-cinder-760193-12-iscsi devstack@c-api.service[107867]: DEBUG cinder.volume.api [None req-901c390f-29cb-453d-906a-510a33d722c3 tempest-VolumeQuotasNegativeTestJSON-408821405 tempest-VolumeQuotasNegativeTestJSON-408821405-project] Task 'cinder.volume.flows.api.create_volume.QuotaReserveTask;volume:create' (03ae1b3f-ef9c-4e45-bffe-e2a5494b94cb) transitioned into state 'SUCCESS' from state 'RUNNING' with result '{'reservations': ['528ebe3c-4248-4538-85fa-2c7861b4ad9c', '08a3d847-a971-449b-84ce-bc21e9af8d2d', '1be306b4-594d-46c8-94fb-64b405e8f3c0', '88513bd4-cbf1-456e-9981-fa6488972679']}' {{(pid=107867) _task_receiver /usr/local/lib/python3.8/dist-packages/taskflow/listeners/logging.py:178}}
Sep 15 02:41:10.879818 dv-cinder-760193-12-iscsi devstack@c-api.service[107867]: DEBUG cinder.volume.api [None req-901c390f-29cb-453d-906a-510a33d722c3 tempest-VolumeQuotasNegativeTestJSON-408821405 tempest-VolumeQuotasNegativeTestJSON-408821405-project] Task 'cinder.volume.flows.api.create_volume.EntryCreateTask;volume:create' (3ed199e9-9b53-4c43-8424-91581d37d5d9) transitioned into state 'RUNNING' from state 'PENDING' {{(pid=107867) _task_receiver /usr/local/lib/python3.8/dist-packages/taskflow/listeners/logging.py:190}}
Sep 15 02:41:10.883233 dv-cinder-760193-12-iscsi devstack@c-api.service[107868]: INFO cinder.api.openstack.wsgi [None req-7da618bf-e558-4732-b6c1-e272022834c0 tempest-VolumeServicesNegativeTest-96730923 tempest-VolumeServicesNegativeTest-96730923-project-admin] GET http://10.222.0.15/volume/v3/cc8fc1e875e64e69a8f8265993ea7190/os-services
Sep 15 02:41:10.883816 dv-cinder-760193-12-iscsi devstack@c-api.service[107868]: DEBUG cinder.api.openstack.wsgi [None req-7da618bf-e558-4732-b6c1-e272022834c0 tempest-VolumeServicesNegativeTest-96730923 tempest-VolumeServicesNegativeTest-96730923-project-admin] Empty body provided in request {{(pid=107868) get_body /opt/stack/cinder/cinder/api/openstack/wsgi.py:703}}
Sep 15 02:41:10.884817 dv-cinder-760193-12-iscsi devstack@c-api.service[107868]: DEBUG cinder.api.openstack.wsgi [None req-7da618bf-e558-4732-b6c1-e272022834c0 tempest-VolumeServicesNegativeTest-96730923 tempest-VolumeServicesNegativeTest-96730923-project-admin] Calling method 'index' {{(pid=107868) _process_stack /opt/stack/cinder/cinder/api/openstack/wsgi.py:856}}
Sep 15 02:41:10.896031 dv-cinder-760193-12-iscsi devstack@c-api.service[107868]: INFO cinder.api.openstack.wsgi [None req-7da618bf-e558-4732-b6c1-e272022834c0 tempest-VolumeServicesNegativeTest-96730923 tempest-VolumeServicesNegativeTest-96730923-project-admin] http://10.222.0.15/volume/v3/cc8fc1e875e64e69a8f8265993ea7190/os-services returned with HTTP 200
Sep 15 02:41:10.901963 dv-cinder-760193-12-iscsi devstack@c-api.service[107868]: [pid: 107868|app: 0|req: 119/260] 10.222.0.15 () {58 vars in 1226 bytes} [Wed Sep 15 02:41:10 2021] GET /volume/v3/cc8fc1e875e64e69a8f8265993ea7190/os-services => generated 643 bytes in 150 msecs (HTTP/1.1 200) 7 headers in 285 bytes (1 switches on core 0)
Sep 15 02:41:10.907869 dv-cinder-760193-12-iscsi devstack@c-api.service[107868]: INFO cinder.api.openstack.wsgi [None req-62c6730f-4dcd-4b3b-bcbf-80b45650614d tempest-DeleteServersTestJSON-95466316 tempest-DeleteServersTestJSON-95466316-project] GET http://10.222.0.15/volume/v3/26f5c205fb934edfbaf292caee58de12/volumes/e2238896-2b07-4d51-91b4-c94ef3a8d05f
Sep 15 02:41:10.908497 dv-cinder-760193-12-iscsi devstack@c-api.service[107868]: DEBUG cinder.api.openstack.wsgi [None req-62c6730f-4dcd-4b3b-bcbf-80b45650614d tempest-DeleteServersTestJSON-95466316 tempest-DeleteServersTestJSON-95466316-project] Empty body provided in request {{(pid=107868) get_body /opt/stack/cinder/cinder/api/openstack/wsgi.py:703}}
Sep 15 02:41:10.908913 dv-cinder-760193-12-iscsi devstack@c-api.service[107868]: DEBUG cinder.api.openstack.wsgi [None req-62c6730f-4dcd-4b3b-bcbf-80b45650614d tempest-DeleteServersTestJSON-95466316 tempest-DeleteServersTestJSON-95466316-project] Calling method 'show' {{(pid=107868) _process_stack /opt/stack/cinder/cinder/api/openstack/wsgi.py:856}}
Sep 15 02:41:10.927755 dv-cinder-760193-12-iscsi devstack@c-api.service[107868]: /usr/local/lib/python3.8/dist-packages/oslo_context/context.py:105: DeprecationWarning: Policy enforcement is depending on the value of is_admin. This key is deprecated. Please update your policy file to use the standard policy values.
Sep 15 02:41:10.927755 dv-cinder-760193-12-iscsi devstack@c-api.service[107868]: warnings.warn('Policy enforcement is depending on the value of '
Sep 15 02:41:10.936993 dv-cinder-760193-12-iscsi devstack@c-api.service[107868]: INFO cinder.volume.api [None req-62c6730f-4dcd-4b3b-bcbf-80b45650614d tempest-DeleteServersTestJSON-95466316 tempest-DeleteServersTestJSON-95466316-project] Volume info retrieved successfully.
Sep 15 02:41:10.957544 dv-cinder-760193-12-iscsi devstack@c-api.service[107868]: /usr/local/lib/python3.8/dist-packages/oslo_context/context.py:105: DeprecationWarning: Policy enforcement is depending on the value of is_admin. This key is deprecated. Please update your policy file to use the standard policy values.
Sep 15 02:41:10.957544 dv-cinder-760193-12-iscsi devstack@c-api.service[107868]: warnings.warn('Policy enforcement is depending on the value of '
Sep 15 02:41:10.965908 dv-cinder-760193-12-iscsi devstack@c-api.service[107868]: INFO cinder.api.openstack.wsgi [None req-62c6730f-4dcd-4b3b-bcbf-80b45650614d tempest-DeleteServersTestJSON-95466316 tempest-DeleteServersTestJSON-95466316-project] http://10.222.0.15/volume/v3/26f5c205fb934edfbaf292caee58de12/volumes/e2238896-2b07-4d51-91b4-c94ef3a8d05f returned with HTTP 200
Sep 15 02:41:10.967349 dv-cinder-760193-12-iscsi devstack@c-api.service[107868]: [pid: 107868|app: 0|req: 120/261] 10.222.0.15 () {58 vars in 1325 bytes} [Wed Sep 15 02:41:10 2021] GET /volume/v3/26f5c205fb934edfbaf292caee58de12/volumes/e2238896-2b07-4d51-91b4-c94ef3a8d05f => generated 913 bytes in 65 msecs (HTTP/1.1 200) 7 headers in 285 bytes (1 switches on core 0)
Sep 15 02:41:10.971314 dv-cinder-760193-12-iscsi devstack@c-api.service[107868]: INFO cinder.api.openstack.wsgi [None req-4d0a71de-fd1c-4079-8bc9-9ff87b983279 tempest-VolumeTypesTest-558820657 tempest-VolumeTypesTest-558820657-project-admin] GET http://10.222.0.15/volume/v3/82b22574831f43388bfb447ceb051f47/types/8559ad10-b334-4701-a7a4-c5350569a2d0
Sep 15 02:41:10.971953 dv-cinder-760193-12-iscsi devstack@c-api.service[107868]: DEBUG cinder.api.openstack.wsgi [None req-4d0a71de-fd1c-4079-8bc9-9ff87b983279 tempest-VolumeTypesTest-558820657 tempest-VolumeTypesTest-558820657-project-admin] Empty body provided in request {{(pid=107868) get_body /opt/stack/cinder/cinder/api/openstack/wsgi.py:703}}
Sep 15 02:41:10.972274 dv-cinder-760193-12-iscsi devstack@c-api.service[107868]: /usr/local/lib/python3.8/dist-packages/webob/acceptparse.py:1047: DeprecationWarning: The behavior of AcceptValidHeader.best_match is currently being maintained for backward compatibility, but it will be deprecated in the future, as it does not conform to the RFC.
Sep 15 02:41:10.972274 dv-cinder-760193-12-iscsi devstack@c-api.service[107868]: warnings.warn(
Sep 15 02:41:10.972835 dv-cinder-760193-12-iscsi devstack@c-api.service[107868]: DEBUG cinder.api.openstack.wsgi [None req-4d0a71de-fd1c-4079-8bc9-9ff87b983279 tempest-VolumeTypesTest-558820657 tempest-VolumeTypesTest-558820657-project-admin] Calling method 'show' {{(pid=107868) _process_stack /opt/stack/cinder/cinder/api/openstack/wsgi.py:856}}
Sep 15 02:41:10.981227 dv-cinder-760193-12-iscsi devstack@c-api.service[107868]: INFO cinder.api.openstack.wsgi [None req-4d0a71de-fd1c-4079-8bc9-9ff87b983279 tempest-VolumeTypesTest-558820657 tempest-VolumeTypesTest-558820657-project-admin] http://10.222.0.15/volume/v3/82b22574831f43388bfb447ceb051f47/types/8559ad10-b334-4701-a7a4-c5350569a2d0 returned with HTTP 404
Sep 15 02:41:10.981227 dv-cinder-760193-12-iscsi devstack@c-api.service[107868]: [pid: 107868|app: 0|req: 121/262] 10.222.0.15 () {58 vars in 1319 bytes} [Wed Sep 15 02:41:10 2021] GET /volume/v3/82b22574831f43388bfb447ceb051f47/types/8559ad10-b334-4701-a7a4-c5350569a2d0 => generated 114 bytes in 11 msecs (HTTP/1.1 404) 7 headers in 292 bytes (1 switches on core 0)
Sep 15 02:41:10.984075 dv-cinder-760193-12-iscsi devstack@c-api.service[107868]: INFO cinder.api.openstack.wsgi [None req-8f394947-56d6-4a4f-946c-c26fab631433 tempest-AttachVolumeNegativeTest-558651100 tempest-AttachVolumeNegativeTest-558651100-project] GET http://10.222.0.15/volume/v3/ac1722eb5fb64a9b9853cc8612279636/volumes/494c11d0-44f7-4eb2-9f7d-1642cd52a722
Sep 15 02:41:10.984763 dv-cinder-760193-12-iscsi devstack@c-api.service[107868]: DEBUG cinder.api.openstack.wsgi [None req-8f394947-56d6-4a4f-946c-c26fab631433 tempest-AttachVolumeNegativeTest-558651100 tempest-AttachVolumeNegativeTest-558651100-project] Empty body provided in request {{(pid=107868) get_body /opt/stack/cinder/cinder/api/openstack/wsgi.py:703}}
Sep 15 02:41:10.985481 dv-cinder-760193-12-iscsi devstack@c-api.service[107868]: DEBUG cinder.api.openstack.wsgi [None req-8f394947-56d6-4a4f-946c-c26fab631433 tempest-AttachVolumeNegativeTest-558651100 tempest-AttachVolumeNegativeTest-558651100-project] Calling method 'show' {{(pid=107868) _process_stack /opt/stack/cinder/cinder/api/openstack/wsgi.py:856}}
Sep 15 02:41:10.989086 dv-cinder-760193-12-iscsi devstack@c-api.service[107867]: DEBUG cinder.volume.api [None req-901c390f-29cb-453d-906a-510a33d722c3 tempest-VolumeQuotasNegativeTestJSON-408821405 tempest-VolumeQuotasNegativeTestJSON-408821405-project] Task 'cinder.volume.flows.api.create_volume.EntryCreateTask;volume:create' (3ed199e9-9b53-4c43-8424-91581d37d5d9) transitioned into state 'SUCCESS' from state 'RUNNING' with result '{'volume_id': '961db653-3307-47c2-a0f8-3784e6bb853f', 'volume_properties': VolumeProperties(attach_status='detached',availability_zone='nova',cgsnapshot_id=None,consistencygroup_id=None,display_description=None,display_name='tempest-VolumeQuotasNegativeTestJSON-Volume-451006847',encryption_key_id=None,group_id=None,group_type_id=,metadata={},multiattach=False,project_id='f838ca846d29406897e95ff870fed908',qos_specs=None,replication_status=,reservations=['528ebe3c-4248-4538-85fa-2c7861b4ad9c','08a3d847-a971-449b-84ce-bc21e9af8d2d','1be306b4-594d-46c8-94fb-64b405e8f3c0','88513bd4-cbf1-456e-9981-fa6488972679'],size=1,snapshot_id=None,source_replicaid=,source_volid=None,status='creating',user_id='01590949440745acb0ee3815be060b9e',volume_type_id=0ce80dc0-6a69-4906-9be7-e9a557c31919), 'volume': Volume(_name_id=None,admin_metadata=,attach_status='detached',availability_zone='nova',bootable=False,cluster=,cluster_name=None,consistencygroup=,consistencygroup_id=None,created_at=2021-09-15T02:41:10Z,deleted=False,deleted_at=None,display_description=None,display_name='tempest-VolumeQuotasNegativeTestJSON-Volume-451006847',ec2_id=None,encryption_key_id=None,glance_metadata=,group=,group_id=None,host=None,id=961db653-3307-47c2-a0f8-3784e6bb853f,launched_at=None,metadata={},migration_status=None,multiattach=False,previous_status=None,project_id='f838ca846d29406897e95ff870fed908',provider_auth=None,provider_geometry=None,provider_id=None,provider_location=None,replication_driver_data=None,replication_extended_status=None,replication_status=None,scheduled_at=None,service_uuid=None,shared_targets=True,size=1,snapshot_id=None,snapshots=,source_volid=None,status='creating',terminated_at=None,updated_at=None,use_quota=True,user_id='01590949440745acb0ee3815be060b9e',volume_attachment=,volume_type=VolumeType(0ce80dc0-6a69-4906-9be7-e9a557c31919),volume_type_id=0ce80dc0-6a69-4906-9be7-e9a557c31919)}' {{(pid=107867) _task_receiver /usr/local/lib/python3.8/dist-packages/taskflow/listeners/logging.py:178}}
Sep 15 02:41:10.995065 dv-cinder-760193-12-iscsi devstack@c-api.service[107867]: DEBUG cinder.volume.api [None req-901c390f-29cb-453d-906a-510a33d722c3 tempest-VolumeQuotasNegativeTestJSON-408821405 tempest-VolumeQuotasNegativeTestJSON-408821405-project] Task 'cinder.volume.flows.api.create_volume.QuotaCommitTask;volume:create' (1a70ffa5-3dbe-4445-826b-857560d39406) transitioned into state 'RUNNING' from state 'PENDING' {{(pid=107867) _task_receiver /usr/local/lib/python3.8/dist-packages/taskflow/listeners/logging.py:190}}
Sep 15 02:41:11.000759 dv-cinder-760193-12-iscsi devstack@c-api.service[107868]: /usr/local/lib/python3.8/dist-packages/oslo_context/context.py:105: DeprecationWarning: Policy enforcement is depending on the value of is_admin. This key is deprecated. Please update your policy file to use the standard policy values.
Sep 15 02:41:11.000759 dv-cinder-760193-12-iscsi devstack@c-api.service[107868]: warnings.warn('Policy enforcement is depending on the value of '
Sep 15 02:41:11.008731 dv-cinder-760193-12-iscsi devstack@c-api.service[107868]: INFO cinder.volume.api [None req-8f394947-56d6-4a4f-946c-c26fab631433 tempest-AttachVolumeNegativeTest-558651100 tempest-AttachVolumeNegativeTest-558651100-project] Volume info retrieved successfully.
Sep 15 02:41:11.021318 dv-cinder-760193-12-iscsi devstack@c-api.service[107868]: /usr/local/lib/python3.8/dist-packages/oslo_context/context.py:105: DeprecationWarning: Policy enforcement is depending on the value of is_admin. This key is deprecated. Please update your policy file to use the standard policy values.
Sep 15 02:41:11.021318 dv-cinder-760193-12-iscsi devstack@c-api.service[107868]: warnings.warn('Policy enforcement is depending on the value of '
Sep 15 02:41:11.030703 dv-cinder-760193-12-iscsi devstack@c-api.service[107868]: INFO cinder.api.openstack.wsgi [None req-8f394947-56d6-4a4f-946c-c26fab631433 tempest-AttachVolumeNegativeTest-558651100 tempest-AttachVolumeNegativeTest-558651100-project] http://10.222.0.15/volume/v3/ac1722eb5fb64a9b9853cc8612279636/volumes/494c11d0-44f7-4eb2-9f7d-1642cd52a722 returned with HTTP 200
Sep 15 02:41:11.031796 dv-cinder-760193-12-iscsi devstack@c-api.service[107868]: [pid: 107868|app: 0|req: 122/263] 10.222.0.15 () {58 vars in 1325 bytes} [Wed Sep 15 02:41:10 2021] GET /volume/v3/ac1722eb5fb64a9b9853cc8612279636/volumes/494c11d0-44f7-4eb2-9f7d-1642cd52a722 => generated 915 bytes in 52 msecs (HTTP/1.1 200) 7 headers in 285 bytes (1 switches on core 0)
Sep 15 02:41:11.037802 dv-cinder-760193-12-iscsi devstack@c-api.service[107868]: INFO cinder.api.openstack.wsgi [None req-9433b031-c6da-4231-9f04-cd09903d2ffa tempest-VolumeServicesNegativeTest-96730923 tempest-VolumeServicesNegativeTest-96730923-project-admin] PUT http://10.222.0.15/volume/v3/cc8fc1e875e64e69a8f8265993ea7190/os-services/disable-log-reason
Sep 15 02:41:11.038407 dv-cinder-760193-12-iscsi devstack@c-api.service[107868]: /usr/local/lib/python3.8/dist-packages/webob/acceptparse.py:1047: DeprecationWarning: The behavior of AcceptValidHeader.best_match is currently being maintained for backward compatibility, but it will be deprecated in the future, as it does not conform to the RFC.
Sep 15 02:41:11.038407 dv-cinder-760193-12-iscsi devstack@c-api.service[107868]: warnings.warn(
Sep 15 02:41:11.038835 dv-cinder-760193-12-iscsi devstack@c-api.service[107868]: DEBUG cinder.api.openstack.wsgi [None req-9433b031-c6da-4231-9f04-cd09903d2ffa tempest-VolumeServicesNegativeTest-96730923 tempest-VolumeServicesNegativeTest-96730923-project-admin] Action: 'update', calling method: update, body: {"host": "dv-cinder-760193-12-iscsi", "binary": "cinder-scheduler", "disabled_reason": null} {{(pid=107868) _process_stack /opt/stack/cinder/cinder/api/openstack/wsgi.py:854}}
Sep 15 02:41:11.041411 dv-cinder-760193-12-iscsi devstack@c-api.service[107868]: INFO cinder.api.openstack.wsgi [None req-9433b031-c6da-4231-9f04-cd09903d2ffa tempest-VolumeServicesNegativeTest-96730923 tempest-VolumeServicesNegativeTest-96730923-project-admin] http://10.222.0.15/volume/v3/cc8fc1e875e64e69a8f8265993ea7190/os-services/disable-log-reason returned with HTTP 400
Sep 15 02:41:11.044141 dv-cinder-760193-12-iscsi devstack@c-api.service[107868]: [pid: 107868|app: 0|req: 123/264] 10.222.0.15 () {60 vars in 1303 bytes} [Wed Sep 15 02:41:11 2021] PUT /volume/v3/cc8fc1e875e64e69a8f8265993ea7190/os-services/disable-log-reason => generated 136 bytes in 10 msecs (HTTP/1.1 400) 7 headers in 294 bytes (1 switches on core 0)
Sep 15 02:41:11.053974 dv-cinder-760193-12-iscsi devstack@c-api.service[107868]: INFO cinder.api.openstack.wsgi [None req-db429201-0d11-43df-b731-636fe189513f tempest-VolumeTypesTest-558820657 tempest-VolumeTypesTest-558820657-project-admin] DELETE http://10.222.0.15/volume/v3/82b22574831f43388bfb447ceb051f47/types/070792db-180c-4192-8aa6-dd41b9235f20
Sep 15 02:41:11.054717 dv-cinder-760193-12-iscsi devstack@c-api.service[107868]: DEBUG cinder.api.openstack.wsgi [None req-db429201-0d11-43df-b731-636fe189513f tempest-VolumeTypesTest-558820657 tempest-VolumeTypesTest-558820657-project-admin] Empty body provided in request {{(pid=107868) get_body /opt/stack/cinder/cinder/api/openstack/wsgi.py:703}}
Sep 15 02:41:11.055482 dv-cinder-760193-12-iscsi devstack@c-api.service[107868]: DEBUG cinder.api.openstack.wsgi [None req-db429201-0d11-43df-b731-636fe189513f tempest-VolumeTypesTest-558820657 tempest-VolumeTypesTest-558820657-project-admin] Calling method '_delete' {{(pid=107868) _process_stack /opt/stack/cinder/cinder/api/openstack/wsgi.py:856}}
Sep 15 02:41:11.105539 dv-cinder-760193-12-iscsi devstack@c-api.service[107867]: DEBUG cinder.volume.api [None req-901c390f-29cb-453d-906a-510a33d722c3 tempest-VolumeQuotasNegativeTestJSON-408821405 tempest-VolumeQuotasNegativeTestJSON-408821405-project] Task 'cinder.volume.flows.api.create_volume.QuotaCommitTask;volume:create' (1a70ffa5-3dbe-4445-826b-857560d39406) transitioned into state 'SUCCESS' from state 'RUNNING' with result '{'volume_properties': VolumeProperties(attach_status='detached',availability_zone='nova',cgsnapshot_id=None,consistencygroup_id=None,display_description=None,display_name='tempest-VolumeQuotasNegativeTestJSON-Volume-451006847',encryption_key_id=None,group_id=None,group_type_id=,metadata={},multiattach=False,project_id='f838ca846d29406897e95ff870fed908',qos_specs=None,replication_status=,reservations=['528ebe3c-4248-4538-85fa-2c7861b4ad9c','08a3d847-a971-449b-84ce-bc21e9af8d2d','1be306b4-594d-46c8-94fb-64b405e8f3c0','88513bd4-cbf1-456e-9981-fa6488972679'],size=1,snapshot_id=None,source_replicaid=,source_volid=None,status='creating',user_id='01590949440745acb0ee3815be060b9e',volume_type_id=0ce80dc0-6a69-4906-9be7-e9a557c31919)}' {{(pid=107867) _task_receiver /usr/local/lib/python3.8/dist-packages/taskflow/listeners/logging.py:178}}
Sep 15 02:41:11.112624 dv-cinder-760193-12-iscsi devstack@c-api.service[107867]: DEBUG cinder.volume.api [None req-901c390f-29cb-453d-906a-510a33d722c3 tempest-VolumeQuotasNegativeTestJSON-408821405 tempest-VolumeQuotasNegativeTestJSON-408821405-project] Task 'cinder.volume.flows.api.create_volume.VolumeCastTask;volume:create' (7e6f59d4-08df-42cc-a9fc-bc29fd6ff254) transitioned into state 'RUNNING' from state 'PENDING' {{(pid=107867) _task_receiver /usr/local/lib/python3.8/dist-packages/taskflow/listeners/logging.py:190}}
Sep 15 02:41:11.206945 dv-cinder-760193-12-iscsi devstack@c-api.service[107868]: INFO cinder.api.openstack.wsgi [None req-db429201-0d11-43df-b731-636fe189513f tempest-VolumeTypesTest-558820657 tempest-VolumeTypesTest-558820657-project-admin] http://10.222.0.15/volume/v3/82b22574831f43388bfb447ceb051f47/types/070792db-180c-4192-8aa6-dd41b9235f20 returned with HTTP 202
Sep 15 02:41:11.208220 dv-cinder-760193-12-iscsi devstack@c-api.service[107868]: [pid: 107868|app: 0|req: 124/265] 10.222.0.15 () {58 vars in 1322 bytes} [Wed Sep 15 02:41:11 2021] DELETE /volume/v3/82b22574831f43388bfb447ceb051f47/types/070792db-180c-4192-8aa6-dd41b9235f20 => generated 0 bytes in 165 msecs (HTTP/1.1 202) 6 headers in 233 bytes (1 switches on core 0)
Sep 15 02:41:11.213645 dv-cinder-760193-12-iscsi devstack@c-api.service[107867]: DEBUG cinder.volume.api [None req-901c390f-29cb-453d-906a-510a33d722c3 tempest-VolumeQuotasNegativeTestJSON-408821405 tempest-VolumeQuotasNegativeTestJSON-408821405-project] Task 'cinder.volume.flows.api.create_volume.VolumeCastTask;volume:create' (7e6f59d4-08df-42cc-a9fc-bc29fd6ff254) transitioned into state 'SUCCESS' from state 'RUNNING' with result 'None' {{(pid=107867) _task_receiver /usr/local/lib/python3.8/dist-packages/taskflow/listeners/logging.py:178}}
Sep 15 02:41:11.219473 dv-cinder-760193-12-iscsi devstack@c-api.service[107867]: DEBUG cinder.volume.api [None req-901c390f-29cb-453d-906a-510a33d722c3 tempest-VolumeQuotasNegativeTestJSON-408821405 tempest-VolumeQuotasNegativeTestJSON-408821405-project] Flow 'volume_create_api' (17b776d0-503a-4568-b8b0-c1c5272cb07d) transitioned into state 'SUCCESS' from state 'RUNNING' {{(pid=107867) _flow_receiver /usr/local/lib/python3.8/dist-packages/taskflow/listeners/logging.py:141}}
Sep 15 02:41:11.222284 dv-cinder-760193-12-iscsi devstack@c-api.service[107867]: INFO cinder.volume.api [None req-901c390f-29cb-453d-906a-510a33d722c3 tempest-VolumeQuotasNegativeTestJSON-408821405 tempest-VolumeQuotasNegativeTestJSON-408821405-project] Create volume request issued successfully.
Sep 15 02:41:11.228595 dv-cinder-760193-12-iscsi devstack@c-api.service[107868]: INFO cinder.api.openstack.wsgi [None req-78f48347-742e-42af-b93d-53e31b8ab241 tempest-VolumeServicesNegativeTest-96730923 tempest-VolumeServicesNegativeTest-96730923-project-admin] PUT http://10.222.0.15/volume/v3/cc8fc1e875e64e69a8f8265993ea7190/os-services/disable
Sep 15 02:41:11.231311 dv-cinder-760193-12-iscsi devstack@c-api.service[107867]: INFO cinder.api.openstack.wsgi [None req-901c390f-29cb-453d-906a-510a33d722c3 tempest-VolumeQuotasNegativeTestJSON-408821405 tempest-VolumeQuotasNegativeTestJSON-408821405-project] http://10.222.0.15/volume/v3/f838ca846d29406897e95ff870fed908/volumes returned with HTTP 202
Sep 15 02:41:11.231874 dv-cinder-760193-12-iscsi devstack@c-api.service[107868]: DEBUG cinder.api.openstack.wsgi [None req-78f48347-742e-42af-b93d-53e31b8ab241 tempest-VolumeServicesNegativeTest-96730923 tempest-VolumeServicesNegativeTest-96730923-project-admin] Action: 'update', calling method: update, body: {"host": "dv-cinder-760193-12-iscsi", "binary": "invalid_binary"} {{(pid=107868) _process_stack /opt/stack/cinder/cinder/api/openstack/wsgi.py:854}}
Sep 15 02:41:11.234025 dv-cinder-760193-12-iscsi devstack@c-api.service[107867]: [pid: 107867|app: 0|req: 142/266] 10.222.0.15 () {60 vars in 1235 bytes} [Wed Sep 15 02:41:10 2021] POST /volume/v3/f838ca846d29406897e95ff870fed908/volumes => generated 827 bytes in 944 msecs (HTTP/1.1 202) 7 headers in 291 bytes (1 switches on core 0)
Sep 15 02:41:11.238802 dv-cinder-760193-12-iscsi devstack@c-api.service[107867]: INFO cinder.api.openstack.wsgi [None req-163dd333-4c0d-4f4f-801b-597e069cc5ab tempest-VolumeTypesTest-558820657 tempest-VolumeTypesTest-558820657-project-admin] GET http://10.222.0.15/volume/v3/82b22574831f43388bfb447ceb051f47/types/070792db-180c-4192-8aa6-dd41b9235f20
Sep 15 02:41:11.239475 dv-cinder-760193-12-iscsi devstack@c-api.service[107867]: DEBUG cinder.api.openstack.wsgi [None req-163dd333-4c0d-4f4f-801b-597e069cc5ab tempest-VolumeTypesTest-558820657 tempest-VolumeTypesTest-558820657-project-admin] Empty body provided in request {{(pid=107867) get_body /opt/stack/cinder/cinder/api/openstack/wsgi.py:703}}
Sep 15 02:41:11.239806 dv-cinder-760193-12-iscsi devstack@c-api.service[107867]: /usr/local/lib/python3.8/dist-packages/webob/acceptparse.py:1047: DeprecationWarning: The behavior of AcceptValidHeader.best_match is currently being maintained for backward compatibility, but it will be deprecated in the future, as it does not conform to the RFC.
Sep 15 02:41:11.239806 dv-cinder-760193-12-iscsi devstack@c-api.service[107867]: warnings.warn(
Sep 15 02:41:11.240335 dv-cinder-760193-12-iscsi devstack@c-api.service[107867]: DEBUG cinder.api.openstack.wsgi [None req-163dd333-4c0d-4f4f-801b-597e069cc5ab tempest-VolumeTypesTest-558820657 tempest-VolumeTypesTest-558820657-project-admin] Calling method 'show' {{(pid=107867) _process_stack /opt/stack/cinder/cinder/api/openstack/wsgi.py:856}}
Sep 15 02:41:11.247237 dv-cinder-760193-12-iscsi devstack@c-api.service[107867]: INFO cinder.api.openstack.wsgi [None req-163dd333-4c0d-4f4f-801b-597e069cc5ab tempest-VolumeTypesTest-558820657 tempest-VolumeTypesTest-558820657-project-admin] http://10.222.0.15/volume/v3/82b22574831f43388bfb447ceb051f47/types/070792db-180c-4192-8aa6-dd41b9235f20 returned with HTTP 404
Sep 15 02:41:11.248504 dv-cinder-760193-12-iscsi devstack@c-api.service[107867]: [pid: 107867|app: 0|req: 143/267] 10.222.0.15 () {58 vars in 1319 bytes} [Wed Sep 15 02:41:11 2021] GET /volume/v3/82b22574831f43388bfb447ceb051f47/types/070792db-180c-4192-8aa6-dd41b9235f20 => generated 114 bytes in 14 msecs (HTTP/1.1 404) 7 headers in 292 bytes (1 switches on core 0)
Sep 15 02:41:11.262522 dv-cinder-760193-12-iscsi devstack@c-api.service[107868]: INFO cinder.api.openstack.wsgi [None req-78f48347-742e-42af-b93d-53e31b8ab241 tempest-VolumeServicesNegativeTest-96730923 tempest-VolumeServicesNegativeTest-96730923-project-admin] http://10.222.0.15/volume/v3/cc8fc1e875e64e69a8f8265993ea7190/os-services/disable returned with HTTP 404
Sep 15 02:41:11.265771 dv-cinder-760193-12-iscsi devstack@c-api.service[107868]: [pid: 107868|app: 0|req: 125/268] 10.222.0.15 () {60 vars in 1270 bytes} [Wed Sep 15 02:41:11 2021] PUT /volume/v3/cc8fc1e875e64e69a8f8265993ea7190/os-services/disable => generated 122 bytes in 52 msecs (HTTP/1.1 404) 7 headers in 292 bytes (1 switches on core 0)
Sep 15 02:41:11.274014 dv-cinder-760193-12-iscsi devstack@c-api.service[107867]: INFO cinder.api.openstack.wsgi [None req-022847b5-e24c-427c-b190-b0bf93fdbc77 tempest-VolumeQuotasNegativeTestJSON-408821405 tempest-VolumeQuotasNegativeTestJSON-408821405-project] GET http://10.222.0.15/volume/v3/f838ca846d29406897e95ff870fed908/volumes/961db653-3307-47c2-a0f8-3784e6bb853f
Sep 15 02:41:11.277059 dv-cinder-760193-12-iscsi devstack@c-api.service[107867]: DEBUG cinder.api.openstack.wsgi [None req-022847b5-e24c-427c-b190-b0bf93fdbc77 tempest-VolumeQuotasNegativeTestJSON-408821405 tempest-VolumeQuotasNegativeTestJSON-408821405-project] Empty body provided in request {{(pid=107867) get_body /opt/stack/cinder/cinder/api/openstack/wsgi.py:703}}
Sep 15 02:41:11.279057 dv-cinder-760193-12-iscsi devstack@c-api.service[107868]: INFO cinder.api.openstack.wsgi [None req-d0df6cfd-2837-45e4-8cfd-cf4fa4bc14d6 tempest-VolumeServicesNegativeTest-96730923 tempest-VolumeServicesNegativeTest-96730923-project-admin] PUT http://10.222.0.15/volume/v3/cc8fc1e875e64e69a8f8265993ea7190/os-services/enable
Sep 15 02:41:11.279410 dv-cinder-760193-12-iscsi devstack@c-api.service[107867]: DEBUG cinder.api.openstack.wsgi [None req-022847b5-e24c-427c-b190-b0bf93fdbc77 tempest-VolumeQuotasNegativeTestJSON-408821405 tempest-VolumeQuotasNegativeTestJSON-408821405-project] Calling method 'show' {{(pid=107867) _process_stack /opt/stack/cinder/cinder/api/openstack/wsgi.py:856}}
Sep 15 02:41:11.280086 dv-cinder-760193-12-iscsi devstack@c-api.service[107868]: DEBUG cinder.api.openstack.wsgi [None req-d0df6cfd-2837-45e4-8cfd-cf4fa4bc14d6 tempest-VolumeServicesNegativeTest-96730923 tempest-VolumeServicesNegativeTest-96730923-project-admin] Action: 'update', calling method: update, body: {"host": "invalid_host", "binary": "cinder-scheduler"} {{(pid=107868) _process_stack /opt/stack/cinder/cinder/api/openstack/wsgi.py:854}}
Sep 15 02:41:11.291718 dv-cinder-760193-12-iscsi devstack@c-api.service[107868]: INFO cinder.api.openstack.wsgi [None req-d0df6cfd-2837-45e4-8cfd-cf4fa4bc14d6 tempest-VolumeServicesNegativeTest-96730923 tempest-VolumeServicesNegativeTest-96730923-project-admin] http://10.222.0.15/volume/v3/cc8fc1e875e64e69a8f8265993ea7190/os-services/enable returned with HTTP 404
Sep 15 02:41:11.292725 dv-cinder-760193-12-iscsi devstack@c-api.service[107868]: [pid: 107868|app: 0|req: 126/269] 10.222.0.15 () {60 vars in 1267 bytes} [Wed Sep 15 02:41:11 2021] PUT /volume/v3/cc8fc1e875e64e69a8f8265993ea7190/os-services/enable => generated 111 bytes in 22 msecs (HTTP/1.1 404) 7 headers in 292 bytes (1 switches on core 0)
Sep 15 02:41:11.303045 dv-cinder-760193-12-iscsi devstack@c-api.service[107868]: INFO cinder.api.openstack.wsgi [None req-c1ab88ea-faa3-489c-bb06-d9453c19d1ff tempest-VolumeServicesNegativeTest-96730923 tempest-VolumeServicesNegativeTest-96730923-project-admin] PUT http://10.222.0.15/volume/v3/cc8fc1e875e64e69a8f8265993ea7190/os-services/freeze
Sep 15 02:41:11.304176 dv-cinder-760193-12-iscsi devstack@c-api.service[107868]: DEBUG cinder.api.openstack.wsgi [None req-c1ab88ea-faa3-489c-bb06-d9453c19d1ff tempest-VolumeServicesNegativeTest-96730923 tempest-VolumeServicesNegativeTest-96730923-project-admin] Action: 'update', calling method: update, body: {"host": "invalid_host"} {{(pid=107868) _process_stack /opt/stack/cinder/cinder/api/openstack/wsgi.py:854}}
Sep 15 02:41:11.312355 dv-cinder-760193-12-iscsi devstack@c-api.service[107867]: /usr/local/lib/python3.8/dist-packages/oslo_context/context.py:105: DeprecationWarning: Policy enforcement is depending on the value of is_admin. This key is deprecated. Please update your policy file to use the standard policy values.
Sep 15 02:41:11.312355 dv-cinder-760193-12-iscsi devstack@c-api.service[107867]: warnings.warn('Policy enforcement is depending on the value of '
Sep 15 02:41:11.319083 dv-cinder-760193-12-iscsi devstack@c-api.service[107868]: INFO cinder.api.openstack.wsgi [None req-c1ab88ea-faa3-489c-bb06-d9453c19d1ff tempest-VolumeServicesNegativeTest-96730923 tempest-VolumeServicesNegativeTest-96730923-project-admin] http://10.222.0.15/volume/v3/cc8fc1e875e64e69a8f8265993ea7190/os-services/freeze returned with HTTP 400
Sep 15 02:41:11.320522 dv-cinder-760193-12-iscsi devstack@c-api.service[107868]: [pid: 107868|app: 0|req: 127/270] 10.222.0.15 () {60 vars in 1267 bytes} [Wed Sep 15 02:41:11 2021] PUT /volume/v3/cc8fc1e875e64e69a8f8265993ea7190/os-services/freeze => generated 83 bytes in 22 msecs (HTTP/1.1 400) 7 headers in 293 bytes (2 switches on core 0)
Sep 15 02:41:11.332419 dv-cinder-760193-12-iscsi devstack@c-api.service[107868]: INFO cinder.api.openstack.wsgi [None req-15f3f689-30c0-4587-95e4-7763a9a41914 tempest-VolumeServicesNegativeTest-96730923 tempest-VolumeServicesNegativeTest-96730923-project-admin] PUT http://10.222.0.15/volume/v3/cc8fc1e875e64e69a8f8265993ea7190/os-services/thaw
Sep 15 02:41:11.333324 dv-cinder-760193-12-iscsi devstack@c-api.service[107868]: DEBUG cinder.api.openstack.wsgi [None req-15f3f689-30c0-4587-95e4-7763a9a41914 tempest-VolumeServicesNegativeTest-96730923 tempest-VolumeServicesNegativeTest-96730923-project-admin] Action: 'update', calling method: update, body: {"host": "invalid_host"} {{(pid=107868) _process_stack /opt/stack/cinder/cinder/api/openstack/wsgi.py:854}}
Sep 15 02:41:11.335244 dv-cinder-760193-12-iscsi devstack@c-api.service[107867]: INFO cinder.volume.api [None req-022847b5-e24c-427c-b190-b0bf93fdbc77 tempest-VolumeQuotasNegativeTestJSON-408821405 tempest-VolumeQuotasNegativeTestJSON-408821405-project] Volume info retrieved successfully.
Sep 15 02:41:11.346819 dv-cinder-760193-12-iscsi devstack@c-api.service[107868]: INFO cinder.api.openstack.wsgi [None req-15f3f689-30c0-4587-95e4-7763a9a41914 tempest-VolumeServicesNegativeTest-96730923 tempest-VolumeServicesNegativeTest-96730923-project-admin] http://10.222.0.15/volume/v3/cc8fc1e875e64e69a8f8265993ea7190/os-services/thaw returned with HTTP 400
Sep 15 02:41:11.355464 dv-cinder-760193-12-iscsi devstack@c-api.service[107868]: [pid: 107868|app: 0|req: 128/271] 10.222.0.15 () {60 vars in 1261 bytes} [Wed Sep 15 02:41:11 2021] PUT /volume/v3/cc8fc1e875e64e69a8f8265993ea7190/os-services/thaw => generated 83 bytes in 29 msecs (HTTP/1.1 400) 7 headers in 293 bytes (1 switches on core 0)
Sep 15 02:41:11.372055 dv-cinder-760193-12-iscsi devstack@c-api.service[107867]: INFO cinder.api.openstack.wsgi [None req-022847b5-e24c-427c-b190-b0bf93fdbc77 tempest-VolumeQuotasNegativeTestJSON-408821405 tempest-VolumeQuotasNegativeTestJSON-408821405-project] http://10.222.0.15/volume/v3/f838ca846d29406897e95ff870fed908/volumes/961db653-3307-47c2-a0f8-3784e6bb853f returned with HTTP 200
Sep 15 02:41:11.388466 dv-cinder-760193-12-iscsi devstack@c-api.service[107867]: [pid: 107867|app: 0|req: 144/272] 10.222.0.15 () {58 vars in 1325 bytes} [Wed Sep 15 02:41:11 2021] GET /volume/v3/f838ca846d29406897e95ff870fed908/volumes/961db653-3307-47c2-a0f8-3784e6bb853f => generated 895 bytes in 135 msecs (HTTP/1.1 200) 7 headers in 285 bytes (1 switches on core 0)
Sep 15 02:41:11.981642 dv-cinder-760193-12-iscsi devstack@c-api.service[107868]: INFO cinder.api.openstack.wsgi [None req-32d32257-2a55-4767-83b2-8cf1c07ac442 tempest-DeleteServersTestJSON-95466316 tempest-DeleteServersTestJSON-95466316-project] GET http://10.222.0.15/volume/v3/26f5c205fb934edfbaf292caee58de12/volumes/e2238896-2b07-4d51-91b4-c94ef3a8d05f
Sep 15 02:41:11.982403 dv-cinder-760193-12-iscsi devstack@c-api.service[107868]: DEBUG cinder.api.openstack.wsgi [None req-32d32257-2a55-4767-83b2-8cf1c07ac442 tempest-DeleteServersTestJSON-95466316 tempest-DeleteServersTestJSON-95466316-project] Empty body provided in request {{(pid=107868) get_body /opt/stack/cinder/cinder/api/openstack/wsgi.py:703}}
Sep 15 02:41:11.984944 dv-cinder-760193-12-iscsi devstack@c-api.service[107868]: DEBUG cinder.api.openstack.wsgi [None req-32d32257-2a55-4767-83b2-8cf1c07ac442 tempest-DeleteServersTestJSON-95466316 tempest-DeleteServersTestJSON-95466316-project] Calling method 'show' {{(pid=107868) _process_stack /opt/stack/cinder/cinder/api/openstack/wsgi.py:856}}
Sep 15 02:41:11.999363 dv-cinder-760193-12-iscsi devstack@c-api.service[107868]: /usr/local/lib/python3.8/dist-packages/oslo_context/context.py:105: DeprecationWarning: Policy enforcement is depending on the value of is_admin. This key is deprecated. Please update your policy file to use the standard policy values.
Sep 15 02:41:11.999363 dv-cinder-760193-12-iscsi devstack@c-api.service[107868]: warnings.warn('Policy enforcement is depending on the value of '
Sep 15 02:41:12.006839 dv-cinder-760193-12-iscsi devstack@c-api.service[107868]: INFO cinder.volume.api [None req-32d32257-2a55-4767-83b2-8cf1c07ac442 tempest-DeleteServersTestJSON-95466316 tempest-DeleteServersTestJSON-95466316-project] Volume info retrieved successfully.
Sep 15 02:41:12.022333 dv-cinder-760193-12-iscsi devstack@c-api.service[107868]: /usr/local/lib/python3.8/dist-packages/oslo_context/context.py:105: DeprecationWarning: Policy enforcement is depending on the value of is_admin. This key is deprecated. Please update your policy file to use the standard policy values.
Sep 15 02:41:12.022333 dv-cinder-760193-12-iscsi devstack@c-api.service[107868]: warnings.warn('Policy enforcement is depending on the value of '
Sep 15 02:41:12.032018 dv-cinder-760193-12-iscsi devstack@c-api.service[107868]: INFO cinder.api.openstack.wsgi [None req-32d32257-2a55-4767-83b2-8cf1c07ac442 tempest-DeleteServersTestJSON-95466316 tempest-DeleteServersTestJSON-95466316-project] http://10.222.0.15/volume/v3/26f5c205fb934edfbaf292caee58de12/volumes/e2238896-2b07-4d51-91b4-c94ef3a8d05f returned with HTTP 200
Sep 15 02:41:12.032959 dv-cinder-760193-12-iscsi devstack@c-api.service[107868]: [pid: 107868|app: 0|req: 129/273] 10.222.0.15 () {58 vars in 1325 bytes} [Wed Sep 15 02:41:11 2021] GET /volume/v3/26f5c205fb934edfbaf292caee58de12/volumes/e2238896-2b07-4d51-91b4-c94ef3a8d05f => generated 913 bytes in 55 msecs (HTTP/1.1 200) 7 headers in 285 bytes (1 switches on core 0)
Sep 15 02:41:12.046893 dv-cinder-760193-12-iscsi devstack@c-api.service[107867]: INFO cinder.api.openstack.wsgi [None req-4b1395d9-3d7a-450f-9355-1040c4be4670 tempest-AttachVolumeNegativeTest-558651100 tempest-AttachVolumeNegativeTest-558651100-project] GET http://10.222.0.15/volume/v3/ac1722eb5fb64a9b9853cc8612279636/volumes/494c11d0-44f7-4eb2-9f7d-1642cd52a722
Sep 15 02:41:12.047409 dv-cinder-760193-12-iscsi devstack@c-api.service[107867]: DEBUG cinder.api.openstack.wsgi [None req-4b1395d9-3d7a-450f-9355-1040c4be4670 tempest-AttachVolumeNegativeTest-558651100 tempest-AttachVolumeNegativeTest-558651100-project] Empty body provided in request {{(pid=107867) get_body /opt/stack/cinder/cinder/api/openstack/wsgi.py:703}}
Sep 15 02:41:12.047578 dv-cinder-760193-12-iscsi devstack@c-api.service[107867]: /usr/local/lib/python3.8/dist-packages/webob/acceptparse.py:1047: DeprecationWarning: The behavior of AcceptValidHeader.best_match is currently being maintained for backward compatibility, but it will be deprecated in the future, as it does not conform to the RFC.
Sep 15 02:41:12.047578 dv-cinder-760193-12-iscsi devstack@c-api.service[107867]: warnings.warn(
Sep 15 02:41:12.047885 dv-cinder-760193-12-iscsi devstack@c-api.service[107867]: DEBUG cinder.api.openstack.wsgi [None req-4b1395d9-3d7a-450f-9355-1040c4be4670 tempest-AttachVolumeNegativeTest-558651100 tempest-AttachVolumeNegativeTest-558651100-project] Calling method 'show' {{(pid=107867) _process_stack /opt/stack/cinder/cinder/api/openstack/wsgi.py:856}}
Sep 15 02:41:12.062504 dv-cinder-760193-12-iscsi devstack@c-api.service[107867]: /usr/local/lib/python3.8/dist-packages/oslo_context/context.py:105: DeprecationWarning: Policy enforcement is depending on the value of is_admin. This key is deprecated. Please update your policy file to use the standard policy values.
Sep 15 02:41:12.062504 dv-cinder-760193-12-iscsi devstack@c-api.service[107867]: warnings.warn('Policy enforcement is depending on the value of '
Sep 15 02:41:12.069514 dv-cinder-760193-12-iscsi devstack@c-api.service[107867]: INFO cinder.volume.api [None req-4b1395d9-3d7a-450f-9355-1040c4be4670 tempest-AttachVolumeNegativeTest-558651100 tempest-AttachVolumeNegativeTest-558651100-project] Volume info retrieved successfully.
Sep 15 02:41:12.080502 dv-cinder-760193-12-iscsi devstack@c-api.service[107867]: /usr/local/lib/python3.8/dist-packages/oslo_context/context.py:105: DeprecationWarning: Policy enforcement is depending on the value of is_admin. This key is deprecated. Please update your policy file to use the standard policy values.
Sep 15 02:41:12.080502 dv-cinder-760193-12-iscsi devstack@c-api.service[107867]: warnings.warn('Policy enforcement is depending on the value of '
Sep 15 02:41:12.087702 dv-cinder-760193-12-iscsi devstack@c-api.service[107867]: INFO cinder.api.openstack.wsgi [None req-4b1395d9-3d7a-450f-9355-1040c4be4670 tempest-AttachVolumeNegativeTest-558651100 tempest-AttachVolumeNegativeTest-558651100-project] http://10.222.0.15/volume/v3/ac1722eb5fb64a9b9853cc8612279636/volumes/494c11d0-44f7-4eb2-9f7d-1642cd52a722 returned with HTTP 200
Sep 15 02:41:12.088540 dv-cinder-760193-12-iscsi devstack@c-api.service[107867]: [pid: 107867|app: 0|req: 145/274] 10.222.0.15 () {58 vars in 1325 bytes} [Wed Sep 15 02:41:12 2021] GET /volume/v3/ac1722eb5fb64a9b9853cc8612279636/volumes/494c11d0-44f7-4eb2-9f7d-1642cd52a722 => generated 915 bytes in 46 msecs (HTTP/1.1 200) 7 headers in 285 bytes (1 switches on core 0)
Sep 15 02:41:12.390975 dv-cinder-760193-12-iscsi devstack@c-api.service[107868]: INFO cinder.api.openstack.wsgi [None req-50b88e6d-f9e2-47b5-9762-46e49f56663e tempest-VolumeQuotasNegativeTestJSON-408821405 tempest-VolumeQuotasNegativeTestJSON-408821405-project] GET http://10.222.0.15/volume/v3/f838ca846d29406897e95ff870fed908/volumes/961db653-3307-47c2-a0f8-3784e6bb853f
Sep 15 02:41:12.391454 dv-cinder-760193-12-iscsi devstack@c-api.service[107868]: DEBUG cinder.api.openstack.wsgi [None req-50b88e6d-f9e2-47b5-9762-46e49f56663e tempest-VolumeQuotasNegativeTestJSON-408821405 tempest-VolumeQuotasNegativeTestJSON-408821405-project] Empty body provided in request {{(pid=107868) get_body /opt/stack/cinder/cinder/api/openstack/wsgi.py:703}}
Sep 15 02:41:12.391572 dv-cinder-760193-12-iscsi devstack@c-api.service[107868]: /usr/local/lib/python3.8/dist-packages/webob/acceptparse.py:1047: DeprecationWarning: The behavior of AcceptValidHeader.best_match is currently being maintained for backward compatibility, but it will be deprecated in the future, as it does not conform to the RFC.
Sep 15 02:41:12.391572 dv-cinder-760193-12-iscsi devstack@c-api.service[107868]: warnings.warn(
Sep 15 02:41:12.391905 dv-cinder-760193-12-iscsi devstack@c-api.service[107868]: DEBUG cinder.api.openstack.wsgi [None req-50b88e6d-f9e2-47b5-9762-46e49f56663e tempest-VolumeQuotasNegativeTestJSON-408821405 tempest-VolumeQuotasNegativeTestJSON-408821405-project] Calling method 'show' {{(pid=107868) _process_stack /opt/stack/cinder/cinder/api/openstack/wsgi.py:856}}
Sep 15 02:41:12.416267 dv-cinder-760193-12-iscsi devstack@c-api.service[107868]: /usr/local/lib/python3.8/dist-packages/oslo_context/context.py:105: DeprecationWarning: Policy enforcement is depending on the value of is_admin. This key is deprecated. Please update your policy file to use the standard policy values.
Sep 15 02:41:12.416267 dv-cinder-760193-12-iscsi devstack@c-api.service[107868]: warnings.warn('Policy enforcement is depending on the value of '
Sep 15 02:41:12.436635 dv-cinder-760193-12-iscsi devstack@c-api.service[107868]: INFO cinder.volume.api [None req-50b88e6d-f9e2-47b5-9762-46e49f56663e tempest-VolumeQuotasNegativeTestJSON-408821405 tempest-VolumeQuotasNegativeTestJSON-408821405-project] Volume info retrieved successfully.
Sep 15 02:41:12.452473 dv-cinder-760193-12-iscsi devstack@c-api.service[107868]: INFO cinder.api.openstack.wsgi [None req-50b88e6d-f9e2-47b5-9762-46e49f56663e tempest-VolumeQuotasNegativeTestJSON-408821405 tempest-VolumeQuotasNegativeTestJSON-408821405-project] http://10.222.0.15/volume/v3/f838ca846d29406897e95ff870fed908/volumes/961db653-3307-47c2-a0f8-3784e6bb853f returned with HTTP 200
Sep 15 02:41:12.453791 dv-cinder-760193-12-iscsi devstack@c-api.service[107868]: [pid: 107868|app: 0|req: 130/275] 10.222.0.15 () {58 vars in 1325 bytes} [Wed Sep 15 02:41:12 2021] GET /volume/v3/f838ca846d29406897e95ff870fed908/volumes/961db653-3307-47c2-a0f8-3784e6bb853f => generated 920 bytes in 66 msecs (HTTP/1.1 200) 7 headers in 285 bytes (1 switches on core 0)
Sep 15 02:41:12.470082 dv-cinder-760193-12-iscsi devstack@c-api.service[107867]: INFO cinder.api.openstack.wsgi [None req-666b0124-4aa4-4e28-8737-a3f9e171ae1f tempest-VolumeQuotasNegativeTestJSON-2083476790 tempest-VolumeQuotasNegativeTestJSON-2083476790-project-admin] PUT http://10.222.0.15/volume/v3/c3606839e2794916a7788b84bbd8db70/os-quota-sets/f838ca846d29406897e95ff870fed908
Sep 15 02:41:12.470468 dv-cinder-760193-12-iscsi devstack@c-api.service[107867]: /usr/local/lib/python3.8/dist-packages/webob/acceptparse.py:1047: DeprecationWarning: The behavior of AcceptValidHeader.best_match is currently being maintained for backward compatibility, but it will be deprecated in the future, as it does not conform to the RFC.
Sep 15 02:41:12.470468 dv-cinder-760193-12-iscsi devstack@c-api.service[107867]: warnings.warn(
Sep 15 02:41:12.470883 dv-cinder-760193-12-iscsi devstack@c-api.service[107867]: DEBUG cinder.api.openstack.wsgi [None req-666b0124-4aa4-4e28-8737-a3f9e171ae1f tempest-VolumeQuotasNegativeTestJSON-2083476790 tempest-VolumeQuotasNegativeTestJSON-2083476790-project-admin] Action: 'update', calling method: update, body: {"quota_set": {"gigabytes": 1, "volumes": -1}} {{(pid=107867) _process_stack /opt/stack/cinder/cinder/api/openstack/wsgi.py:854}}
Sep 15 02:41:12.660932 dv-cinder-760193-12-iscsi devstack@c-api.service[107867]: INFO cinder.api.openstack.wsgi [None req-666b0124-4aa4-4e28-8737-a3f9e171ae1f tempest-VolumeQuotasNegativeTestJSON-2083476790 tempest-VolumeQuotasNegativeTestJSON-2083476790-project-admin] http://10.222.0.15/volume/v3/c3606839e2794916a7788b84bbd8db70/os-quota-sets/f838ca846d29406897e95ff870fed908 returned with HTTP 200
Sep 15 02:41:12.661715 dv-cinder-760193-12-iscsi devstack@c-api.service[107867]: [pid: 107867|app: 0|req: 146/276] 10.222.0.15 () {60 vars in 1351 bytes} [Wed Sep 15 02:41:12 2021] PUT /volume/v3/c3606839e2794916a7788b84bbd8db70/os-quota-sets/f838ca846d29406897e95ff870fed908 => generated 316 bytes in 197 msecs (HTTP/1.1 200) 7 headers in 285 bytes (1 switches on core 0)
Sep 15 02:41:12.678045 dv-cinder-760193-12-iscsi devstack@c-api.service[107868]: INFO cinder.api.openstack.wsgi [None req-727d9fcd-0b26-4b14-b3ac-9da7d52bb081 tempest-VolumeQuotasNegativeTestJSON-408821405 tempest-VolumeQuotasNegativeTestJSON-408821405-project] POST http://10.222.0.15/volume/v3/f838ca846d29406897e95ff870fed908/volumes
Sep 15 02:41:12.678468 dv-cinder-760193-12-iscsi devstack@c-api.service[107868]: /usr/local/lib/python3.8/dist-packages/webob/acceptparse.py:1047: DeprecationWarning: The behavior of AcceptValidHeader.best_match is currently being maintained for backward compatibility, but it will be deprecated in the future, as it does not conform to the RFC.
Sep 15 02:41:12.678468 dv-cinder-760193-12-iscsi devstack@c-api.service[107868]: warnings.warn(
Sep 15 02:41:12.678858 dv-cinder-760193-12-iscsi devstack@c-api.service[107868]: DEBUG cinder.api.openstack.wsgi [None req-727d9fcd-0b26-4b14-b3ac-9da7d52bb081 tempest-VolumeQuotasNegativeTestJSON-408821405 tempest-VolumeQuotasNegativeTestJSON-408821405-project] Action: 'create', calling method: create, body: {"volume": {"size": 2}} {{(pid=107868) _process_stack /opt/stack/cinder/cinder/api/openstack/wsgi.py:854}}
Sep 15 02:41:12.679861 dv-cinder-760193-12-iscsi devstack@c-api.service[107868]: DEBUG cinder.api.v3.volumes [None req-727d9fcd-0b26-4b14-b3ac-9da7d52bb081 tempest-VolumeQuotasNegativeTestJSON-408821405 tempest-VolumeQuotasNegativeTestJSON-408821405-project] Create volume request body: {'volume': {'size': 2}} {{(pid=107868) create /opt/stack/cinder/cinder/api/v3/volumes.py:298}}
