Aug 13 02:40:55.348158 dv-cinder-760192-6-iscsi neutron-server[100520]: DEBUG neutron.pecan_wsgi.hooks.policy_enforcement [req-d17a5df2-ad1c-4008-a28a-b8fa32fcc09a req-a0e663a7-d82d-4e24-ac2d-deafe40bfa2a tempest-ServerRescueNegativeTestJSON-950376898 tempest-ServerRescueNegativeTestJSON-950376898-project] Attributes excluded by policy engine: ['standard_attr_id', 'binding:profile', 'binding:host_id', 'binding:vif_type', 'binding:vif_details'] {{(pid=100520) _exclude_attributes_by_policy /opt/stack/neutron/neutron/pecan_wsgi/hooks/policy_enforcement.py:255}}
Aug 13 02:40:55.349741 dv-cinder-760192-6-iscsi neutron-server[100520]: INFO neutron.wsgi [req-d17a5df2-ad1c-4008-a28a-b8fa32fcc09a req-a0e663a7-d82d-4e24-ac2d-deafe40bfa2a tempest-ServerRescueNegativeTestJSON-950376898 tempest-ServerRescueNegativeTestJSON-950376898-project] 10.222.0.13 "GET /v2.0/ports?device_id=9275670d-e88d-457c-b558-fc8de2457e86 HTTP/1.1" status: 200 len: 946 time: 0.0584643
Aug 13 02:40:55.390846 dv-cinder-760192-6-iscsi neutron-server[100520]: INFO neutron.wsgi [req-d17a5df2-ad1c-4008-a28a-b8fa32fcc09a req-06ed40ee-ee06-403d-b4a5-19d99c49b8ab tempest-ServerRescueNegativeTestJSON-950376898 tempest-ServerRescueNegativeTestJSON-950376898-project] 10.222.0.13 "GET /v2.0/security-groups?id=703802a0-1c40-4fcd-8fdb-c9dcafb3c94a&fields=id&fields=name HTTP/1.1" status: 200 len: 286 time: 0.0342615
Aug 13 02:40:55.452153 dv-cinder-760192-6-iscsi neutron-server[100522]: DEBUG neutron_lib.callbacks.manager [None req-16e162c8-9d9f-4f19-a6fc-8c471067904b None None] Notify callbacks ['neutron.services.segments.db._update_segment_host_mapping_for_agent-8730805984516', 'neutron.plugins.ml2.plugin.Ml2Plugin._retry_binding_revived_agents-545022'] for agent, after_update {{(pid=100522) _notify_loop /usr/local/lib/python3.8/dist-packages/neutron_lib/callbacks/manager.py:192}}
Aug 13 02:40:55.457579 dv-cinder-760192-6-iscsi neutron-server[100522]: DEBUG neutron.api.rpc.handlers.resources_rpc [None req-38680305-ccea-44a8-9b04-0b97fce9d3dd None None] Pushing event updated for resources: {'Port': ['ID=1b6f7b6c-52a8-49ef-ba09-4185ee15692d,revision_number=4']} {{(pid=100522) push /opt/stack/neutron/neutron/api/rpc/handlers/resources_rpc.py:237}}
Aug 13 02:40:55.590282 dv-cinder-760192-6-iscsi neutron-server[100521]: DEBUG neutron_lib.callbacks.manager [None req-a1c68a2b-571a-4cde-93a5-720318da131a admin admin] Notify callbacks [] for security_group, before_create {{(pid=100521) _notify_loop /usr/local/lib/python3.8/dist-packages/neutron_lib/callbacks/manager.py:192}}
Aug 13 02:40:55.630800 dv-cinder-760192-6-iscsi neutron-server[100520]: DEBUG neutron.wsgi [-] (100520) accepted ('10.222.0.13', 36324) {{(pid=100520) server /usr/local/lib/python3.8/dist-packages/eventlet/wsgi.py:982}}
Aug 13 02:40:55.650725 dv-cinder-760192-6-iscsi neutron-server[100520]: DEBUG neutron_lib.callbacks.manager [None req-cc9f571f-a089-4488-b3dc-581f8564681b admin admin] Notify callbacks [] for security_group, before_create {{(pid=100520) _notify_loop /usr/local/lib/python3.8/dist-packages/neutron_lib/callbacks/manager.py:192}}
Aug 13 02:40:55.708719 dv-cinder-760192-6-iscsi neutron-server[100521]: DEBUG neutron_lib.callbacks.manager [None req-a1c68a2b-571a-4cde-93a5-720318da131a admin admin] Notify callbacks [] for security_group, precommit_create {{(pid=100521) _notify_loop /usr/local/lib/python3.8/dist-packages/neutron_lib/callbacks/manager.py:192}}
Aug 13 02:40:55.715701 dv-cinder-760192-6-iscsi neutron-server[100522]: DEBUG neutron_lib.callbacks.manager [None req-bb8cd16b-2929-4a7f-a583-fd08417990b2 None None] Notify callbacks ['neutron.services.segments.db._update_segment_host_mapping_for_agent-8730805984516', 'neutron.plugins.ml2.plugin.Ml2Plugin._retry_binding_revived_agents-545022'] for agent, after_update {{(pid=100522) _notify_loop /usr/local/lib/python3.8/dist-packages/neutron_lib/callbacks/manager.py:192}}
Aug 13 02:40:55.727619 dv-cinder-760192-6-iscsi neutron-server[100521]: DEBUG neutron_lib.callbacks.manager [None req-a1c68a2b-571a-4cde-93a5-720318da131a admin admin] Notify callbacks ['neutron.plugins.ml2.ovo_rpc._ObjectChangeHandler.handle_event-1781179'] for security_group, after_create {{(pid=100521) _notify_loop /usr/local/lib/python3.8/dist-packages/neutron_lib/callbacks/manager.py:192}}
Aug 13 02:40:55.773689 dv-cinder-760192-6-iscsi neutron-server[100521]: DEBUG neutron.api.rpc.handlers.resources_rpc [None req-a1c68a2b-571a-4cde-93a5-720318da131a admin admin] Pushing event updated for resources: {'SecurityGroup': ['ID=4d1148ec-a2a0-44dc-81b7-7dff50f86481,revision_number=1']} {{(pid=100521) push /opt/stack/neutron/neutron/api/rpc/handlers/resources_rpc.py:237}}
Aug 13 02:40:55.784921 dv-cinder-760192-6-iscsi neutron-server[100521]: DEBUG neutron.pecan_wsgi.hooks.policy_enforcement [req-da6f9287-7238-4c7e-b438-dd643b480239 req-48dd5216-fd42-4613-b6de-e310b10e8215 tempest-AttachVolumeNegativeTest-931966196 tempest-AttachVolumeNegativeTest-931966196-project] Attributes excluded by policy engine: ['standard_attr_id', 'binding:profile', 'binding:host_id', 'binding:vif_type', 'binding:vif_details'] {{(pid=100521) _exclude_attributes_by_policy /opt/stack/neutron/neutron/pecan_wsgi/hooks/policy_enforcement.py:255}}
Aug 13 02:40:55.786310 dv-cinder-760192-6-iscsi neutron-server[100521]: INFO neutron.wsgi [req-da6f9287-7238-4c7e-b438-dd643b480239 req-48dd5216-fd42-4613-b6de-e310b10e8215 tempest-AttachVolumeNegativeTest-931966196 tempest-AttachVolumeNegativeTest-931966196-project] 10.222.0.13 "GET /v2.0/ports?device_id=83832f2c-d518-4205-95ba-030a994b3986 HTTP/1.1" status: 200 len: 944 time: 0.0946491
Aug 13 02:40:55.789233 dv-cinder-760192-6-iscsi neutron-server[100521]: INFO neutron.wsgi [None req-a1c68a2b-571a-4cde-93a5-720318da131a admin admin] 10.222.0.13 "GET /v2.0/security-groups?tenant_id=a14899e3107f48d0aa573f27e6f408e1&name=default HTTP/1.1" status: 200 len: 2979 time: 0.4549336
Aug 13 02:40:55.793527 dv-cinder-760192-6-iscsi neutron-server[100521]: DEBUG neutron.wsgi [-] (100521) accepted ('10.222.0.13', 36328) {{(pid=100521) server /usr/local/lib/python3.8/dist-packages/eventlet/wsgi.py:982}}
Aug 13 02:40:55.802562 dv-cinder-760192-6-iscsi neutron-server[100520]: DEBUG neutron_lib.callbacks.manager [None req-cc9f571f-a089-4488-b3dc-581f8564681b admin admin] Notify callbacks [] for security_group, precommit_create {{(pid=100520) _notify_loop /usr/local/lib/python3.8/dist-packages/neutron_lib/callbacks/manager.py:192}}
Aug 13 02:40:55.807254 dv-cinder-760192-6-iscsi neutron-server[100520]: DEBUG neutron_lib.callbacks.manager [None req-cc9f571f-a089-4488-b3dc-581f8564681b admin admin] Notify callbacks ['neutron.plugins.ml2.ovo_rpc._ObjectChangeHandler.handle_event-1781179'] for security_group, after_create {{(pid=100520) _notify_loop /usr/local/lib/python3.8/dist-packages/neutron_lib/callbacks/manager.py:192}}
Aug 13 02:40:55.844426 dv-cinder-760192-6-iscsi neutron-server[100520]: DEBUG neutron.api.rpc.handlers.resources_rpc [None req-cc9f571f-a089-4488-b3dc-581f8564681b admin admin] Pushing event updated for resources: {'SecurityGroup': ['ID=bbf3ff69-a9bb-45f3-8474-e70b8a785473,revision_number=1']} {{(pid=100520) push /opt/stack/neutron/neutron/api/rpc/handlers/resources_rpc.py:237}}
Aug 13 02:40:55.848868 dv-cinder-760192-6-iscsi neutron-server[100520]: INFO neutron.wsgi [None req-cc9f571f-a089-4488-b3dc-581f8564681b admin admin] 10.222.0.13 "GET /v2.0/security-groups?tenant_id=ad6b872384604661956bb44beb6e31b4&name=default HTTP/1.1" status: 200 len: 2979 time: 0.2169383
Aug 13 02:40:55.850329 dv-cinder-760192-6-iscsi neutron-server[100521]: INFO neutron.wsgi [req-da6f9287-7238-4c7e-b438-dd643b480239 req-1c73d5ed-2608-4edd-86e9-967917596e45 tempest-AttachVolumeNegativeTest-931966196 tempest-AttachVolumeNegativeTest-931966196-project] 10.222.0.13 "GET /v2.0/security-groups?id=f3a6da22-15e7-45ed-811f-1bb94a1f4287&fields=id&fields=name HTTP/1.1" status: 200 len: 286 time: 0.0580533
Aug 13 02:40:55.852732 dv-cinder-760192-6-iscsi neutron-server[100520]: DEBUG neutron.wsgi [-] (100520) accepted ('10.222.0.13', 36330) {{(pid=100520) server /usr/local/lib/python3.8/dist-packages/eventlet/wsgi.py:982}}
Aug 13 02:40:55.871585 dv-cinder-760192-6-iscsi neutron-server[100521]: DEBUG neutron_lib.callbacks.manager [None req-47910844-1519-4daf-b4d7-3b5d17d53c4f admin admin] Notify callbacks [] for security_group, before_delete {{(pid=100521) _notify_loop /usr/local/lib/python3.8/dist-packages/neutron_lib/callbacks/manager.py:192}}
Aug 13 02:40:55.879374 dv-cinder-760192-6-iscsi neutron-server[100522]: DEBUG neutron.plugins.ml2.db [None req-38680305-ccea-44a8-9b04-0b97fce9d3dd None None] get_ports_and_sgs() called for port_ids ['1b6f7b6c-52a8-49ef-ba09-4185ee15692d'] {{(pid=100522) get_ports_and_sgs /opt/stack/neutron/neutron/plugins/ml2/db.py:156}}
Aug 13 02:40:55.901736 dv-cinder-760192-6-iscsi neutron-server[100521]: DEBUG neutron_lib.callbacks.manager [None req-47910844-1519-4daf-b4d7-3b5d17d53c4f admin admin] Notify callbacks [] for security_group, precommit_delete {{(pid=100521) _notify_loop /usr/local/lib/python3.8/dist-packages/neutron_lib/callbacks/manager.py:192}}
Aug 13 02:40:55.916088 dv-cinder-760192-6-iscsi neutron-server[100520]: DEBUG neutron_lib.callbacks.manager [None req-f35dcf9c-927b-43c8-8a83-1198f47a17c2 admin admin] Notify callbacks [] for security_group, before_delete {{(pid=100520) _notify_loop /usr/local/lib/python3.8/dist-packages/neutron_lib/callbacks/manager.py:192}}
Aug 13 02:40:55.940911 dv-cinder-760192-6-iscsi neutron-server[100520]: DEBUG neutron_lib.callbacks.manager [None req-f35dcf9c-927b-43c8-8a83-1198f47a17c2 admin admin] Notify callbacks [] for security_group, precommit_delete {{(pid=100520) _notify_loop /usr/local/lib/python3.8/dist-packages/neutron_lib/callbacks/manager.py:192}}
Aug 13 02:40:55.952075 dv-cinder-760192-6-iscsi neutron-server[100521]: DEBUG neutron_lib.callbacks.manager [None req-47910844-1519-4daf-b4d7-3b5d17d53c4f admin admin] Notify callbacks ['neutron.plugins.ml2.ovo_rpc._ObjectChangeHandler.handle_event-1781179'] for security_group, after_delete {{(pid=100521) _notify_loop /usr/local/lib/python3.8/dist-packages/neutron_lib/callbacks/manager.py:192}}
Aug 13 02:40:55.954621 dv-cinder-760192-6-iscsi neutron-server[100521]: DEBUG neutron_lib.callbacks.manager [None req-47910844-1519-4daf-b4d7-3b5d17d53c4f admin admin] Notify callbacks [] for security_group, before_response {{(pid=100521) _notify_loop /usr/local/lib/python3.8/dist-packages/neutron_lib/callbacks/manager.py:192}}
Aug 13 02:40:55.958289 dv-cinder-760192-6-iscsi neutron-server[100521]: INFO neutron.wsgi [None req-47910844-1519-4daf-b4d7-3b5d17d53c4f admin admin] 10.222.0.13 "DELETE /v2.0/security-groups/4d1148ec-a2a0-44dc-81b7-7dff50f86481 HTTP/1.1" status: 204 len: 168 time: 0.1614208
Aug 13 02:40:55.965610 dv-cinder-760192-6-iscsi neutron-server[100521]: DEBUG neutron.api.rpc.handlers.resources_rpc [None req-47910844-1519-4daf-b4d7-3b5d17d53c4f admin admin] Pushing event deleted for resources: {'SecurityGroup': ['ID=4d1148ec-a2a0-44dc-81b7-7dff50f86481,revision_number=None']} {{(pid=100521) push /opt/stack/neutron/neutron/api/rpc/handlers/resources_rpc.py:237}}
Aug 13 02:40:55.998686 dv-cinder-760192-6-iscsi neutron-server[100520]: DEBUG neutron_lib.callbacks.manager [None req-f35dcf9c-927b-43c8-8a83-1198f47a17c2 admin admin] Notify callbacks ['neutron.plugins.ml2.ovo_rpc._ObjectChangeHandler.handle_event-1781179'] for security_group, after_delete {{(pid=100520) _notify_loop /usr/local/lib/python3.8/dist-packages/neutron_lib/callbacks/manager.py:192}}
Aug 13 02:40:56.010026 dv-cinder-760192-6-iscsi neutron-server[100520]: DEBUG neutron_lib.callbacks.manager [None req-f35dcf9c-927b-43c8-8a83-1198f47a17c2 admin admin] Notify callbacks [] for security_group, before_response {{(pid=100520) _notify_loop /usr/local/lib/python3.8/dist-packages/neutron_lib/callbacks/manager.py:192}}
Aug 13 02:40:56.013617 dv-cinder-760192-6-iscsi neutron-server[100520]: INFO neutron.wsgi [None req-f35dcf9c-927b-43c8-8a83-1198f47a17c2 admin admin] 10.222.0.13 "DELETE /v2.0/security-groups/bbf3ff69-a9bb-45f3-8474-e70b8a785473 HTTP/1.1" status: 204 len: 168 time: 0.1577089
Aug 13 02:40:56.019232 dv-cinder-760192-6-iscsi neutron-server[100520]: DEBUG neutron.api.rpc.handlers.resources_rpc [None req-f35dcf9c-927b-43c8-8a83-1198f47a17c2 admin admin] Pushing event deleted for resources: {'SecurityGroup': ['ID=bbf3ff69-a9bb-45f3-8474-e70b8a785473,revision_number=None']} {{(pid=100520) push /opt/stack/neutron/neutron/api/rpc/handlers/resources_rpc.py:237}}
Aug 13 02:40:56.262905 dv-cinder-760192-6-iscsi neutron-server[100522]: DEBUG neutron_lib.callbacks.manager [None req-dc40a853-828b-4211-9222-868226dc3917 None None] Notify callbacks ['neutron.services.segments.db._update_segment_host_mapping_for_agent-8730805984516', 'neutron.plugins.ml2.plugin.Ml2Plugin._retry_binding_revived_agents-545022'] for agent, after_update {{(pid=100522) _notify_loop /usr/local/lib/python3.8/dist-packages/neutron_lib/callbacks/manager.py:192}}
Aug 13 02:40:56.358440 dv-cinder-760192-6-iscsi neutron-server[100520]: DEBUG neutron.wsgi [-] (100520) accepted ('10.222.0.13', 36348) {{(pid=100520) server /usr/local/lib/python3.8/dist-packages/eventlet/wsgi.py:982}}
Aug 13 02:40:56.372579 dv-cinder-760192-6-iscsi neutron-server[100520]: DEBUG neutron_lib.callbacks.manager [None req-b8d7187b-d98f-41ff-ba8d-de777eb12d9b admin admin] Notify callbacks [] for security_group, before_create {{(pid=100520) _notify_loop /usr/local/lib/python3.8/dist-packages/neutron_lib/callbacks/manager.py:192}}
Aug 13 02:40:56.477250 dv-cinder-760192-6-iscsi neutron-server[100520]: DEBUG neutron_lib.callbacks.manager [None req-b8d7187b-d98f-41ff-ba8d-de777eb12d9b admin admin] Notify callbacks [] for security_group, precommit_create {{(pid=100520) _notify_loop /usr/local/lib/python3.8/dist-packages/neutron_lib/callbacks/manager.py:192}}
Aug 13 02:40:56.482195 dv-cinder-760192-6-iscsi neutron-server[100520]: DEBUG neutron_lib.callbacks.manager [None req-b8d7187b-d98f-41ff-ba8d-de777eb12d9b admin admin] Notify callbacks ['neutron.plugins.ml2.ovo_rpc._ObjectChangeHandler.handle_event-1781179'] for security_group, after_create {{(pid=100520) _notify_loop /usr/local/lib/python3.8/dist-packages/neutron_lib/callbacks/manager.py:192}}
Aug 13 02:40:56.522409 dv-cinder-760192-6-iscsi neutron-server[100520]: INFO neutron.wsgi [None req-b8d7187b-d98f-41ff-ba8d-de777eb12d9b admin admin] 10.222.0.13 "GET /v2.0/security-groups?tenant_id=c76d7ecea2874124a10e43c92b9d69ed&name=default HTTP/1.1" status: 200 len: 2979 time: 0.1627748
Aug 13 02:40:56.523448 dv-cinder-760192-6-iscsi neutron-server[100520]: DEBUG neutron.api.rpc.handlers.resources_rpc [None req-b8d7187b-d98f-41ff-ba8d-de777eb12d9b admin admin] Pushing event updated for resources: {'SecurityGroup': ['ID=8b536e96-2f86-419d-ac30-c335957fc098,revision_number=1']} {{(pid=100520) push /opt/stack/neutron/neutron/api/rpc/handlers/resources_rpc.py:237}}
Aug 13 02:40:56.526406 dv-cinder-760192-6-iscsi neutron-server[100521]: DEBUG neutron.wsgi [-] (100521) accepted ('10.222.0.13', 36354) {{(pid=100521) server /usr/local/lib/python3.8/dist-packages/eventlet/wsgi.py:982}}
Aug 13 02:40:56.569916 dv-cinder-760192-6-iscsi neutron-server[100521]: DEBUG neutron.pecan_wsgi.hooks.policy_enforcement [req-1d5128ab-1dee-47a2-9319-6ff710aeda9d req-457207ec-c83a-4b6a-bd01-8fb62810c8c8 tempest-ServerRescueNegativeTestJSON-950376898 tempest-ServerRescueNegativeTestJSON-950376898-project] Attributes excluded by policy engine: ['standard_attr_id', 'binding:profile', 'binding:host_id', 'binding:vif_type', 'binding:vif_details'] {{(pid=100521) _exclude_attributes_by_policy /opt/stack/neutron/neutron/pecan_wsgi/hooks/policy_enforcement.py:255}}
Aug 13 02:40:56.571800 dv-cinder-760192-6-iscsi neutron-server[100521]: INFO neutron.wsgi [req-1d5128ab-1dee-47a2-9319-6ff710aeda9d req-457207ec-c83a-4b6a-bd01-8fb62810c8c8 tempest-ServerRescueNegativeTestJSON-950376898 tempest-ServerRescueNegativeTestJSON-950376898-project] 10.222.0.13 "GET /v2.0/ports?device_id=9275670d-e88d-457c-b558-fc8de2457e86 HTTP/1.1" status: 200 len: 946 time: 0.0768225
Aug 13 02:40:56.631435 dv-cinder-760192-6-iscsi neutron-server[100521]: DEBUG neutron_lib.callbacks.manager [None req-afd15404-e1ea-4842-bf0b-9e816bd8e35d admin admin] Notify callbacks [] for security_group, before_delete {{(pid=100521) _notify_loop /usr/local/lib/python3.8/dist-packages/neutron_lib/callbacks/manager.py:192}}
Aug 13 02:40:56.640460 dv-cinder-760192-6-iscsi neutron-server[100521]: INFO neutron.wsgi [req-1d5128ab-1dee-47a2-9319-6ff710aeda9d req-5b94bff3-e504-495e-9bb4-947fc0a56082 tempest-ServerRescueNegativeTestJSON-950376898 tempest-ServerRescueNegativeTestJSON-950376898-project] 10.222.0.13 "GET /v2.0/security-groups?id=703802a0-1c40-4fcd-8fdb-c9dcafb3c94a&fields=id&fields=name HTTP/1.1" status: 200 len: 286 time: 0.0522285
Aug 13 02:40:56.660056 dv-cinder-760192-6-iscsi neutron-server[100521]: DEBUG neutron_lib.callbacks.manager [None req-afd15404-e1ea-4842-bf0b-9e816bd8e35d admin admin] Notify callbacks [] for security_group, precommit_delete {{(pid=100521) _notify_loop /usr/local/lib/python3.8/dist-packages/neutron_lib/callbacks/manager.py:192}}
Aug 13 02:40:56.667170 dv-cinder-760192-6-iscsi neutron-server[100520]: DEBUG neutron.pecan_wsgi.hooks.policy_enforcement [req-9df8ca24-7ff8-411d-82d1-8c7b63ddda22 req-cd017a87-538c-4bf7-941a-3309586565e2 service neutron] Attributes excluded by policy engine: ['standard_attr_id'] {{(pid=100520) _exclude_attributes_by_policy /opt/stack/neutron/neutron/pecan_wsgi/hooks/policy_enforcement.py:255}}
Aug 13 02:40:56.668783 dv-cinder-760192-6-iscsi neutron-server[100520]: INFO neutron.wsgi [req-9df8ca24-7ff8-411d-82d1-8c7b63ddda22 req-cd017a87-538c-4bf7-941a-3309586565e2 service neutron] 10.222.0.36 "GET /v2.0/ports?device_id=9275670d-e88d-457c-b558-fc8de2457e86 HTTP/1.1" status: 200 len: 1099 time: 0.0431902
Aug 13 02:40:56.730809 dv-cinder-760192-6-iscsi neutron-server[100521]: DEBUG neutron_lib.callbacks.manager [None req-afd15404-e1ea-4842-bf0b-9e816bd8e35d admin admin] Notify callbacks ['neutron.plugins.ml2.ovo_rpc._ObjectChangeHandler.handle_event-1781179'] for security_group, after_delete {{(pid=100521) _notify_loop /usr/local/lib/python3.8/dist-packages/neutron_lib/callbacks/manager.py:192}}
Aug 13 02:40:56.730925 dv-cinder-760192-6-iscsi neutron-server[100520]: INFO neutron.wsgi [req-9df8ca24-7ff8-411d-82d1-8c7b63ddda22 req-45d7cc86-e45d-4d90-9fc1-c1e04ec3364a service neutron] 10.222.0.36 "GET /v2.0/security-groups?id=703802a0-1c40-4fcd-8fdb-c9dcafb3c94a&fields=id&fields=name HTTP/1.1" status: 200 len: 286 time: 0.0409243
Aug 13 02:40:56.731015 dv-cinder-760192-6-iscsi neutron-server[100521]: DEBUG neutron_lib.callbacks.manager [None req-afd15404-e1ea-4842-bf0b-9e816bd8e35d admin admin] Notify callbacks [] for security_group, before_response {{(pid=100521) _notify_loop /usr/local/lib/python3.8/dist-packages/neutron_lib/callbacks/manager.py:192}}
Aug 13 02:40:56.731015 dv-cinder-760192-6-iscsi neutron-server[100521]: INFO neutron.wsgi [None req-afd15404-e1ea-4842-bf0b-9e816bd8e35d admin admin] 10.222.0.13 "DELETE /v2.0/security-groups/8b536e96-2f86-419d-ac30-c335957fc098 HTTP/1.1" status: 204 len: 168 time: 0.1999025
Aug 13 02:40:56.740647 dv-cinder-760192-6-iscsi neutron-server[100521]: DEBUG neutron.api.rpc.handlers.resources_rpc [None req-afd15404-e1ea-4842-bf0b-9e816bd8e35d admin admin] Pushing event deleted for resources: {'SecurityGroup': ['ID=8b536e96-2f86-419d-ac30-c335957fc098,revision_number=None']} {{(pid=100521) push /opt/stack/neutron/neutron/api/rpc/handlers/resources_rpc.py:237}}
Aug 13 02:40:57.031714 dv-cinder-760192-6-iscsi neutron-server[100521]: DEBUG neutron.pecan_wsgi.hooks.policy_enforcement [req-5f2b1a42-71a3-4d8d-b657-6034540e31ae req-3eff68de-ebac-49d1-a12a-499baf4830a2 tempest-AttachVolumeNegativeTest-931966196 tempest-AttachVolumeNegativeTest-931966196-project] Attributes excluded by policy engine: ['standard_attr_id', 'binding:profile', 'binding:host_id', 'binding:vif_type', 'binding:vif_details'] {{(pid=100521) _exclude_attributes_by_policy /opt/stack/neutron/neutron/pecan_wsgi/hooks/policy_enforcement.py:255}}
Aug 13 02:40:57.034364 dv-cinder-760192-6-iscsi neutron-server[100521]: INFO neutron.wsgi [req-5f2b1a42-71a3-4d8d-b657-6034540e31ae req-3eff68de-ebac-49d1-a12a-499baf4830a2 tempest-AttachVolumeNegativeTest-931966196 tempest-AttachVolumeNegativeTest-931966196-project] 10.222.0.13 "GET /v2.0/ports?device_id=83832f2c-d518-4205-95ba-030a994b3986 HTTP/1.1" status: 200 len: 944 time: 0.0792162
Aug 13 02:40:57.099842 dv-cinder-760192-6-iscsi neutron-server[100521]: INFO neutron.wsgi [req-5f2b1a42-71a3-4d8d-b657-6034540e31ae req-7e516bd2-dcf6-4b22-8144-b0fee51c5bc3 tempest-AttachVolumeNegativeTest-931966196 tempest-AttachVolumeNegativeTest-931966196-project] 10.222.0.13 "GET /v2.0/security-groups?id=f3a6da22-15e7-45ed-811f-1bb94a1f4287&fields=id&fields=name HTTP/1.1" status: 200 len: 286 time: 0.0566158
Aug 13 02:40:57.448934 dv-cinder-760192-6-iscsi neutron-server[100520]: DEBUG neutron.wsgi [-] (100520) accepted ('10.222.0.13', 36402) {{(pid=100520) server /usr/local/lib/python3.8/dist-packages/eventlet/wsgi.py:982}}
Aug 13 02:40:57.560052 dv-cinder-760192-6-iscsi neutron-server[100520]: DEBUG neutron_lib.callbacks.manager [None req-c641b5d9-f778-43df-8132-7f39970fa446 admin admin] Notify callbacks [] for security_group, before_create {{(pid=100520) _notify_loop /usr/local/lib/python3.8/dist-packages/neutron_lib/callbacks/manager.py:192}}
Aug 13 02:40:57.653364 dv-cinder-760192-6-iscsi neutron-server[100520]: DEBUG neutron_lib.callbacks.manager [None req-c641b5d9-f778-43df-8132-7f39970fa446 admin admin] Notify callbacks [] for security_group, precommit_create {{(pid=100520) _notify_loop /usr/local/lib/python3.8/dist-packages/neutron_lib/callbacks/manager.py:192}}
Aug 13 02:40:57.657720 dv-cinder-760192-6-iscsi neutron-server[100520]: DEBUG neutron_lib.callbacks.manager [None req-c641b5d9-f778-43df-8132-7f39970fa446 admin admin] Notify callbacks ['neutron.plugins.ml2.ovo_rpc._ObjectChangeHandler.handle_event-1781179'] for security_group, after_create {{(pid=100520) _notify_loop /usr/local/lib/python3.8/dist-packages/neutron_lib/callbacks/manager.py:192}}
Aug 13 02:40:57.682087 dv-cinder-760192-6-iscsi neutron-server[100522]: DEBUG neutron_lib.callbacks.manager [None req-4da566b1-e3e9-45db-9d86-a64291af4850 None None] Notify callbacks ['neutron.services.segments.db._update_segment_host_mapping_for_agent-8730805984516', 'neutron.plugins.ml2.plugin.Ml2Plugin._retry_binding_revived_agents-545022'] for agent, after_update {{(pid=100522) _notify_loop /usr/local/lib/python3.8/dist-packages/neutron_lib/callbacks/manager.py:192}}
Aug 13 02:40:57.695065 dv-cinder-760192-6-iscsi neutron-server[100520]: DEBUG neutron.api.rpc.handlers.resources_rpc [None req-c641b5d9-f778-43df-8132-7f39970fa446 admin admin] Pushing event updated for resources: {'SecurityGroup': ['ID=719924e7-4579-4da6-8bf3-7a677d5e486e,revision_number=1']} {{(pid=100520) push /opt/stack/neutron/neutron/api/rpc/handlers/resources_rpc.py:237}}
Aug 13 02:40:57.706489 dv-cinder-760192-6-iscsi neutron-server[100521]: DEBUG neutron.wsgi [-] (100521) accepted ('10.222.0.13', 36416) {{(pid=100521) server /usr/local/lib/python3.8/dist-packages/eventlet/wsgi.py:982}}
Aug 13 02:40:57.706958 dv-cinder-760192-6-iscsi neutron-server[100520]: INFO neutron.wsgi [None req-c641b5d9-f778-43df-8132-7f39970fa446 admin admin] 10.222.0.13 "GET /v2.0/security-groups?tenant_id=2341f7e0c1984d44ab57cea2b7369896&name=default HTTP/1.1" status: 200 len: 2979 time: 0.2565677
Aug 13 02:40:57.759787 dv-cinder-760192-6-iscsi neutron-server[100521]: DEBUG neutron_lib.callbacks.manager [None req-3503bad8-02df-4dcd-9799-0ecf7d3adcdf admin admin] Notify callbacks [] for security_group, before_delete {{(pid=100521) _notify_loop /usr/local/lib/python3.8/dist-packages/neutron_lib/callbacks/manager.py:192}}
Aug 13 02:40:57.783075 dv-cinder-760192-6-iscsi neutron-server[100521]: DEBUG neutron_lib.callbacks.manager [None req-3503bad8-02df-4dcd-9799-0ecf7d3adcdf admin admin] Notify callbacks [] for security_group, precommit_delete {{(pid=100521) _notify_loop /usr/local/lib/python3.8/dist-packages/neutron_lib/callbacks/manager.py:192}}
Aug 13 02:40:57.799315 dv-cinder-760192-6-iscsi neutron-server[100520]: DEBUG neutron.pecan_wsgi.hooks.policy_enforcement [req-0e0328ef-ae07-4899-bb92-21329befac76 req-e4c20458-4371-4600-b543-66212cc32106 tempest-ServerRescueNegativeTestJSON-950376898 tempest-ServerRescueNegativeTestJSON-950376898-project] Attributes excluded by policy engine: ['standard_attr_id', 'binding:profile', 'binding:host_id', 'binding:vif_type', 'binding:vif_details'] {{(pid=100520) _exclude_attributes_by_policy /opt/stack/neutron/neutron/pecan_wsgi/hooks/policy_enforcement.py:255}}
Aug 13 02:40:57.801168 dv-cinder-760192-6-iscsi neutron-server[100520]: INFO neutron.wsgi [req-0e0328ef-ae07-4899-bb92-21329befac76 req-e4c20458-4371-4600-b543-66212cc32106 tempest-ServerRescueNegativeTestJSON-950376898 tempest-ServerRescueNegativeTestJSON-950376898-project] 10.222.0.13 "GET /v2.0/ports?device_id=9275670d-e88d-457c-b558-fc8de2457e86 HTTP/1.1" status: 200 len: 946 time: 0.0673761
Aug 13 02:40:57.836697 dv-cinder-760192-6-iscsi neutron-server[100521]: DEBUG neutron_lib.callbacks.manager [None req-3503bad8-02df-4dcd-9799-0ecf7d3adcdf admin admin] Notify callbacks ['neutron.plugins.ml2.ovo_rpc._ObjectChangeHandler.handle_event-1781179'] for security_group, after_delete {{(pid=100521) _notify_loop /usr/local/lib/python3.8/dist-packages/neutron_lib/callbacks/manager.py:192}}
Aug 13 02:40:57.842848 dv-cinder-760192-6-iscsi neutron-server[100521]: DEBUG neutron_lib.callbacks.manager [None req-3503bad8-02df-4dcd-9799-0ecf7d3adcdf admin admin] Notify callbacks [] for security_group, before_response {{(pid=100521) _notify_loop /usr/local/lib/python3.8/dist-packages/neutron_lib/callbacks/manager.py:192}}
Aug 13 02:40:57.842848 dv-cinder-760192-6-iscsi neutron-server[100521]: INFO neutron.wsgi [None req-3503bad8-02df-4dcd-9799-0ecf7d3adcdf admin admin] 10.222.0.13 "DELETE /v2.0/security-groups/719924e7-4579-4da6-8bf3-7a677d5e486e HTTP/1.1" status: 204 len: 168 time: 0.1329522
Aug 13 02:40:57.848836 dv-cinder-760192-6-iscsi neutron-server[100521]: DEBUG neutron.api.rpc.handlers.resources_rpc [None req-3503bad8-02df-4dcd-9799-0ecf7d3adcdf admin admin] Pushing event deleted for resources: {'SecurityGroup': ['ID=719924e7-4579-4da6-8bf3-7a677d5e486e,revision_number=None']} {{(pid=100521) push /opt/stack/neutron/neutron/api/rpc/handlers/resources_rpc.py:237}}
Aug 13 02:40:57.863846 dv-cinder-760192-6-iscsi neutron-server[100520]: INFO neutron.wsgi [req-0e0328ef-ae07-4899-bb92-21329befac76 req-09fc2dd8-44ee-4b61-8bb7-99fd8ec09602 tempest-ServerRescueNegativeTestJSON-950376898 tempest-ServerRescueNegativeTestJSON-950376898-project] 10.222.0.13 "GET /v2.0/security-groups?id=703802a0-1c40-4fcd-8fdb-c9dcafb3c94a&fields=id&fields=name HTTP/1.1" status: 200 len: 286 time: 0.0543854
Aug 13 02:40:58.220132 dv-cinder-760192-6-iscsi neutron-server[100521]: DEBUG neutron.pecan_wsgi.hooks.policy_enforcement [req-657897ab-67c3-4180-ad5e-278b1f026db7 req-7aa42628-57a9-4c85-a358-bf52e2d0eeb9 tempest-AttachVolumeNegativeTest-931966196 tempest-AttachVolumeNegativeTest-931966196-project] Attributes excluded by policy engine: ['standard_attr_id', 'binding:profile', 'binding:host_id', 'binding:vif_type', 'binding:vif_details'] {{(pid=100521) _exclude_attributes_by_policy /opt/stack/neutron/neutron/pecan_wsgi/hooks/policy_enforcement.py:255}}
Aug 13 02:40:58.222753 dv-cinder-760192-6-iscsi neutron-server[100521]: INFO neutron.wsgi [req-657897ab-67c3-4180-ad5e-278b1f026db7 req-7aa42628-57a9-4c85-a358-bf52e2d0eeb9 tempest-AttachVolumeNegativeTest-931966196 tempest-AttachVolumeNegativeTest-931966196-project] 10.222.0.13 "GET /v2.0/ports?device_id=83832f2c-d518-4205-95ba-030a994b3986 HTTP/1.1" status: 200 len: 944 time: 0.0525417
Aug 13 02:40:58.278695 dv-cinder-760192-6-iscsi neutron-server[100521]: INFO neutron.wsgi [req-657897ab-67c3-4180-ad5e-278b1f026db7 req-c47f41c0-f275-459f-b3ce-e94bda72c9ed tempest-AttachVolumeNegativeTest-931966196 tempest-AttachVolumeNegativeTest-931966196-project] 10.222.0.13 "GET /v2.0/security-groups?id=f3a6da22-15e7-45ed-811f-1bb94a1f4287&fields=id&fields=name HTTP/1.1" status: 200 len: 286 time: 0.0498064
Aug 13 02:40:58.576760 dv-cinder-760192-6-iscsi neutron-server[100520]: DEBUG neutron.wsgi [-] (100520) accepted ('10.222.0.13', 36464) {{(pid=100520) server /usr/local/lib/python3.8/dist-packages/eventlet/wsgi.py:982}}
Aug 13 02:40:58.681713 dv-cinder-760192-6-iscsi neutron-server[100520]: DEBUG neutron.api.v2.base [None req-0fa0ffcc-2e18-44af-a655-55325466f209 admin admin] Request body: {'network': {'name': 'tempest-TestMinimumBasicScenario-1363964338-network', 'tenant_id': 'cb573b2a890245ff8d8e4d68382278e8'}} {{(pid=100520) prepare_request_body /opt/stack/neutron/neutron/api/v2/base.py:729}}
Aug 13 02:40:58.706866 dv-cinder-760192-6-iscsi neutron-server[100520]: DEBUG neutron.pecan_wsgi.hooks.quota_enforcement [None req-0fa0ffcc-2e18-44af-a655-55325466f209 admin admin] Made reservation on behalf of cb573b2a890245ff8d8e4d68382278e8 for: {'network': 1} {{(pid=100520) before /opt/stack/neutron/neutron/pecan_wsgi/hooks/quota_enforcement.py:53}}
Aug 13 02:40:58.709330 dv-cinder-760192-6-iscsi neutron-server[100520]: DEBUG neutron_lib.callbacks.manager [None req-0fa0ffcc-2e18-44af-a655-55325466f209 admin admin] Notify callbacks ['neutron.plugins.ml2.plugin.SecurityGroupDbMixin._ensure_default_security_group_handler-673614'] for network, before_create {{(pid=100520) _notify_loop /usr/local/lib/python3.8/dist-packages/neutron_lib/callbacks/manager.py:192}}
Aug 13 02:40:58.717497 dv-cinder-760192-6-iscsi neutron-server[100520]: DEBUG neutron_lib.callbacks.manager [None req-0fa0ffcc-2e18-44af-a655-55325466f209 admin admin] Notify callbacks [] for security_group, before_create {{(pid=100520) _notify_loop /usr/local/lib/python3.8/dist-packages/neutron_lib/callbacks/manager.py:192}}
Aug 13 02:40:58.816313 dv-cinder-760192-6-iscsi neutron-server[100520]: DEBUG neutron_lib.callbacks.manager [None req-0fa0ffcc-2e18-44af-a655-55325466f209 admin admin] Notify callbacks [] for security_group, precommit_create {{(pid=100520) _notify_loop /usr/local/lib/python3.8/dist-packages/neutron_lib/callbacks/manager.py:192}}
Aug 13 02:40:58.820250 dv-cinder-760192-6-iscsi neutron-server[100520]: DEBUG neutron_lib.callbacks.manager [None req-0fa0ffcc-2e18-44af-a655-55325466f209 admin admin] Notify callbacks ['neutron.plugins.ml2.ovo_rpc._ObjectChangeHandler.handle_event-1781179'] for security_group, after_create {{(pid=100520) _notify_loop /usr/local/lib/python3.8/dist-packages/neutron_lib/callbacks/manager.py:192}}
Aug 13 02:40:58.842004 dv-cinder-760192-6-iscsi neutron-server[100520]: DEBUG neutron.plugins.ml2.drivers.helpers [None req-0fa0ffcc-2e18-44af-a655-55325466f209 admin admin] vlan segment allocate from pool success with {'physical_network': 'physnet1', 'vlan_id': 230} {{(pid=100520) allocate_partially_specified_segment /opt/stack/neutron/neutron/plugins/ml2/drivers/helpers.py:153}}
Aug 13 02:40:58.857943 dv-cinder-760192-6-iscsi neutron-server[100520]: DEBUG neutron.api.rpc.handlers.resources_rpc [None req-0fa0ffcc-2e18-44af-a655-55325466f209 admin admin] Pushing event updated for resources: {'SecurityGroup': ['ID=434e76e7-81b4-421f-b4d9-1bca279f9653,revision_number=1']} {{(pid=100520) push /opt/stack/neutron/neutron/api/rpc/handlers/resources_rpc.py:237}}
Aug 13 02:40:58.861662 dv-cinder-760192-6-iscsi neutron-server[100520]: DEBUG neutron_lib.callbacks.manager [None req-0fa0ffcc-2e18-44af-a655-55325466f209 admin admin] Notify callbacks ['neutron.plugins.ml2.plugin.Ml2Plugin._handle_segment_change-544694'] for segment, precommit_create {{(pid=100520) _notify_loop /usr/local/lib/python3.8/dist-packages/neutron_lib/callbacks/manager.py:192}}
Aug 13 02:40:58.862019 dv-cinder-760192-6-iscsi neutron-server[100520]: INFO neutron.db.segments_db [None req-0fa0ffcc-2e18-44af-a655-55325466f209 admin admin] Added segment 27f3dcbb-fd85-4c67-9af0-4759c4e54c9b of type vlan for network 25e840bf-2cc0-4d63-b321-6a3fc27b02df
Aug 13 02:40:58.864042 dv-cinder-760192-6-iscsi neutron-server[100522]: DEBUG neutron.plugins.ml2.rpc [None req-38680305-ccea-44a8-9b04-0b97fce9d3dd None None] Device 1b6f7b6c-52a8-49ef-ba09-4185ee15692d up at agent hyperv_hv-cinder-76019 {{(pid=100522) update_device_up /opt/stack/neutron/neutron/plugins/ml2/rpc.py:296}}
Aug 13 02:40:58.875169 dv-cinder-760192-6-iscsi neutron-server[100520]: DEBUG neutron.api.rpc.callbacks.version_manager [None req-0fa0ffcc-2e18-44af-a655-55325466f209 admin admin] Version for resource type AddressGroup changed None to 1.2 on consumer Open vSwitch agent@dv-cinder-760192-6-iscsi {{(pid=100520) _set_version /opt/stack/neutron/neutron/api/rpc/callbacks/version_manager.py:113}}
Aug 13 02:40:58.875613 dv-cinder-760192-6-iscsi neutron-server[100520]: DEBUG neutron.api.rpc.callbacks.version_manager [None req-0fa0ffcc-2e18-44af-a655-55325466f209 admin admin] Version for resource type ConntrackHelper changed None to 1.0 on consumer Open vSwitch agent@dv-cinder-760192-6-iscsi {{(pid=100520) _set_version /opt/stack/neutron/neutron/api/rpc/callbacks/version_manager.py:113}}
Aug 13 02:40:58.875966 dv-cinder-760192-6-iscsi neutron-server[100520]: DEBUG neutron.api.rpc.callbacks.version_manager [None req-0fa0ffcc-2e18-44af-a655-55325466f209 admin admin] Version for resource type Log changed None to 1.0 on consumer Open vSwitch agent@dv-cinder-760192-6-iscsi {{(pid=100520) _set_version /opt/stack/neutron/neutron/api/rpc/callbacks/version_manager.py:113}}
Aug 13 02:40:58.876350 dv-cinder-760192-6-iscsi neutron-server[100520]: DEBUG neutron.api.rpc.callbacks.version_manager [None req-0fa0ffcc-2e18-44af-a655-55325466f209 admin admin] Version for resource type Network changed None to 1.1 on consumer Open vSwitch agent@dv-cinder-760192-6-iscsi {{(pid=100520) _set_version /opt/stack/neutron/neutron/api/rpc/callbacks/version_manager.py:113}}
Aug 13 02:40:58.876737 dv-cinder-760192-6-iscsi neutron-server[100520]: DEBUG neutron.api.rpc.callbacks.version_manager [None req-0fa0ffcc-2e18-44af-a655-55325466f209 admin admin] Version for resource type Port changed None to 1.7 on consumer Open vSwitch agent@dv-cinder-760192-6-iscsi {{(pid=100520) _set_version /opt/stack/neutron/neutron/api/rpc/callbacks/version_manager.py:113}}
Aug 13 02:40:58.877077 dv-cinder-760192-6-iscsi neutron-server[100520]: DEBUG neutron.api.rpc.callbacks.version_manager [None req-0fa0ffcc-2e18-44af-a655-55325466f209 admin admin] Version for resource type PortForwarding changed None to 1.2 on consumer Open vSwitch agent@dv-cinder-760192-6-iscsi {{(pid=100520) _set_version /opt/stack/neutron/neutron/api/rpc/callbacks/version_manager.py:113}}
Aug 13 02:40:58.877407 dv-cinder-760192-6-iscsi neutron-server[100520]: DEBUG neutron.api.rpc.callbacks.version_manager [None req-0fa0ffcc-2e18-44af-a655-55325466f209 admin admin] Version for resource type QosPolicy changed None to 1.9 on consumer Open vSwitch agent@dv-cinder-760192-6-iscsi {{(pid=100520) _set_version /opt/stack/neutron/neutron/api/rpc/callbacks/version_manager.py:113}}
Aug 13 02:40:58.879290 dv-cinder-760192-6-iscsi neutron-server[100520]: DEBUG neutron.api.rpc.callbacks.version_manager [None req-0fa0ffcc-2e18-44af-a655-55325466f209 admin admin] Version for resource type SecurityGroup changed None to 1.4 on consumer Open vSwitch agent@dv-cinder-760192-6-iscsi {{(pid=100520) _set_version /opt/stack/neutron/neutron/api/rpc/callbacks/version_manager.py:113}}
Aug 13 02:40:58.879290 dv-cinder-760192-6-iscsi neutron-server[100520]: DEBUG neutron.api.rpc.callbacks.version_manager [None req-0fa0ffcc-2e18-44af-a655-55325466f209 admin admin] Version for resource type SecurityGroupRule changed None to 1.2 on consumer Open vSwitch agent@dv-cinder-760192-6-iscsi {{(pid=100520) _set_version /opt/stack/neutron/neutron/api/rpc/callbacks/version_manager.py:113}}
Aug 13 02:40:58.879290 dv-cinder-760192-6-iscsi neutron-server[100520]: DEBUG neutron.api.rpc.callbacks.version_manager [None req-0fa0ffcc-2e18-44af-a655-55325466f209 admin admin] Version for resource type SubPort changed None to 1.0 on consumer Open vSwitch agent@dv-cinder-760192-6-iscsi {{(pid=100520) _set_version /opt/stack/neutron/neutron/api/rpc/callbacks/version_manager.py:113}}
Aug 13 02:40:58.879290 dv-cinder-760192-6-iscsi neutron-server[100520]: DEBUG neutron.api.rpc.callbacks.version_manager [None req-0fa0ffcc-2e18-44af-a655-55325466f209 admin admin] Version for resource type Subnet changed None to 1.1 on consumer Open vSwitch agent@dv-cinder-760192-6-iscsi {{(pid=100520) _set_version /opt/stack/neutron/neutron/api/rpc/callbacks/version_manager.py:113}}
Aug 13 02:40:58.879290 dv-cinder-760192-6-iscsi neutron-server[100520]: DEBUG neutron.api.rpc.callbacks.version_manager [None req-0fa0ffcc-2e18-44af-a655-55325466f209 admin admin] Version for resource type Trunk changed None to 1.1 on consumer Open vSwitch agent@dv-cinder-760192-6-iscsi {{(pid=100520) _set_version /opt/stack/neutron/neutron/api/rpc/callbacks/version_manager.py:113}}
Aug 13 02:40:58.921270 dv-cinder-760192-6-iscsi neutron-server[100522]: DEBUG neutron.db.provisioning_blocks [None req-38680305-ccea-44a8-9b04-0b97fce9d3dd None None] Provisioning for port 1b6f7b6c-52a8-49ef-ba09-4185ee15692d completed by entity L2. {{(pid=100522) provisioning_complete /opt/stack/neutron/neutron/db/provisioning_blocks.py:133}}
Aug 13 02:40:58.923356 dv-cinder-760192-6-iscsi neutron-server[100520]: DEBUG neutron_lib.callbacks.manager [None req-0fa0ffcc-2e18-44af-a655-55325466f209 admin admin] Notify callbacks ['neutron.services.auto_allocate.db._ensure_external_network_default_value_callback-8730805411148'] for network, precommit_create {{(pid=100520) _notify_loop /usr/local/lib/python3.8/dist-packages/neutron_lib/callbacks/manager.py:192}}
Aug 13 02:40:58.926223 dv-cinder-760192-6-iscsi neutron-server[100522]: DEBUG neutron.db.provisioning_blocks [None req-38680305-ccea-44a8-9b04-0b97fce9d3dd None None] Provisioning complete for port 1b6f7b6c-52a8-49ef-ba09-4185ee15692d triggered by entity L2. {{(pid=100522) provisioning_complete /opt/stack/neutron/neutron/db/provisioning_blocks.py:139}}
Aug 13 02:40:58.926824 dv-cinder-760192-6-iscsi neutron-server[100522]: DEBUG neutron_lib.callbacks.manager [None req-38680305-ccea-44a8-9b04-0b97fce9d3dd None None] Notify callbacks ['neutron.plugins.ml2.plugin.Ml2Plugin._port_provisioned-544781'] for port, provisioning_complete {{(pid=100522) _notify_loop /usr/local/lib/python3.8/dist-packages/neutron_lib/callbacks/manager.py:192}}
Aug 13 02:40:58.965686 dv-cinder-760192-6-iscsi neutron-server[100520]: DEBUG neutron_lib.callbacks.manager [None req-0fa0ffcc-2e18-44af-a655-55325466f209 admin admin] Notify callbacks ['neutron.plugins.ml2.ovo_rpc._ObjectChangeHandler.handle_event-1781226', 'neutron.api.rpc.agentnotifiers.dhcp_rpc_agent_api.DhcpAgentNotifyAPI._native_event_send_dhcp_notification-1619004'] for network, after_create {{(pid=100520) _notify_loop /usr/local/lib/python3.8/dist-packages/neutron_lib/callbacks/manager.py:192}}
Aug 13 02:40:58.966666 dv-cinder-760192-6-iscsi neutron-server[100520]: DEBUG neutron.pecan_wsgi.hooks.policy_enforcement [None req-0fa0ffcc-2e18-44af-a655-55325466f209 admin admin] Attributes excluded by policy engine: ['standard_attr_id', 'vlan_transparent'] {{(pid=100520) _exclude_attributes_by_policy /opt/stack/neutron/neutron/pecan_wsgi/hooks/policy_enforcement.py:255}}
Aug 13 02:40:58.967778 dv-cinder-760192-6-iscsi neutron-server[100520]: DEBUG neutron_lib.callbacks.manager [None req-0fa0ffcc-2e18-44af-a655-55325466f209 admin admin] Notify callbacks ['neutron.api.rpc.agentnotifiers.dhcp_rpc_agent_api.DhcpAgentNotifyAPI._send_dhcp_notification-1618978'] for network, before_response {{(pid=100520) _notify_loop /usr/local/lib/python3.8/dist-packages/neutron_lib/callbacks/manager.py:192}}
Aug 13 02:40:59.002667 dv-cinder-760192-6-iscsi neutron-server[100521]: DEBUG neutron.pecan_wsgi.hooks.policy_enforcement [req-a41fa36b-9b02-4e49-8400-142f73db414c req-0ffae71d-3b28-49b1-97af-f22ff33f4a4a tempest-ServerRescueNegativeTestJSON-950376898 tempest-ServerRescueNegativeTestJSON-950376898-project] Attributes excluded by policy engine: ['standard_attr_id', 'binding:profile', 'binding:host_id', 'binding:vif_type', 'binding:vif_details'] {{(pid=100521) _exclude_attributes_by_policy /opt/stack/neutron/neutron/pecan_wsgi/hooks/policy_enforcement.py:255}}
Aug 13 02:40:59.004757 dv-cinder-760192-6-iscsi neutron-server[100521]: INFO neutron.wsgi [req-a41fa36b-9b02-4e49-8400-142f73db414c req-0ffae71d-3b28-49b1-97af-f22ff33f4a4a tempest-ServerRescueNegativeTestJSON-950376898 tempest-ServerRescueNegativeTestJSON-950376898-project] 10.222.0.13 "GET /v2.0/ports?device_id=9275670d-e88d-457c-b558-fc8de2457e86 HTTP/1.1" status: 200 len: 946 time: 0.0568180
Aug 13 02:40:59.015566 dv-cinder-760192-6-iscsi neutron-server[100522]: DEBUG neutron_lib.callbacks.manager [None req-38680305-ccea-44a8-9b04-0b97fce9d3dd None None] Notify callbacks ['neutron.plugins.ml2.plugin.SecurityGroupDbMixin._ensure_default_security_group_handler-673614'] for port, before_update {{(pid=100522) _notify_loop /usr/local/lib/python3.8/dist-packages/neutron_lib/callbacks/manager.py:192}}
Aug 13 02:40:59.016647 dv-cinder-760192-6-iscsi neutron-server[100521]: DEBUG neutron.wsgi [-] (100521) accepted ('10.222.0.13', 36484) {{(pid=100521) server /usr/local/lib/python3.8/dist-packages/eventlet/wsgi.py:982}}
Aug 13 02:40:59.053227 dv-cinder-760192-6-iscsi neutron-server[100521]: INFO neutron.wsgi [req-a41fa36b-9b02-4e49-8400-142f73db414c req-58b3ceca-b124-4cb9-a6f3-660cd211b80d tempest-ServerRescueNegativeTestJSON-950376898 tempest-ServerRescueNegativeTestJSON-950376898-project] 10.222.0.13 "GET /v2.0/security-groups?id=703802a0-1c40-4fcd-8fdb-c9dcafb3c94a&fields=id&fields=name HTTP/1.1" status: 200 len: 286 time: 0.0421646
Aug 13 02:40:59.056511 dv-cinder-760192-6-iscsi neutron-server[100522]: DEBUG neutron.plugins.ml2.db [None req-38680305-ccea-44a8-9b04-0b97fce9d3dd None None] For port 1b6f7b6c-52a8-49ef-ba09-4185ee15692d, host hv-cinder-76019, got binding levels [PortBindingLevel(driver='hyperv',host='hv-cinder-76019',level=0,port_id=1b6f7b6c-52a8-49ef-ba09-4185ee15692d,segment=NetworkSegment(fa22d129-2c66-404a-8374-3248e96dac14),segment_id=fa22d129-2c66-404a-8374-3248e96dac14)] {{(pid=100522) get_binding_level_objs /opt/stack/neutron/neutron/plugins/ml2/db.py:74}}
Aug 13 02:40:59.057213 dv-cinder-760192-6-iscsi neutron-server[100520]: DEBUG neutron.api.rpc.handlers.resources_rpc [None req-0fa0ffcc-2e18-44af-a655-55325466f209 admin admin] Pushing event updated for resources: {'Network': ['ID=25e840bf-2cc0-4d63-b321-6a3fc27b02df,revision_number=1']} {{(pid=100520) push /opt/stack/neutron/neutron/api/rpc/handlers/resources_rpc.py:237}}
Aug 13 02:40:59.058155 dv-cinder-760192-6-iscsi neutron-server[100522]: DEBUG neutron.notifiers.nova [-] Sending events: [{'server_uuid': '83832f2c-d518-4205-95ba-030a994b3986', 'name': 'network-vif-plugged', 'status': 'completed', 'tag': '1b6f7b6c-52a8-49ef-ba09-4185ee15692d'}] {{(pid=100522) send_events /opt/stack/neutron/neutron/notifiers/nova.py:262}}
Aug 13 02:40:59.061268 dv-cinder-760192-6-iscsi neutron-server[100522]: DEBUG novaclient.v2.client [-] REQ: curl -g -i --cacert "/opt/stack/data/ca-bundle.pem" -X POST http://10.222.0.13/compute/v2.1/os-server-external-events -H "Accept: application/json" -H "Content-Type: application/json" -H "User-Agent: python-novaclient" -H "X-Auth-Token: {SHA256}03b8fc6cf8b2729e4d9e864767b08278c7cd211cb654a5ced023b8b854c91925" -H "X-OpenStack-Nova-API-Version: 2.1" -H "X-OpenStack-Request-ID: req-b53add36-b043-452c-b483-1fb711b1ff79" -d '{"events": [{"server_uuid": "83832f2c-d518-4205-95ba-030a994b3986", "name": "network-vif-plugged", "status": "completed", "tag": "1b6f7b6c-52a8-49ef-ba09-4185ee15692d"}]}' {{(pid=100522) _http_log_request /usr/local/lib/python3.8/dist-packages/keystoneauth1/session.py:519}}
Aug 13 02:40:59.062333 dv-cinder-760192-6-iscsi neutron-server[100520]: INFO neutron.wsgi [None req-0fa0ffcc-2e18-44af-a655-55325466f209 admin admin] 10.222.0.13 "POST /v2.0/networks HTTP/1.1" status: 201 len: 888 time: 0.4838164
Aug 13 02:40:59.065896 dv-cinder-760192-6-iscsi neutron-server[100521]: DEBUG neutron.wsgi [-] (100521) accepted ('10.222.0.13', 36488) {{(pid=100521) server /usr/local/lib/python3.8/dist-packages/eventlet/wsgi.py:982}}
Aug 13 02:40:59.071956 dv-cinder-760192-6-iscsi neutron-server[100522]: DEBUG neutron_lib.callbacks.manager [None req-38680305-ccea-44a8-9b04-0b97fce9d3dd None None] Notify callbacks ['neutron.plugins.ml2.plugin.SecurityGroupServerNotifierRpcMixin._notify_sg_on_port_change-672224', 'neutron.plugins.ml2.ovo_rpc._ObjectChangeHandler.handle_event-121311', 'neutron.api.rpc.agentnotifiers.dhcp_rpc_agent_api.DhcpAgentNotifyAPI._native_event_send_dhcp_notification-1619004', 'neutron.db.l3_db.L3RpcNotifierMixin._notify_gateway_port_ip_changed-8730805897108', 'neutron.db.l3_dvrscheduler_db._notify_l3_agent_port_update-8730805425677', 'neutron.db.l3_hascheduler_db._notify_l3_agent_ha_port_update-8730805425695'] for port, after_update {{(pid=100522) _notify_loop /usr/local/lib/python3.8/dist-packages/neutron_lib/callbacks/manager.py:192}}
Aug 13 02:40:59.074406 dv-cinder-760192-6-iscsi neutron-server[100522]: DEBUG neutron.plugins.ml2.rpc [None req-bb8cd16b-2929-4a7f-a583-fd08417990b2 None None] Network 25e840bf-2cc0-4d63-b321-6a3fc27b02df details requested by agent ovs-agent-dv-cinder-760192-6-iscsi with host dv-cinder-760192-6-iscsi {{(pid=100522) get_network_details /opt/stack/neutron/neutron/plugins/ml2/rpc.py:248}}
Aug 13 02:40:59.087422 dv-cinder-760192-6-iscsi neutron-server[100521]: DEBUG neutron.api.v2.base [None req-dd2860c6-69ba-4e4e-840f-acf4bc6656ca admin admin] Request body: {'subnet': {'network_id': '25e840bf-2cc0-4d63-b321-6a3fc27b02df', 'cidr': '172.20.0.0/28', 'name': 'tempest-TestMinimumBasicScenario-1363964338-subnet', 'tenant_id': 'cb573b2a890245ff8d8e4d68382278e8', 'ip_version': 4}} {{(pid=100521) prepare_request_body /opt/stack/neutron/neutron/api/v2/base.py:729}}
Aug 13 02:40:59.115667 dv-cinder-760192-6-iscsi neutron-server[100522]: DEBUG novaclient.v2.client [-] RESP: [200] Connection: close Content-Length: 183 Content-Type: application/json Date: Fri, 13 Aug 2021 02:40:59 GMT OpenStack-API-Version: compute 2.1 Server: Apache/2.4.41 (Ubuntu) Vary: OpenStack-API-Version,X-OpenStack-Nova-API-Version X-OpenStack-Nova-API-Version: 2.1 x-compute-request-id: req-60022786-eac1-4085-a0f6-ecfb1a5739f6 x-openstack-request-id: req-60022786-eac1-4085-a0f6-ecfb1a5739f6 {{(pid=100522) _http_log_response /usr/local/lib/python3.8/dist-packages/keystoneauth1/session.py:550}}
Aug 13 02:40:59.115962 dv-cinder-760192-6-iscsi neutron-server[100522]: DEBUG novaclient.v2.client [-] RESP BODY: {"events": [{"server_uuid": "83832f2c-d518-4205-95ba-030a994b3986", "name": "network-vif-plugged", "status": "completed", "tag": "1b6f7b6c-52a8-49ef-ba09-4185ee15692d", "code": 200}]} {{(pid=100522) _http_log_response /usr/local/lib/python3.8/dist-packages/keystoneauth1/session.py:582}}
Aug 13 02:40:59.116209 dv-cinder-760192-6-iscsi neutron-server[100522]: DEBUG novaclient.v2.client [-] POST call to compute for http://10.222.0.13/compute/v2.1/os-server-external-events used request id req-60022786-eac1-4085-a0f6-ecfb1a5739f6 {{(pid=100522) request /usr/local/lib/python3.8/dist-packages/keystoneauth1/session.py:954}}
Aug 13 02:40:59.116589 dv-cinder-760192-6-iscsi neutron-server[100522]: INFO neutron.notifiers.nova [-] Nova event response: {'server_uuid': '83832f2c-d518-4205-95ba-030a994b3986', 'name': 'network-vif-plugged', 'status': 'completed', 'tag': '1b6f7b6c-52a8-49ef-ba09-4185ee15692d', 'code': 200}
Aug 13 02:40:59.127999 dv-cinder-760192-6-iscsi neutron-server[100521]: DEBUG neutron.pecan_wsgi.hooks.quota_enforcement [None req-dd2860c6-69ba-4e4e-840f-acf4bc6656ca admin admin] Made reservation on behalf of cb573b2a890245ff8d8e4d68382278e8 for: {'subnet': 1} {{(pid=100521) before /opt/stack/neutron/neutron/pecan_wsgi/hooks/quota_enforcement.py:53}}
Aug 13 02:40:59.130702 dv-cinder-760192-6-iscsi neutron-server[100521]: DEBUG neutron_lib.callbacks.manager [None req-dd2860c6-69ba-4e4e-840f-acf4bc6656ca admin admin] Notify callbacks [] for subnet, before_create {{(pid=100521) _notify_loop /usr/local/lib/python3.8/dist-packages/neutron_lib/callbacks/manager.py:192}}
Aug 13 02:40:59.207851 dv-cinder-760192-6-iscsi neutron-server[100522]: DEBUG neutron.api.rpc.handlers.resources_rpc [None req-38680305-ccea-44a8-9b04-0b97fce9d3dd None None] Pushing event updated for resources: {'Port': ['ID=1b6f7b6c-52a8-49ef-ba09-4185ee15692d,revision_number=5']} {{(pid=100522) push /opt/stack/neutron/neutron/api/rpc/handlers/resources_rpc.py:237}}
Aug 13 02:40:59.218401 dv-cinder-760192-6-iscsi neutron-server[100521]: DEBUG neutron_lib.callbacks.manager [None req-3842d620-5ce4-4874-ae71-73dff311c8b2 admin admin] Notify callbacks [] for security_group, before_create {{(pid=100521) _notify_loop /usr/local/lib/python3.8/dist-packages/neutron_lib/callbacks/manager.py:192}}
