Sep 09 21:24:08.360773 dv-cinder-760184-9-smb devstack@c-api.service[100669]: /usr/local/lib/python3.8/dist-packages/oslo_context/context.py:105: DeprecationWarning: Policy enforcement is depending on the value of is_admin. This key is deprecated. Please update your policy file to use the standard policy values.
Sep 09 21:24:08.360773 dv-cinder-760184-9-smb devstack@c-api.service[100669]: warnings.warn('Policy enforcement is depending on the value of '
Sep 09 21:24:08.389889 dv-cinder-760184-9-smb devstack@c-api.service[100669]: INFO cinder.volume.api [None req-e1b8a287-f09c-49ae-8f0b-42253a683a2b tempest-VolumesImageMetadata-76369392 tempest-VolumesImageMetadata-76369392-project] Volume info retrieved successfully.
Sep 09 21:24:08.399975 dv-cinder-760184-9-smb devstack@c-api.service[100667]: /usr/local/lib/python3.8/dist-packages/oslo_context/context.py:105: DeprecationWarning: Policy enforcement is depending on the value of is_admin. This key is deprecated. Please update your policy file to use the standard policy values.
Sep 09 21:24:08.399975 dv-cinder-760184-9-smb devstack@c-api.service[100667]: warnings.warn('Policy enforcement is depending on the value of '
Sep 09 21:24:08.434435 dv-cinder-760184-9-smb devstack@c-api.service[100667]: INFO cinder.volume.api [None req-5335aeda-31df-4b98-a2bc-995ccb05da21 tempest-VolumesGetTest-1921617313 tempest-VolumesGetTest-1921617313-project] Volume info retrieved successfully.
Sep 09 21:24:08.464190 dv-cinder-760184-9-smb devstack@c-api.service[100669]: INFO cinder.api.openstack.wsgi [None req-e1b8a287-f09c-49ae-8f0b-42253a683a2b tempest-VolumesImageMetadata-76369392 tempest-VolumesImageMetadata-76369392-project] http://10.222.0.37/volume/v3/6606c9217e8346cf84770709cec04a14/volumes/26c974d0-3d47-41ce-a932-e642a50f6724 returned with HTTP 200
Sep 09 21:24:08.474311 dv-cinder-760184-9-smb devstack@c-api.service[100669]: [pid: 100669|app: 0|req: 226/450] 10.222.0.37 () {58 vars in 1325 bytes} [Thu Sep 9 21:24:08 2021] GET /volume/v3/6606c9217e8346cf84770709cec04a14/volumes/26c974d0-3d47-41ce-a932-e642a50f6724 => generated 911 bytes in 177 msecs (HTTP/1.1 200) 7 headers in 285 bytes (1 switches on core 0)
Sep 09 21:24:08.489206 dv-cinder-760184-9-smb devstack@c-api.service[100669]: INFO cinder.api.openstack.wsgi [None req-0661b1c7-fe9f-4aa0-be56-38a3c3cdae0b tempest-VolumesActionsTest-931121958 tempest-VolumesActionsTest-931121958-project] GET http://10.222.0.37/volume/v3/16ffb2d6512d482ca6e0006685e0a923/volumes/270546a9-f318-4708-96b0-f82d402c8305
Sep 09 21:24:08.489784 dv-cinder-760184-9-smb devstack@c-api.service[100669]: DEBUG cinder.api.openstack.wsgi [None req-0661b1c7-fe9f-4aa0-be56-38a3c3cdae0b tempest-VolumesActionsTest-931121958 tempest-VolumesActionsTest-931121958-project] Empty body provided in request {{(pid=100669) get_body /opt/stack/cinder/cinder/api/openstack/wsgi.py:703}}
Sep 09 21:24:08.489963 dv-cinder-760184-9-smb devstack@c-api.service[100669]: /usr/local/lib/python3.8/dist-packages/webob/acceptparse.py:1047: DeprecationWarning: The behavior of AcceptValidHeader.best_match is currently being maintained for backward compatibility, but it will be deprecated in the future, as it does not conform to the RFC.
Sep 09 21:24:08.489963 dv-cinder-760184-9-smb devstack@c-api.service[100669]: warnings.warn(
Sep 09 21:24:08.490279 dv-cinder-760184-9-smb devstack@c-api.service[100669]: DEBUG cinder.api.openstack.wsgi [None req-0661b1c7-fe9f-4aa0-be56-38a3c3cdae0b tempest-VolumesActionsTest-931121958 tempest-VolumesActionsTest-931121958-project] Calling method 'show' {{(pid=100669) _process_stack /opt/stack/cinder/cinder/api/openstack/wsgi.py:856}}
Sep 09 21:24:08.499911 dv-cinder-760184-9-smb devstack@c-api.service[100667]: INFO cinder.api.openstack.wsgi [None req-5335aeda-31df-4b98-a2bc-995ccb05da21 tempest-VolumesGetTest-1921617313 tempest-VolumesGetTest-1921617313-project] http://10.222.0.37/volume/v3/d908c95985f64fabb2b8af887ab259e1/volumes/3453a176-1a5c-4122-afac-a226255370df returned with HTTP 200
Sep 09 21:24:08.503009 dv-cinder-760184-9-smb devstack@c-api.service[100667]: [pid: 100667|app: 0|req: 225/451] 10.222.0.37 () {58 vars in 1325 bytes} [Thu Sep 9 21:24:08 2021] GET /volume/v3/d908c95985f64fabb2b8af887ab259e1/volumes/3453a176-1a5c-4122-afac-a226255370df => generated 960 bytes in 182 msecs (HTTP/1.1 200) 7 headers in 285 bytes (1 switches on core 0)
Sep 09 21:24:08.517246 dv-cinder-760184-9-smb devstack@c-api.service[100667]: INFO cinder.api.openstack.wsgi [None req-24956262-86e4-418c-acd2-4920519d19de tempest-VolumesGetTest-1921617313 tempest-VolumesGetTest-1921617313-project] POST http://10.222.0.37/volume/v3/d908c95985f64fabb2b8af887ab259e1/volumes
Sep 09 21:24:08.517915 dv-cinder-760184-9-smb devstack@c-api.service[100667]: /usr/local/lib/python3.8/dist-packages/webob/acceptparse.py:1047: DeprecationWarning: The behavior of AcceptValidHeader.best_match is currently being maintained for backward compatibility, but it will be deprecated in the future, as it does not conform to the RFC.
Sep 09 21:24:08.517915 dv-cinder-760184-9-smb devstack@c-api.service[100667]: warnings.warn(
Sep 09 21:24:08.518496 dv-cinder-760184-9-smb devstack@c-api.service[100667]: DEBUG cinder.api.openstack.wsgi [None req-24956262-86e4-418c-acd2-4920519d19de tempest-VolumesGetTest-1921617313 tempest-VolumesGetTest-1921617313-project] Action: 'create', calling method: create, body: {"volume": {"description": "tempest-@#$%^* description-916102338", "availability_zone": "nova", "size": 1}} {{(pid=100667) _process_stack /opt/stack/cinder/cinder/api/openstack/wsgi.py:854}}
Sep 09 21:24:08.519743 dv-cinder-760184-9-smb devstack@c-api.service[100667]: DEBUG cinder.api.v3.volumes [None req-24956262-86e4-418c-acd2-4920519d19de tempest-VolumesGetTest-1921617313 tempest-VolumesGetTest-1921617313-project] Create volume request body: {'volume': {'description': 'tempest-@#$%^* description-916102338', 'availability_zone': 'nova', 'size': 1}} {{(pid=100667) create /opt/stack/cinder/cinder/api/v3/volumes.py:298}}
Sep 09 21:24:08.530621 dv-cinder-760184-9-smb devstack@c-api.service[100667]: INFO cinder.api.v3.volumes [None req-24956262-86e4-418c-acd2-4920519d19de tempest-VolumesGetTest-1921617313 tempest-VolumesGetTest-1921617313-project] Create volume of 1 GB
Sep 09 21:24:08.533209 dv-cinder-760184-9-smb devstack@c-api.service[100669]: /usr/local/lib/python3.8/dist-packages/oslo_context/context.py:105: DeprecationWarning: Policy enforcement is depending on the value of is_admin. This key is deprecated. Please update your policy file to use the standard policy values.
Sep 09 21:24:08.533209 dv-cinder-760184-9-smb devstack@c-api.service[100669]: warnings.warn('Policy enforcement is depending on the value of '
Sep 09 21:24:08.540250 dv-cinder-760184-9-smb devstack@c-api.service[100667]: INFO cinder.volume.api [None req-24956262-86e4-418c-acd2-4920519d19de tempest-VolumesGetTest-1921617313 tempest-VolumesGetTest-1921617313-project] Availability Zones retrieved successfully.
Sep 09 21:24:08.551606 dv-cinder-760184-9-smb devstack@c-api.service[100669]: INFO cinder.volume.api [None req-0661b1c7-fe9f-4aa0-be56-38a3c3cdae0b tempest-VolumesActionsTest-931121958 tempest-VolumesActionsTest-931121958-project] Volume info retrieved successfully.
Sep 09 21:24:08.565260 dv-cinder-760184-9-smb devstack@c-api.service[100667]: DEBUG cinder.volume.api [None req-24956262-86e4-418c-acd2-4920519d19de tempest-VolumesGetTest-1921617313 tempest-VolumesGetTest-1921617313-project] Flow 'volume_create_api' (9f795b59-3827-4f74-9afd-8ae21ad7ed82) transitioned into state 'RUNNING' from state 'PENDING' {{(pid=100667) _flow_receiver /usr/local/lib/python3.8/dist-packages/taskflow/listeners/logging.py:141}}
Sep 09 21:24:08.569108 dv-cinder-760184-9-smb devstack@c-api.service[100667]: DEBUG cinder.volume.api [None req-24956262-86e4-418c-acd2-4920519d19de tempest-VolumesGetTest-1921617313 tempest-VolumesGetTest-1921617313-project] Task 'cinder.volume.flows.api.create_volume.ExtractVolumeRequestTask;volume:create' (a9dd58fa-840e-42db-8540-63c964a5fc6a) transitioned into state 'RUNNING' from state 'PENDING' {{(pid=100667) _task_receiver /usr/local/lib/python3.8/dist-packages/taskflow/listeners/logging.py:190}}
Sep 09 21:24:08.571677 dv-cinder-760184-9-smb devstack@c-api.service[100667]: DEBUG cinder.volume.flows.api.create_volume [None req-24956262-86e4-418c-acd2-4920519d19de tempest-VolumesGetTest-1921617313 tempest-VolumesGetTest-1921617313-project] Validating volume size '1' using validate_int {{(pid=100667) _extract_size /opt/stack/cinder/cinder/volume/flows/api/create_volume.py:225}}
Sep 09 21:24:08.588018 dv-cinder-760184-9-smb devstack@c-api.service[100669]: INFO cinder.api.openstack.wsgi [None req-0661b1c7-fe9f-4aa0-be56-38a3c3cdae0b tempest-VolumesActionsTest-931121958 tempest-VolumesActionsTest-931121958-project] http://10.222.0.37/volume/v3/16ffb2d6512d482ca6e0006685e0a923/volumes/270546a9-f318-4708-96b0-f82d402c8305 returned with HTTP 200
Sep 09 21:24:08.589258 dv-cinder-760184-9-smb devstack@c-api.service[100669]: [pid: 100669|app: 0|req: 227/452] 10.222.0.37 () {58 vars in 1325 bytes} [Thu Sep 9 21:24:08 2021] GET /volume/v3/16ffb2d6512d482ca6e0006685e0a923/volumes/270546a9-f318-4708-96b0-f82d402c8305 => generated 910 bytes in 112 msecs (HTTP/1.1 200) 7 headers in 285 bytes (1 switches on core 0)
Sep 09 21:24:08.603851 dv-cinder-760184-9-smb devstack@c-api.service[100669]: INFO cinder.api.openstack.wsgi [None req-0f6a6275-797d-497f-ac47-8362d451a779 tempest-VolumesActionsTest-454121600 tempest-VolumesActionsTest-454121600-project-admin] POST http://10.222.0.37/volume/v3/4d3c0f718d4a4dd185173a71489217fe/volumes/270546a9-f318-4708-96b0-f82d402c8305/action
Sep 09 21:24:08.604655 dv-cinder-760184-9-smb devstack@c-api.service[100669]: /usr/local/lib/python3.8/dist-packages/webob/acceptparse.py:1047: DeprecationWarning: The behavior of AcceptValidHeader.best_match is currently being maintained for backward compatibility, but it will be deprecated in the future, as it does not conform to the RFC.
Sep 09 21:24:08.604655 dv-cinder-760184-9-smb devstack@c-api.service[100669]: warnings.warn(
Sep 09 21:24:08.605356 dv-cinder-760184-9-smb devstack@c-api.service[100669]: DEBUG cinder.api.openstack.wsgi [None req-0f6a6275-797d-497f-ac47-8362d451a779 tempest-VolumesActionsTest-454121600 tempest-VolumesActionsTest-454121600-project-admin] Action body: b'{"os-reset_status": {"status": "creating"}}' {{(pid=100669) get_method /opt/stack/cinder/cinder/api/openstack/wsgi.py:971}}
Sep 09 21:24:08.605901 dv-cinder-760184-9-smb devstack@c-api.service[100669]: DEBUG cinder.api.openstack.wsgi [None req-0f6a6275-797d-497f-ac47-8362d451a779 tempest-VolumesActionsTest-454121600 tempest-VolumesActionsTest-454121600-project-admin] Action: 'action', calling method: _reset_status, body: {"os-reset_status": {"status": "creating"}} {{(pid=100669) _process_stack /opt/stack/cinder/cinder/api/openstack/wsgi.py:854}}
Sep 09 21:24:08.607015 dv-cinder-760184-9-smb devstack@c-api.service[100669]: DEBUG cinder.api.contrib.admin_actions [None req-0f6a6275-797d-497f-ac47-8362d451a779 tempest-VolumesActionsTest-454121600 tempest-VolumesActionsTest-454121600-project-admin] Updating volume '270546a9-f318-4708-96b0-f82d402c8305' with '{'status': 'creating'}' {{(pid=100669) _reset_status /opt/stack/cinder/cinder/api/contrib/admin_actions.py:100}}
Sep 09 21:24:08.636682 dv-cinder-760184-9-smb devstack@c-api.service[100667]: DEBUG cinder.volume.api [None req-24956262-86e4-418c-acd2-4920519d19de tempest-VolumesGetTest-1921617313 tempest-VolumesGetTest-1921617313-project] Task 'cinder.volume.flows.api.create_volume.ExtractVolumeRequestTask;volume:create' (a9dd58fa-840e-42db-8540-63c964a5fc6a) transitioned into state 'SUCCESS' from state 'RUNNING' with result '{'size': 1, 'snapshot_id': None, 'source_volid': None, 'volume_type': VolumeType(created_at=2021-09-09T21:12:37Z,deleted=False,deleted_at=None,description='Default Volume Type',extra_specs={},id=ce303d5e-5e45-4a2e-b037-37c2d09ad544,is_public=True,name='__DEFAULT__',projects=[],qos_specs=,qos_specs_id=None,updated_at=2021-09-09T21:12:37Z), 'volume_type_id': 'ce303d5e-5e45-4a2e-b037-37c2d09ad544', 'encryption_key_id': None, 'qos_specs': None, 'consistencygroup_id': None, 'cgsnapshot_id': None, 'group_id': None, 'replication_status': 'disabled', 'refresh_az': False, 'backup_id': None, 'multiattach': False, 'availability_zones': ['nova']}' {{(pid=100667) _task_receiver /usr/local/lib/python3.8/dist-packages/taskflow/listeners/logging.py:178}}
Sep 09 21:24:08.639588 dv-cinder-760184-9-smb devstack@c-api.service[100667]: DEBUG cinder.volume.api [None req-24956262-86e4-418c-acd2-4920519d19de tempest-VolumesGetTest-1921617313 tempest-VolumesGetTest-1921617313-project] Task 'cinder.volume.flows.api.create_volume.QuotaReserveTask;volume:create' (a876682c-66d3-441b-9805-d46371b07eb9) transitioned into state 'RUNNING' from state 'PENDING' {{(pid=100667) _task_receiver /usr/local/lib/python3.8/dist-packages/taskflow/listeners/logging.py:190}}
Sep 09 21:24:08.643655 dv-cinder-760184-9-smb devstack@c-api.service[100669]: /usr/local/lib/python3.8/dist-packages/oslo_context/context.py:105: DeprecationWarning: Policy enforcement is depending on the value of is_admin. This key is deprecated. Please update your policy file to use the standard policy values.
Sep 09 21:24:08.643655 dv-cinder-760184-9-smb devstack@c-api.service[100669]: warnings.warn('Policy enforcement is depending on the value of '
Sep 09 21:24:08.697148 dv-cinder-760184-9-smb devstack@c-api.service[100669]: INFO cinder.api.openstack.wsgi [None req-0f6a6275-797d-497f-ac47-8362d451a779 tempest-VolumesActionsTest-454121600 tempest-VolumesActionsTest-454121600-project-admin] http://10.222.0.37/volume/v3/4d3c0f718d4a4dd185173a71489217fe/volumes/270546a9-f318-4708-96b0-f82d402c8305/action returned with HTTP 202
Sep 09 21:24:08.699130 dv-cinder-760184-9-smb devstack@c-api.service[100669]: [pid: 100669|app: 0|req: 228/453] 10.222.0.37 () {60 vars in 1367 bytes} [Thu Sep 9 21:24:08 2021] POST /volume/v3/4d3c0f718d4a4dd185173a71489217fe/volumes/270546a9-f318-4708-96b0-f82d402c8305/action => generated 0 bytes in 99 msecs (HTTP/1.1 202) 7 headers in 289 bytes (1 switches on core 0)
Sep 09 21:24:08.707810 dv-cinder-760184-9-smb devstack@c-api.service[100669]: INFO cinder.api.openstack.wsgi [None req-489abb50-3f46-4d5e-9a8c-16b8baf3eb44 tempest-VolumesActionsTest-931121958 tempest-VolumesActionsTest-931121958-project] GET http://10.222.0.37/volume/v3/16ffb2d6512d482ca6e0006685e0a923/volumes/270546a9-f318-4708-96b0-f82d402c8305
Sep 09 21:24:08.708361 dv-cinder-760184-9-smb devstack@c-api.service[100669]: DEBUG cinder.api.openstack.wsgi [None req-489abb50-3f46-4d5e-9a8c-16b8baf3eb44 tempest-VolumesActionsTest-931121958 tempest-VolumesActionsTest-931121958-project] Empty body provided in request {{(pid=100669) get_body /opt/stack/cinder/cinder/api/openstack/wsgi.py:703}}
Sep 09 21:24:08.709145 dv-cinder-760184-9-smb devstack@c-api.service[100669]: /usr/local/lib/python3.8/dist-packages/webob/acceptparse.py:1047: DeprecationWarning: The behavior of AcceptValidHeader.best_match is currently being maintained for backward compatibility, but it will be deprecated in the future, as it does not conform to the RFC.
Sep 09 21:24:08.709145 dv-cinder-760184-9-smb devstack@c-api.service[100669]: warnings.warn(
Sep 09 21:24:08.709145 dv-cinder-760184-9-smb devstack@c-api.service[100669]: DEBUG cinder.api.openstack.wsgi [None req-489abb50-3f46-4d5e-9a8c-16b8baf3eb44 tempest-VolumesActionsTest-931121958 tempest-VolumesActionsTest-931121958-project] Calling method 'show' {{(pid=100669) _process_stack /opt/stack/cinder/cinder/api/openstack/wsgi.py:856}}
Sep 09 21:24:08.725709 dv-cinder-760184-9-smb devstack@c-api.service[100669]: /usr/local/lib/python3.8/dist-packages/oslo_context/context.py:105: DeprecationWarning: Policy enforcement is depending on the value of is_admin. This key is deprecated. Please update your policy file to use the standard policy values.
Sep 09 21:24:08.725709 dv-cinder-760184-9-smb devstack@c-api.service[100669]: warnings.warn('Policy enforcement is depending on the value of '
Sep 09 21:24:08.743626 dv-cinder-760184-9-smb devstack@c-api.service[100669]: INFO cinder.volume.api [None req-489abb50-3f46-4d5e-9a8c-16b8baf3eb44 tempest-VolumesActionsTest-931121958 tempest-VolumesActionsTest-931121958-project] Volume info retrieved successfully.
Sep 09 21:24:08.776528 dv-cinder-760184-9-smb devstack@c-api.service[100669]: INFO cinder.api.openstack.wsgi [None req-489abb50-3f46-4d5e-9a8c-16b8baf3eb44 tempest-VolumesActionsTest-931121958 tempest-VolumesActionsTest-931121958-project] http://10.222.0.37/volume/v3/16ffb2d6512d482ca6e0006685e0a923/volumes/270546a9-f318-4708-96b0-f82d402c8305 returned with HTTP 200
Sep 09 21:24:08.789612 dv-cinder-760184-9-smb devstack@c-api.service[100669]: [pid: 100669|app: 0|req: 229/454] 10.222.0.37 () {58 vars in 1325 bytes} [Thu Sep 9 21:24:08 2021] GET /volume/v3/16ffb2d6512d482ca6e0006685e0a923/volumes/270546a9-f318-4708-96b0-f82d402c8305 => generated 909 bytes in 74 msecs (HTTP/1.1 200) 7 headers in 285 bytes (1 switches on core 0)
Sep 09 21:24:08.789858 dv-cinder-760184-9-smb devstack@c-api.service[100667]: DEBUG cinder.quota [None req-24956262-86e4-418c-acd2-4920519d19de tempest-VolumesGetTest-1921617313 tempest-VolumesGetTest-1921617313-project] Created reservations ['9ac53ac7-94b1-45b8-95e9-cef62fa6e543', '8583b4a2-7436-469f-802c-36a95e3aa88e', '938db713-55fa-4b85-91f9-4695349b569e', 'a96c6b21-5d5a-4f37-88f4-6544e4042781'] {{(pid=100667) reserve /opt/stack/cinder/cinder/quota.py:755}}
Sep 09 21:24:08.789858 dv-cinder-760184-9-smb devstack@c-api.service[100667]: DEBUG cinder.volume.api [None req-24956262-86e4-418c-acd2-4920519d19de tempest-VolumesGetTest-1921617313 tempest-VolumesGetTest-1921617313-project] Task 'cinder.volume.flows.api.create_volume.QuotaReserveTask;volume:create' (a876682c-66d3-441b-9805-d46371b07eb9) transitioned into state 'SUCCESS' from state 'RUNNING' with result '{'reservations': ['9ac53ac7-94b1-45b8-95e9-cef62fa6e543', '8583b4a2-7436-469f-802c-36a95e3aa88e', '938db713-55fa-4b85-91f9-4695349b569e', 'a96c6b21-5d5a-4f37-88f4-6544e4042781']}' {{(pid=100667) _task_receiver /usr/local/lib/python3.8/dist-packages/taskflow/listeners/logging.py:178}}
Sep 09 21:24:08.789858 dv-cinder-760184-9-smb devstack@c-api.service[100667]: DEBUG cinder.volume.api [None req-24956262-86e4-418c-acd2-4920519d19de tempest-VolumesGetTest-1921617313 tempest-VolumesGetTest-1921617313-project] Task 'cinder.volume.flows.api.create_volume.EntryCreateTask;volume:create' (5486697a-5e88-40df-ac9c-3609a36a9dca) transitioned into state 'RUNNING' from state 'PENDING' {{(pid=100667) _task_receiver /usr/local/lib/python3.8/dist-packages/taskflow/listeners/logging.py:190}}
Sep 09 21:24:08.795707 dv-cinder-760184-9-smb devstack@c-api.service[100669]: INFO cinder.api.openstack.wsgi [None req-c9fb1238-fd28-4c44-9b0a-0fa7202c3f83 tempest-VolumesActionsTest-454121600 tempest-VolumesActionsTest-454121600-project-admin] POST http://10.222.0.37/volume/v3/4d3c0f718d4a4dd185173a71489217fe/volumes/270546a9-f318-4708-96b0-f82d402c8305/action
Sep 09 21:24:08.796277 dv-cinder-760184-9-smb devstack@c-api.service[100669]: /usr/local/lib/python3.8/dist-packages/webob/acceptparse.py:1047: DeprecationWarning: The behavior of AcceptValidHeader.best_match is currently being maintained for backward compatibility, but it will be deprecated in the future, as it does not conform to the RFC.
Sep 09 21:24:08.796277 dv-cinder-760184-9-smb devstack@c-api.service[100669]: warnings.warn(
Sep 09 21:24:08.796716 dv-cinder-760184-9-smb devstack@c-api.service[100669]: DEBUG cinder.api.openstack.wsgi [None req-c9fb1238-fd28-4c44-9b0a-0fa7202c3f83 tempest-VolumesActionsTest-454121600 tempest-VolumesActionsTest-454121600-project-admin] Action body: b'{"os-force_delete": {}}' {{(pid=100669) get_method /opt/stack/cinder/cinder/api/openstack/wsgi.py:971}}
Sep 09 21:24:08.797762 dv-cinder-760184-9-smb devstack@c-api.service[100669]: DEBUG cinder.api.openstack.wsgi [None req-c9fb1238-fd28-4c44-9b0a-0fa7202c3f83 tempest-VolumesActionsTest-454121600 tempest-VolumesActionsTest-454121600-project-admin] Action: 'action', calling method: _force_delete, body: {"os-force_delete": {}} {{(pid=100669) _process_stack /opt/stack/cinder/cinder/api/openstack/wsgi.py:854}}
Sep 09 21:24:08.823194 dv-cinder-760184-9-smb devstack@c-api.service[100669]: /usr/local/lib/python3.8/dist-packages/oslo_context/context.py:105: DeprecationWarning: Policy enforcement is depending on the value of is_admin. This key is deprecated. Please update your policy file to use the standard policy values.
Sep 09 21:24:08.823194 dv-cinder-760184-9-smb devstack@c-api.service[100669]: warnings.warn('Policy enforcement is depending on the value of '
Sep 09 21:24:08.828017 dv-cinder-760184-9-smb devstack@c-api.service[100669]: INFO cinder.volume.api [None req-c9fb1238-fd28-4c44-9b0a-0fa7202c3f83 tempest-VolumesActionsTest-454121600 tempest-VolumesActionsTest-454121600-project-admin] Volume info retrieved successfully.
Sep 09 21:24:08.838327 dv-cinder-760184-9-smb devstack@c-api.service[100667]: DEBUG cinder.volume.api [None req-24956262-86e4-418c-acd2-4920519d19de tempest-VolumesGetTest-1921617313 tempest-VolumesGetTest-1921617313-project] Task 'cinder.volume.flows.api.create_volume.EntryCreateTask;volume:create' (5486697a-5e88-40df-ac9c-3609a36a9dca) transitioned into state 'SUCCESS' from state 'RUNNING' with result '{'volume_id': '6fa5a069-b1a4-4544-9b52-fcfc999d2473', 'volume_properties': VolumeProperties(attach_status='detached',availability_zone='nova',cgsnapshot_id=None,consistencygroup_id=None,display_description='tempest-@#$%^* description-916102338',display_name=None,encryption_key_id=None,group_id=None,group_type_id=,metadata={},multiattach=False,project_id='d908c95985f64fabb2b8af887ab259e1',qos_specs=None,replication_status=,reservations=['9ac53ac7-94b1-45b8-95e9-cef62fa6e543','8583b4a2-7436-469f-802c-36a95e3aa88e','938db713-55fa-4b85-91f9-4695349b569e','a96c6b21-5d5a-4f37-88f4-6544e4042781'],size=1,snapshot_id=None,source_replicaid=,source_volid=None,status='creating',user_id='8fd3c4b880694b7f8da4ab3a92f51bac',volume_type_id=ce303d5e-5e45-4a2e-b037-37c2d09ad544), 'volume': Volume(_name_id=None,admin_metadata=,attach_status='detached',availability_zone='nova',bootable=False,cluster=,cluster_name=None,consistencygroup=,consistencygroup_id=None,created_at=2021-09-09T21:24:08Z,deleted=False,deleted_at=None,display_description='tempest-@#$%^* description-916102338',display_name=None,ec2_id=None,encryption_key_id=None,glance_metadata=,group=,group_id=None,host=None,id=6fa5a069-b1a4-4544-9b52-fcfc999d2473,launched_at=None,metadata={},migration_status=None,multiattach=False,previous_status=None,project_id='d908c95985f64fabb2b8af887ab259e1',provider_auth=None,provider_geometry=None,provider_id=None,provider_location=None,replication_driver_data=None,replication_extended_status=None,replication_status=None,scheduled_at=None,service_uuid=None,shared_targets=True,size=1,snapshot_id=None,snapshots=,source_volid=None,status='creating',terminated_at=None,updated_at=None,use_quota=True,user_id='8fd3c4b880694b7f8da4ab3a92f51bac',volume_attachment=,volume_type=VolumeType(ce303d5e-5e45-4a2e-b037-37c2d09ad544),volume_type_id=ce303d5e-5e45-4a2e-b037-37c2d09ad544)}' {{(pid=100667) _task_receiver /usr/local/lib/python3.8/dist-packages/taskflow/listeners/logging.py:178}}
Sep 09 21:24:08.839550 dv-cinder-760184-9-smb devstack@c-api.service[100667]: DEBUG cinder.volume.api [None req-24956262-86e4-418c-acd2-4920519d19de tempest-VolumesGetTest-1921617313 tempest-VolumesGetTest-1921617313-project] Task 'cinder.volume.flows.api.create_volume.QuotaCommitTask;volume:create' (9914cd05-1814-4582-a3ed-3a7dfe61ef2f) transitioned into state 'RUNNING' from state 'PENDING' {{(pid=100667) _task_receiver /usr/local/lib/python3.8/dist-packages/taskflow/listeners/logging.py:190}}
Sep 09 21:24:08.904499 dv-cinder-760184-9-smb devstack@c-api.service[100669]: INFO cinder.volume.api [None req-c9fb1238-fd28-4c44-9b0a-0fa7202c3f83 tempest-VolumesActionsTest-454121600 tempest-VolumesActionsTest-454121600-project-admin] Delete volume request issued successfully.
Sep 09 21:24:08.906778 dv-cinder-760184-9-smb devstack@c-api.service[100669]: INFO cinder.api.openstack.wsgi [None req-c9fb1238-fd28-4c44-9b0a-0fa7202c3f83 tempest-VolumesActionsTest-454121600 tempest-VolumesActionsTest-454121600-project-admin] http://10.222.0.37/volume/v3/4d3c0f718d4a4dd185173a71489217fe/volumes/270546a9-f318-4708-96b0-f82d402c8305/action returned with HTTP 202
Sep 09 21:24:08.910278 dv-cinder-760184-9-smb devstack@c-api.service[100669]: [pid: 100669|app: 0|req: 230/455] 10.222.0.37 () {60 vars in 1367 bytes} [Thu Sep 9 21:24:08 2021] POST /volume/v3/4d3c0f718d4a4dd185173a71489217fe/volumes/270546a9-f318-4708-96b0-f82d402c8305/action => generated 0 bytes in 118 msecs (HTTP/1.1 202) 7 headers in 289 bytes (1 switches on core 0)
Sep 09 21:24:08.921401 dv-cinder-760184-9-smb devstack@c-api.service[100667]: DEBUG cinder.volume.api [None req-24956262-86e4-418c-acd2-4920519d19de tempest-VolumesGetTest-1921617313 tempest-VolumesGetTest-1921617313-project] Task 'cinder.volume.flows.api.create_volume.QuotaCommitTask;volume:create' (9914cd05-1814-4582-a3ed-3a7dfe61ef2f) transitioned into state 'SUCCESS' from state 'RUNNING' with result '{'volume_properties': VolumeProperties(attach_status='detached',availability_zone='nova',cgsnapshot_id=None,consistencygroup_id=None,display_description='tempest-@#$%^* description-916102338',display_name=None,encryption_key_id=None,group_id=None,group_type_id=,metadata={},multiattach=False,project_id='d908c95985f64fabb2b8af887ab259e1',qos_specs=None,replication_status=,reservations=['9ac53ac7-94b1-45b8-95e9-cef62fa6e543','8583b4a2-7436-469f-802c-36a95e3aa88e','938db713-55fa-4b85-91f9-4695349b569e','a96c6b21-5d5a-4f37-88f4-6544e4042781'],size=1,snapshot_id=None,source_replicaid=,source_volid=None,status='creating',user_id='8fd3c4b880694b7f8da4ab3a92f51bac',volume_type_id=ce303d5e-5e45-4a2e-b037-37c2d09ad544)}' {{(pid=100667) _task_receiver /usr/local/lib/python3.8/dist-packages/taskflow/listeners/logging.py:178}}
Sep 09 21:24:08.923277 dv-cinder-760184-9-smb devstack@c-api.service[100669]: INFO cinder.api.openstack.wsgi [None req-762328e3-8b06-4d1b-bd0e-fe866b0ae725 tempest-VolumesActionsTest-931121958 tempest-VolumesActionsTest-931121958-project] GET http://10.222.0.37/volume/v3/16ffb2d6512d482ca6e0006685e0a923/volumes/270546a9-f318-4708-96b0-f82d402c8305
Sep 09 21:24:08.926176 dv-cinder-760184-9-smb devstack@c-api.service[100669]: DEBUG cinder.api.openstack.wsgi [None req-762328e3-8b06-4d1b-bd0e-fe866b0ae725 tempest-VolumesActionsTest-931121958 tempest-VolumesActionsTest-931121958-project] Empty body provided in request {{(pid=100669) get_body /opt/stack/cinder/cinder/api/openstack/wsgi.py:703}}
Sep 09 21:24:08.926722 dv-cinder-760184-9-smb devstack@c-api.service[100669]: /usr/local/lib/python3.8/dist-packages/webob/acceptparse.py:1047: DeprecationWarning: The behavior of AcceptValidHeader.best_match is currently being maintained for backward compatibility, but it will be deprecated in the future, as it does not conform to the RFC.
Sep 09 21:24:08.926722 dv-cinder-760184-9-smb devstack@c-api.service[100669]: warnings.warn(
Sep 09 21:24:08.928687 dv-cinder-760184-9-smb devstack@c-api.service[100669]: DEBUG cinder.api.openstack.wsgi [None req-762328e3-8b06-4d1b-bd0e-fe866b0ae725 tempest-VolumesActionsTest-931121958 tempest-VolumesActionsTest-931121958-project] Calling method 'show' {{(pid=100669) _process_stack /opt/stack/cinder/cinder/api/openstack/wsgi.py:856}}
Sep 09 21:24:08.930355 dv-cinder-760184-9-smb devstack@c-api.service[100667]: DEBUG cinder.volume.api [None req-24956262-86e4-418c-acd2-4920519d19de tempest-VolumesGetTest-1921617313 tempest-VolumesGetTest-1921617313-project] Task 'cinder.volume.flows.api.create_volume.VolumeCastTask;volume:create' (f632226a-d681-48b8-ad6f-e46e2454637a) transitioned into state 'RUNNING' from state 'PENDING' {{(pid=100667) _task_receiver /usr/local/lib/python3.8/dist-packages/taskflow/listeners/logging.py:190}}
Sep 09 21:24:08.970040 dv-cinder-760184-9-smb devstack@c-api.service[100669]: /usr/local/lib/python3.8/dist-packages/oslo_context/context.py:105: DeprecationWarning: Policy enforcement is depending on the value of is_admin. This key is deprecated. Please update your policy file to use the standard policy values.
Sep 09 21:24:08.970040 dv-cinder-760184-9-smb devstack@c-api.service[100669]: warnings.warn('Policy enforcement is depending on the value of '
Sep 09 21:24:09.046263 dv-cinder-760184-9-smb devstack@c-api.service[100667]: DEBUG cinder.volume.api [None req-24956262-86e4-418c-acd2-4920519d19de tempest-VolumesGetTest-1921617313 tempest-VolumesGetTest-1921617313-project] Task 'cinder.volume.flows.api.create_volume.VolumeCastTask;volume:create' (f632226a-d681-48b8-ad6f-e46e2454637a) transitioned into state 'SUCCESS' from state 'RUNNING' with result 'None' {{(pid=100667) _task_receiver /usr/local/lib/python3.8/dist-packages/taskflow/listeners/logging.py:178}}
Sep 09 21:24:09.056115 dv-cinder-760184-9-smb devstack@c-api.service[100667]: DEBUG cinder.volume.api [None req-24956262-86e4-418c-acd2-4920519d19de tempest-VolumesGetTest-1921617313 tempest-VolumesGetTest-1921617313-project] Flow 'volume_create_api' (9f795b59-3827-4f74-9afd-8ae21ad7ed82) transitioned into state 'SUCCESS' from state 'RUNNING' {{(pid=100667) _flow_receiver /usr/local/lib/python3.8/dist-packages/taskflow/listeners/logging.py:141}}
Sep 09 21:24:09.064173 dv-cinder-760184-9-smb devstack@c-api.service[100667]: INFO cinder.volume.api [None req-24956262-86e4-418c-acd2-4920519d19de tempest-VolumesGetTest-1921617313 tempest-VolumesGetTest-1921617313-project] Create volume request issued successfully.
Sep 09 21:24:09.070002 dv-cinder-760184-9-smb devstack@c-api.service[100669]: INFO cinder.volume.api [None req-762328e3-8b06-4d1b-bd0e-fe866b0ae725 tempest-VolumesActionsTest-931121958 tempest-VolumesActionsTest-931121958-project] Volume info retrieved successfully.
Sep 09 21:24:09.086362 dv-cinder-760184-9-smb devstack@c-api.service[100667]: INFO cinder.api.openstack.wsgi [None req-24956262-86e4-418c-acd2-4920519d19de tempest-VolumesGetTest-1921617313 tempest-VolumesGetTest-1921617313-project] http://10.222.0.37/volume/v3/d908c95985f64fabb2b8af887ab259e1/volumes returned with HTTP 202
Sep 09 21:24:09.088392 dv-cinder-760184-9-smb devstack@c-api.service[100667]: [pid: 100667|app: 0|req: 226/456] 10.222.0.37 () {60 vars in 1236 bytes} [Thu Sep 9 21:24:08 2021] POST /volume/v3/d908c95985f64fabb2b8af887ab259e1/volumes => generated 810 bytes in 575 msecs (HTTP/1.1 202) 7 headers in 291 bytes (1 switches on core 0)
Sep 09 21:24:09.101036 dv-cinder-760184-9-smb devstack@c-api.service[100667]: INFO cinder.api.openstack.wsgi [req-41babc41-e3a4-46f8-998e-949f73f713ec req-296f9607-27d9-4c3d-b262-c2a8200b85ab tempest-AttachVolumeNegativeTest-211545619 tempest-AttachVolumeNegativeTest-211545619-project] POST http://10.222.0.37/volume/v3/d329669b58774b818f3fa18c2a3fc18d/attachments/1b2d1f7c-128c-4f79-b3ec-4f014d801d73/action
Sep 09 21:24:09.104453 dv-cinder-760184-9-smb devstack@c-api.service[100667]: /usr/local/lib/python3.8/dist-packages/webob/acceptparse.py:1047: DeprecationWarning: The behavior of AcceptValidHeader.best_match is currently being maintained for backward compatibility, but it will be deprecated in the future, as it does not conform to the RFC.
Sep 09 21:24:09.104453 dv-cinder-760184-9-smb devstack@c-api.service[100667]: warnings.warn(
Sep 09 21:24:09.105200 dv-cinder-760184-9-smb devstack@c-api.service[100667]: DEBUG cinder.api.openstack.wsgi [req-41babc41-e3a4-46f8-998e-949f73f713ec req-296f9607-27d9-4c3d-b262-c2a8200b85ab tempest-AttachVolumeNegativeTest-211545619 tempest-AttachVolumeNegativeTest-211545619-project] Action body: b'{"os-complete": null}' {{(pid=100667) get_method /opt/stack/cinder/cinder/api/openstack/wsgi.py:971}}
Sep 09 21:24:09.105687 dv-cinder-760184-9-smb devstack@c-api.service[100667]: DEBUG cinder.api.openstack.wsgi [req-41babc41-e3a4-46f8-998e-949f73f713ec req-296f9607-27d9-4c3d-b262-c2a8200b85ab tempest-AttachVolumeNegativeTest-211545619 tempest-AttachVolumeNegativeTest-211545619-project] Action: 'action', calling method: complete, body: {"os-complete": null} {{(pid=100667) _process_stack /opt/stack/cinder/cinder/api/openstack/wsgi.py:854}}
Sep 09 21:24:09.110312 dv-cinder-760184-9-smb devstack@c-api.service[100669]: INFO cinder.api.openstack.wsgi [None req-762328e3-8b06-4d1b-bd0e-fe866b0ae725 tempest-VolumesActionsTest-931121958 tempest-VolumesActionsTest-931121958-project] http://10.222.0.37/volume/v3/16ffb2d6512d482ca6e0006685e0a923/volumes/270546a9-f318-4708-96b0-f82d402c8305 returned with HTTP 200
Sep 09 21:24:09.114804 dv-cinder-760184-9-smb devstack@c-api.service[100669]: [pid: 100669|app: 0|req: 231/457] 10.222.0.37 () {58 vars in 1325 bytes} [Thu Sep 9 21:24:08 2021] GET /volume/v3/16ffb2d6512d482ca6e0006685e0a923/volumes/270546a9-f318-4708-96b0-f82d402c8305 => generated 909 bytes in 202 msecs (HTTP/1.1 200) 7 headers in 285 bytes (1 switches on core 0)
Sep 09 21:24:09.119005 dv-cinder-760184-9-smb devstack@c-api.service[100669]: INFO cinder.api.openstack.wsgi [None req-1d512f70-7a2b-4336-987b-9dfb22b5b4e3 tempest-VolumesGetTest-1921617313 tempest-VolumesGetTest-1921617313-project] GET http://10.222.0.37/volume/v3/d908c95985f64fabb2b8af887ab259e1/volumes/6fa5a069-b1a4-4544-9b52-fcfc999d2473
Sep 09 21:24:09.128941 dv-cinder-760184-9-smb devstack@c-api.service[100669]: DEBUG cinder.api.openstack.wsgi [None req-1d512f70-7a2b-4336-987b-9dfb22b5b4e3 tempest-VolumesGetTest-1921617313 tempest-VolumesGetTest-1921617313-project] Empty body provided in request {{(pid=100669) get_body /opt/stack/cinder/cinder/api/openstack/wsgi.py:703}}
Sep 09 21:24:09.129378 dv-cinder-760184-9-smb devstack@c-api.service[100669]: /usr/local/lib/python3.8/dist-packages/webob/acceptparse.py:1047: DeprecationWarning: The behavior of AcceptValidHeader.best_match is currently being maintained for backward compatibility, but it will be deprecated in the future, as it does not conform to the RFC.
Sep 09 21:24:09.129378 dv-cinder-760184-9-smb devstack@c-api.service[100669]: warnings.warn(
Sep 09 21:24:09.129916 dv-cinder-760184-9-smb devstack@c-api.service[100669]: DEBUG cinder.api.openstack.wsgi [None req-1d512f70-7a2b-4336-987b-9dfb22b5b4e3 tempest-VolumesGetTest-1921617313 tempest-VolumesGetTest-1921617313-project] Calling method 'show' {{(pid=100669) _process_stack /opt/stack/cinder/cinder/api/openstack/wsgi.py:856}}
Sep 09 21:24:09.160925 dv-cinder-760184-9-smb devstack@c-api.service[100669]: /usr/local/lib/python3.8/dist-packages/oslo_context/context.py:105: DeprecationWarning: Policy enforcement is depending on the value of is_admin. This key is deprecated. Please update your policy file to use the standard policy values.
Sep 09 21:24:09.160925 dv-cinder-760184-9-smb devstack@c-api.service[100669]: warnings.warn('Policy enforcement is depending on the value of '
Sep 09 21:24:09.178894 dv-cinder-760184-9-smb devstack@c-api.service[100669]: INFO cinder.volume.api [None req-1d512f70-7a2b-4336-987b-9dfb22b5b4e3 tempest-VolumesGetTest-1921617313 tempest-VolumesGetTest-1921617313-project] Volume info retrieved successfully.
Sep 09 21:24:09.185595 dv-cinder-760184-9-smb devstack@c-api.service[100667]: /usr/local/lib/python3.8/dist-packages/oslo_context/context.py:105: DeprecationWarning: Policy enforcement is depending on the value of is_admin. This key is deprecated. Please update your policy file to use the standard policy values.
Sep 09 21:24:09.185595 dv-cinder-760184-9-smb devstack@c-api.service[100667]: warnings.warn('Policy enforcement is depending on the value of '
Sep 09 21:24:09.226462 dv-cinder-760184-9-smb devstack@c-api.service[100669]: INFO cinder.api.openstack.wsgi [None req-1d512f70-7a2b-4336-987b-9dfb22b5b4e3 tempest-VolumesGetTest-1921617313 tempest-VolumesGetTest-1921617313-project] http://10.222.0.37/volume/v3/d908c95985f64fabb2b8af887ab259e1/volumes/6fa5a069-b1a4-4544-9b52-fcfc999d2473 returned with HTTP 200
Sep 09 21:24:09.230548 dv-cinder-760184-9-smb devstack@c-api.service[100669]: [pid: 100669|app: 0|req: 232/458] 10.222.0.37 () {58 vars in 1325 bytes} [Thu Sep 9 21:24:09 2021] GET /volume/v3/d908c95985f64fabb2b8af887ab259e1/volumes/6fa5a069-b1a4-4544-9b52-fcfc999d2473 => generated 878 bytes in 115 msecs (HTTP/1.1 200) 7 headers in 285 bytes (1 switches on core 0)
Sep 09 21:24:09.239983 dv-cinder-760184-9-smb devstack@c-api.service[100667]: INFO cinder.api.openstack.wsgi [req-41babc41-e3a4-46f8-998e-949f73f713ec req-296f9607-27d9-4c3d-b262-c2a8200b85ab tempest-AttachVolumeNegativeTest-211545619 tempest-AttachVolumeNegativeTest-211545619-project] http://10.222.0.37/volume/v3/d329669b58774b818f3fa18c2a3fc18d/attachments/1b2d1f7c-128c-4f79-b3ec-4f014d801d73/action returned with HTTP 204
Sep 09 21:24:09.240792 dv-cinder-760184-9-smb devstack@c-api.service[100667]: [pid: 100667|app: 0|req: 227/459] 10.222.0.44 () {64 vars in 1499 bytes} [Thu Sep 9 21:24:09 2021] POST /volume/v3/d329669b58774b818f3fa18c2a3fc18d/attachments/1b2d1f7c-128c-4f79-b3ec-4f014d801d73/action => generated 0 bytes in 152 msecs (HTTP/1.1 204) 7 headers in 292 bytes (1 switches on core 0)
Sep 09 21:24:09.245824 dv-cinder-760184-9-smb devstack@c-api.service[100669]: INFO cinder.api.openstack.wsgi [None req-55f0d6ba-2faa-46a8-b633-51e96d6123bb tempest-AttachVolumeNegativeTest-211545619 tempest-AttachVolumeNegativeTest-211545619-project] GET http://10.222.0.37/volume/v3/d329669b58774b818f3fa18c2a3fc18d/volumes/a0bbb5cf-e3ff-4e50-bf8a-1d0e1b94d23c
Sep 09 21:24:09.247145 dv-cinder-760184-9-smb devstack@c-api.service[100669]: DEBUG cinder.api.openstack.wsgi [None req-55f0d6ba-2faa-46a8-b633-51e96d6123bb tempest-AttachVolumeNegativeTest-211545619 tempest-AttachVolumeNegativeTest-211545619-project] Empty body provided in request {{(pid=100669) get_body /opt/stack/cinder/cinder/api/openstack/wsgi.py:703}}
Sep 09 21:24:09.247512 dv-cinder-760184-9-smb devstack@c-api.service[100669]: /usr/local/lib/python3.8/dist-packages/webob/acceptparse.py:1047: DeprecationWarning: The behavior of AcceptValidHeader.best_match is currently being maintained for backward compatibility, but it will be deprecated in the future, as it does not conform to the RFC.
Sep 09 21:24:09.247512 dv-cinder-760184-9-smb devstack@c-api.service[100669]: warnings.warn(
Sep 09 21:24:09.248661 dv-cinder-760184-9-smb devstack@c-api.service[100669]: DEBUG cinder.api.openstack.wsgi [None req-55f0d6ba-2faa-46a8-b633-51e96d6123bb tempest-AttachVolumeNegativeTest-211545619 tempest-AttachVolumeNegativeTest-211545619-project] Calling method 'show' {{(pid=100669) _process_stack /opt/stack/cinder/cinder/api/openstack/wsgi.py:856}}
Sep 09 21:24:09.282950 dv-cinder-760184-9-smb devstack@c-api.service[100669]: /usr/local/lib/python3.8/dist-packages/oslo_context/context.py:105: DeprecationWarning: Policy enforcement is depending on the value of is_admin. This key is deprecated. Please update your policy file to use the standard policy values.
Sep 09 21:24:09.282950 dv-cinder-760184-9-smb devstack@c-api.service[100669]: warnings.warn('Policy enforcement is depending on the value of '
Sep 09 21:24:09.301755 dv-cinder-760184-9-smb devstack@c-api.service[100669]: INFO cinder.volume.api [None req-55f0d6ba-2faa-46a8-b633-51e96d6123bb tempest-AttachVolumeNegativeTest-211545619 tempest-AttachVolumeNegativeTest-211545619-project] Volume info retrieved successfully.
Sep 09 21:24:09.364568 dv-cinder-760184-9-smb devstack@c-api.service[100669]: /usr/local/lib/python3.8/dist-packages/oslo_context/context.py:105: DeprecationWarning: Policy enforcement is depending on the value of is_admin. This key is deprecated. Please update your policy file to use the standard policy values.
Sep 09 21:24:09.364568 dv-cinder-760184-9-smb devstack@c-api.service[100669]: warnings.warn('Policy enforcement is depending on the value of '
Sep 09 21:24:09.381698 dv-cinder-760184-9-smb devstack@c-api.service[100669]: INFO cinder.api.openstack.wsgi [None req-55f0d6ba-2faa-46a8-b633-51e96d6123bb tempest-AttachVolumeNegativeTest-211545619 tempest-AttachVolumeNegativeTest-211545619-project] http://10.222.0.37/volume/v3/d329669b58774b818f3fa18c2a3fc18d/volumes/a0bbb5cf-e3ff-4e50-bf8a-1d0e1b94d23c returned with HTTP 200
Sep 09 21:24:09.383887 dv-cinder-760184-9-smb devstack@c-api.service[100669]: [pid: 100669|app: 0|req: 233/460] 10.222.0.37 () {58 vars in 1325 bytes} [Thu Sep 9 21:24:09 2021] GET /volume/v3/d329669b58774b818f3fa18c2a3fc18d/volumes/a0bbb5cf-e3ff-4e50-bf8a-1d0e1b94d23c => generated 1208 bytes in 152 msecs (HTTP/1.1 200) 7 headers in 286 bytes (1 switches on core 0)
Sep 09 21:24:09.413744 dv-cinder-760184-9-smb devstack@c-api.service[100667]: INFO cinder.api.openstack.wsgi [None req-f9cec80d-24e1-4051-8543-a49f91c7f7c6 tempest-AttachVolumeNegativeTest-211545619 tempest-AttachVolumeNegativeTest-211545619-project] GET http://10.222.0.37/volume/v3/d329669b58774b818f3fa18c2a3fc18d/volumes/a0bbb5cf-e3ff-4e50-bf8a-1d0e1b94d23c
Sep 09 21:24:09.414326 dv-cinder-760184-9-smb devstack@c-api.service[100667]: DEBUG cinder.api.openstack.wsgi [None req-f9cec80d-24e1-4051-8543-a49f91c7f7c6 tempest-AttachVolumeNegativeTest-211545619 tempest-AttachVolumeNegativeTest-211545619-project] Empty body provided in request {{(pid=100667) get_body /opt/stack/cinder/cinder/api/openstack/wsgi.py:703}}
Sep 09 21:24:09.414609 dv-cinder-760184-9-smb devstack@c-api.service[100667]: /usr/local/lib/python3.8/dist-packages/webob/acceptparse.py:1047: DeprecationWarning: The behavior of AcceptValidHeader.best_match is currently being maintained for backward compatibility, but it will be deprecated in the future, as it does not conform to the RFC.
Sep 09 21:24:09.414609 dv-cinder-760184-9-smb devstack@c-api.service[100667]: warnings.warn(
Sep 09 21:24:09.415099 dv-cinder-760184-9-smb devstack@c-api.service[100667]: DEBUG cinder.api.openstack.wsgi [None req-f9cec80d-24e1-4051-8543-a49f91c7f7c6 tempest-AttachVolumeNegativeTest-211545619 tempest-AttachVolumeNegativeTest-211545619-project] Calling method 'show' {{(pid=100667) _process_stack /opt/stack/cinder/cinder/api/openstack/wsgi.py:856}}
Sep 09 21:24:09.491811 dv-cinder-760184-9-smb devstack@c-api.service[100669]: INFO cinder.api.openstack.wsgi [None req-de2aa5ae-1997-4a65-b04c-ce9d8d56dab2 tempest-VolumesImageMetadata-76369392 tempest-VolumesImageMetadata-76369392-project] GET http://10.222.0.37/volume/v3/6606c9217e8346cf84770709cec04a14/volumes/26c974d0-3d47-41ce-a932-e642a50f6724
Sep 09 21:24:09.492708 dv-cinder-760184-9-smb devstack@c-api.service[100669]: DEBUG cinder.api.openstack.wsgi [None req-de2aa5ae-1997-4a65-b04c-ce9d8d56dab2 tempest-VolumesImageMetadata-76369392 tempest-VolumesImageMetadata-76369392-project] Empty body provided in request {{(pid=100669) get_body /opt/stack/cinder/cinder/api/openstack/wsgi.py:703}}
Sep 09 21:24:09.493094 dv-cinder-760184-9-smb devstack@c-api.service[100669]: /usr/local/lib/python3.8/dist-packages/webob/acceptparse.py:1047: DeprecationWarning: The behavior of AcceptValidHeader.best_match is currently being maintained for backward compatibility, but it will be deprecated in the future, as it does not conform to the RFC.
Sep 09 21:24:09.493094 dv-cinder-760184-9-smb devstack@c-api.service[100669]: warnings.warn(
Sep 09 21:24:09.493680 dv-cinder-760184-9-smb devstack@c-api.service[100669]: DEBUG cinder.api.openstack.wsgi [None req-de2aa5ae-1997-4a65-b04c-ce9d8d56dab2 tempest-VolumesImageMetadata-76369392 tempest-VolumesImageMetadata-76369392-project] Calling method 'show' {{(pid=100669) _process_stack /opt/stack/cinder/cinder/api/openstack/wsgi.py:856}}
Sep 09 21:24:09.499708 dv-cinder-760184-9-smb devstack@c-api.service[100667]: /usr/local/lib/python3.8/dist-packages/oslo_context/context.py:105: DeprecationWarning: Policy enforcement is depending on the value of is_admin. This key is deprecated. Please update your policy file to use the standard policy values.
Sep 09 21:24:09.499708 dv-cinder-760184-9-smb devstack@c-api.service[100667]: warnings.warn('Policy enforcement is depending on the value of '
Sep 09 21:24:09.523552 dv-cinder-760184-9-smb devstack@c-api.service[100667]: INFO cinder.volume.api [None req-f9cec80d-24e1-4051-8543-a49f91c7f7c6 tempest-AttachVolumeNegativeTest-211545619 tempest-AttachVolumeNegativeTest-211545619-project] Volume info retrieved successfully.
Sep 09 21:24:09.547397 dv-cinder-760184-9-smb devstack@c-api.service[100667]: /usr/local/lib/python3.8/dist-packages/oslo_context/context.py:105: DeprecationWarning: Policy enforcement is depending on the value of is_admin. This key is deprecated. Please update your policy file to use the standard policy values.
Sep 09 21:24:09.547397 dv-cinder-760184-9-smb devstack@c-api.service[100667]: warnings.warn('Policy enforcement is depending on the value of '
Sep 09 21:24:09.557620 dv-cinder-760184-9-smb devstack@c-api.service[100669]: /usr/local/lib/python3.8/dist-packages/oslo_context/context.py:105: DeprecationWarning: Policy enforcement is depending on the value of is_admin. This key is deprecated. Please update your policy file to use the standard policy values.
Sep 09 21:24:09.557620 dv-cinder-760184-9-smb devstack@c-api.service[100669]: warnings.warn('Policy enforcement is depending on the value of '
Sep 09 21:24:09.564594 dv-cinder-760184-9-smb devstack@c-api.service[100667]: INFO cinder.api.openstack.wsgi [None req-f9cec80d-24e1-4051-8543-a49f91c7f7c6 tempest-AttachVolumeNegativeTest-211545619 tempest-AttachVolumeNegativeTest-211545619-project] http://10.222.0.37/volume/v3/d329669b58774b818f3fa18c2a3fc18d/volumes/a0bbb5cf-e3ff-4e50-bf8a-1d0e1b94d23c returned with HTTP 200
Sep 09 21:24:09.566811 dv-cinder-760184-9-smb devstack@c-api.service[100667]: [pid: 100667|app: 0|req: 228/461] 10.222.0.37 () {58 vars in 1325 bytes} [Thu Sep 9 21:24:09 2021] GET /volume/v3/d329669b58774b818f3fa18c2a3fc18d/volumes/a0bbb5cf-e3ff-4e50-bf8a-1d0e1b94d23c => generated 1208 bytes in 160 msecs (HTTP/1.1 200) 7 headers in 286 bytes (1 switches on core 0)
Sep 09 21:24:09.584598 dv-cinder-760184-9-smb devstack@c-api.service[100669]: INFO cinder.volume.api [None req-de2aa5ae-1997-4a65-b04c-ce9d8d56dab2 tempest-VolumesImageMetadata-76369392 tempest-VolumesImageMetadata-76369392-project] Volume info retrieved successfully.
Sep 09 21:24:09.643570 dv-cinder-760184-9-smb devstack@c-api.service[100669]: INFO cinder.api.openstack.wsgi [None req-de2aa5ae-1997-4a65-b04c-ce9d8d56dab2 tempest-VolumesImageMetadata-76369392 tempest-VolumesImageMetadata-76369392-project] http://10.222.0.37/volume/v3/6606c9217e8346cf84770709cec04a14/volumes/26c974d0-3d47-41ce-a932-e642a50f6724 returned with HTTP 200
Sep 09 21:24:09.686909 dv-cinder-760184-9-smb devstack@c-api.service[100669]: [pid: 100669|app: 0|req: 234/462] 10.222.0.37 () {58 vars in 1325 bytes} [Thu Sep 9 21:24:09 2021] GET /volume/v3/6606c9217e8346cf84770709cec04a14/volumes/26c974d0-3d47-41ce-a932-e642a50f6724 => generated 911 bytes in 200 msecs (HTTP/1.1 200) 7 headers in 285 bytes (1 switches on core 0)
Sep 09 21:24:09.780019 dv-cinder-760184-9-smb devstack@c-api.service[100667]: INFO cinder.api.openstack.wsgi [req-bca3fffb-9398-4f23-bca0-c240d9330e2d req-7eae69c0-fa47-46b8-a242-b559d892f40a tempest-AttachVolumeNegativeTest-211545619 tempest-AttachVolumeNegativeTest-211545619-project] GET http://10.222.0.37/volume/v3/d329669b58774b818f3fa18c2a3fc18d/volumes/a0bbb5cf-e3ff-4e50-bf8a-1d0e1b94d23c
Sep 09 21:24:09.780490 dv-cinder-760184-9-smb devstack@c-api.service[100667]: DEBUG cinder.api.openstack.wsgi [req-bca3fffb-9398-4f23-bca0-c240d9330e2d req-7eae69c0-fa47-46b8-a242-b559d892f40a tempest-AttachVolumeNegativeTest-211545619 tempest-AttachVolumeNegativeTest-211545619-project] Empty body provided in request {{(pid=100667) get_body /opt/stack/cinder/cinder/api/openstack/wsgi.py:703}}
Sep 09 21:24:09.780667 dv-cinder-760184-9-smb devstack@c-api.service[100667]: /usr/local/lib/python3.8/dist-packages/webob/acceptparse.py:1047: DeprecationWarning: The behavior of AcceptValidHeader.best_match is currently being maintained for backward compatibility, but it will be deprecated in the future, as it does not conform to the RFC.
Sep 09 21:24:09.780667 dv-cinder-760184-9-smb devstack@c-api.service[100667]: warnings.warn(
Sep 09 21:24:09.780987 dv-cinder-760184-9-smb devstack@c-api.service[100667]: DEBUG cinder.api.openstack.wsgi [req-bca3fffb-9398-4f23-bca0-c240d9330e2d req-7eae69c0-fa47-46b8-a242-b559d892f40a tempest-AttachVolumeNegativeTest-211545619 tempest-AttachVolumeNegativeTest-211545619-project] Calling method 'show' {{(pid=100667) _process_stack /opt/stack/cinder/cinder/api/openstack/wsgi.py:856}}
Sep 09 21:24:09.810225 dv-cinder-760184-9-smb devstack@c-api.service[100667]: /usr/local/lib/python3.8/dist-packages/oslo_context/context.py:105: DeprecationWarning: Policy enforcement is depending on the value of is_admin. This key is deprecated. Please update your policy file to use the standard policy values.
Sep 09 21:24:09.810225 dv-cinder-760184-9-smb devstack@c-api.service[100667]: warnings.warn('Policy enforcement is depending on the value of '
Sep 09 21:24:09.853221 dv-cinder-760184-9-smb devstack@c-api.service[100667]: INFO cinder.volume.api [req-bca3fffb-9398-4f23-bca0-c240d9330e2d req-7eae69c0-fa47-46b8-a242-b559d892f40a tempest-AttachVolumeNegativeTest-211545619 tempest-AttachVolumeNegativeTest-211545619-project] Volume info retrieved successfully.
