Aug 30 22:00:53.821614 dv-cinder-760184-7-iscsi devstack@c-api.service[100593]: DEBUG cinder.volume.api [None req-d4a5381a-517e-4d86-b153-5e5097e84aee tempest-VolumeQuotasNegativeTestJSON-478910975 tempest-VolumeQuotasNegativeTestJSON-478910975-project] Task 'cinder.volume.flows.api.create_volume.ExtractVolumeRequestTask;volume:create' (e79eeba7-1672-4990-90d4-e948f227849d) transitioned into state 'REVERTING' from state 'SUCCESS' {{(pid=100593) _task_receiver /usr/local/lib/python3.8/dist-packages/taskflow/listeners/logging.py:190}}
Aug 30 22:00:53.823986 dv-cinder-760184-7-iscsi devstack@c-api.service[100593]: WARNING cinder.volume.api [None req-d4a5381a-517e-4d86-b153-5e5097e84aee tempest-VolumeQuotasNegativeTestJSON-478910975 tempest-VolumeQuotasNegativeTestJSON-478910975-project] Task 'cinder.volume.flows.api.create_volume.ExtractVolumeRequestTask;volume:create' (e79eeba7-1672-4990-90d4-e948f227849d) transitioned into state 'REVERTED' from state 'REVERTING' with result 'None'
Aug 30 22:00:53.827962 dv-cinder-760184-7-iscsi devstack@c-api.service[100593]: WARNING cinder.volume.api [None req-d4a5381a-517e-4d86-b153-5e5097e84aee tempest-VolumeQuotasNegativeTestJSON-478910975 tempest-VolumeQuotasNegativeTestJSON-478910975-project] Flow 'volume_create_api' (175d64da-7333-417f-8891-e2e09a0a2945) transitioned into state 'REVERTED' from state 'RUNNING'
Aug 30 22:00:53.828261 dv-cinder-760184-7-iscsi devstack@c-api.service[100592]: INFO cinder.api.openstack.wsgi [None req-3980f823-f54c-4af9-8b82-0dbdf4f492df tempest-UserMessagesTest-2026166559 tempest-UserMessagesTest-2026166559-project] GET http://10.222.0.32/volume/v3/6515196a318944b1aee7e060ae3a3039/volumes/575975b0-e5f0-4d5e-9c81-ba07fcc2200c
Aug 30 22:00:53.828739 dv-cinder-760184-7-iscsi devstack@c-api.service[100592]: DEBUG cinder.api.openstack.wsgi [None req-3980f823-f54c-4af9-8b82-0dbdf4f492df tempest-UserMessagesTest-2026166559 tempest-UserMessagesTest-2026166559-project] Empty body provided in request {{(pid=100592) get_body /opt/stack/cinder/cinder/api/openstack/wsgi.py:703}}
Aug 30 22:00:53.828900 dv-cinder-760184-7-iscsi devstack@c-api.service[100593]: INFO cinder.api.middleware.fault [None req-d4a5381a-517e-4d86-b153-5e5097e84aee tempest-VolumeQuotasNegativeTestJSON-478910975 tempest-VolumeQuotasNegativeTestJSON-478910975-project] http://10.222.0.32/volume/v3/e942f0cf523344198ca7ba21651f705a/volumes returned with HTTP 413
Aug 30 22:00:53.829022 dv-cinder-760184-7-iscsi devstack@c-api.service[100592]: /usr/local/lib/python3.8/dist-packages/webob/acceptparse.py:1047: DeprecationWarning: The behavior of AcceptValidHeader.best_match is currently being maintained for backward compatibility, but it will be deprecated in the future, as it does not conform to the RFC.
Aug 30 22:00:53.829022 dv-cinder-760184-7-iscsi devstack@c-api.service[100592]: warnings.warn(
Aug 30 22:00:53.829449 dv-cinder-760184-7-iscsi devstack@c-api.service[100592]: DEBUG cinder.api.openstack.wsgi [None req-3980f823-f54c-4af9-8b82-0dbdf4f492df tempest-UserMessagesTest-2026166559 tempest-UserMessagesTest-2026166559-project] Calling method 'show' {{(pid=100592) _process_stack /opt/stack/cinder/cinder/api/openstack/wsgi.py:856}}
Aug 30 22:00:53.836807 dv-cinder-760184-7-iscsi devstack@c-api.service[100593]: [pid: 100593|app: 0|req: 96/193] 10.222.0.32 () {60 vars in 1235 bytes} [Mon Aug 30 22:00:53 2021] POST /volume/v3/e942f0cf523344198ca7ba21651f705a/volumes => generated 208 bytes in 262 msecs (HTTP/1.1 413) 8 headers in 323 bytes (1 switches on core 0)
Aug 30 22:00:53.848684 dv-cinder-760184-7-iscsi devstack@c-api.service[100592]: INFO cinder.api.openstack.wsgi [None req-3980f823-f54c-4af9-8b82-0dbdf4f492df tempest-UserMessagesTest-2026166559 tempest-UserMessagesTest-2026166559-project] http://10.222.0.32/volume/v3/6515196a318944b1aee7e060ae3a3039/volumes/575975b0-e5f0-4d5e-9c81-ba07fcc2200c returned with HTTP 404
Aug 30 22:00:53.850015 dv-cinder-760184-7-iscsi devstack@c-api.service[100592]: [pid: 100592|app: 0|req: 98/194] 10.222.0.32 () {58 vars in 1325 bytes} [Mon Aug 30 22:00:53 2021] GET /volume/v3/6515196a318944b1aee7e060ae3a3039/volumes/575975b0-e5f0-4d5e-9c81-ba07fcc2200c => generated 109 bytes in 28 msecs (HTTP/1.1 404) 7 headers in 292 bytes (2 switches on core 0)
Aug 30 22:00:53.851673 dv-cinder-760184-7-iscsi devstack@c-api.service[100593]: INFO cinder.api.openstack.wsgi [None req-b9fa7755-8195-4b5b-b4ab-99f40aba5ee6 tempest-VolumeQuotasNegativeTestJSON-532649553 tempest-VolumeQuotasNegativeTestJSON-532649553-project-admin] PUT http://10.222.0.32/volume/v3/522ea95300d745c2bc5f85ce30b9c8da/os-quota-sets/e942f0cf523344198ca7ba21651f705a
Aug 30 22:00:53.852192 dv-cinder-760184-7-iscsi devstack@c-api.service[100593]: /usr/local/lib/python3.8/dist-packages/webob/acceptparse.py:1047: DeprecationWarning: The behavior of AcceptValidHeader.best_match is currently being maintained for backward compatibility, but it will be deprecated in the future, as it does not conform to the RFC.
Aug 30 22:00:53.852192 dv-cinder-760184-7-iscsi devstack@c-api.service[100593]: warnings.warn(
Aug 30 22:00:53.852757 dv-cinder-760184-7-iscsi devstack@c-api.service[100593]: DEBUG cinder.api.openstack.wsgi [None req-b9fa7755-8195-4b5b-b4ab-99f40aba5ee6 tempest-VolumeQuotasNegativeTestJSON-532649553 tempest-VolumeQuotasNegativeTestJSON-532649553-project-admin] Action: 'update', calling method: update, body: {"quota_set": {"volumes": 1, "gigabytes": -1}} {{(pid=100593) _process_stack /opt/stack/cinder/cinder/api/openstack/wsgi.py:854}}
Aug 30 22:00:53.863723 dv-cinder-760184-7-iscsi devstack@c-api.service[100592]: INFO cinder.api.openstack.wsgi [None req-09cd5fdc-9ba6-4214-b281-beaba87be3d0 tempest-UserMessagesTest-4489428 tempest-UserMessagesTest-4489428-project-admin] DELETE http://10.222.0.32/volume/v3/02f8465780a544d28612de5e4833588f/types/15cfd9fb-6e51-4672-857f-934b9761d811
Aug 30 22:00:53.864446 dv-cinder-760184-7-iscsi devstack@c-api.service[100592]: DEBUG cinder.api.openstack.wsgi [None req-09cd5fdc-9ba6-4214-b281-beaba87be3d0 tempest-UserMessagesTest-4489428 tempest-UserMessagesTest-4489428-project-admin] Empty body provided in request {{(pid=100592) get_body /opt/stack/cinder/cinder/api/openstack/wsgi.py:703}}
Aug 30 22:00:53.865562 dv-cinder-760184-7-iscsi devstack@c-api.service[100592]: DEBUG cinder.api.openstack.wsgi [None req-09cd5fdc-9ba6-4214-b281-beaba87be3d0 tempest-UserMessagesTest-4489428 tempest-UserMessagesTest-4489428-project-admin] Calling method '_delete' {{(pid=100592) _process_stack /opt/stack/cinder/cinder/api/openstack/wsgi.py:856}}
Aug 30 22:00:53.871479 dv-cinder-760184-7-iscsi devstack@c-api.service[100593]: /usr/local/lib/python3.8/dist-packages/oslo_context/context.py:105: DeprecationWarning: Policy enforcement is depending on the value of is_admin. This key is deprecated. Please update your policy file to use the standard policy values.
Aug 30 22:00:53.871479 dv-cinder-760184-7-iscsi devstack@c-api.service[100593]: warnings.warn('Policy enforcement is depending on the value of '
Aug 30 22:00:53.983969 dv-cinder-760184-7-iscsi devstack@c-api.service[100592]: INFO cinder.api.openstack.wsgi [None req-09cd5fdc-9ba6-4214-b281-beaba87be3d0 tempest-UserMessagesTest-4489428 tempest-UserMessagesTest-4489428-project-admin] http://10.222.0.32/volume/v3/02f8465780a544d28612de5e4833588f/types/15cfd9fb-6e51-4672-857f-934b9761d811 returned with HTTP 202
Aug 30 22:00:53.985638 dv-cinder-760184-7-iscsi devstack@c-api.service[100592]: [pid: 100592|app: 0|req: 99/195] 10.222.0.32 () {58 vars in 1322 bytes} [Mon Aug 30 22:00:53 2021] DELETE /volume/v3/02f8465780a544d28612de5e4833588f/types/15cfd9fb-6e51-4672-857f-934b9761d811 => generated 0 bytes in 132 msecs (HTTP/1.1 202) 6 headers in 233 bytes (1 switches on core 0)
Aug 30 22:00:53.996831 dv-cinder-760184-7-iscsi devstack@c-api.service[100592]: INFO cinder.api.openstack.wsgi [None req-2ae3080e-896a-408b-8f6c-d16ab9c9f8c3 tempest-GroupsTest-2135981872 tempest-GroupsTest-2135981872-project] GET http://10.222.0.32/volume/v3/6b8c7b9081c3446c8f7d3a863260fec2/groups/068492c2-11af-4dd4-9b0b-28539941e6f8
Aug 30 22:00:53.998077 dv-cinder-760184-7-iscsi devstack@c-api.service[100592]: DEBUG cinder.api.openstack.wsgi [None req-2ae3080e-896a-408b-8f6c-d16ab9c9f8c3 tempest-GroupsTest-2135981872 tempest-GroupsTest-2135981872-project] Empty body provided in request {{(pid=100592) get_body /opt/stack/cinder/cinder/api/openstack/wsgi.py:703}}
Aug 30 22:00:53.998397 dv-cinder-760184-7-iscsi devstack@c-api.service[100593]: WARNING cinder.quota [None req-b9fa7755-8195-4b5b-b4ab-99f40aba5ee6 tempest-VolumeQuotasNegativeTestJSON-532649553 tempest-VolumeQuotasNegativeTestJSON-532649553-project-admin] Deprecated: Default quota for resource: backups is set by the default quota flag: quota_backups, it is now deprecated. Please use the default quota class for default quota.
Aug 30 22:00:53.999576 dv-cinder-760184-7-iscsi devstack@c-api.service[100593]: WARNING cinder.quota [None req-b9fa7755-8195-4b5b-b4ab-99f40aba5ee6 tempest-VolumeQuotasNegativeTestJSON-532649553 tempest-VolumeQuotasNegativeTestJSON-532649553-project-admin] Deprecated: Default quota for resource: backup_gigabytes is set by the default quota flag: quota_backup_gigabytes, it is now deprecated. Please use the default quota class for default quota.
Aug 30 22:00:54.000606 dv-cinder-760184-7-iscsi devstack@c-api.service[100593]: WARNING cinder.quota [None req-b9fa7755-8195-4b5b-b4ab-99f40aba5ee6 tempest-VolumeQuotasNegativeTestJSON-532649553 tempest-VolumeQuotasNegativeTestJSON-532649553-project-admin] Deprecated: Default quota for resource: volumes_tempest-UserMessagesTest-volume-type-561139045 is set by the default quota flag: quota_volumes_tempest-UserMessagesTest-volume-type-561139045, it is now deprecated. Please use the default quota class for default quota.
Aug 30 22:00:54.000765 dv-cinder-760184-7-iscsi devstack@c-api.service[100592]: DEBUG cinder.api.openstack.wsgi [None req-2ae3080e-896a-408b-8f6c-d16ab9c9f8c3 tempest-GroupsTest-2135981872 tempest-GroupsTest-2135981872-project] Calling method 'version_select' {{(pid=100592) _process_stack /opt/stack/cinder/cinder/api/openstack/wsgi.py:856}}
Aug 30 22:00:54.001662 dv-cinder-760184-7-iscsi devstack@c-api.service[100592]: DEBUG cinder.api.v3.groups [None req-2ae3080e-896a-408b-8f6c-d16ab9c9f8c3 tempest-GroupsTest-2135981872 tempest-GroupsTest-2135981872-project] show called for member 068492c2-11af-4dd4-9b0b-28539941e6f8 {{(pid=100592) show /opt/stack/cinder/cinder/api/v3/groups.py:58}}
Aug 30 22:00:54.001825 dv-cinder-760184-7-iscsi devstack@c-api.service[100593]: WARNING cinder.quota [None req-b9fa7755-8195-4b5b-b4ab-99f40aba5ee6 tempest-VolumeQuotasNegativeTestJSON-532649553 tempest-VolumeQuotasNegativeTestJSON-532649553-project-admin] Deprecated: Default quota for resource: gigabytes_tempest-UserMessagesTest-volume-type-561139045 is set by the default quota flag: quota_gigabytes_tempest-UserMessagesTest-volume-type-561139045, it is now deprecated. Please use the default quota class for default quota.
Aug 30 22:00:54.002684 dv-cinder-760184-7-iscsi devstack@c-api.service[100593]: WARNING cinder.quota [None req-b9fa7755-8195-4b5b-b4ab-99f40aba5ee6 tempest-VolumeQuotasNegativeTestJSON-532649553 tempest-VolumeQuotasNegativeTestJSON-532649553-project-admin] Deprecated: Default quota for resource: snapshots_tempest-UserMessagesTest-volume-type-561139045 is set by the default quota flag: quota_snapshots_tempest-UserMessagesTest-volume-type-561139045, it is now deprecated. Please use the default quota class for default quota.
Aug 30 22:00:54.005040 dv-cinder-760184-7-iscsi devstack@c-api.service[100593]: WARNING cinder.quota [None req-b9fa7755-8195-4b5b-b4ab-99f40aba5ee6 tempest-VolumeQuotasNegativeTestJSON-532649553 tempest-VolumeQuotasNegativeTestJSON-532649553-project-admin] Deprecated: Default quota for resource: snapshots_tempest-GroupsTest-volume-type-303834464 is set by the default quota flag: quota_snapshots_tempest-GroupsTest-volume-type-303834464, it is now deprecated. Please use the default quota class for default quota.
Aug 30 22:00:54.006050 dv-cinder-760184-7-iscsi devstack@c-api.service[100593]: WARNING cinder.quota [None req-b9fa7755-8195-4b5b-b4ab-99f40aba5ee6 tempest-VolumeQuotasNegativeTestJSON-532649553 tempest-VolumeQuotasNegativeTestJSON-532649553-project-admin] Deprecated: Default quota for resource: volumes_lvmdriver-1 is set by the default quota flag: quota_volumes_lvmdriver-1, it is now deprecated. Please use the default quota class for default quota.
Aug 30 22:00:54.007782 dv-cinder-760184-7-iscsi devstack@c-api.service[100593]: WARNING cinder.quota [None req-b9fa7755-8195-4b5b-b4ab-99f40aba5ee6 tempest-VolumeQuotasNegativeTestJSON-532649553 tempest-VolumeQuotasNegativeTestJSON-532649553-project-admin] Deprecated: Default quota for resource: gigabytes_lvmdriver-1 is set by the default quota flag: quota_gigabytes_lvmdriver-1, it is now deprecated. Please use the default quota class for default quota.
Aug 30 22:00:54.007782 dv-cinder-760184-7-iscsi devstack@c-api.service[100593]: WARNING cinder.quota [None req-b9fa7755-8195-4b5b-b4ab-99f40aba5ee6 tempest-VolumeQuotasNegativeTestJSON-532649553 tempest-VolumeQuotasNegativeTestJSON-532649553-project-admin] Deprecated: Default quota for resource: snapshots_lvmdriver-1 is set by the default quota flag: quota_snapshots_lvmdriver-1, it is now deprecated. Please use the default quota class for default quota.
Aug 30 22:00:54.010292 dv-cinder-760184-7-iscsi devstack@c-api.service[100593]: WARNING cinder.quota [None req-b9fa7755-8195-4b5b-b4ab-99f40aba5ee6 tempest-VolumeQuotasNegativeTestJSON-532649553 tempest-VolumeQuotasNegativeTestJSON-532649553-project-admin] Deprecated: Default quota for resource: snapshots___DEFAULT__ is set by the default quota flag: quota_snapshots___DEFAULT__, it is now deprecated. Please use the default quota class for default quota.
Aug 30 22:00:54.017070 dv-cinder-760184-7-iscsi devstack@c-api.service[100592]: INFO cinder.api.openstack.wsgi [None req-2ae3080e-896a-408b-8f6c-d16ab9c9f8c3 tempest-GroupsTest-2135981872 tempest-GroupsTest-2135981872-project] http://10.222.0.32/volume/v3/6b8c7b9081c3446c8f7d3a863260fec2/groups/068492c2-11af-4dd4-9b0b-28539941e6f8 returned with HTTP 404
Aug 30 22:00:54.021287 dv-cinder-760184-7-iscsi devstack@c-api.service[100592]: [pid: 100592|app: 0|req: 100/196] 10.222.0.32 () {60 vars in 1363 bytes} [Mon Aug 30 22:00:53 2021] GET /volume/v3/6b8c7b9081c3446c8f7d3a863260fec2/groups/068492c2-11af-4dd4-9b0b-28539941e6f8 => generated 108 bytes in 35 msecs (HTTP/1.1 404) 7 headers in 293 bytes (1 switches on core 0)
Aug 30 22:00:54.027759 dv-cinder-760184-7-iscsi devstack@c-api.service[100593]: INFO cinder.api.openstack.wsgi [None req-b9fa7755-8195-4b5b-b4ab-99f40aba5ee6 tempest-VolumeQuotasNegativeTestJSON-532649553 tempest-VolumeQuotasNegativeTestJSON-532649553-project-admin] http://10.222.0.32/volume/v3/522ea95300d745c2bc5f85ce30b9c8da/os-quota-sets/e942f0cf523344198ca7ba21651f705a returned with HTTP 200
Aug 30 22:00:54.039336 dv-cinder-760184-7-iscsi devstack@c-api.service[100593]: [pid: 100593|app: 0|req: 97/197] 10.222.0.32 () {60 vars in 1351 bytes} [Mon Aug 30 22:00:53 2021] PUT /volume/v3/522ea95300d745c2bc5f85ce30b9c8da/os-quota-sets/e942f0cf523344198ca7ba21651f705a => generated 678 bytes in 193 msecs (HTTP/1.1 200) 7 headers in 285 bytes (2 switches on core 0)
Aug 30 22:00:54.039459 dv-cinder-760184-7-iscsi devstack@c-api.service[100592]: INFO cinder.api.openstack.wsgi [None req-537d8f76-159e-442b-b447-9c4d830f6dcc tempest-UserMessagesTest-4489428 tempest-UserMessagesTest-4489428-project-admin] GET http://10.222.0.32/volume/v3/02f8465780a544d28612de5e4833588f/types/15cfd9fb-6e51-4672-857f-934b9761d811
Aug 30 22:00:54.039459 dv-cinder-760184-7-iscsi devstack@c-api.service[100592]: DEBUG cinder.api.openstack.wsgi [None req-537d8f76-159e-442b-b447-9c4d830f6dcc tempest-UserMessagesTest-4489428 tempest-UserMessagesTest-4489428-project-admin] Empty body provided in request {{(pid=100592) get_body /opt/stack/cinder/cinder/api/openstack/wsgi.py:703}}
Aug 30 22:00:54.039459 dv-cinder-760184-7-iscsi devstack@c-api.service[100592]: DEBUG cinder.api.openstack.wsgi [None req-537d8f76-159e-442b-b447-9c4d830f6dcc tempest-UserMessagesTest-4489428 tempest-UserMessagesTest-4489428-project-admin] Calling method 'show' {{(pid=100592) _process_stack /opt/stack/cinder/cinder/api/openstack/wsgi.py:856}}
Aug 30 22:00:54.049098 dv-cinder-760184-7-iscsi devstack@c-api.service[100593]: INFO cinder.api.openstack.wsgi [None req-c1e39a0b-5f1f-46d7-822a-a73290da13c7 tempest-GroupsTest-2135981872 tempest-GroupsTest-2135981872-project] GET http://10.222.0.32/volume/v3/6b8c7b9081c3446c8f7d3a863260fec2/groups/detail
Aug 30 22:00:54.049878 dv-cinder-760184-7-iscsi devstack@c-api.service[100592]: INFO cinder.api.openstack.wsgi [None req-537d8f76-159e-442b-b447-9c4d830f6dcc tempest-UserMessagesTest-4489428 tempest-UserMessagesTest-4489428-project-admin] http://10.222.0.32/volume/v3/02f8465780a544d28612de5e4833588f/types/15cfd9fb-6e51-4672-857f-934b9761d811 returned with HTTP 404
Aug 30 22:00:54.050556 dv-cinder-760184-7-iscsi devstack@c-api.service[100593]: DEBUG cinder.api.openstack.wsgi [None req-c1e39a0b-5f1f-46d7-822a-a73290da13c7 tempest-GroupsTest-2135981872 tempest-GroupsTest-2135981872-project] Empty body provided in request {{(pid=100593) get_body /opt/stack/cinder/cinder/api/openstack/wsgi.py:703}}
Aug 30 22:00:54.051083 dv-cinder-760184-7-iscsi devstack@c-api.service[100593]: DEBUG cinder.api.openstack.wsgi [None req-c1e39a0b-5f1f-46d7-822a-a73290da13c7 tempest-GroupsTest-2135981872 tempest-GroupsTest-2135981872-project] Calling method 'version_select' {{(pid=100593) _process_stack /opt/stack/cinder/cinder/api/openstack/wsgi.py:856}}
Aug 30 22:00:54.051184 dv-cinder-760184-7-iscsi devstack@c-api.service[100592]: [pid: 100592|app: 0|req: 101/198] 10.222.0.32 () {58 vars in 1319 bytes} [Mon Aug 30 22:00:54 2021] GET /volume/v3/02f8465780a544d28612de5e4833588f/types/15cfd9fb-6e51-4672-857f-934b9761d811 => generated 114 bytes in 29 msecs (HTTP/1.1 404) 7 headers in 292 bytes (1 switches on core 0)
Aug 30 22:00:54.055245 dv-cinder-760184-7-iscsi devstack@c-api.service[100592]: INFO cinder.api.openstack.wsgi [None req-701b3fca-b8be-4496-9638-1daec40aecf8 tempest-VolumeQuotasNegativeTestJSON-478910975 tempest-VolumeQuotasNegativeTestJSON-478910975-project] POST http://10.222.0.32/volume/v3/e942f0cf523344198ca7ba21651f705a/volumes
Aug 30 22:00:54.056280 dv-cinder-760184-7-iscsi devstack@c-api.service[100592]: DEBUG cinder.api.openstack.wsgi [None req-701b3fca-b8be-4496-9638-1daec40aecf8 tempest-VolumeQuotasNegativeTestJSON-478910975 tempest-VolumeQuotasNegativeTestJSON-478910975-project] Action: 'create', calling method: create, body: {"volume": {"size": 1}} {{(pid=100592) _process_stack /opt/stack/cinder/cinder/api/openstack/wsgi.py:854}}
Aug 30 22:00:54.057096 dv-cinder-760184-7-iscsi devstack@c-api.service[100592]: DEBUG cinder.api.v3.volumes [None req-701b3fca-b8be-4496-9638-1daec40aecf8 tempest-VolumeQuotasNegativeTestJSON-478910975 tempest-VolumeQuotasNegativeTestJSON-478910975-project] Create volume request body: {'volume': {'size': 1}} {{(pid=100592) create /opt/stack/cinder/cinder/api/v3/volumes.py:298}}
Aug 30 22:00:54.057403 dv-cinder-760184-7-iscsi devstack@c-api.service[100592]: INFO cinder.api.v3.volumes [None req-701b3fca-b8be-4496-9638-1daec40aecf8 tempest-VolumeQuotasNegativeTestJSON-478910975 tempest-VolumeQuotasNegativeTestJSON-478910975-project] Create volume of 1 GB
Aug 30 22:00:54.059436 dv-cinder-760184-7-iscsi devstack@c-api.service[100593]: INFO cinder.api.openstack.wsgi [None req-c1e39a0b-5f1f-46d7-822a-a73290da13c7 tempest-GroupsTest-2135981872 tempest-GroupsTest-2135981872-project] http://10.222.0.32/volume/v3/6b8c7b9081c3446c8f7d3a863260fec2/groups/detail returned with HTTP 200
Aug 30 22:00:54.063677 dv-cinder-760184-7-iscsi devstack@c-api.service[100592]: INFO cinder.volume.api [None req-701b3fca-b8be-4496-9638-1daec40aecf8 tempest-VolumeQuotasNegativeTestJSON-478910975 tempest-VolumeQuotasNegativeTestJSON-478910975-project] Availability Zones retrieved successfully.
Aug 30 22:00:54.065892 dv-cinder-760184-7-iscsi devstack@c-api.service[100593]: [pid: 100593|app: 0|req: 98/199] 10.222.0.32 () {60 vars in 1273 bytes} [Mon Aug 30 22:00:54 2021] GET /volume/v3/6b8c7b9081c3446c8f7d3a863260fec2/groups/detail => generated 14 bytes in 34 msecs (HTTP/1.1 200) 7 headers in 285 bytes (1 switches on core 0)
Aug 30 22:00:54.069934 dv-cinder-760184-7-iscsi devstack@c-api.service[100593]: INFO cinder.api.openstack.wsgi [None req-12ec7129-fe87-485b-b82f-41210cae8062 tempest-UserMessagesTest-2026166559 tempest-UserMessagesTest-2026166559-project] DELETE http://10.222.0.32/volume/v3/6515196a318944b1aee7e060ae3a3039/volumes/802663ba-f100-4ba0-82d0-2e11a56c869d
Aug 30 22:00:54.070778 dv-cinder-760184-7-iscsi devstack@c-api.service[100593]: DEBUG cinder.api.openstack.wsgi [None req-12ec7129-fe87-485b-b82f-41210cae8062 tempest-UserMessagesTest-2026166559 tempest-UserMessagesTest-2026166559-project] Empty body provided in request {{(pid=100593) get_body /opt/stack/cinder/cinder/api/openstack/wsgi.py:703}}
Aug 30 22:00:54.071084 dv-cinder-760184-7-iscsi devstack@c-api.service[100593]: DEBUG cinder.api.openstack.wsgi [None req-12ec7129-fe87-485b-b82f-41210cae8062 tempest-UserMessagesTest-2026166559 tempest-UserMessagesTest-2026166559-project] Calling method 'delete' {{(pid=100593) _process_stack /opt/stack/cinder/cinder/api/openstack/wsgi.py:856}}
Aug 30 22:00:54.071596 dv-cinder-760184-7-iscsi devstack@c-api.service[100593]: INFO cinder.api.v3.volumes [None req-12ec7129-fe87-485b-b82f-41210cae8062 tempest-UserMessagesTest-2026166559 tempest-UserMessagesTest-2026166559-project] Delete volume with id: 802663ba-f100-4ba0-82d0-2e11a56c869d
Aug 30 22:00:54.081632 dv-cinder-760184-7-iscsi devstack@c-api.service[100592]: DEBUG cinder.volume.api [None req-701b3fca-b8be-4496-9638-1daec40aecf8 tempest-VolumeQuotasNegativeTestJSON-478910975 tempest-VolumeQuotasNegativeTestJSON-478910975-project] Flow 'volume_create_api' (63f5f9f0-4428-4871-8478-ca12bfba530b) transitioned into state 'RUNNING' from state 'PENDING' {{(pid=100592) _flow_receiver /usr/local/lib/python3.8/dist-packages/taskflow/listeners/logging.py:141}}
Aug 30 22:00:54.084246 dv-cinder-760184-7-iscsi devstack@c-api.service[100592]: DEBUG cinder.volume.api [None req-701b3fca-b8be-4496-9638-1daec40aecf8 tempest-VolumeQuotasNegativeTestJSON-478910975 tempest-VolumeQuotasNegativeTestJSON-478910975-project] Task 'cinder.volume.flows.api.create_volume.ExtractVolumeRequestTask;volume:create' (9f142ab7-3c48-4b48-87ed-7b63d7dc7dc5) transitioned into state 'RUNNING' from state 'PENDING' {{(pid=100592) _task_receiver /usr/local/lib/python3.8/dist-packages/taskflow/listeners/logging.py:190}}
Aug 30 22:00:54.086390 dv-cinder-760184-7-iscsi devstack@c-api.service[100592]: DEBUG cinder.volume.flows.api.create_volume [None req-701b3fca-b8be-4496-9638-1daec40aecf8 tempest-VolumeQuotasNegativeTestJSON-478910975 tempest-VolumeQuotasNegativeTestJSON-478910975-project] Validating volume size '1' using validate_int {{(pid=100592) _extract_size /opt/stack/cinder/cinder/volume/flows/api/create_volume.py:225}}
Aug 30 22:00:54.090268 dv-cinder-760184-7-iscsi devstack@c-api.service[100593]: /usr/local/lib/python3.8/dist-packages/oslo_context/context.py:105: DeprecationWarning: Policy enforcement is depending on the value of is_admin. This key is deprecated. Please update your policy file to use the standard policy values.
Aug 30 22:00:54.090268 dv-cinder-760184-7-iscsi devstack@c-api.service[100593]: warnings.warn('Policy enforcement is depending on the value of '
Aug 30 22:00:54.091900 dv-cinder-760184-7-iscsi devstack@c-api.service[100593]: INFO cinder.volume.api [None req-12ec7129-fe87-485b-b82f-41210cae8062 tempest-UserMessagesTest-2026166559 tempest-UserMessagesTest-2026166559-project] Volume info retrieved successfully.
Aug 30 22:00:54.094677 dv-cinder-760184-7-iscsi devstack@c-api.service[100593]: DEBUG cinder.volume.api [None req-12ec7129-fe87-485b-b82f-41210cae8062 tempest-UserMessagesTest-2026166559 tempest-UserMessagesTest-2026166559-project] Decrease volume quotas for non temporary volume in non error_managing status. {{(pid=100593) delete /opt/stack/cinder/cinder/volume/api.py:406}}
Aug 30 22:00:54.121073 dv-cinder-760184-7-iscsi devstack@c-api.service[100592]: DEBUG cinder.volume.api [None req-701b3fca-b8be-4496-9638-1daec40aecf8 tempest-VolumeQuotasNegativeTestJSON-478910975 tempest-VolumeQuotasNegativeTestJSON-478910975-project] Task 'cinder.volume.flows.api.create_volume.ExtractVolumeRequestTask;volume:create' (9f142ab7-3c48-4b48-87ed-7b63d7dc7dc5) transitioned into state 'SUCCESS' from state 'RUNNING' with result '{'size': 1, 'snapshot_id': None, 'source_volid': None, 'volume_type': VolumeType(created_at=2021-08-30T21:51:02Z,deleted=False,deleted_at=None,description='Default Volume Type',extra_specs={},id=632ae3f5-d502-4777-9f77-9c31477489d9,is_public=True,name='__DEFAULT__',projects=[],qos_specs=,qos_specs_id=None,updated_at=2021-08-30T21:51:02Z), 'volume_type_id': '632ae3f5-d502-4777-9f77-9c31477489d9', 'encryption_key_id': None, 'qos_specs': None, 'consistencygroup_id': None, 'cgsnapshot_id': None, 'group_id': None, 'replication_status': 'disabled', 'refresh_az': False, 'backup_id': None, 'multiattach': False, 'availability_zones': ['nova']}' {{(pid=100592) _task_receiver /usr/local/lib/python3.8/dist-packages/taskflow/listeners/logging.py:178}}
Aug 30 22:00:54.123146 dv-cinder-760184-7-iscsi devstack@c-api.service[100592]: DEBUG cinder.volume.api [None req-701b3fca-b8be-4496-9638-1daec40aecf8 tempest-VolumeQuotasNegativeTestJSON-478910975 tempest-VolumeQuotasNegativeTestJSON-478910975-project] Task 'cinder.volume.flows.api.create_volume.QuotaReserveTask;volume:create' (0543682e-1919-4042-a88e-2187d00787c9) transitioned into state 'RUNNING' from state 'PENDING' {{(pid=100592) _task_receiver /usr/local/lib/python3.8/dist-packages/taskflow/listeners/logging.py:190}}
Aug 30 22:00:54.141195 dv-cinder-760184-7-iscsi devstack@c-api.service[100593]: DEBUG cinder.quota [None req-12ec7129-fe87-485b-b82f-41210cae8062 tempest-UserMessagesTest-2026166559 tempest-UserMessagesTest-2026166559-project] Created reservations ['27c6cf95-0c5d-4d37-8feb-0dbf6abd6957', '4933055b-f3fc-4df6-b8dd-62bb9b2a77d1', '4d90168a-d079-43b6-9972-e79e0c35e030', 'd3df3ab2-b8b3-442c-ac44-570f69f68157'] {{(pid=100593) reserve /opt/stack/cinder/cinder/quota.py:755}}
Aug 30 22:00:54.170655 dv-cinder-760184-7-iscsi devstack@c-api.service[100592]: WARNING cinder.quota_utils [None req-701b3fca-b8be-4496-9638-1daec40aecf8 tempest-VolumeQuotasNegativeTestJSON-478910975 tempest-VolumeQuotasNegativeTestJSON-478910975-project] Quota exceeded for e942f0cf523344198ca7ba21651f705a, tried to create volume (1 volumes already consumed).: cinder.exception.OverQuota: Quota exceeded for resources: ['volumes']
Aug 30 22:00:54.177849 dv-cinder-760184-7-iscsi devstack@c-api.service[100592]: WARNING cinder.volume.api [None req-701b3fca-b8be-4496-9638-1daec40aecf8 tempest-VolumeQuotasNegativeTestJSON-478910975 tempest-VolumeQuotasNegativeTestJSON-478910975-project] Task 'cinder.volume.flows.api.create_volume.QuotaReserveTask;volume:create' (0543682e-1919-4042-a88e-2187d00787c9) transitioned into state 'FAILURE' from state 'RUNNING'
Aug 30 22:00:54.177849 dv-cinder-760184-7-iscsi devstack@c-api.service[100592]: Failure: cinder.exception.VolumeLimitExceeded: Maximum number of volumes allowed (1) exceeded for quota 'volumes'.
Aug 30 22:00:54.183273 dv-cinder-760184-7-iscsi devstack@c-api.service[100592]: DEBUG cinder.volume.api [None req-701b3fca-b8be-4496-9638-1daec40aecf8 tempest-VolumeQuotasNegativeTestJSON-478910975 tempest-VolumeQuotasNegativeTestJSON-478910975-project] Task 'cinder.volume.flows.api.create_volume.QuotaReserveTask;volume:create' (0543682e-1919-4042-a88e-2187d00787c9) transitioned into state 'REVERTING' from state 'FAILURE' {{(pid=100592) _task_receiver /usr/local/lib/python3.8/dist-packages/taskflow/listeners/logging.py:190}}
Aug 30 22:00:54.186005 dv-cinder-760184-7-iscsi devstack@c-api.service[100592]: WARNING cinder.volume.api [None req-701b3fca-b8be-4496-9638-1daec40aecf8 tempest-VolumeQuotasNegativeTestJSON-478910975 tempest-VolumeQuotasNegativeTestJSON-478910975-project] Task 'cinder.volume.flows.api.create_volume.QuotaReserveTask;volume:create' (0543682e-1919-4042-a88e-2187d00787c9) transitioned into state 'REVERTED' from state 'REVERTING' with result 'None'
Aug 30 22:00:54.188287 dv-cinder-760184-7-iscsi devstack@c-api.service[100592]: DEBUG cinder.volume.api [None req-701b3fca-b8be-4496-9638-1daec40aecf8 tempest-VolumeQuotasNegativeTestJSON-478910975 tempest-VolumeQuotasNegativeTestJSON-478910975-project] Task 'cinder.volume.flows.api.create_volume.ExtractVolumeRequestTask;volume:create' (9f142ab7-3c48-4b48-87ed-7b63d7dc7dc5) transitioned into state 'REVERTING' from state 'SUCCESS' {{(pid=100592) _task_receiver /usr/local/lib/python3.8/dist-packages/taskflow/listeners/logging.py:190}}
Aug 30 22:00:54.190718 dv-cinder-760184-7-iscsi devstack@c-api.service[100592]: WARNING cinder.volume.api [None req-701b3fca-b8be-4496-9638-1daec40aecf8 tempest-VolumeQuotasNegativeTestJSON-478910975 tempest-VolumeQuotasNegativeTestJSON-478910975-project] Task 'cinder.volume.flows.api.create_volume.ExtractVolumeRequestTask;volume:create' (9f142ab7-3c48-4b48-87ed-7b63d7dc7dc5) transitioned into state 'REVERTED' from state 'REVERTING' with result 'None'
Aug 30 22:00:54.194275 dv-cinder-760184-7-iscsi devstack@c-api.service[100592]: WARNING cinder.volume.api [None req-701b3fca-b8be-4496-9638-1daec40aecf8 tempest-VolumeQuotasNegativeTestJSON-478910975 tempest-VolumeQuotasNegativeTestJSON-478910975-project] Flow 'volume_create_api' (63f5f9f0-4428-4871-8478-ca12bfba530b) transitioned into state 'REVERTED' from state 'RUNNING'
Aug 30 22:00:54.195185 dv-cinder-760184-7-iscsi devstack@c-api.service[100592]: INFO cinder.api.middleware.fault [None req-701b3fca-b8be-4496-9638-1daec40aecf8 tempest-VolumeQuotasNegativeTestJSON-478910975 tempest-VolumeQuotasNegativeTestJSON-478910975-project] http://10.222.0.32/volume/v3/e942f0cf523344198ca7ba21651f705a/volumes returned with HTTP 413
Aug 30 22:00:54.196997 dv-cinder-760184-7-iscsi devstack@c-api.service[100592]: [pid: 100592|app: 0|req: 102/200] 10.222.0.32 () {60 vars in 1235 bytes} [Mon Aug 30 22:00:54 2021] POST /volume/v3/e942f0cf523344198ca7ba21651f705a/volumes => generated 150 bytes in 145 msecs (HTTP/1.1 413) 8 headers in 323 bytes (1 switches on core 0)
Aug 30 22:00:54.201912 dv-cinder-760184-7-iscsi devstack@c-api.service[100592]: INFO cinder.api.openstack.wsgi [None req-090f6851-7126-4e92-b9c8-e8c1589dbf61 tempest-GroupsTest-2135981872 tempest-GroupsTest-2135981872-project] GET http://10.222.0.32/volume/v3/6b8c7b9081c3446c8f7d3a863260fec2/volumes/detail
Aug 30 22:00:54.202941 dv-cinder-760184-7-iscsi devstack@c-api.service[100592]: DEBUG cinder.api.openstack.wsgi [None req-090f6851-7126-4e92-b9c8-e8c1589dbf61 tempest-GroupsTest-2135981872 tempest-GroupsTest-2135981872-project] Empty body provided in request {{(pid=100592) get_body /opt/stack/cinder/cinder/api/openstack/wsgi.py:703}}
Aug 30 22:00:54.203482 dv-cinder-760184-7-iscsi devstack@c-api.service[100592]: /usr/local/lib/python3.8/dist-packages/webob/acceptparse.py:1047: DeprecationWarning: The behavior of AcceptValidHeader.best_match is currently being maintained for backward compatibility, but it will be deprecated in the future, as it does not conform to the RFC.
Aug 30 22:00:54.203482 dv-cinder-760184-7-iscsi devstack@c-api.service[100592]: warnings.warn(
Aug 30 22:00:54.204105 dv-cinder-760184-7-iscsi devstack@c-api.service[100592]: DEBUG cinder.api.openstack.wsgi [None req-090f6851-7126-4e92-b9c8-e8c1589dbf61 tempest-GroupsTest-2135981872 tempest-GroupsTest-2135981872-project] Calling method 'detail' {{(pid=100592) _process_stack /opt/stack/cinder/cinder/api/openstack/wsgi.py:856}}
Aug 30 22:00:54.205021 dv-cinder-760184-7-iscsi devstack@c-api.service[100592]: DEBUG cinder.api.api_utils [None req-090f6851-7126-4e92-b9c8-e8c1589dbf61 tempest-GroupsTest-2135981872 tempest-GroupsTest-2135981872-project] Removing options '' from query. {{(pid=100592) remove_invalid_filter_options /opt/stack/cinder/cinder/api/api_utils.py:73}}
Aug 30 22:00:54.206819 dv-cinder-760184-7-iscsi devstack@c-api.service[100592]: /usr/local/lib/python3.8/dist-packages/oslo_context/context.py:105: DeprecationWarning: Policy enforcement is depending on the value of is_admin. This key is deprecated. Please update your policy file to use the standard policy values.
Aug 30 22:00:54.206819 dv-cinder-760184-7-iscsi devstack@c-api.service[100592]: warnings.warn('Policy enforcement is depending on the value of '
Aug 30 22:00:54.208238 dv-cinder-760184-7-iscsi devstack@c-api.service[100592]: DEBUG cinder.volume.api [None req-090f6851-7126-4e92-b9c8-e8c1589dbf61 tempest-GroupsTest-2135981872 tempest-GroupsTest-2135981872-project] Searching by: MultiDict([('no_migration_targets', True)]). {{(pid=100592) get_all /opt/stack/cinder/cinder/volume/api.py:619}}
Aug 30 22:00:54.253960 dv-cinder-760184-7-iscsi devstack@c-api.service[100593]: INFO cinder.volume.api [None req-12ec7129-fe87-485b-b82f-41210cae8062 tempest-UserMessagesTest-2026166559 tempest-UserMessagesTest-2026166559-project] Delete volume request issued successfully.
Aug 30 22:00:54.254309 dv-cinder-760184-7-iscsi devstack@c-api.service[100593]: INFO cinder.api.openstack.wsgi [None req-12ec7129-fe87-485b-b82f-41210cae8062 tempest-UserMessagesTest-2026166559 tempest-UserMessagesTest-2026166559-project] http://10.222.0.32/volume/v3/6515196a318944b1aee7e060ae3a3039/volumes/802663ba-f100-4ba0-82d0-2e11a56c869d returned with HTTP 202
Aug 30 22:00:54.255552 dv-cinder-760184-7-iscsi devstack@c-api.service[100593]: [pid: 100593|app: 0|req: 99/201] 10.222.0.32 () {58 vars in 1328 bytes} [Mon Aug 30 22:00:54 2021] DELETE /volume/v3/6515196a318944b1aee7e060ae3a3039/volumes/802663ba-f100-4ba0-82d0-2e11a56c869d => generated 0 bytes in 189 msecs (HTTP/1.1 202) 6 headers in 233 bytes (1 switches on core 0)
Aug 30 22:00:54.261448 dv-cinder-760184-7-iscsi devstack@c-api.service[100593]: INFO cinder.api.openstack.wsgi [None req-e2566049-d5e0-4c25-b219-e2ab38cc5c2f tempest-VolumeQuotasNegativeTestJSON-532649553 tempest-VolumeQuotasNegativeTestJSON-532649553-project-admin] PUT http://10.222.0.32/volume/v3/522ea95300d745c2bc5f85ce30b9c8da/os-quota-sets/e942f0cf523344198ca7ba21651f705a
Aug 30 22:00:54.261850 dv-cinder-760184-7-iscsi devstack@c-api.service[100593]: /usr/local/lib/python3.8/dist-packages/webob/acceptparse.py:1047: DeprecationWarning: The behavior of AcceptValidHeader.best_match is currently being maintained for backward compatibility, but it will be deprecated in the future, as it does not conform to the RFC.
Aug 30 22:00:54.261850 dv-cinder-760184-7-iscsi devstack@c-api.service[100593]: warnings.warn(
Aug 30 22:00:54.262200 dv-cinder-760184-7-iscsi devstack@c-api.service[100593]: DEBUG cinder.api.openstack.wsgi [None req-e2566049-d5e0-4c25-b219-e2ab38cc5c2f tempest-VolumeQuotasNegativeTestJSON-532649553 tempest-VolumeQuotasNegativeTestJSON-532649553-project-admin] Action: 'update', calling method: update, body: {"quota_set": {"gigabytes": 1}} {{(pid=100593) _process_stack /opt/stack/cinder/cinder/api/openstack/wsgi.py:854}}
Aug 30 22:00:54.302488 dv-cinder-760184-7-iscsi devstack@c-api.service[100592]: INFO cinder.volume.api [None req-090f6851-7126-4e92-b9c8-e8c1589dbf61 tempest-GroupsTest-2135981872 tempest-GroupsTest-2135981872-project] Get all volumes completed successfully.
Aug 30 22:00:54.308647 dv-cinder-760184-7-iscsi devstack@c-api.service[100592]: INFO cinder.api.openstack.wsgi [None req-090f6851-7126-4e92-b9c8-e8c1589dbf61 tempest-GroupsTest-2135981872 tempest-GroupsTest-2135981872-project] http://10.222.0.32/volume/v3/6b8c7b9081c3446c8f7d3a863260fec2/volumes/detail returned with HTTP 200
Aug 30 22:00:54.319878 dv-cinder-760184-7-iscsi devstack@c-api.service[100592]: [pid: 100592|app: 0|req: 103/202] 10.222.0.32 () {60 vars in 1276 bytes} [Mon Aug 30 22:00:54 2021] GET /volume/v3/6b8c7b9081c3446c8f7d3a863260fec2/volumes/detail => generated 15 bytes in 122 msecs (HTTP/1.1 200) 7 headers in 285 bytes (1 switches on core 0)
Aug 30 22:00:54.330211 dv-cinder-760184-7-iscsi devstack@c-api.service[100592]: INFO cinder.api.openstack.wsgi [None req-426cbc31-9abe-4c5c-971c-fcb43b5ca9c4 tempest-UserMessagesTest-2026166559 tempest-UserMessagesTest-2026166559-project] GET http://10.222.0.32/volume/v3/6515196a318944b1aee7e060ae3a3039/volumes/802663ba-f100-4ba0-82d0-2e11a56c869d
Aug 30 22:00:54.335976 dv-cinder-760184-7-iscsi devstack@c-api.service[100592]: DEBUG cinder.api.openstack.wsgi [None req-426cbc31-9abe-4c5c-971c-fcb43b5ca9c4 tempest-UserMessagesTest-2026166559 tempest-UserMessagesTest-2026166559-project] Empty body provided in request {{(pid=100592) get_body /opt/stack/cinder/cinder/api/openstack/wsgi.py:703}}
Aug 30 22:00:54.337155 dv-cinder-760184-7-iscsi devstack@c-api.service[100592]: DEBUG cinder.api.openstack.wsgi [None req-426cbc31-9abe-4c5c-971c-fcb43b5ca9c4 tempest-UserMessagesTest-2026166559 tempest-UserMessagesTest-2026166559-project] Calling method 'show' {{(pid=100592) _process_stack /opt/stack/cinder/cinder/api/openstack/wsgi.py:856}}
Aug 30 22:00:54.348910 dv-cinder-760184-7-iscsi devstack@c-api.service[100592]: INFO cinder.api.openstack.wsgi [None req-426cbc31-9abe-4c5c-971c-fcb43b5ca9c4 tempest-UserMessagesTest-2026166559 tempest-UserMessagesTest-2026166559-project] http://10.222.0.32/volume/v3/6515196a318944b1aee7e060ae3a3039/volumes/802663ba-f100-4ba0-82d0-2e11a56c869d returned with HTTP 404
Aug 30 22:00:54.350345 dv-cinder-760184-7-iscsi devstack@c-api.service[100592]: [pid: 100592|app: 0|req: 104/203] 10.222.0.32 () {58 vars in 1325 bytes} [Mon Aug 30 22:00:54 2021] GET /volume/v3/6515196a318944b1aee7e060ae3a3039/volumes/802663ba-f100-4ba0-82d0-2e11a56c869d => generated 109 bytes in 30 msecs (HTTP/1.1 404) 7 headers in 292 bytes (1 switches on core 0)
Aug 30 22:00:54.354645 dv-cinder-760184-7-iscsi devstack@c-api.service[100592]: INFO cinder.api.openstack.wsgi [None req-df68a692-c543-4006-9405-f24848b68d11 tempest-GroupsTest-2135981872 tempest-GroupsTest-2135981872-project] POST http://10.222.0.32/volume/v3/6b8c7b9081c3446c8f7d3a863260fec2/groups/068492c2-11af-4dd4-9b0b-28539941e6f8/action
Aug 30 22:00:54.355711 dv-cinder-760184-7-iscsi devstack@c-api.service[100592]: DEBUG cinder.api.openstack.wsgi [None req-df68a692-c543-4006-9405-f24848b68d11 tempest-GroupsTest-2135981872 tempest-GroupsTest-2135981872-project] Action body: b'{"delete": {"delete-volumes": true}}' {{(pid=100592) get_method /opt/stack/cinder/cinder/api/openstack/wsgi.py:971}}
Aug 30 22:00:54.356215 dv-cinder-760184-7-iscsi devstack@c-api.service[100592]: DEBUG cinder.api.openstack.wsgi [None req-df68a692-c543-4006-9405-f24848b68d11 tempest-GroupsTest-2135981872 tempest-GroupsTest-2135981872-project] Action: 'action', calling method: delete_group, body: {"delete": {"delete-volumes": true}} {{(pid=100592) _process_stack /opt/stack/cinder/cinder/api/openstack/wsgi.py:854}}
Aug 30 22:00:54.357712 dv-cinder-760184-7-iscsi devstack@c-api.service[100592]: DEBUG cinder.api.v3.groups [None req-df68a692-c543-4006-9405-f24848b68d11 tempest-GroupsTest-2135981872 tempest-GroupsTest-2135981872-project] delete called for group 068492c2-11af-4dd4-9b0b-28539941e6f8 {{(pid=100592) _delete /opt/stack/cinder/cinder/api/v3/groups.py:117}}
Aug 30 22:00:54.358250 dv-cinder-760184-7-iscsi devstack@c-api.service[100592]: INFO cinder.api.v3.groups [None req-df68a692-c543-4006-9405-f24848b68d11 tempest-GroupsTest-2135981872 tempest-GroupsTest-2135981872-project] Delete group with id: 068492c2-11af-4dd4-9b0b-28539941e6f8
Aug 30 22:00:54.363910 dv-cinder-760184-7-iscsi devstack@c-api.service[100592]: INFO cinder.api.openstack.wsgi [None req-df68a692-c543-4006-9405-f24848b68d11 tempest-GroupsTest-2135981872 tempest-GroupsTest-2135981872-project] http://10.222.0.32/volume/v3/6b8c7b9081c3446c8f7d3a863260fec2/groups/068492c2-11af-4dd4-9b0b-28539941e6f8/action returned with HTTP 404
Aug 30 22:00:54.365141 dv-cinder-760184-7-iscsi devstack@c-api.service[100592]: [pid: 100592|app: 0|req: 105/204] 10.222.0.32 () {62 vars in 1405 bytes} [Mon Aug 30 22:00:54 2021] POST /volume/v3/6b8c7b9081c3446c8f7d3a863260fec2/groups/068492c2-11af-4dd4-9b0b-28539941e6f8/action => generated 108 bytes in 14 msecs (HTTP/1.1 404) 7 headers in 293 bytes (1 switches on core 0)
Aug 30 22:00:54.372932 dv-cinder-760184-7-iscsi devstack@c-api.service[100592]: INFO cinder.api.openstack.wsgi [None req-45a6887d-8094-43c6-bc3c-94410526ba85 tempest-UserMessagesTest-4489428 tempest-UserMessagesTest-4489428-project-admin] DELETE http://10.222.0.32/volume/v3/02f8465780a544d28612de5e4833588f/types/1d90181e-d772-44d0-9f21-fd16ca6778fe
Aug 30 22:00:54.373686 dv-cinder-760184-7-iscsi devstack@c-api.service[100592]: DEBUG cinder.api.openstack.wsgi [None req-45a6887d-8094-43c6-bc3c-94410526ba85 tempest-UserMessagesTest-4489428 tempest-UserMessagesTest-4489428-project-admin] Empty body provided in request {{(pid=100592) get_body /opt/stack/cinder/cinder/api/openstack/wsgi.py:703}}
Aug 30 22:00:54.374331 dv-cinder-760184-7-iscsi devstack@c-api.service[100592]: DEBUG cinder.api.openstack.wsgi [None req-45a6887d-8094-43c6-bc3c-94410526ba85 tempest-UserMessagesTest-4489428 tempest-UserMessagesTest-4489428-project-admin] Calling method '_delete' {{(pid=100592) _process_stack /opt/stack/cinder/cinder/api/openstack/wsgi.py:856}}
Aug 30 22:00:54.406315 dv-cinder-760184-7-iscsi devstack@c-api.service[100593]: INFO cinder.api.openstack.wsgi [None req-e2566049-d5e0-4c25-b219-e2ab38cc5c2f tempest-VolumeQuotasNegativeTestJSON-532649553 tempest-VolumeQuotasNegativeTestJSON-532649553-project-admin] http://10.222.0.32/volume/v3/522ea95300d745c2bc5f85ce30b9c8da/os-quota-sets/e942f0cf523344198ca7ba21651f705a returned with HTTP 200
Aug 30 22:00:54.407932 dv-cinder-760184-7-iscsi devstack@c-api.service[100593]: [pid: 100593|app: 0|req: 100/205] 10.222.0.32 () {60 vars in 1351 bytes} [Mon Aug 30 22:00:54 2021] PUT /volume/v3/522ea95300d745c2bc5f85ce30b9c8da/os-quota-sets/e942f0cf523344198ca7ba21651f705a => generated 677 bytes in 152 msecs (HTTP/1.1 200) 7 headers in 285 bytes (1 switches on core 0)
Aug 30 22:00:54.416599 dv-cinder-760184-7-iscsi devstack@c-api.service[100593]: INFO cinder.api.openstack.wsgi [None req-522e6588-67eb-4c38-81de-d11690a9c581 tempest-GroupsTest-2135981872 tempest-GroupsTest-2135981872-project] GET http://10.222.0.32/volume/v3/6b8c7b9081c3446c8f7d3a863260fec2/volumes/detail
Aug 30 22:00:54.419922 dv-cinder-760184-7-iscsi devstack@c-api.service[100593]: DEBUG cinder.api.openstack.wsgi [None req-522e6588-67eb-4c38-81de-d11690a9c581 tempest-GroupsTest-2135981872 tempest-GroupsTest-2135981872-project] Empty body provided in request {{(pid=100593) get_body /opt/stack/cinder/cinder/api/openstack/wsgi.py:703}}
Aug 30 22:00:54.420497 dv-cinder-760184-7-iscsi devstack@c-api.service[100593]: DEBUG cinder.api.openstack.wsgi [None req-522e6588-67eb-4c38-81de-d11690a9c581 tempest-GroupsTest-2135981872 tempest-GroupsTest-2135981872-project] Calling method 'detail' {{(pid=100593) _process_stack /opt/stack/cinder/cinder/api/openstack/wsgi.py:856}}
Aug 30 22:00:54.421422 dv-cinder-760184-7-iscsi devstack@c-api.service[100593]: DEBUG cinder.api.api_utils [None req-522e6588-67eb-4c38-81de-d11690a9c581 tempest-GroupsTest-2135981872 tempest-GroupsTest-2135981872-project] Removing options '' from query. {{(pid=100593) remove_invalid_filter_options /opt/stack/cinder/cinder/api/api_utils.py:73}}
Aug 30 22:00:54.423706 dv-cinder-760184-7-iscsi devstack@c-api.service[100593]: DEBUG cinder.volume.api [None req-522e6588-67eb-4c38-81de-d11690a9c581 tempest-GroupsTest-2135981872 tempest-GroupsTest-2135981872-project] Searching by: MultiDict([('no_migration_targets', True)]). {{(pid=100593) get_all /opt/stack/cinder/cinder/volume/api.py:619}}
Aug 30 22:00:54.476622 dv-cinder-760184-7-iscsi devstack@c-api.service[100592]: INFO cinder.api.openstack.wsgi [None req-45a6887d-8094-43c6-bc3c-94410526ba85 tempest-UserMessagesTest-4489428 tempest-UserMessagesTest-4489428-project-admin] http://10.222.0.32/volume/v3/02f8465780a544d28612de5e4833588f/types/1d90181e-d772-44d0-9f21-fd16ca6778fe returned with HTTP 202
Aug 30 22:00:54.477746 dv-cinder-760184-7-iscsi devstack@c-api.service[100592]: [pid: 100592|app: 0|req: 106/206] 10.222.0.32 () {58 vars in 1322 bytes} [Mon Aug 30 22:00:54 2021] DELETE /volume/v3/02f8465780a544d28612de5e4833588f/types/1d90181e-d772-44d0-9f21-fd16ca6778fe => generated 0 bytes in 108 msecs (HTTP/1.1 202) 6 headers in 233 bytes (1 switches on core 0)
Aug 30 22:00:54.486780 dv-cinder-760184-7-iscsi devstack@c-api.service[100592]: INFO cinder.api.openstack.wsgi [None req-0b5ace5a-246f-406c-8235-fa9b9400a110 tempest-VolumeQuotasNegativeTestJSON-478910975 tempest-VolumeQuotasNegativeTestJSON-478910975-project] POST http://10.222.0.32/volume/v3/e942f0cf523344198ca7ba21651f705a/volumes/e74c4dfe-58e4-4776-8487-28dbebf60bc5/action
Aug 30 22:00:54.489834 dv-cinder-760184-7-iscsi devstack@c-api.service[100592]: DEBUG cinder.api.openstack.wsgi [None req-0b5ace5a-246f-406c-8235-fa9b9400a110 tempest-VolumeQuotasNegativeTestJSON-478910975 tempest-VolumeQuotasNegativeTestJSON-478910975-project] Action body: b'{"os-extend": {"new_size": 2}}' {{(pid=100592) get_method /opt/stack/cinder/cinder/api/openstack/wsgi.py:971}}
Aug 30 22:00:54.490160 dv-cinder-760184-7-iscsi devstack@c-api.service[100592]: DEBUG cinder.api.openstack.wsgi [None req-0b5ace5a-246f-406c-8235-fa9b9400a110 tempest-VolumeQuotasNegativeTestJSON-478910975 tempest-VolumeQuotasNegativeTestJSON-478910975-project] Action: 'action', calling method: _extend, body: {"os-extend": {"new_size": 2}} {{(pid=100592) _process_stack /opt/stack/cinder/cinder/api/openstack/wsgi.py:854}}
Aug 30 22:00:54.500526 dv-cinder-760184-7-iscsi devstack@c-api.service[100593]: INFO cinder.volume.api [None req-522e6588-67eb-4c38-81de-d11690a9c581 tempest-GroupsTest-2135981872 tempest-GroupsTest-2135981872-project] Get all volumes completed successfully.
Aug 30 22:00:54.507673 dv-cinder-760184-7-iscsi devstack@c-api.service[100593]: INFO cinder.api.openstack.wsgi [None req-522e6588-67eb-4c38-81de-d11690a9c581 tempest-GroupsTest-2135981872 tempest-GroupsTest-2135981872-project] http://10.222.0.32/volume/v3/6b8c7b9081c3446c8f7d3a863260fec2/volumes/detail returned with HTTP 200
Aug 30 22:00:54.508848 dv-cinder-760184-7-iscsi devstack@c-api.service[100593]: [pid: 100593|app: 0|req: 101/207] 10.222.0.32 () {60 vars in 1276 bytes} [Mon Aug 30 22:00:54 2021] GET /volume/v3/6b8c7b9081c3446c8f7d3a863260fec2/volumes/detail => generated 15 bytes in 100 msecs (HTTP/1.1 200) 7 headers in 285 bytes (1 switches on core 0)
Aug 30 22:00:54.513283 dv-cinder-760184-7-iscsi devstack@c-api.service[100593]: INFO cinder.api.openstack.wsgi [None req-eb6e4cfe-ad95-4c48-8f58-00549fe0eacd tempest-UserMessagesTest-4489428 tempest-UserMessagesTest-4489428-project-admin] GET http://10.222.0.32/volume/v3/02f8465780a544d28612de5e4833588f/types/1d90181e-d772-44d0-9f21-fd16ca6778fe
Aug 30 22:00:54.513732 dv-cinder-760184-7-iscsi devstack@c-api.service[100593]: DEBUG cinder.api.openstack.wsgi [None req-eb6e4cfe-ad95-4c48-8f58-00549fe0eacd tempest-UserMessagesTest-4489428 tempest-UserMessagesTest-4489428-project-admin] Empty body provided in request {{(pid=100593) get_body /opt/stack/cinder/cinder/api/openstack/wsgi.py:703}}
Aug 30 22:00:54.514328 dv-cinder-760184-7-iscsi devstack@c-api.service[100593]: DEBUG cinder.api.openstack.wsgi [None req-eb6e4cfe-ad95-4c48-8f58-00549fe0eacd tempest-UserMessagesTest-4489428 tempest-UserMessagesTest-4489428-project-admin] Calling method 'show' {{(pid=100593) _process_stack /opt/stack/cinder/cinder/api/openstack/wsgi.py:856}}
Aug 30 22:00:54.520475 dv-cinder-760184-7-iscsi devstack@c-api.service[100593]: INFO cinder.api.openstack.wsgi [None req-eb6e4cfe-ad95-4c48-8f58-00549fe0eacd tempest-UserMessagesTest-4489428 tempest-UserMessagesTest-4489428-project-admin] http://10.222.0.32/volume/v3/02f8465780a544d28612de5e4833588f/types/1d90181e-d772-44d0-9f21-fd16ca6778fe returned with HTTP 404
Aug 30 22:00:54.521874 dv-cinder-760184-7-iscsi devstack@c-api.service[100593]: [pid: 100593|app: 0|req: 102/208] 10.222.0.32 () {58 vars in 1319 bytes} [Mon Aug 30 22:00:54 2021] GET /volume/v3/02f8465780a544d28612de5e4833588f/types/1d90181e-d772-44d0-9f21-fd16ca6778fe => generated 114 bytes in 12 msecs (HTTP/1.1 404) 7 headers in 292 bytes (1 switches on core 0)
Aug 30 22:00:54.527937 dv-cinder-760184-7-iscsi devstack@c-api.service[100592]: /usr/local/lib/python3.8/dist-packages/oslo_context/context.py:105: DeprecationWarning: Policy enforcement is depending on the value of is_admin. This key is deprecated. Please update your policy file to use the standard policy values.
Aug 30 22:00:54.527937 dv-cinder-760184-7-iscsi devstack@c-api.service[100592]: warnings.warn('Policy enforcement is depending on the value of '
Aug 30 22:00:54.528193 dv-cinder-760184-7-iscsi devstack@c-api.service[100593]: INFO cinder.api.openstack.wsgi [None req-bc57fdac-cc9c-40e5-ae1a-8a28f8990cf5 tempest-GroupsTest-2135981872 tempest-GroupsTest-2135981872-project] POST http://10.222.0.32/volume/v3/6b8c7b9081c3446c8f7d3a863260fec2/groups/1806dc96-e904-426b-aa3a-606c8160c0b9/action
Aug 30 22:00:54.529133 dv-cinder-760184-7-iscsi devstack@c-api.service[100592]: INFO cinder.volume.api [None req-0b5ace5a-246f-406c-8235-fa9b9400a110 tempest-VolumeQuotasNegativeTestJSON-478910975 tempest-VolumeQuotasNegativeTestJSON-478910975-project] Volume info retrieved successfully.
