Sep 10 22:13:44.278276 dv-cinder-760184-11-smb devstack@c-api.service[100838]: INFO cinder.api.openstack.wsgi [None req-bf9f9c4e-6a14-4e32-9175-4bca6b1e8afe tempest-VolumeRetypeWithoutMigrationTest-1512103150 tempest-VolumeRetypeWithoutMigrationTest-1512103150-project-admin] http://10.222.0.36/volume/v3/e626260e918d42beab91bbfdd7d05c4c/volumes?all_tenants=True&name=tempest-VolumeRetypeWithoutMigrationTest-Volume-307676536 returned with HTTP 200
Sep 10 22:13:44.279600 dv-cinder-760184-11-smb devstack@c-api.service[100838]: [pid: 100838|app: 0|req: 118/245] 10.222.0.36 () {58 vars in 1373 bytes} [Fri Sep 10 22:13:44 2021] GET /volume/v3/e626260e918d42beab91bbfdd7d05c4c/volumes?all_tenants=True&name=tempest-VolumeRetypeWithoutMigrationTest-Volume-307676536 => generated 412 bytes in 84 msecs (HTTP/1.1 200) 7 headers in 285 bytes (2 switches on core 0)
Sep 10 22:13:44.293153 dv-cinder-760184-11-smb devstack@c-api.service[100837]: INFO cinder.api.openstack.wsgi [None req-49fca499-2e8f-4f7b-b560-ce64833725b2 tempest-VolumeRetypeWithoutMigrationTest-808519251 tempest-VolumeRetypeWithoutMigrationTest-808519251-project] DELETE http://10.222.0.36/volume/v3/08d14fd0d78748bfbc8d60b5f9bba200/volumes/7f987db0-5bc1-4fa8-8b62-60aba5f0b1e4
Sep 10 22:13:44.293781 dv-cinder-760184-11-smb devstack@c-api.service[100837]: DEBUG cinder.api.openstack.wsgi [None req-49fca499-2e8f-4f7b-b560-ce64833725b2 tempest-VolumeRetypeWithoutMigrationTest-808519251 tempest-VolumeRetypeWithoutMigrationTest-808519251-project] Empty body provided in request {{(pid=100837) get_body /opt/stack/cinder/cinder/api/openstack/wsgi.py:703}}
Sep 10 22:13:44.293955 dv-cinder-760184-11-smb devstack@c-api.service[100837]: /usr/local/lib/python3.8/dist-packages/webob/acceptparse.py:1047: DeprecationWarning: The behavior of AcceptValidHeader.best_match is currently being maintained for backward compatibility, but it will be deprecated in the future, as it does not conform to the RFC.
Sep 10 22:13:44.293955 dv-cinder-760184-11-smb devstack@c-api.service[100837]: warnings.warn(
Sep 10 22:13:44.294393 dv-cinder-760184-11-smb devstack@c-api.service[100837]: DEBUG cinder.api.openstack.wsgi [None req-49fca499-2e8f-4f7b-b560-ce64833725b2 tempest-VolumeRetypeWithoutMigrationTest-808519251 tempest-VolumeRetypeWithoutMigrationTest-808519251-project] Calling method 'delete' {{(pid=100837) _process_stack /opt/stack/cinder/cinder/api/openstack/wsgi.py:856}}
Sep 10 22:13:44.294856 dv-cinder-760184-11-smb devstack@c-api.service[100837]: INFO cinder.api.v3.volumes [None req-49fca499-2e8f-4f7b-b560-ce64833725b2 tempest-VolumeRetypeWithoutMigrationTest-808519251 tempest-VolumeRetypeWithoutMigrationTest-808519251-project] Delete volume with id: 7f987db0-5bc1-4fa8-8b62-60aba5f0b1e4
Sep 10 22:13:44.324350 dv-cinder-760184-11-smb devstack@c-api.service[100837]: /usr/local/lib/python3.8/dist-packages/oslo_context/context.py:105: DeprecationWarning: Policy enforcement is depending on the value of is_admin. This key is deprecated. Please update your policy file to use the standard policy values.
Sep 10 22:13:44.324350 dv-cinder-760184-11-smb devstack@c-api.service[100837]: warnings.warn('Policy enforcement is depending on the value of '
Sep 10 22:13:44.327775 dv-cinder-760184-11-smb devstack@c-api.service[100837]: INFO cinder.volume.api [None req-49fca499-2e8f-4f7b-b560-ce64833725b2 tempest-VolumeRetypeWithoutMigrationTest-808519251 tempest-VolumeRetypeWithoutMigrationTest-808519251-project] Volume info retrieved successfully.
Sep 10 22:13:44.381276 dv-cinder-760184-11-smb devstack@c-api.service[100837]: INFO cinder.volume.api [None req-49fca499-2e8f-4f7b-b560-ce64833725b2 tempest-VolumeRetypeWithoutMigrationTest-808519251 tempest-VolumeRetypeWithoutMigrationTest-808519251-project] Delete volume request issued successfully.
Sep 10 22:13:44.381686 dv-cinder-760184-11-smb devstack@c-api.service[100837]: INFO cinder.api.openstack.wsgi [None req-49fca499-2e8f-4f7b-b560-ce64833725b2 tempest-VolumeRetypeWithoutMigrationTest-808519251 tempest-VolumeRetypeWithoutMigrationTest-808519251-project] http://10.222.0.36/volume/v3/08d14fd0d78748bfbc8d60b5f9bba200/volumes/7f987db0-5bc1-4fa8-8b62-60aba5f0b1e4 returned with HTTP 202
Sep 10 22:13:44.382527 dv-cinder-760184-11-smb devstack@c-api.service[100837]: [pid: 100837|app: 0|req: 128/246] 10.222.0.36 () {58 vars in 1328 bytes} [Fri Sep 10 22:13:44 2021] DELETE /volume/v3/08d14fd0d78748bfbc8d60b5f9bba200/volumes/7f987db0-5bc1-4fa8-8b62-60aba5f0b1e4 => generated 0 bytes in 94 msecs (HTTP/1.1 202) 6 headers in 233 bytes (1 switches on core 0)
Sep 10 22:13:44.392514 dv-cinder-760184-11-smb devstack@c-api.service[100838]: INFO cinder.api.openstack.wsgi [None req-d399792c-ccd4-4328-bf5e-9f09dafc51a9 tempest-VolumeRetypeWithoutMigrationTest-808519251 tempest-VolumeRetypeWithoutMigrationTest-808519251-project] GET http://10.222.0.36/volume/v3/08d14fd0d78748bfbc8d60b5f9bba200/volumes/7f987db0-5bc1-4fa8-8b62-60aba5f0b1e4
Sep 10 22:13:44.392989 dv-cinder-760184-11-smb devstack@c-api.service[100838]: DEBUG cinder.api.openstack.wsgi [None req-d399792c-ccd4-4328-bf5e-9f09dafc51a9 tempest-VolumeRetypeWithoutMigrationTest-808519251 tempest-VolumeRetypeWithoutMigrationTest-808519251-project] Empty body provided in request {{(pid=100838) get_body /opt/stack/cinder/cinder/api/openstack/wsgi.py:703}}
Sep 10 22:13:44.393323 dv-cinder-760184-11-smb devstack@c-api.service[100838]: /usr/local/lib/python3.8/dist-packages/webob/acceptparse.py:1047: DeprecationWarning: The behavior of AcceptValidHeader.best_match is currently being maintained for backward compatibility, but it will be deprecated in the future, as it does not conform to the RFC.
Sep 10 22:13:44.393323 dv-cinder-760184-11-smb devstack@c-api.service[100838]: warnings.warn(
Sep 10 22:13:44.393491 dv-cinder-760184-11-smb devstack@c-api.service[100838]: DEBUG cinder.api.openstack.wsgi [None req-d399792c-ccd4-4328-bf5e-9f09dafc51a9 tempest-VolumeRetypeWithoutMigrationTest-808519251 tempest-VolumeRetypeWithoutMigrationTest-808519251-project] Calling method 'show' {{(pid=100838) _process_stack /opt/stack/cinder/cinder/api/openstack/wsgi.py:856}}
Sep 10 22:13:44.414317 dv-cinder-760184-11-smb devstack@c-api.service[100838]: /usr/local/lib/python3.8/dist-packages/oslo_context/context.py:105: DeprecationWarning: Policy enforcement is depending on the value of is_admin. This key is deprecated. Please update your policy file to use the standard policy values.
Sep 10 22:13:44.414317 dv-cinder-760184-11-smb devstack@c-api.service[100838]: warnings.warn('Policy enforcement is depending on the value of '
Sep 10 22:13:44.418907 dv-cinder-760184-11-smb devstack@c-api.service[100838]: INFO cinder.volume.api [None req-d399792c-ccd4-4328-bf5e-9f09dafc51a9 tempest-VolumeRetypeWithoutMigrationTest-808519251 tempest-VolumeRetypeWithoutMigrationTest-808519251-project] Volume info retrieved successfully.
Sep 10 22:13:44.436526 dv-cinder-760184-11-smb devstack@c-api.service[100838]: INFO cinder.api.openstack.wsgi [None req-d399792c-ccd4-4328-bf5e-9f09dafc51a9 tempest-VolumeRetypeWithoutMigrationTest-808519251 tempest-VolumeRetypeWithoutMigrationTest-808519251-project] http://10.222.0.36/volume/v3/08d14fd0d78748bfbc8d60b5f9bba200/volumes/7f987db0-5bc1-4fa8-8b62-60aba5f0b1e4 returned with HTTP 200
Sep 10 22:13:44.437281 dv-cinder-760184-11-smb devstack@c-api.service[100838]: [pid: 100838|app: 0|req: 119/247] 10.222.0.36 () {58 vars in 1325 bytes} [Fri Sep 10 22:13:44 2021] GET /volume/v3/08d14fd0d78748bfbc8d60b5f9bba200/volumes/7f987db0-5bc1-4fa8-8b62-60aba5f0b1e4 => generated 925 bytes in 51 msecs (HTTP/1.1 200) 7 headers in 285 bytes (1 switches on core 0)
Sep 10 22:13:44.594237 dv-cinder-760184-11-smb devstack@c-api.service[100837]: INFO cinder.api.openstack.wsgi [None req-5d222af5-faaa-48d0-8f70-822744db026f tempest-VolumesTransfersV355Test-740075894 tempest-VolumesTransfersV355Test-740075894-project-admin] GET http://10.222.0.36/volume/v3/63d54b018e2245a2a9d9232da3b0a787/volumes/7e45c3db-1da0-46d0-9018-3086d7bf8723
Sep 10 22:13:44.594643 dv-cinder-760184-11-smb devstack@c-api.service[100837]: DEBUG cinder.api.openstack.wsgi [None req-5d222af5-faaa-48d0-8f70-822744db026f tempest-VolumesTransfersV355Test-740075894 tempest-VolumesTransfersV355Test-740075894-project-admin] Empty body provided in request {{(pid=100837) get_body /opt/stack/cinder/cinder/api/openstack/wsgi.py:703}}
Sep 10 22:13:44.594864 dv-cinder-760184-11-smb devstack@c-api.service[100837]: /usr/local/lib/python3.8/dist-packages/webob/acceptparse.py:1047: DeprecationWarning: The behavior of AcceptValidHeader.best_match is currently being maintained for backward compatibility, but it will be deprecated in the future, as it does not conform to the RFC.
Sep 10 22:13:44.594864 dv-cinder-760184-11-smb devstack@c-api.service[100837]: warnings.warn(
Sep 10 22:13:44.595184 dv-cinder-760184-11-smb devstack@c-api.service[100837]: DEBUG cinder.api.openstack.wsgi [None req-5d222af5-faaa-48d0-8f70-822744db026f tempest-VolumesTransfersV355Test-740075894 tempest-VolumesTransfersV355Test-740075894-project-admin] Calling method 'show' {{(pid=100837) _process_stack /opt/stack/cinder/cinder/api/openstack/wsgi.py:856}}
Sep 10 22:13:44.629960 dv-cinder-760184-11-smb devstack@c-api.service[100837]: INFO cinder.api.openstack.wsgi [None req-5d222af5-faaa-48d0-8f70-822744db026f tempest-VolumesTransfersV355Test-740075894 tempest-VolumesTransfersV355Test-740075894-project-admin] http://10.222.0.36/volume/v3/63d54b018e2245a2a9d9232da3b0a787/volumes/7e45c3db-1da0-46d0-9018-3086d7bf8723 returned with HTTP 404
Sep 10 22:13:44.630936 dv-cinder-760184-11-smb devstack@c-api.service[100837]: [pid: 100837|app: 0|req: 129/248] 10.222.0.36 () {60 vars in 1366 bytes} [Fri Sep 10 22:13:44 2021] GET /volume/v3/63d54b018e2245a2a9d9232da3b0a787/volumes/7e45c3db-1da0-46d0-9018-3086d7bf8723 => generated 109 bytes in 41 msecs (HTTP/1.1 404) 7 headers in 293 bytes (1 switches on core 0)
Sep 10 22:13:44.642363 dv-cinder-760184-11-smb devstack@c-api.service[100837]: INFO cinder.api.openstack.wsgi [None req-a62d3223-be61-4c9b-91a3-dd1a9b66f03a tempest-VolumesTransfersV355Test-239533608 tempest-VolumesTransfersV355Test-239533608-project] POST http://10.222.0.36/volume/v3/20020efdd0f6484dad8ca35768b8cf57/volumes
Sep 10 22:13:44.643066 dv-cinder-760184-11-smb devstack@c-api.service[100837]: DEBUG cinder.api.openstack.wsgi [None req-a62d3223-be61-4c9b-91a3-dd1a9b66f03a tempest-VolumesTransfersV355Test-239533608 tempest-VolumesTransfersV355Test-239533608-project] Action: 'create', calling method: create, body: {"volume": {"size": 1, "name": "tempest-VolumesTransfersV355Test-Volume-1743827472"}} {{(pid=100837) _process_stack /opt/stack/cinder/cinder/api/openstack/wsgi.py:854}}
Sep 10 22:13:44.644014 dv-cinder-760184-11-smb devstack@c-api.service[100837]: DEBUG cinder.api.v3.volumes [None req-a62d3223-be61-4c9b-91a3-dd1a9b66f03a tempest-VolumesTransfersV355Test-239533608 tempest-VolumesTransfersV355Test-239533608-project] Create volume request body: {'volume': {'size': 1, 'name': 'tempest-VolumesTransfersV355Test-Volume-1743827472'}} {{(pid=100837) create /opt/stack/cinder/cinder/api/v3/volumes.py:298}}
Sep 10 22:13:44.644318 dv-cinder-760184-11-smb devstack@c-api.service[100837]: INFO cinder.api.v3.volumes [None req-a62d3223-be61-4c9b-91a3-dd1a9b66f03a tempest-VolumesTransfersV355Test-239533608 tempest-VolumesTransfersV355Test-239533608-project] Create volume of 1 GB
Sep 10 22:13:44.653600 dv-cinder-760184-11-smb devstack@c-api.service[100837]: INFO cinder.volume.api [None req-a62d3223-be61-4c9b-91a3-dd1a9b66f03a tempest-VolumesTransfersV355Test-239533608 tempest-VolumesTransfersV355Test-239533608-project] Availability Zones retrieved successfully.
Sep 10 22:13:44.688261 dv-cinder-760184-11-smb devstack@c-api.service[100837]: DEBUG cinder.volume.api [None req-a62d3223-be61-4c9b-91a3-dd1a9b66f03a tempest-VolumesTransfersV355Test-239533608 tempest-VolumesTransfersV355Test-239533608-project] Flow 'volume_create_api' (4d4ba583-599a-409a-b23d-a7805316d5b0) transitioned into state 'RUNNING' from state 'PENDING' {{(pid=100837) _flow_receiver /usr/local/lib/python3.8/dist-packages/taskflow/listeners/logging.py:141}}
Sep 10 22:13:44.694657 dv-cinder-760184-11-smb devstack@c-api.service[100837]: DEBUG cinder.volume.api [None req-a62d3223-be61-4c9b-91a3-dd1a9b66f03a tempest-VolumesTransfersV355Test-239533608 tempest-VolumesTransfersV355Test-239533608-project] Task 'cinder.volume.flows.api.create_volume.ExtractVolumeRequestTask;volume:create' (31e3f9ef-372c-4f9f-85c1-05a28d898e4f) transitioned into state 'RUNNING' from state 'PENDING' {{(pid=100837) _task_receiver /usr/local/lib/python3.8/dist-packages/taskflow/listeners/logging.py:190}}
Sep 10 22:13:44.700781 dv-cinder-760184-11-smb devstack@c-api.service[100837]: DEBUG cinder.volume.flows.api.create_volume [None req-a62d3223-be61-4c9b-91a3-dd1a9b66f03a tempest-VolumesTransfersV355Test-239533608 tempest-VolumesTransfersV355Test-239533608-project] Validating volume size '1' using validate_int {{(pid=100837) _extract_size /opt/stack/cinder/cinder/volume/flows/api/create_volume.py:225}}
Sep 10 22:13:44.762849 dv-cinder-760184-11-smb devstack@c-api.service[100837]: DEBUG cinder.volume.api [None req-a62d3223-be61-4c9b-91a3-dd1a9b66f03a tempest-VolumesTransfersV355Test-239533608 tempest-VolumesTransfersV355Test-239533608-project] Task 'cinder.volume.flows.api.create_volume.ExtractVolumeRequestTask;volume:create' (31e3f9ef-372c-4f9f-85c1-05a28d898e4f) transitioned into state 'SUCCESS' from state 'RUNNING' with result '{'size': 1, 'snapshot_id': None, 'source_volid': None, 'volume_type': VolumeType(created_at=2021-09-10T22:03:38Z,deleted=False,deleted_at=None,description='Default Volume Type',extra_specs={},id=8a86e177-736a-4ab0-abc7-638489b0a2ef,is_public=True,name='__DEFAULT__',projects=[],qos_specs=,qos_specs_id=None,updated_at=2021-09-10T22:03:38Z), 'volume_type_id': '8a86e177-736a-4ab0-abc7-638489b0a2ef', 'encryption_key_id': None, 'qos_specs': None, 'consistencygroup_id': None, 'cgsnapshot_id': None, 'group_id': None, 'replication_status': 'disabled', 'refresh_az': False, 'backup_id': None, 'multiattach': False, 'availability_zones': ['nova']}' {{(pid=100837) _task_receiver /usr/local/lib/python3.8/dist-packages/taskflow/listeners/logging.py:178}}
Sep 10 22:13:44.764980 dv-cinder-760184-11-smb devstack@c-api.service[100837]: DEBUG cinder.volume.api [None req-a62d3223-be61-4c9b-91a3-dd1a9b66f03a tempest-VolumesTransfersV355Test-239533608 tempest-VolumesTransfersV355Test-239533608-project] Task 'cinder.volume.flows.api.create_volume.QuotaReserveTask;volume:create' (b3afb6d5-bd6f-40b4-a54d-44883900bec8) transitioned into state 'RUNNING' from state 'PENDING' {{(pid=100837) _task_receiver /usr/local/lib/python3.8/dist-packages/taskflow/listeners/logging.py:190}}
Sep 10 22:13:44.834225 dv-cinder-760184-11-smb devstack@c-api.service[100838]: INFO cinder.api.openstack.wsgi [None req-ae65535e-9d5c-44ab-8dbe-d761e4034918 tempest-VolumeManageAdminTest-2003543462 tempest-VolumeManageAdminTest-2003543462-project] POST http://10.222.0.36/volume/v3/9a9fb4af50264b798c1b78206e430868/volumes
Sep 10 22:13:44.835002 dv-cinder-760184-11-smb devstack@c-api.service[100838]: /usr/local/lib/python3.8/dist-packages/webob/acceptparse.py:1047: DeprecationWarning: The behavior of AcceptValidHeader.best_match is currently being maintained for backward compatibility, but it will be deprecated in the future, as it does not conform to the RFC.
Sep 10 22:13:44.835002 dv-cinder-760184-11-smb devstack@c-api.service[100838]: warnings.warn(
Sep 10 22:13:44.835397 dv-cinder-760184-11-smb devstack@c-api.service[100838]: DEBUG cinder.api.openstack.wsgi [None req-ae65535e-9d5c-44ab-8dbe-d761e4034918 tempest-VolumeManageAdminTest-2003543462 tempest-VolumeManageAdminTest-2003543462-project] Action: 'create', calling method: create, body: {"volume": {"size": 1, "name": "tempest-VolumeManageAdminTest-Volume-1161568538"}} {{(pid=100838) _process_stack /opt/stack/cinder/cinder/api/openstack/wsgi.py:854}}
Sep 10 22:13:44.836782 dv-cinder-760184-11-smb devstack@c-api.service[100838]: DEBUG cinder.api.v3.volumes [None req-ae65535e-9d5c-44ab-8dbe-d761e4034918 tempest-VolumeManageAdminTest-2003543462 tempest-VolumeManageAdminTest-2003543462-project] Create volume request body: {'volume': {'size': 1, 'name': 'tempest-VolumeManageAdminTest-Volume-1161568538'}} {{(pid=100838) create /opt/stack/cinder/cinder/api/v3/volumes.py:298}}
Sep 10 22:13:44.837239 dv-cinder-760184-11-smb devstack@c-api.service[100838]: INFO cinder.api.v3.volumes [None req-ae65535e-9d5c-44ab-8dbe-d761e4034918 tempest-VolumeManageAdminTest-2003543462 tempest-VolumeManageAdminTest-2003543462-project] Create volume of 1 GB
Sep 10 22:13:44.843560 dv-cinder-760184-11-smb devstack@c-api.service[100837]: DEBUG cinder.quota [None req-a62d3223-be61-4c9b-91a3-dd1a9b66f03a tempest-VolumesTransfersV355Test-239533608 tempest-VolumesTransfersV355Test-239533608-project] Created reservations ['bca1f655-6a2d-4daa-950d-703957ddf456', '9d99dd9f-2afc-4796-b28c-957683fcd60b', '33b77026-0c16-449b-a6ff-0eb1bbae52ad', '173f501f-c77b-4df6-b168-93c1d17b7ff0'] {{(pid=100837) reserve /opt/stack/cinder/cinder/quota.py:755}}
Sep 10 22:13:44.847937 dv-cinder-760184-11-smb devstack@c-api.service[100838]: INFO cinder.volume.api [None req-ae65535e-9d5c-44ab-8dbe-d761e4034918 tempest-VolumeManageAdminTest-2003543462 tempest-VolumeManageAdminTest-2003543462-project] Availability Zones retrieved successfully.
Sep 10 22:13:44.848134 dv-cinder-760184-11-smb devstack@c-api.service[100837]: DEBUG cinder.volume.api [None req-a62d3223-be61-4c9b-91a3-dd1a9b66f03a tempest-VolumesTransfersV355Test-239533608 tempest-VolumesTransfersV355Test-239533608-project] Task 'cinder.volume.flows.api.create_volume.QuotaReserveTask;volume:create' (b3afb6d5-bd6f-40b4-a54d-44883900bec8) transitioned into state 'SUCCESS' from state 'RUNNING' with result '{'reservations': ['bca1f655-6a2d-4daa-950d-703957ddf456', '9d99dd9f-2afc-4796-b28c-957683fcd60b', '33b77026-0c16-449b-a6ff-0eb1bbae52ad', '173f501f-c77b-4df6-b168-93c1d17b7ff0']}' {{(pid=100837) _task_receiver /usr/local/lib/python3.8/dist-packages/taskflow/listeners/logging.py:178}}
Sep 10 22:13:44.852463 dv-cinder-760184-11-smb devstack@c-api.service[100837]: DEBUG cinder.volume.api [None req-a62d3223-be61-4c9b-91a3-dd1a9b66f03a tempest-VolumesTransfersV355Test-239533608 tempest-VolumesTransfersV355Test-239533608-project] Task 'cinder.volume.flows.api.create_volume.EntryCreateTask;volume:create' (779b1d09-b461-42f5-91c9-5425281bc45f) transitioned into state 'RUNNING' from state 'PENDING' {{(pid=100837) _task_receiver /usr/local/lib/python3.8/dist-packages/taskflow/listeners/logging.py:190}}
Sep 10 22:13:44.877304 dv-cinder-760184-11-smb devstack@c-api.service[100838]: DEBUG cinder.volume.api [None req-ae65535e-9d5c-44ab-8dbe-d761e4034918 tempest-VolumeManageAdminTest-2003543462 tempest-VolumeManageAdminTest-2003543462-project] Flow 'volume_create_api' (93d26411-d1e3-461b-9d45-c117c273ffd1) transitioned into state 'RUNNING' from state 'PENDING' {{(pid=100838) _flow_receiver /usr/local/lib/python3.8/dist-packages/taskflow/listeners/logging.py:141}}
Sep 10 22:13:44.881034 dv-cinder-760184-11-smb devstack@c-api.service[100838]: DEBUG cinder.volume.api [None req-ae65535e-9d5c-44ab-8dbe-d761e4034918 tempest-VolumeManageAdminTest-2003543462 tempest-VolumeManageAdminTest-2003543462-project] Task 'cinder.volume.flows.api.create_volume.ExtractVolumeRequestTask;volume:create' (cc632bbc-40f3-4c8a-a42b-72c0df6c036f) transitioned into state 'RUNNING' from state 'PENDING' {{(pid=100838) _task_receiver /usr/local/lib/python3.8/dist-packages/taskflow/listeners/logging.py:190}}
Sep 10 22:13:44.884113 dv-cinder-760184-11-smb devstack@c-api.service[100838]: DEBUG cinder.volume.flows.api.create_volume [None req-ae65535e-9d5c-44ab-8dbe-d761e4034918 tempest-VolumeManageAdminTest-2003543462 tempest-VolumeManageAdminTest-2003543462-project] Validating volume size '1' using validate_int {{(pid=100838) _extract_size /opt/stack/cinder/cinder/volume/flows/api/create_volume.py:225}}
Sep 10 22:13:44.907384 dv-cinder-760184-11-smb devstack@c-api.service[100837]: DEBUG cinder.volume.api [None req-a62d3223-be61-4c9b-91a3-dd1a9b66f03a tempest-VolumesTransfersV355Test-239533608 tempest-VolumesTransfersV355Test-239533608-project] Task 'cinder.volume.flows.api.create_volume.EntryCreateTask;volume:create' (779b1d09-b461-42f5-91c9-5425281bc45f) transitioned into state 'SUCCESS' from state 'RUNNING' with result '{'volume_id': 'a2b982cd-b5c8-40a9-bad3-b35037285ad1', 'volume_properties': VolumeProperties(attach_status='detached',availability_zone='nova',cgsnapshot_id=None,consistencygroup_id=None,display_description=None,display_name='tempest-VolumesTransfersV355Test-Volume-1743827472',encryption_key_id=None,group_id=None,group_type_id=,metadata={},multiattach=False,project_id='20020efdd0f6484dad8ca35768b8cf57',qos_specs=None,replication_status=,reservations=['bca1f655-6a2d-4daa-950d-703957ddf456','9d99dd9f-2afc-4796-b28c-957683fcd60b','33b77026-0c16-449b-a6ff-0eb1bbae52ad','173f501f-c77b-4df6-b168-93c1d17b7ff0'],size=1,snapshot_id=None,source_replicaid=,source_volid=None,status='creating',user_id='660baaba75e840aca0a2bed941e0b64e',volume_type_id=8a86e177-736a-4ab0-abc7-638489b0a2ef), 'volume': Volume(_name_id=None,admin_metadata=,attach_status='detached',availability_zone='nova',bootable=False,cluster=,cluster_name=None,consistencygroup=,consistencygroup_id=None,created_at=2021-09-10T22:13:44Z,deleted=False,deleted_at=None,display_description=None,display_name='tempest-VolumesTransfersV355Test-Volume-1743827472',ec2_id=None,encryption_key_id=None,glance_metadata=,group=,group_id=None,host=None,id=a2b982cd-b5c8-40a9-bad3-b35037285ad1,launched_at=None,metadata={},migration_status=None,multiattach=False,previous_status=None,project_id='20020efdd0f6484dad8ca35768b8cf57',provider_auth=None,provider_geometry=None,provider_id=None,provider_location=None,replication_driver_data=None,replication_extended_status=None,replication_status=None,scheduled_at=None,service_uuid=None,shared_targets=True,size=1,snapshot_id=None,snapshots=,source_volid=None,status='creating',terminated_at=None,updated_at=None,use_quota=True,user_id='660baaba75e840aca0a2bed941e0b64e',volume_attachment=,volume_type=VolumeType(8a86e177-736a-4ab0-abc7-638489b0a2ef),volume_type_id=8a86e177-736a-4ab0-abc7-638489b0a2ef)}' {{(pid=100837) _task_receiver /usr/local/lib/python3.8/dist-packages/taskflow/listeners/logging.py:178}}
Sep 10 22:13:44.909479 dv-cinder-760184-11-smb devstack@c-api.service[100837]: DEBUG cinder.volume.api [None req-a62d3223-be61-4c9b-91a3-dd1a9b66f03a tempest-VolumesTransfersV355Test-239533608 tempest-VolumesTransfersV355Test-239533608-project] Task 'cinder.volume.flows.api.create_volume.QuotaCommitTask;volume:create' (b4cbc7d8-159c-4f83-8ae9-dd05a82b5cfb) transitioned into state 'RUNNING' from state 'PENDING' {{(pid=100837) _task_receiver /usr/local/lib/python3.8/dist-packages/taskflow/listeners/logging.py:190}}
Sep 10 22:13:44.921586 dv-cinder-760184-11-smb devstack@c-api.service[100838]: DEBUG cinder.volume.api [None req-ae65535e-9d5c-44ab-8dbe-d761e4034918 tempest-VolumeManageAdminTest-2003543462 tempest-VolumeManageAdminTest-2003543462-project] Task 'cinder.volume.flows.api.create_volume.ExtractVolumeRequestTask;volume:create' (cc632bbc-40f3-4c8a-a42b-72c0df6c036f) transitioned into state 'SUCCESS' from state 'RUNNING' with result '{'size': 1, 'snapshot_id': None, 'source_volid': None, 'volume_type': VolumeType(created_at=2021-09-10T22:03:38Z,deleted=False,deleted_at=None,description='Default Volume Type',extra_specs={},id=8a86e177-736a-4ab0-abc7-638489b0a2ef,is_public=True,name='__DEFAULT__',projects=[],qos_specs=,qos_specs_id=None,updated_at=2021-09-10T22:03:38Z), 'volume_type_id': '8a86e177-736a-4ab0-abc7-638489b0a2ef', 'encryption_key_id': None, 'qos_specs': None, 'consistencygroup_id': None, 'cgsnapshot_id': None, 'group_id': None, 'replication_status': 'disabled', 'refresh_az': False, 'backup_id': None, 'multiattach': False, 'availability_zones': ['nova']}' {{(pid=100838) _task_receiver /usr/local/lib/python3.8/dist-packages/taskflow/listeners/logging.py:178}}
Sep 10 22:13:44.924221 dv-cinder-760184-11-smb devstack@c-api.service[100838]: DEBUG cinder.volume.api [None req-ae65535e-9d5c-44ab-8dbe-d761e4034918 tempest-VolumeManageAdminTest-2003543462 tempest-VolumeManageAdminTest-2003543462-project] Task 'cinder.volume.flows.api.create_volume.QuotaReserveTask;volume:create' (8251b43a-708d-466a-95bb-acb005b0f281) transitioned into state 'RUNNING' from state 'PENDING' {{(pid=100838) _task_receiver /usr/local/lib/python3.8/dist-packages/taskflow/listeners/logging.py:190}}
Sep 10 22:13:44.948745 dv-cinder-760184-11-smb devstack@c-api.service[100837]: DEBUG cinder.volume.api [None req-a62d3223-be61-4c9b-91a3-dd1a9b66f03a tempest-VolumesTransfersV355Test-239533608 tempest-VolumesTransfersV355Test-239533608-project] Task 'cinder.volume.flows.api.create_volume.QuotaCommitTask;volume:create' (b4cbc7d8-159c-4f83-8ae9-dd05a82b5cfb) transitioned into state 'SUCCESS' from state 'RUNNING' with result '{'volume_properties': VolumeProperties(attach_status='detached',availability_zone='nova',cgsnapshot_id=None,consistencygroup_id=None,display_description=None,display_name='tempest-VolumesTransfersV355Test-Volume-1743827472',encryption_key_id=None,group_id=None,group_type_id=,metadata={},multiattach=False,project_id='20020efdd0f6484dad8ca35768b8cf57',qos_specs=None,replication_status=,reservations=['bca1f655-6a2d-4daa-950d-703957ddf456','9d99dd9f-2afc-4796-b28c-957683fcd60b','33b77026-0c16-449b-a6ff-0eb1bbae52ad','173f501f-c77b-4df6-b168-93c1d17b7ff0'],size=1,snapshot_id=None,source_replicaid=,source_volid=None,status='creating',user_id='660baaba75e840aca0a2bed941e0b64e',volume_type_id=8a86e177-736a-4ab0-abc7-638489b0a2ef)}' {{(pid=100837) _task_receiver /usr/local/lib/python3.8/dist-packages/taskflow/listeners/logging.py:178}}
Sep 10 22:13:44.950832 dv-cinder-760184-11-smb devstack@c-api.service[100837]: DEBUG cinder.volume.api [None req-a62d3223-be61-4c9b-91a3-dd1a9b66f03a tempest-VolumesTransfersV355Test-239533608 tempest-VolumesTransfersV355Test-239533608-project] Task 'cinder.volume.flows.api.create_volume.VolumeCastTask;volume:create' (57138235-f1d9-421c-b7cb-61a4c483337c) transitioned into state 'RUNNING' from state 'PENDING' {{(pid=100837) _task_receiver /usr/local/lib/python3.8/dist-packages/taskflow/listeners/logging.py:190}}
Sep 10 22:13:44.971409 dv-cinder-760184-11-smb devstack@c-api.service[100837]: DEBUG cinder.volume.api [None req-a62d3223-be61-4c9b-91a3-dd1a9b66f03a tempest-VolumesTransfersV355Test-239533608 tempest-VolumesTransfersV355Test-239533608-project] Task 'cinder.volume.flows.api.create_volume.VolumeCastTask;volume:create' (57138235-f1d9-421c-b7cb-61a4c483337c) transitioned into state 'SUCCESS' from state 'RUNNING' with result 'None' {{(pid=100837) _task_receiver /usr/local/lib/python3.8/dist-packages/taskflow/listeners/logging.py:178}}
Sep 10 22:13:44.979465 dv-cinder-760184-11-smb devstack@c-api.service[100837]: DEBUG cinder.volume.api [None req-a62d3223-be61-4c9b-91a3-dd1a9b66f03a tempest-VolumesTransfersV355Test-239533608 tempest-VolumesTransfersV355Test-239533608-project] Flow 'volume_create_api' (4d4ba583-599a-409a-b23d-a7805316d5b0) transitioned into state 'SUCCESS' from state 'RUNNING' {{(pid=100837) _flow_receiver /usr/local/lib/python3.8/dist-packages/taskflow/listeners/logging.py:141}}
Sep 10 22:13:44.980232 dv-cinder-760184-11-smb devstack@c-api.service[100837]: INFO cinder.volume.api [None req-a62d3223-be61-4c9b-91a3-dd1a9b66f03a tempest-VolumesTransfersV355Test-239533608 tempest-VolumesTransfersV355Test-239533608-project] Create volume request issued successfully.
Sep 10 22:13:44.996161 dv-cinder-760184-11-smb devstack@c-api.service[100837]: INFO cinder.api.openstack.wsgi [None req-a62d3223-be61-4c9b-91a3-dd1a9b66f03a tempest-VolumesTransfersV355Test-239533608 tempest-VolumesTransfersV355Test-239533608-project] http://10.222.0.36/volume/v3/20020efdd0f6484dad8ca35768b8cf57/volumes returned with HTTP 202
Sep 10 22:13:45.000236 dv-cinder-760184-11-smb devstack@c-api.service[100837]: [pid: 100837|app: 0|req: 130/249] 10.222.0.36 () {62 vars in 1276 bytes} [Fri Sep 10 22:13:44 2021] POST /volume/v3/20020efdd0f6484dad8ca35768b8cf57/volumes => generated 888 bytes in 362 msecs (HTTP/1.1 202) 7 headers in 292 bytes (1 switches on core 0)
Sep 10 22:13:45.013974 dv-cinder-760184-11-smb devstack@c-api.service[100837]: INFO cinder.api.openstack.wsgi [None req-b962752b-ce3f-4658-854e-61303eaf61cc tempest-VolumesTransfersV355Test-239533608 tempest-VolumesTransfersV355Test-239533608-project] GET http://10.222.0.36/volume/v3/20020efdd0f6484dad8ca35768b8cf57/volumes/a2b982cd-b5c8-40a9-bad3-b35037285ad1
Sep 10 22:13:45.014471 dv-cinder-760184-11-smb devstack@c-api.service[100837]: DEBUG cinder.api.openstack.wsgi [None req-b962752b-ce3f-4658-854e-61303eaf61cc tempest-VolumesTransfersV355Test-239533608 tempest-VolumesTransfersV355Test-239533608-project] Empty body provided in request {{(pid=100837) get_body /opt/stack/cinder/cinder/api/openstack/wsgi.py:703}}
Sep 10 22:13:45.014675 dv-cinder-760184-11-smb devstack@c-api.service[100837]: /usr/local/lib/python3.8/dist-packages/webob/acceptparse.py:1047: DeprecationWarning: The behavior of AcceptValidHeader.best_match is currently being maintained for backward compatibility, but it will be deprecated in the future, as it does not conform to the RFC.
Sep 10 22:13:45.014675 dv-cinder-760184-11-smb devstack@c-api.service[100837]: warnings.warn(
Sep 10 22:13:45.015017 dv-cinder-760184-11-smb devstack@c-api.service[100837]: DEBUG cinder.api.openstack.wsgi [None req-b962752b-ce3f-4658-854e-61303eaf61cc tempest-VolumesTransfersV355Test-239533608 tempest-VolumesTransfersV355Test-239533608-project] Calling method 'show' {{(pid=100837) _process_stack /opt/stack/cinder/cinder/api/openstack/wsgi.py:856}}
Sep 10 22:13:45.030913 dv-cinder-760184-11-smb devstack@c-api.service[100837]: /usr/local/lib/python3.8/dist-packages/oslo_context/context.py:105: DeprecationWarning: Policy enforcement is depending on the value of is_admin. This key is deprecated. Please update your policy file to use the standard policy values.
Sep 10 22:13:45.030913 dv-cinder-760184-11-smb devstack@c-api.service[100837]: warnings.warn('Policy enforcement is depending on the value of '
Sep 10 22:13:45.039988 dv-cinder-760184-11-smb devstack@c-api.service[100837]: INFO cinder.volume.api [None req-b962752b-ce3f-4658-854e-61303eaf61cc tempest-VolumesTransfersV355Test-239533608 tempest-VolumesTransfersV355Test-239533608-project] Volume info retrieved successfully.
Sep 10 22:13:45.053249 dv-cinder-760184-11-smb devstack@c-api.service[100838]: DEBUG cinder.quota [None req-ae65535e-9d5c-44ab-8dbe-d761e4034918 tempest-VolumeManageAdminTest-2003543462 tempest-VolumeManageAdminTest-2003543462-project] Created reservations ['36baeeb8-6314-4179-8b55-c8111c6f289b', 'bb999403-dd1a-4e1e-8a1f-807605301cc2', 'b39891b4-0a34-4e8a-9569-d9df4c1a8de2', '867217dc-0552-45b3-972e-4da0c5ad0762'] {{(pid=100838) reserve /opt/stack/cinder/cinder/quota.py:755}}
Sep 10 22:13:45.057446 dv-cinder-760184-11-smb devstack@c-api.service[100838]: DEBUG cinder.volume.api [None req-ae65535e-9d5c-44ab-8dbe-d761e4034918 tempest-VolumeManageAdminTest-2003543462 tempest-VolumeManageAdminTest-2003543462-project] Task 'cinder.volume.flows.api.create_volume.QuotaReserveTask;volume:create' (8251b43a-708d-466a-95bb-acb005b0f281) transitioned into state 'SUCCESS' from state 'RUNNING' with result '{'reservations': ['36baeeb8-6314-4179-8b55-c8111c6f289b', 'bb999403-dd1a-4e1e-8a1f-807605301cc2', 'b39891b4-0a34-4e8a-9569-d9df4c1a8de2', '867217dc-0552-45b3-972e-4da0c5ad0762']}' {{(pid=100838) _task_receiver /usr/local/lib/python3.8/dist-packages/taskflow/listeners/logging.py:178}}
Sep 10 22:13:45.059202 dv-cinder-760184-11-smb devstack@c-api.service[100837]: INFO cinder.api.openstack.wsgi [None req-b962752b-ce3f-4658-854e-61303eaf61cc tempest-VolumesTransfersV355Test-239533608 tempest-VolumesTransfersV355Test-239533608-project] http://10.222.0.36/volume/v3/20020efdd0f6484dad8ca35768b8cf57/volumes/a2b982cd-b5c8-40a9-bad3-b35037285ad1 returned with HTTP 200
Sep 10 22:13:45.060062 dv-cinder-760184-11-smb devstack@c-api.service[100837]: [pid: 100837|app: 0|req: 131/250] 10.222.0.36 () {60 vars in 1366 bytes} [Fri Sep 10 22:13:45 2021] GET /volume/v3/20020efdd0f6484dad8ca35768b8cf57/volumes/a2b982cd-b5c8-40a9-bad3-b35037285ad1 => generated 956 bytes in 51 msecs (HTTP/1.1 200) 7 headers in 286 bytes (2 switches on core 0)
Sep 10 22:13:45.062001 dv-cinder-760184-11-smb devstack@c-api.service[100838]: DEBUG cinder.volume.api [None req-ae65535e-9d5c-44ab-8dbe-d761e4034918 tempest-VolumeManageAdminTest-2003543462 tempest-VolumeManageAdminTest-2003543462-project] Task 'cinder.volume.flows.api.create_volume.EntryCreateTask;volume:create' (b0833452-4c5e-465d-9946-8cd2a9311fbd) transitioned into state 'RUNNING' from state 'PENDING' {{(pid=100838) _task_receiver /usr/local/lib/python3.8/dist-packages/taskflow/listeners/logging.py:190}}
Sep 10 22:13:45.094022 dv-cinder-760184-11-smb devstack@c-api.service[100838]: DEBUG cinder.volume.api [None req-ae65535e-9d5c-44ab-8dbe-d761e4034918 tempest-VolumeManageAdminTest-2003543462 tempest-VolumeManageAdminTest-2003543462-project] Task 'cinder.volume.flows.api.create_volume.EntryCreateTask;volume:create' (b0833452-4c5e-465d-9946-8cd2a9311fbd) transitioned into state 'SUCCESS' from state 'RUNNING' with result '{'volume_id': '1cfcbe72-71fc-43e3-a3f3-1250f8cc9011', 'volume_properties': VolumeProperties(attach_status='detached',availability_zone='nova',cgsnapshot_id=None,consistencygroup_id=None,display_description=None,display_name='tempest-VolumeManageAdminTest-Volume-1161568538',encryption_key_id=None,group_id=None,group_type_id=,metadata={},multiattach=False,project_id='9a9fb4af50264b798c1b78206e430868',qos_specs=None,replication_status=,reservations=['36baeeb8-6314-4179-8b55-c8111c6f289b','bb999403-dd1a-4e1e-8a1f-807605301cc2','b39891b4-0a34-4e8a-9569-d9df4c1a8de2','867217dc-0552-45b3-972e-4da0c5ad0762'],size=1,snapshot_id=None,source_replicaid=,source_volid=None,status='creating',user_id='5937af577d8c42d1b70504a626579d75',volume_type_id=8a86e177-736a-4ab0-abc7-638489b0a2ef), 'volume': Volume(_name_id=None,admin_metadata=,attach_status='detached',availability_zone='nova',bootable=False,cluster=,cluster_name=None,consistencygroup=,consistencygroup_id=None,created_at=2021-09-10T22:13:45Z,deleted=False,deleted_at=None,display_description=None,display_name='tempest-VolumeManageAdminTest-Volume-1161568538',ec2_id=None,encryption_key_id=None,glance_metadata=,group=,group_id=None,host=None,id=1cfcbe72-71fc-43e3-a3f3-1250f8cc9011,launched_at=None,metadata={},migration_status=None,multiattach=False,previous_status=None,project_id='9a9fb4af50264b798c1b78206e430868',provider_auth=None,provider_geometry=None,provider_id=None,provider_location=None,replication_driver_data=None,replication_extended_status=None,replication_status=None,scheduled_at=None,service_uuid=None,shared_targets=True,size=1,snapshot_id=None,snapshots=,source_volid=None,status='creating',terminated_at=None,updated_at=None,use_quota=True,user_id='5937af577d8c42d1b70504a626579d75',volume_attachment=,volume_type=VolumeType(8a86e177-736a-4ab0-abc7-638489b0a2ef),volume_type_id=8a86e177-736a-4ab0-abc7-638489b0a2ef)}' {{(pid=100838) _task_receiver /usr/local/lib/python3.8/dist-packages/taskflow/listeners/logging.py:178}}
Sep 10 22:13:45.096189 dv-cinder-760184-11-smb devstack@c-api.service[100838]: DEBUG cinder.volume.api [None req-ae65535e-9d5c-44ab-8dbe-d761e4034918 tempest-VolumeManageAdminTest-2003543462 tempest-VolumeManageAdminTest-2003543462-project] Task 'cinder.volume.flows.api.create_volume.QuotaCommitTask;volume:create' (5e50b129-2fd4-423b-9ae5-6c72f2da6b5d) transitioned into state 'RUNNING' from state 'PENDING' {{(pid=100838) _task_receiver /usr/local/lib/python3.8/dist-packages/taskflow/listeners/logging.py:190}}
Sep 10 22:13:45.123168 dv-cinder-760184-11-smb devstack@c-api.service[100838]: DEBUG cinder.volume.api [None req-ae65535e-9d5c-44ab-8dbe-d761e4034918 tempest-VolumeManageAdminTest-2003543462 tempest-VolumeManageAdminTest-2003543462-project] Task 'cinder.volume.flows.api.create_volume.QuotaCommitTask;volume:create' (5e50b129-2fd4-423b-9ae5-6c72f2da6b5d) transitioned into state 'SUCCESS' from state 'RUNNING' with result '{'volume_properties': VolumeProperties(attach_status='detached',availability_zone='nova',cgsnapshot_id=None,consistencygroup_id=None,display_description=None,display_name='tempest-VolumeManageAdminTest-Volume-1161568538',encryption_key_id=None,group_id=None,group_type_id=,metadata={},multiattach=False,project_id='9a9fb4af50264b798c1b78206e430868',qos_specs=None,replication_status=,reservations=['36baeeb8-6314-4179-8b55-c8111c6f289b','bb999403-dd1a-4e1e-8a1f-807605301cc2','b39891b4-0a34-4e8a-9569-d9df4c1a8de2','867217dc-0552-45b3-972e-4da0c5ad0762'],size=1,snapshot_id=None,source_replicaid=,source_volid=None,status='creating',user_id='5937af577d8c42d1b70504a626579d75',volume_type_id=8a86e177-736a-4ab0-abc7-638489b0a2ef)}' {{(pid=100838) _task_receiver /usr/local/lib/python3.8/dist-packages/taskflow/listeners/logging.py:178}}
Sep 10 22:13:45.126711 dv-cinder-760184-11-smb devstack@c-api.service[100838]: DEBUG cinder.volume.api [None req-ae65535e-9d5c-44ab-8dbe-d761e4034918 tempest-VolumeManageAdminTest-2003543462 tempest-VolumeManageAdminTest-2003543462-project] Task 'cinder.volume.flows.api.create_volume.VolumeCastTask;volume:create' (371717ec-2086-449c-84c0-bdd6d4f1e64c) transitioned into state 'RUNNING' from state 'PENDING' {{(pid=100838) _task_receiver /usr/local/lib/python3.8/dist-packages/taskflow/listeners/logging.py:190}}
Sep 10 22:13:45.143096 dv-cinder-760184-11-smb devstack@c-api.service[100838]: DEBUG cinder.volume.api [None req-ae65535e-9d5c-44ab-8dbe-d761e4034918 tempest-VolumeManageAdminTest-2003543462 tempest-VolumeManageAdminTest-2003543462-project] Task 'cinder.volume.flows.api.create_volume.VolumeCastTask;volume:create' (371717ec-2086-449c-84c0-bdd6d4f1e64c) transitioned into state 'SUCCESS' from state 'RUNNING' with result 'None' {{(pid=100838) _task_receiver /usr/local/lib/python3.8/dist-packages/taskflow/listeners/logging.py:178}}
Sep 10 22:13:45.145692 dv-cinder-760184-11-smb devstack@c-api.service[100838]: DEBUG cinder.volume.api [None req-ae65535e-9d5c-44ab-8dbe-d761e4034918 tempest-VolumeManageAdminTest-2003543462 tempest-VolumeManageAdminTest-2003543462-project] Flow 'volume_create_api' (93d26411-d1e3-461b-9d45-c117c273ffd1) transitioned into state 'SUCCESS' from state 'RUNNING' {{(pid=100838) _flow_receiver /usr/local/lib/python3.8/dist-packages/taskflow/listeners/logging.py:141}}
Sep 10 22:13:45.146382 dv-cinder-760184-11-smb devstack@c-api.service[100838]: INFO cinder.volume.api [None req-ae65535e-9d5c-44ab-8dbe-d761e4034918 tempest-VolumeManageAdminTest-2003543462 tempest-VolumeManageAdminTest-2003543462-project] Create volume request issued successfully.
Sep 10 22:13:45.155089 dv-cinder-760184-11-smb devstack@c-api.service[100838]: INFO cinder.api.openstack.wsgi [None req-ae65535e-9d5c-44ab-8dbe-d761e4034918 tempest-VolumeManageAdminTest-2003543462 tempest-VolumeManageAdminTest-2003543462-project] http://10.222.0.36/volume/v3/9a9fb4af50264b798c1b78206e430868/volumes returned with HTTP 202
Sep 10 22:13:45.156140 dv-cinder-760184-11-smb devstack@c-api.service[100838]: [pid: 100838|app: 0|req: 120/251] 10.222.0.36 () {60 vars in 1235 bytes} [Fri Sep 10 22:13:44 2021] POST /volume/v3/9a9fb4af50264b798c1b78206e430868/volumes => generated 821 bytes in 546 msecs (HTTP/1.1 202) 7 headers in 291 bytes (1 switches on core 0)
Sep 10 22:13:45.181232 dv-cinder-760184-11-smb devstack@c-api.service[100837]: INFO cinder.api.openstack.wsgi [None req-7ca0aa38-36ef-44de-9048-0eb1a7df28d7 tempest-VolumeManageAdminTest-2003543462 tempest-VolumeManageAdminTest-2003543462-project] GET http://10.222.0.36/volume/v3/9a9fb4af50264b798c1b78206e430868/volumes/1cfcbe72-71fc-43e3-a3f3-1250f8cc9011
Sep 10 22:13:45.181748 dv-cinder-760184-11-smb devstack@c-api.service[100837]: DEBUG cinder.api.openstack.wsgi [None req-7ca0aa38-36ef-44de-9048-0eb1a7df28d7 tempest-VolumeManageAdminTest-2003543462 tempest-VolumeManageAdminTest-2003543462-project] Empty body provided in request {{(pid=100837) get_body /opt/stack/cinder/cinder/api/openstack/wsgi.py:703}}
Sep 10 22:13:45.181979 dv-cinder-760184-11-smb devstack@c-api.service[100837]: /usr/local/lib/python3.8/dist-packages/webob/acceptparse.py:1047: DeprecationWarning: The behavior of AcceptValidHeader.best_match is currently being maintained for backward compatibility, but it will be deprecated in the future, as it does not conform to the RFC.
Sep 10 22:13:45.181979 dv-cinder-760184-11-smb devstack@c-api.service[100837]: warnings.warn(
Sep 10 22:13:45.182141 dv-cinder-760184-11-smb devstack@c-api.service[100837]: DEBUG cinder.api.openstack.wsgi [None req-7ca0aa38-36ef-44de-9048-0eb1a7df28d7 tempest-VolumeManageAdminTest-2003543462 tempest-VolumeManageAdminTest-2003543462-project] Calling method 'show' {{(pid=100837) _process_stack /opt/stack/cinder/cinder/api/openstack/wsgi.py:856}}
Sep 10 22:13:45.199248 dv-cinder-760184-11-smb devstack@c-api.service[100837]: /usr/local/lib/python3.8/dist-packages/oslo_context/context.py:105: DeprecationWarning: Policy enforcement is depending on the value of is_admin. This key is deprecated. Please update your policy file to use the standard policy values.
Sep 10 22:13:45.199248 dv-cinder-760184-11-smb devstack@c-api.service[100837]: warnings.warn('Policy enforcement is depending on the value of '
Sep 10 22:13:45.208774 dv-cinder-760184-11-smb devstack@c-api.service[100837]: INFO cinder.volume.api [None req-7ca0aa38-36ef-44de-9048-0eb1a7df28d7 tempest-VolumeManageAdminTest-2003543462 tempest-VolumeManageAdminTest-2003543462-project] Volume info retrieved successfully.
Sep 10 22:13:45.224892 dv-cinder-760184-11-smb devstack@c-api.service[100837]: INFO cinder.api.openstack.wsgi [None req-7ca0aa38-36ef-44de-9048-0eb1a7df28d7 tempest-VolumeManageAdminTest-2003543462 tempest-VolumeManageAdminTest-2003543462-project] http://10.222.0.36/volume/v3/9a9fb4af50264b798c1b78206e430868/volumes/1cfcbe72-71fc-43e3-a3f3-1250f8cc9011 returned with HTTP 200
Sep 10 22:13:45.234137 dv-cinder-760184-11-smb devstack@c-api.service[100837]: [pid: 100837|app: 0|req: 132/252] 10.222.0.36 () {58 vars in 1325 bytes} [Fri Sep 10 22:13:45 2021] GET /volume/v3/9a9fb4af50264b798c1b78206e430868/volumes/1cfcbe72-71fc-43e3-a3f3-1250f8cc9011 => generated 889 bytes in 58 msecs (HTTP/1.1 200) 7 headers in 285 bytes (1 switches on core 0)
Sep 10 22:13:45.453127 dv-cinder-760184-11-smb devstack@c-api.service[100838]: INFO cinder.api.openstack.wsgi [None req-2f75be10-a497-45a4-b096-7e5715ffe4b6 tempest-VolumeRetypeWithoutMigrationTest-808519251 tempest-VolumeRetypeWithoutMigrationTest-808519251-project] GET http://10.222.0.36/volume/v3/08d14fd0d78748bfbc8d60b5f9bba200/volumes/7f987db0-5bc1-4fa8-8b62-60aba5f0b1e4
Sep 10 22:13:45.453675 dv-cinder-760184-11-smb devstack@c-api.service[100838]: DEBUG cinder.api.openstack.wsgi [None req-2f75be10-a497-45a4-b096-7e5715ffe4b6 tempest-VolumeRetypeWithoutMigrationTest-808519251 tempest-VolumeRetypeWithoutMigrationTest-808519251-project] Empty body provided in request {{(pid=100838) get_body /opt/stack/cinder/cinder/api/openstack/wsgi.py:703}}
Sep 10 22:13:45.453675 dv-cinder-760184-11-smb devstack@c-api.service[100838]: /usr/local/lib/python3.8/dist-packages/webob/acceptparse.py:1047: DeprecationWarning: The behavior of AcceptValidHeader.best_match is currently being maintained for backward compatibility, but it will be deprecated in the future, as it does not conform to the RFC.
Sep 10 22:13:45.453675 dv-cinder-760184-11-smb devstack@c-api.service[100838]: warnings.warn(
Sep 10 22:13:45.453919 dv-cinder-760184-11-smb devstack@c-api.service[100838]: DEBUG cinder.api.openstack.wsgi [None req-2f75be10-a497-45a4-b096-7e5715ffe4b6 tempest-VolumeRetypeWithoutMigrationTest-808519251 tempest-VolumeRetypeWithoutMigrationTest-808519251-project] Calling method 'show' {{(pid=100838) _process_stack /opt/stack/cinder/cinder/api/openstack/wsgi.py:856}}
Sep 10 22:13:45.475987 dv-cinder-760184-11-smb devstack@c-api.service[100838]: INFO cinder.api.openstack.wsgi [None req-2f75be10-a497-45a4-b096-7e5715ffe4b6 tempest-VolumeRetypeWithoutMigrationTest-808519251 tempest-VolumeRetypeWithoutMigrationTest-808519251-project] http://10.222.0.36/volume/v3/08d14fd0d78748bfbc8d60b5f9bba200/volumes/7f987db0-5bc1-4fa8-8b62-60aba5f0b1e4 returned with HTTP 404
Sep 10 22:13:45.479980 dv-cinder-760184-11-smb devstack@c-api.service[100838]: [pid: 100838|app: 0|req: 121/253] 10.222.0.36 () {58 vars in 1325 bytes} [Fri Sep 10 22:13:45 2021] GET /volume/v3/08d14fd0d78748bfbc8d60b5f9bba200/volumes/7f987db0-5bc1-4fa8-8b62-60aba5f0b1e4 => generated 109 bytes in 28 msecs (HTTP/1.1 404) 7 headers in 292 bytes (1 switches on core 0)
Sep 10 22:13:45.484332 dv-cinder-760184-11-smb devstack@c-api.service[100837]: INFO cinder.api.openstack.wsgi [None req-4e092e52-8954-4403-a0d1-26fe8dc2e6d9 tempest-VolumeRetypeWithoutMigrationTest-1512103150 tempest-VolumeRetypeWithoutMigrationTest-1512103150-project-admin] DELETE http://10.222.0.36/volume/v3/e626260e918d42beab91bbfdd7d05c4c/types/b9aa3022-1639-49e9-bb2d-a0c482cfc0d7
Sep 10 22:13:45.485197 dv-cinder-760184-11-smb devstack@c-api.service[100837]: DEBUG cinder.api.openstack.wsgi [None req-4e092e52-8954-4403-a0d1-26fe8dc2e6d9 tempest-VolumeRetypeWithoutMigrationTest-1512103150 tempest-VolumeRetypeWithoutMigrationTest-1512103150-project-admin] Empty body provided in request {{(pid=100837) get_body /opt/stack/cinder/cinder/api/openstack/wsgi.py:703}}
Sep 10 22:13:45.486005 dv-cinder-760184-11-smb devstack@c-api.service[100837]: /usr/local/lib/python3.8/dist-packages/webob/acceptparse.py:1047: DeprecationWarning: The behavior of AcceptValidHeader.best_match is currently being maintained for backward compatibility, but it will be deprecated in the future, as it does not conform to the RFC.
Sep 10 22:13:45.486005 dv-cinder-760184-11-smb devstack@c-api.service[100837]: warnings.warn(
Sep 10 22:13:45.486447 dv-cinder-760184-11-smb devstack@c-api.service[100837]: DEBUG cinder.api.openstack.wsgi [None req-4e092e52-8954-4403-a0d1-26fe8dc2e6d9 tempest-VolumeRetypeWithoutMigrationTest-1512103150 tempest-VolumeRetypeWithoutMigrationTest-1512103150-project-admin] Calling method '_delete' {{(pid=100837) _process_stack /opt/stack/cinder/cinder/api/openstack/wsgi.py:856}}
Sep 10 22:13:45.550117 dv-cinder-760184-11-smb devstack@c-api.service[100837]: INFO cinder.api.openstack.wsgi [None req-4e092e52-8954-4403-a0d1-26fe8dc2e6d9 tempest-VolumeRetypeWithoutMigrationTest-1512103150 tempest-VolumeRetypeWithoutMigrationTest-1512103150-project-admin] http://10.222.0.36/volume/v3/e626260e918d42beab91bbfdd7d05c4c/types/b9aa3022-1639-49e9-bb2d-a0c482cfc0d7 returned with HTTP 202
Sep 10 22:13:45.551455 dv-cinder-760184-11-smb devstack@c-api.service[100837]: [pid: 100837|app: 0|req: 133/254] 10.222.0.36 () {58 vars in 1322 bytes} [Fri Sep 10 22:13:45 2021] DELETE /volume/v3/e626260e918d42beab91bbfdd7d05c4c/types/b9aa3022-1639-49e9-bb2d-a0c482cfc0d7 => generated 0 bytes in 71 msecs (HTTP/1.1 202) 6 headers in 233 bytes (1 switches on core 0)
Sep 10 22:13:45.559465 dv-cinder-760184-11-smb devstack@c-api.service[100838]: INFO cinder.api.openstack.wsgi [None req-d3b54f8d-1353-46ca-95da-d8f37093112c tempest-VolumeRetypeWithoutMigrationTest-1512103150 tempest-VolumeRetypeWithoutMigrationTest-1512103150-project-admin] GET http://10.222.0.36/volume/v3/e626260e918d42beab91bbfdd7d05c4c/types/b9aa3022-1639-49e9-bb2d-a0c482cfc0d7
Sep 10 22:13:45.559879 dv-cinder-760184-11-smb devstack@c-api.service[100838]: DEBUG cinder.api.openstack.wsgi [None req-d3b54f8d-1353-46ca-95da-d8f37093112c tempest-VolumeRetypeWithoutMigrationTest-1512103150 tempest-VolumeRetypeWithoutMigrationTest-1512103150-project-admin] Empty body provided in request {{(pid=100838) get_body /opt/stack/cinder/cinder/api/openstack/wsgi.py:703}}
Sep 10 22:13:45.560357 dv-cinder-760184-11-smb devstack@c-api.service[100838]: DEBUG cinder.api.openstack.wsgi [None req-d3b54f8d-1353-46ca-95da-d8f37093112c tempest-VolumeRetypeWithoutMigrationTest-1512103150 tempest-VolumeRetypeWithoutMigrationTest-1512103150-project-admin] Calling method 'show' {{(pid=100838) _process_stack /opt/stack/cinder/cinder/api/openstack/wsgi.py:856}}
Sep 10 22:13:45.568217 dv-cinder-760184-11-smb devstack@c-api.service[100838]: INFO cinder.api.openstack.wsgi [None req-d3b54f8d-1353-46ca-95da-d8f37093112c tempest-VolumeRetypeWithoutMigrationTest-1512103150 tempest-VolumeRetypeWithoutMigrationTest-1512103150-project-admin] http://10.222.0.36/volume/v3/e626260e918d42beab91bbfdd7d05c4c/types/b9aa3022-1639-49e9-bb2d-a0c482cfc0d7 returned with HTTP 404
Sep 10 22:13:45.569157 dv-cinder-760184-11-smb devstack@c-api.service[100838]: [pid: 100838|app: 0|req: 122/255] 10.222.0.36 () {58 vars in 1319 bytes} [Fri Sep 10 22:13:45 2021] GET /volume/v3/e626260e918d42beab91bbfdd7d05c4c/types/b9aa3022-1639-49e9-bb2d-a0c482cfc0d7 => generated 114 bytes in 14 msecs (HTTP/1.1 404) 7 headers in 292 bytes (1 switches on core 0)
Sep 10 22:13:45.581228 dv-cinder-760184-11-smb devstack@c-api.service[100837]: INFO cinder.api.openstack.wsgi [None req-09a38b33-761b-46da-829e-9ddc4b7aaf65 tempest-VolumeRetypeWithoutMigrationTest-1512103150 tempest-VolumeRetypeWithoutMigrationTest-1512103150-project-admin] DELETE http://10.222.0.36/volume/v3/e626260e918d42beab91bbfdd7d05c4c/types/b46a3a0c-896a-40ef-860c-955047ea291b
