Aug 31 00:56:45.772767 dv-cinder-760180-3-smb devstack@n-api.service[108315]: [pid: 108315|app: 0|req: 24/40] 10.222.0.23 () {58 vars in 1236 bytes} [Tue Aug 31 00:56:45 2021] GET /compute/v2.1/servers/fce17adc-8940-432e-bf4b-654e1d8077ec => generated 1272 bytes in 385 msecs (HTTP/1.1 200) 9 headers in 358 bytes (1 switches on core 0)
Aug 31 00:56:45.891369 dv-cinder-760180-3-smb devstack@n-api.service[108314]: DEBUG nova.api.openstack.wsgi [None req-68881764-c72b-4660-a4b5-2694420a8ebb tempest-ServerRescueNegativeTestJSON-962013108 tempest-ServerRescueNegativeTestJSON-962013108-project] Action: 'create', calling method: >, body: {"server": {"name": "tempest-ServerRescueNegativeTestJSON-server-555168651", "imageRef": "d62bf302-7f41-42fc-9379-49b00d4b3c3a", "flavorRef": "452", "adminPass": "***", "networks": [{"uuid": "36ef1db6-2960-4941-a4ef-842448134ec4"}]}} {{(pid=108314) _process_stack /opt/stack/nova/nova/api/openstack/wsgi.py:511}}
Aug 31 00:56:46.029399 dv-cinder-760180-3-smb devstack@n-api.service[108314]: DEBUG nova.network.neutron [None req-68881764-c72b-4660-a4b5-2694420a8ebb tempest-ServerRescueNegativeTestJSON-962013108 tempest-ServerRescueNegativeTestJSON-962013108-project] validate_networks() for [('36ef1db6-2960-4941-a4ef-842448134ec4', None, None, None, None, None)] {{(pid=108314) validate_networks /opt/stack/nova/nova/network/neutron.py:2309}}
Aug 31 00:56:46.788903 dv-cinder-760180-3-smb devstack@n-api.service[108315]: DEBUG nova.api.openstack.wsgi [None req-d4df01c6-e500-412b-8fdd-91377bdf6a68 tempest-DeleteServersTestJSON-554224036 tempest-DeleteServersTestJSON-554224036-project] Calling method '>' {{(pid=108315) _process_stack /opt/stack/nova/nova/api/openstack/wsgi.py:513}}
Aug 31 00:56:46.789697 dv-cinder-760180-3-smb devstack@n-api.service[108315]: DEBUG nova.compute.api [None req-d4df01c6-e500-412b-8fdd-91377bdf6a68 tempest-DeleteServersTestJSON-554224036 tempest-DeleteServersTestJSON-554224036-project] [instance: fce17adc-8940-432e-bf4b-654e1d8077ec] Fetching instance by UUID {{(pid=108315) get /opt/stack/nova/nova/compute/api.py:2826}}
Aug 31 00:56:46.796975 dv-cinder-760180-3-smb devstack@n-api.service[108315]: DEBUG oslo_concurrency.lockutils [None req-d4df01c6-e500-412b-8fdd-91377bdf6a68 tempest-DeleteServersTestJSON-554224036 tempest-DeleteServersTestJSON-554224036-project] Lock "68f8732d-90dc-4c13-b30b-acc0c9b6a27d" acquired by "nova.context.set_target_cell..get_or_set_cached_cell_and_set_connections" :: waited 0.000s {{(pid=108315) inner /usr/local/lib/python3.8/dist-packages/oslo_concurrency/lockutils.py:355}}
Aug 31 00:56:46.799746 dv-cinder-760180-3-smb devstack@n-api.service[108315]: DEBUG oslo_concurrency.lockutils [None req-d4df01c6-e500-412b-8fdd-91377bdf6a68 tempest-DeleteServersTestJSON-554224036 tempest-DeleteServersTestJSON-554224036-project] Lock "68f8732d-90dc-4c13-b30b-acc0c9b6a27d" released by "nova.context.set_target_cell..get_or_set_cached_cell_and_set_connections" :: held 0.001s {{(pid=108315) inner /usr/local/lib/python3.8/dist-packages/oslo_concurrency/lockutils.py:367}}
Aug 31 00:56:46.800811 dv-cinder-760180-3-smb devstack@n-api.service[108315]: DEBUG oslo_concurrency.lockutils [None req-d4df01c6-e500-412b-8fdd-91377bdf6a68 tempest-DeleteServersTestJSON-554224036 tempest-DeleteServersTestJSON-554224036-project] Lock "68f8732d-90dc-4c13-b30b-acc0c9b6a27d" acquired by "nova.context.set_target_cell..get_or_set_cached_cell_and_set_connections" :: waited 0.000s {{(pid=108315) inner /usr/local/lib/python3.8/dist-packages/oslo_concurrency/lockutils.py:355}}
Aug 31 00:56:46.811905 dv-cinder-760180-3-smb devstack@n-api.service[108315]: DEBUG oslo_concurrency.lockutils [None req-d4df01c6-e500-412b-8fdd-91377bdf6a68 tempest-DeleteServersTestJSON-554224036 tempest-DeleteServersTestJSON-554224036-project] Lock "68f8732d-90dc-4c13-b30b-acc0c9b6a27d" released by "nova.context.set_target_cell..get_or_set_cached_cell_and_set_connections" :: held 0.011s {{(pid=108315) inner /usr/local/lib/python3.8/dist-packages/oslo_concurrency/lockutils.py:367}}
Aug 31 00:56:47.192852 dv-cinder-760180-3-smb devstack@n-api.service[108314]: DEBUG nova.virt.hardware [None req-68881764-c72b-4660-a4b5-2694420a8ebb tempest-ServerRescueNegativeTestJSON-962013108 tempest-ServerRescueNegativeTestJSON-962013108-project] Flavor limits 0:0:0 {{(pid=108314) get_cpu_topology_constraints /opt/stack/nova/nova/virt/hardware.py:343}}
Aug 31 00:56:47.193509 dv-cinder-760180-3-smb devstack@n-api.service[108314]: DEBUG nova.virt.hardware [None req-68881764-c72b-4660-a4b5-2694420a8ebb tempest-ServerRescueNegativeTestJSON-962013108 tempest-ServerRescueNegativeTestJSON-962013108-project] Image limits 0:0:0 {{(pid=108314) get_cpu_topology_constraints /opt/stack/nova/nova/virt/hardware.py:347}}
Aug 31 00:56:47.193738 dv-cinder-760180-3-smb devstack@n-api.service[108314]: DEBUG nova.virt.hardware [None req-68881764-c72b-4660-a4b5-2694420a8ebb tempest-ServerRescueNegativeTestJSON-962013108 tempest-ServerRescueNegativeTestJSON-962013108-project] Flavor pref 0:0:0 {{(pid=108314) get_cpu_topology_constraints /opt/stack/nova/nova/virt/hardware.py:383}}
Aug 31 00:56:47.194150 dv-cinder-760180-3-smb devstack@n-api.service[108314]: DEBUG nova.virt.hardware [None req-68881764-c72b-4660-a4b5-2694420a8ebb tempest-ServerRescueNegativeTestJSON-962013108 tempest-ServerRescueNegativeTestJSON-962013108-project] Image pref 0:0:0 {{(pid=108314) get_cpu_topology_constraints /opt/stack/nova/nova/virt/hardware.py:387}}
Aug 31 00:56:47.194592 dv-cinder-760180-3-smb devstack@n-api.service[108314]: DEBUG nova.virt.hardware [None req-68881764-c72b-4660-a4b5-2694420a8ebb tempest-ServerRescueNegativeTestJSON-962013108 tempest-ServerRescueNegativeTestJSON-962013108-project] Chose sockets=0, cores=0, threads=0; limits were sockets=65536, cores=65536, threads=65536 {{(pid=108314) get_cpu_topology_constraints /opt/stack/nova/nova/virt/hardware.py:425}}
Aug 31 00:56:47.207902 dv-cinder-760180-3-smb devstack@n-api.service[108314]: DEBUG oslo_concurrency.lockutils [None req-68881764-c72b-4660-a4b5-2694420a8ebb tempest-ServerRescueNegativeTestJSON-962013108 tempest-ServerRescueNegativeTestJSON-962013108-project] Lock "00000000-0000-0000-0000-000000000000" acquired by "nova.context.set_target_cell..get_or_set_cached_cell_and_set_connections" :: waited 0.000s {{(pid=108314) inner /usr/local/lib/python3.8/dist-packages/oslo_concurrency/lockutils.py:355}}
Aug 31 00:56:47.208358 dv-cinder-760180-3-smb devstack@n-api.service[108314]: DEBUG oslo_concurrency.lockutils [None req-68881764-c72b-4660-a4b5-2694420a8ebb tempest-ServerRescueNegativeTestJSON-962013108 tempest-ServerRescueNegativeTestJSON-962013108-project] Lock "00000000-0000-0000-0000-000000000000" released by "nova.context.set_target_cell..get_or_set_cached_cell_and_set_connections" :: held 0.001s {{(pid=108314) inner /usr/local/lib/python3.8/dist-packages/oslo_concurrency/lockutils.py:367}}
Aug 31 00:56:47.215179 dv-cinder-760180-3-smb devstack@n-api.service[108314]: DEBUG oslo_concurrency.lockutils [None req-68881764-c72b-4660-a4b5-2694420a8ebb tempest-ServerRescueNegativeTestJSON-962013108 tempest-ServerRescueNegativeTestJSON-962013108-project] Lock "68f8732d-90dc-4c13-b30b-acc0c9b6a27d" acquired by "nova.context.set_target_cell..get_or_set_cached_cell_and_set_connections" :: waited 0.000s {{(pid=108314) inner /usr/local/lib/python3.8/dist-packages/oslo_concurrency/lockutils.py:355}}
Aug 31 00:56:47.215961 dv-cinder-760180-3-smb devstack@n-api.service[108314]: DEBUG oslo_concurrency.lockutils [None req-68881764-c72b-4660-a4b5-2694420a8ebb tempest-ServerRescueNegativeTestJSON-962013108 tempest-ServerRescueNegativeTestJSON-962013108-project] Lock "68f8732d-90dc-4c13-b30b-acc0c9b6a27d" released by "nova.context.set_target_cell..get_or_set_cached_cell_and_set_connections" :: held 0.006s {{(pid=108314) inner /usr/local/lib/python3.8/dist-packages/oslo_concurrency/lockutils.py:367}}
Aug 31 00:56:47.244849 dv-cinder-760180-3-smb devstack@n-api.service[108315]: DEBUG nova.policy [None req-d4df01c6-e500-412b-8fdd-91377bdf6a68 tempest-DeleteServersTestJSON-554224036 tempest-DeleteServersTestJSON-554224036-project] Policy check for os_compute_api:os-extended-server-attributes failed with credentials {'is_admin': False, 'user_id': 'ca2fd2a4091b477985df6a72ac534dd9', 'user_domain_id': 'default', 'system_scope': None, 'domain_id': None, 'project_id': '29fb02b7aaac461aba3d3fd3bef79bcc', 'project_domain_id': 'default', 'roles': ['reader', 'member'], 'is_admin_project': True, 'service_user_id': None, 'service_user_domain_id': None, 'service_project_id': None, 'service_project_domain_id': None, 'service_roles': []} {{(pid=108315) authorize /opt/stack/nova/nova/policy.py:199}}
Aug 31 00:56:47.256181 dv-cinder-760180-3-smb devstack@n-api.service[108315]: INFO nova.api.openstack.requestlog [None req-d4df01c6-e500-412b-8fdd-91377bdf6a68 tempest-DeleteServersTestJSON-554224036 tempest-DeleteServersTestJSON-554224036-project] 10.222.0.23 "GET /compute/v2.1/servers/fce17adc-8940-432e-bf4b-654e1d8077ec" status: 200 len: 1314 microversion: 2.1 time: 0.470822
Aug 31 00:56:47.256463 dv-cinder-760180-3-smb devstack@n-api.service[108314]: DEBUG nova.quota [None req-68881764-c72b-4660-a4b5-2694420a8ebb tempest-ServerRescueNegativeTestJSON-962013108 tempest-ServerRescueNegativeTestJSON-962013108-project] Getting quotas for project 2f4643f9d458465d9ceaf2a724e95a11. Resources: {'cores', 'instances', 'ram'} {{(pid=108314) _get_quotas /opt/stack/nova/nova/quota.py:387}}
Aug 31 00:56:47.269681 dv-cinder-760180-3-smb devstack@n-api.service[108315]: [pid: 108315|app: 0|req: 25/41] 10.222.0.23 () {58 vars in 1236 bytes} [Tue Aug 31 00:56:46 2021] GET /compute/v2.1/servers/fce17adc-8940-432e-bf4b-654e1d8077ec => generated 1314 bytes in 484 msecs (HTTP/1.1 200) 9 headers in 358 bytes (2 switches on core 0)
Aug 31 00:56:47.270235 dv-cinder-760180-3-smb devstack@n-api.service[108314]: DEBUG nova.quota [None req-68881764-c72b-4660-a4b5-2694420a8ebb tempest-ServerRescueNegativeTestJSON-962013108 tempest-ServerRescueNegativeTestJSON-962013108-project] Getting quotas for user 1c9cf560406e46f8818ee4842822f34b and project 2f4643f9d458465d9ceaf2a724e95a11. Resources: {'cores', 'instances', 'ram'} {{(pid=108314) _get_quotas /opt/stack/nova/nova/quota.py:377}}
Aug 31 00:56:47.299986 dv-cinder-760180-3-smb devstack@n-api.service[108314]: DEBUG nova.compute.api [None req-68881764-c72b-4660-a4b5-2694420a8ebb tempest-ServerRescueNegativeTestJSON-962013108 tempest-ServerRescueNegativeTestJSON-962013108-project] Going to run 1 instances... {{(pid=108314) _provision_instances /opt/stack/nova/nova/compute/api.py:1315}}
Aug 31 00:56:47.302807 dv-cinder-760180-3-smb devstack@n-api.service[108314]: DEBUG nova.compute.api [None req-68881764-c72b-4660-a4b5-2694420a8ebb tempest-ServerRescueNegativeTestJSON-962013108 tempest-ServerRescueNegativeTestJSON-962013108-project] [instance: 1930aa48-659a-4707-8fe9-819d5b6fcf26] block_device_mapping [BlockDeviceMapping(attachment_id=,boot_index=0,connection_info=None,created_at=,delete_on_termination=True,deleted=,deleted_at=,destination_type='local',device_name=None,device_type='disk',disk_bus=None,guest_format=None,id=,image_id='d62bf302-7f41-42fc-9379-49b00d4b3c3a',instance=,instance_uuid=,no_device=False,snapshot_id=None,source_type='image',tag=None,updated_at=,uuid=,volume_id=None,volume_size=None,volume_type=None)] {{(pid=108314) _bdm_validate_set_size_and_instance /opt/stack/nova/nova/compute/api.py:1720}}
Aug 31 00:56:47.435699 dv-cinder-760180-3-smb devstack@n-api.service[108314]: INFO nova.api.openstack.requestlog [None req-68881764-c72b-4660-a4b5-2694420a8ebb tempest-ServerRescueNegativeTestJSON-962013108 tempest-ServerRescueNegativeTestJSON-962013108-project] 10.222.0.23 "POST /compute/v2.1/servers" status: 202 len: 383 microversion: 2.1 time: 2.499838
Aug 31 00:56:47.444029 dv-cinder-760180-3-smb devstack@n-api.service[108314]: [pid: 108314|app: 0|req: 17/42] 10.222.0.23 () {60 vars in 1147 bytes} [Tue Aug 31 00:56:44 2021] POST /compute/v2.1/servers => generated 383 bytes in 2509 msecs (HTTP/1.1 202) 10 headers in 451 bytes (1 switches on core 0)
Aug 31 00:56:47.463497 dv-cinder-760180-3-smb devstack@n-api.service[108314]: DEBUG nova.api.openstack.wsgi [None req-97684cd2-73f6-439f-a3f8-7b2dcb7ff34f tempest-ServerRescueNegativeTestJSON-962013108 tempest-ServerRescueNegativeTestJSON-962013108-project] Calling method '>' {{(pid=108314) _process_stack /opt/stack/nova/nova/api/openstack/wsgi.py:513}}
Aug 31 00:56:47.466201 dv-cinder-760180-3-smb devstack@n-api.service[108314]: DEBUG nova.compute.api [None req-97684cd2-73f6-439f-a3f8-7b2dcb7ff34f tempest-ServerRescueNegativeTestJSON-962013108 tempest-ServerRescueNegativeTestJSON-962013108-project] [instance: 1930aa48-659a-4707-8fe9-819d5b6fcf26] Fetching instance by UUID {{(pid=108314) get /opt/stack/nova/nova/compute/api.py:2826}}
Aug 31 00:56:47.639036 dv-cinder-760180-3-smb devstack@n-api.service[108314]: DEBUG nova.policy [None req-97684cd2-73f6-439f-a3f8-7b2dcb7ff34f tempest-ServerRescueNegativeTestJSON-962013108 tempest-ServerRescueNegativeTestJSON-962013108-project] Policy check for os_compute_api:os-extended-server-attributes failed with credentials {'is_admin': False, 'user_id': '1c9cf560406e46f8818ee4842822f34b', 'user_domain_id': 'default', 'system_scope': None, 'domain_id': None, 'project_id': '2f4643f9d458465d9ceaf2a724e95a11', 'project_domain_id': 'default', 'roles': ['reader', 'member'], 'is_admin_project': True, 'service_user_id': None, 'service_user_domain_id': None, 'service_project_id': None, 'service_project_domain_id': None, 'service_roles': []} {{(pid=108314) authorize /opt/stack/nova/nova/policy.py:199}}
Aug 31 00:56:47.667501 dv-cinder-760180-3-smb devstack@n-api.service[108314]: INFO nova.api.openstack.requestlog [None req-97684cd2-73f6-439f-a3f8-7b2dcb7ff34f tempest-ServerRescueNegativeTestJSON-962013108 tempest-ServerRescueNegativeTestJSON-962013108-project] 10.222.0.23 "GET /compute/v2.1/servers/1930aa48-659a-4707-8fe9-819d5b6fcf26" status: 200 len: 1221 microversion: 2.1 time: 0.221183
Aug 31 00:56:47.723882 dv-cinder-760180-3-smb devstack@n-api.service[108314]: [pid: 108314|app: 0|req: 18/43] 10.222.0.23 () {58 vars in 1236 bytes} [Tue Aug 31 00:56:47 2021] GET /compute/v2.1/servers/1930aa48-659a-4707-8fe9-819d5b6fcf26 => generated 1221 bytes in 228 msecs (HTTP/1.1 200) 9 headers in 358 bytes (1 switches on core 0)
Aug 31 00:56:48.278113 dv-cinder-760180-3-smb devstack@n-api.service[108314]: DEBUG nova.api.openstack.wsgi [None req-0d11dcba-6ea8-4bb8-834c-5bb4c8809cf6 tempest-DeleteServersTestJSON-554224036 tempest-DeleteServersTestJSON-554224036-project] Calling method '>' {{(pid=108314) _process_stack /opt/stack/nova/nova/api/openstack/wsgi.py:513}}
Aug 31 00:56:48.280018 dv-cinder-760180-3-smb devstack@n-api.service[108314]: DEBUG nova.compute.api [None req-0d11dcba-6ea8-4bb8-834c-5bb4c8809cf6 tempest-DeleteServersTestJSON-554224036 tempest-DeleteServersTestJSON-554224036-project] [instance: fce17adc-8940-432e-bf4b-654e1d8077ec] Fetching instance by UUID {{(pid=108314) get /opt/stack/nova/nova/compute/api.py:2826}}
Aug 31 00:56:48.304067 dv-cinder-760180-3-smb devstack@n-api.service[108314]: DEBUG oslo_concurrency.lockutils [None req-0d11dcba-6ea8-4bb8-834c-5bb4c8809cf6 tempest-DeleteServersTestJSON-554224036 tempest-DeleteServersTestJSON-554224036-project] Lock "68f8732d-90dc-4c13-b30b-acc0c9b6a27d" acquired by "nova.context.set_target_cell..get_or_set_cached_cell_and_set_connections" :: waited 0.000s {{(pid=108314) inner /usr/local/lib/python3.8/dist-packages/oslo_concurrency/lockutils.py:355}}
Aug 31 00:56:48.304576 dv-cinder-760180-3-smb devstack@n-api.service[108314]: DEBUG oslo_concurrency.lockutils [None req-0d11dcba-6ea8-4bb8-834c-5bb4c8809cf6 tempest-DeleteServersTestJSON-554224036 tempest-DeleteServersTestJSON-554224036-project] Lock "68f8732d-90dc-4c13-b30b-acc0c9b6a27d" released by "nova.context.set_target_cell..get_or_set_cached_cell_and_set_connections" :: held 0.005s {{(pid=108314) inner /usr/local/lib/python3.8/dist-packages/oslo_concurrency/lockutils.py:367}}
Aug 31 00:56:48.305410 dv-cinder-760180-3-smb devstack@n-api.service[108314]: DEBUG oslo_concurrency.lockutils [None req-0d11dcba-6ea8-4bb8-834c-5bb4c8809cf6 tempest-DeleteServersTestJSON-554224036 tempest-DeleteServersTestJSON-554224036-project] Lock "68f8732d-90dc-4c13-b30b-acc0c9b6a27d" acquired by "nova.context.set_target_cell..get_or_set_cached_cell_and_set_connections" :: waited 0.000s {{(pid=108314) inner /usr/local/lib/python3.8/dist-packages/oslo_concurrency/lockutils.py:355}}
Aug 31 00:56:48.317709 dv-cinder-760180-3-smb devstack@n-api.service[108314]: DEBUG oslo_concurrency.lockutils [None req-0d11dcba-6ea8-4bb8-834c-5bb4c8809cf6 tempest-DeleteServersTestJSON-554224036 tempest-DeleteServersTestJSON-554224036-project] Lock "68f8732d-90dc-4c13-b30b-acc0c9b6a27d" released by "nova.context.set_target_cell..get_or_set_cached_cell_and_set_connections" :: held 0.000s {{(pid=108314) inner /usr/local/lib/python3.8/dist-packages/oslo_concurrency/lockutils.py:367}}
Aug 31 00:56:48.483424 dv-cinder-760180-3-smb devstack@n-api.service[108315]: DEBUG nova.api.openstack.wsgi [None req-a095a624-9b7e-4fe1-b75c-3e2f45dc20c7 tempest-AttachVolumeTestJSON-1806114463 tempest-AttachVolumeTestJSON-1806114463-project] Action: 'create', calling method: .version_select at 0x7fe85c5a9af0>, body: {"keypair": {"name": "tempest-keypair-524308456"}} {{(pid=108315) _process_stack /opt/stack/nova/nova/api/openstack/wsgi.py:511}}
Aug 31 00:56:48.764324 dv-cinder-760180-3-smb devstack@n-api.service[108315]: DEBUG nova.quota [None req-a095a624-9b7e-4fe1-b75c-3e2f45dc20c7 tempest-AttachVolumeTestJSON-1806114463 tempest-AttachVolumeTestJSON-1806114463-project] Getting quotas for project 1490e4f4261b4d0ab936b054b1606201. Resources: {'key_pairs'} {{(pid=108315) _get_quotas /opt/stack/nova/nova/quota.py:387}}
Aug 31 00:56:48.788592 dv-cinder-760180-3-smb devstack@n-api.service[108315]: DEBUG nova.quota [None req-a095a624-9b7e-4fe1-b75c-3e2f45dc20c7 tempest-AttachVolumeTestJSON-1806114463 tempest-AttachVolumeTestJSON-1806114463-project] Getting quotas for user b8fabbe804554d3381d6473485814469 and project 1490e4f4261b4d0ab936b054b1606201. Resources: {'key_pairs'} {{(pid=108315) _get_quotas /opt/stack/nova/nova/quota.py:377}}
Aug 31 00:56:49.765481 dv-cinder-760180-3-smb devstack@n-api.service[108314]: DEBUG nova.policy [None req-0d11dcba-6ea8-4bb8-834c-5bb4c8809cf6 tempest-DeleteServersTestJSON-554224036 tempest-DeleteServersTestJSON-554224036-project] Policy check for os_compute_api:os-extended-server-attributes failed with credentials {'is_admin': False, 'user_id': 'ca2fd2a4091b477985df6a72ac534dd9', 'user_domain_id': 'default', 'system_scope': None, 'domain_id': None, 'project_id': '29fb02b7aaac461aba3d3fd3bef79bcc', 'project_domain_id': 'default', 'roles': ['reader', 'member'], 'is_admin_project': True, 'service_user_id': None, 'service_user_domain_id': None, 'service_project_id': None, 'service_project_domain_id': None, 'service_roles': []} {{(pid=108314) authorize /opt/stack/nova/nova/policy.py:199}}
Aug 31 00:56:49.781734 dv-cinder-760180-3-smb devstack@n-api.service[108314]: INFO nova.api.openstack.requestlog [None req-0d11dcba-6ea8-4bb8-834c-5bb4c8809cf6 tempest-DeleteServersTestJSON-554224036 tempest-DeleteServersTestJSON-554224036-project] 10.222.0.23 "GET /compute/v2.1/servers/fce17adc-8940-432e-bf4b-654e1d8077ec" status: 200 len: 1314 microversion: 2.1 time: 1.508838
Aug 31 00:56:49.811251 dv-cinder-760180-3-smb devstack@n-api.service[108314]: [pid: 108314|app: 0|req: 19/44] 10.222.0.23 () {58 vars in 1236 bytes} [Tue Aug 31 00:56:48 2021] GET /compute/v2.1/servers/fce17adc-8940-432e-bf4b-654e1d8077ec => generated 1314 bytes in 1529 msecs (HTTP/1.1 200) 9 headers in 358 bytes (2 switches on core 0)
Aug 31 00:56:49.836809 dv-cinder-760180-3-smb devstack@n-api.service[108314]: DEBUG nova.api.openstack.wsgi [None req-8a96351e-5919-4ba5-b53c-ec4ac3e85dd3 tempest-ServerRescueNegativeTestJSON-962013108 tempest-ServerRescueNegativeTestJSON-962013108-project] Action: 'create', calling method: >, body: {"server": {"name": "tempest-ServerRescueNegativeTestJSON-server-876492624", "imageRef": "d62bf302-7f41-42fc-9379-49b00d4b3c3a", "flavorRef": "452", "adminPass": "***", "networks": [{"uuid": "36ef1db6-2960-4941-a4ef-842448134ec4"}]}} {{(pid=108314) _process_stack /opt/stack/nova/nova/api/openstack/wsgi.py:511}}
Aug 31 00:56:50.045207 dv-cinder-760180-3-smb devstack@n-api.service[108314]: DEBUG nova.network.neutron [None req-8a96351e-5919-4ba5-b53c-ec4ac3e85dd3 tempest-ServerRescueNegativeTestJSON-962013108 tempest-ServerRescueNegativeTestJSON-962013108-project] validate_networks() for [('36ef1db6-2960-4941-a4ef-842448134ec4', None, None, None, None, None)] {{(pid=108314) validate_networks /opt/stack/nova/nova/network/neutron.py:2309}}
Aug 31 00:56:50.924720 dv-cinder-760180-3-smb devstack@n-api.service[108315]: DEBUG nova.quota [None req-a095a624-9b7e-4fe1-b75c-3e2f45dc20c7 tempest-AttachVolumeTestJSON-1806114463 tempest-AttachVolumeTestJSON-1806114463-project] Getting quotas for project 1490e4f4261b4d0ab936b054b1606201. Resources: {'key_pairs'} {{(pid=108315) _get_quotas /opt/stack/nova/nova/quota.py:387}}
Aug 31 00:56:50.940831 dv-cinder-760180-3-smb devstack@n-api.service[108315]: DEBUG nova.quota [None req-a095a624-9b7e-4fe1-b75c-3e2f45dc20c7 tempest-AttachVolumeTestJSON-1806114463 tempest-AttachVolumeTestJSON-1806114463-project] Getting quotas for user b8fabbe804554d3381d6473485814469 and project 1490e4f4261b4d0ab936b054b1606201. Resources: {'key_pairs'} {{(pid=108315) _get_quotas /opt/stack/nova/nova/quota.py:377}}
Aug 31 00:56:50.992454 dv-cinder-760180-3-smb devstack@n-api.service[108315]: INFO nova.api.openstack.requestlog [None req-a095a624-9b7e-4fe1-b75c-3e2f45dc20c7 tempest-AttachVolumeTestJSON-1806114463 tempest-AttachVolumeTestJSON-1806114463-project] 10.222.0.23 "POST /compute/v2.1/os-keypairs" status: 200 len: 2304 microversion: 2.1 time: 3.719168
Aug 31 00:56:51.005985 dv-cinder-760180-3-smb devstack@n-api.service[108315]: [pid: 108315|app: 0|req: 26/45] 10.222.0.23 () {60 vars in 1158 bytes} [Tue Aug 31 00:56:47 2021] POST /compute/v2.1/os-keypairs => generated 2304 bytes in 3734 msecs (HTTP/1.1 200) 9 headers in 358 bytes (1 switches on core 0)
Aug 31 00:56:51.023315 dv-cinder-760180-3-smb devstack@n-api.service[108315]: DEBUG nova.api.openstack.wsgi [None req-66b6e3e1-cb2f-4a07-839a-0c5f2806ff60 tempest-DeleteServersTestJSON-554224036 tempest-DeleteServersTestJSON-554224036-project] Calling method '>' {{(pid=108315) _process_stack /opt/stack/nova/nova/api/openstack/wsgi.py:513}}
Aug 31 00:56:51.025398 dv-cinder-760180-3-smb devstack@n-api.service[108315]: DEBUG nova.compute.api [None req-66b6e3e1-cb2f-4a07-839a-0c5f2806ff60 tempest-DeleteServersTestJSON-554224036 tempest-DeleteServersTestJSON-554224036-project] [instance: fce17adc-8940-432e-bf4b-654e1d8077ec] Fetching instance by UUID {{(pid=108315) get /opt/stack/nova/nova/compute/api.py:2826}}
Aug 31 00:56:51.053872 dv-cinder-760180-3-smb devstack@n-api.service[108315]: DEBUG oslo_concurrency.lockutils [None req-66b6e3e1-cb2f-4a07-839a-0c5f2806ff60 tempest-DeleteServersTestJSON-554224036 tempest-DeleteServersTestJSON-554224036-project] Lock "68f8732d-90dc-4c13-b30b-acc0c9b6a27d" acquired by "nova.context.set_target_cell..get_or_set_cached_cell_and_set_connections" :: waited 0.004s {{(pid=108315) inner /usr/local/lib/python3.8/dist-packages/oslo_concurrency/lockutils.py:355}}
Aug 31 00:56:51.054346 dv-cinder-760180-3-smb devstack@n-api.service[108315]: DEBUG oslo_concurrency.lockutils [None req-66b6e3e1-cb2f-4a07-839a-0c5f2806ff60 tempest-DeleteServersTestJSON-554224036 tempest-DeleteServersTestJSON-554224036-project] Lock "68f8732d-90dc-4c13-b30b-acc0c9b6a27d" released by "nova.context.set_target_cell..get_or_set_cached_cell_and_set_connections" :: held 0.001s {{(pid=108315) inner /usr/local/lib/python3.8/dist-packages/oslo_concurrency/lockutils.py:367}}
Aug 31 00:56:51.055212 dv-cinder-760180-3-smb devstack@n-api.service[108315]: DEBUG oslo_concurrency.lockutils [None req-66b6e3e1-cb2f-4a07-839a-0c5f2806ff60 tempest-DeleteServersTestJSON-554224036 tempest-DeleteServersTestJSON-554224036-project] Lock "68f8732d-90dc-4c13-b30b-acc0c9b6a27d" acquired by "nova.context.set_target_cell..get_or_set_cached_cell_and_set_connections" :: waited 0.000s {{(pid=108315) inner /usr/local/lib/python3.8/dist-packages/oslo_concurrency/lockutils.py:355}}
Aug 31 00:56:51.063898 dv-cinder-760180-3-smb devstack@n-api.service[108315]: DEBUG oslo_concurrency.lockutils [None req-66b6e3e1-cb2f-4a07-839a-0c5f2806ff60 tempest-DeleteServersTestJSON-554224036 tempest-DeleteServersTestJSON-554224036-project] Lock "68f8732d-90dc-4c13-b30b-acc0c9b6a27d" released by "nova.context.set_target_cell..get_or_set_cached_cell_and_set_connections" :: held 0.005s {{(pid=108315) inner /usr/local/lib/python3.8/dist-packages/oslo_concurrency/lockutils.py:367}}
Aug 31 00:56:52.637432 dv-cinder-760180-3-smb devstack@n-api.service[108315]: DEBUG nova.policy [None req-66b6e3e1-cb2f-4a07-839a-0c5f2806ff60 tempest-DeleteServersTestJSON-554224036 tempest-DeleteServersTestJSON-554224036-project] Policy check for os_compute_api:os-extended-server-attributes failed with credentials {'is_admin': False, 'user_id': 'ca2fd2a4091b477985df6a72ac534dd9', 'user_domain_id': 'default', 'system_scope': None, 'domain_id': None, 'project_id': '29fb02b7aaac461aba3d3fd3bef79bcc', 'project_domain_id': 'default', 'roles': ['reader', 'member'], 'is_admin_project': True, 'service_user_id': None, 'service_user_domain_id': None, 'service_project_id': None, 'service_project_domain_id': None, 'service_roles': []} {{(pid=108315) authorize /opt/stack/nova/nova/policy.py:199}}
Aug 31 00:56:52.657983 dv-cinder-760180-3-smb devstack@n-api.service[108315]: INFO nova.api.openstack.requestlog [None req-66b6e3e1-cb2f-4a07-839a-0c5f2806ff60 tempest-DeleteServersTestJSON-554224036 tempest-DeleteServersTestJSON-554224036-project] 10.222.0.23 "GET /compute/v2.1/servers/fce17adc-8940-432e-bf4b-654e1d8077ec" status: 200 len: 1314 microversion: 2.1 time: 1.649686
Aug 31 00:56:52.663197 dv-cinder-760180-3-smb devstack@n-api.service[108315]: [pid: 108315|app: 0|req: 27/46] 10.222.0.23 () {58 vars in 1236 bytes} [Tue Aug 31 00:56:51 2021] GET /compute/v2.1/servers/fce17adc-8940-432e-bf4b-654e1d8077ec => generated 1314 bytes in 1657 msecs (HTTP/1.1 200) 9 headers in 358 bytes (1 switches on core 0)
Aug 31 00:56:52.757794 dv-cinder-760180-3-smb devstack@n-api.service[108314]: DEBUG nova.virt.hardware [None req-8a96351e-5919-4ba5-b53c-ec4ac3e85dd3 tempest-ServerRescueNegativeTestJSON-962013108 tempest-ServerRescueNegativeTestJSON-962013108-project] Flavor limits 0:0:0 {{(pid=108314) get_cpu_topology_constraints /opt/stack/nova/nova/virt/hardware.py:343}}
Aug 31 00:56:52.758581 dv-cinder-760180-3-smb devstack@n-api.service[108314]: DEBUG nova.virt.hardware [None req-8a96351e-5919-4ba5-b53c-ec4ac3e85dd3 tempest-ServerRescueNegativeTestJSON-962013108 tempest-ServerRescueNegativeTestJSON-962013108-project] Image limits 0:0:0 {{(pid=108314) get_cpu_topology_constraints /opt/stack/nova/nova/virt/hardware.py:347}}
Aug 31 00:56:52.759241 dv-cinder-760180-3-smb devstack@n-api.service[108314]: DEBUG nova.virt.hardware [None req-8a96351e-5919-4ba5-b53c-ec4ac3e85dd3 tempest-ServerRescueNegativeTestJSON-962013108 tempest-ServerRescueNegativeTestJSON-962013108-project] Flavor pref 0:0:0 {{(pid=108314) get_cpu_topology_constraints /opt/stack/nova/nova/virt/hardware.py:383}}
Aug 31 00:56:52.759790 dv-cinder-760180-3-smb devstack@n-api.service[108314]: DEBUG nova.virt.hardware [None req-8a96351e-5919-4ba5-b53c-ec4ac3e85dd3 tempest-ServerRescueNegativeTestJSON-962013108 tempest-ServerRescueNegativeTestJSON-962013108-project] Image pref 0:0:0 {{(pid=108314) get_cpu_topology_constraints /opt/stack/nova/nova/virt/hardware.py:387}}
Aug 31 00:56:52.760200 dv-cinder-760180-3-smb devstack@n-api.service[108314]: DEBUG nova.virt.hardware [None req-8a96351e-5919-4ba5-b53c-ec4ac3e85dd3 tempest-ServerRescueNegativeTestJSON-962013108 tempest-ServerRescueNegativeTestJSON-962013108-project] Chose sockets=0, cores=0, threads=0; limits were sockets=65536, cores=65536, threads=65536 {{(pid=108314) get_cpu_topology_constraints /opt/stack/nova/nova/virt/hardware.py:425}}
Aug 31 00:56:52.775810 dv-cinder-760180-3-smb devstack@n-api.service[108314]: DEBUG oslo_concurrency.lockutils [None req-8a96351e-5919-4ba5-b53c-ec4ac3e85dd3 tempest-ServerRescueNegativeTestJSON-962013108 tempest-ServerRescueNegativeTestJSON-962013108-project] Lock "00000000-0000-0000-0000-000000000000" acquired by "nova.context.set_target_cell..get_or_set_cached_cell_and_set_connections" :: waited 0.000s {{(pid=108314) inner /usr/local/lib/python3.8/dist-packages/oslo_concurrency/lockutils.py:355}}
Aug 31 00:56:52.781432 dv-cinder-760180-3-smb devstack@n-api.service[108314]: DEBUG oslo_concurrency.lockutils [None req-8a96351e-5919-4ba5-b53c-ec4ac3e85dd3 tempest-ServerRescueNegativeTestJSON-962013108 tempest-ServerRescueNegativeTestJSON-962013108-project] Lock "00000000-0000-0000-0000-000000000000" released by "nova.context.set_target_cell..get_or_set_cached_cell_and_set_connections" :: held 0.003s {{(pid=108314) inner /usr/local/lib/python3.8/dist-packages/oslo_concurrency/lockutils.py:367}}
Aug 31 00:56:52.783060 dv-cinder-760180-3-smb devstack@n-api.service[108314]: DEBUG oslo_concurrency.lockutils [None req-8a96351e-5919-4ba5-b53c-ec4ac3e85dd3 tempest-ServerRescueNegativeTestJSON-962013108 tempest-ServerRescueNegativeTestJSON-962013108-project] Lock "68f8732d-90dc-4c13-b30b-acc0c9b6a27d" acquired by "nova.context.set_target_cell..get_or_set_cached_cell_and_set_connections" :: waited 0.000s {{(pid=108314) inner /usr/local/lib/python3.8/dist-packages/oslo_concurrency/lockutils.py:355}}
Aug 31 00:56:52.784814 dv-cinder-760180-3-smb devstack@n-api.service[108314]: DEBUG oslo_concurrency.lockutils [None req-8a96351e-5919-4ba5-b53c-ec4ac3e85dd3 tempest-ServerRescueNegativeTestJSON-962013108 tempest-ServerRescueNegativeTestJSON-962013108-project] Lock "68f8732d-90dc-4c13-b30b-acc0c9b6a27d" released by "nova.context.set_target_cell..get_or_set_cached_cell_and_set_connections" :: held 0.002s {{(pid=108314) inner /usr/local/lib/python3.8/dist-packages/oslo_concurrency/lockutils.py:367}}
Aug 31 00:56:52.844424 dv-cinder-760180-3-smb devstack@n-api.service[108314]: DEBUG nova.quota [None req-8a96351e-5919-4ba5-b53c-ec4ac3e85dd3 tempest-ServerRescueNegativeTestJSON-962013108 tempest-ServerRescueNegativeTestJSON-962013108-project] Getting quotas for project 2f4643f9d458465d9ceaf2a724e95a11. Resources: {'cores', 'instances', 'ram'} {{(pid=108314) _get_quotas /opt/stack/nova/nova/quota.py:387}}
Aug 31 00:56:52.856040 dv-cinder-760180-3-smb devstack@n-api.service[108314]: DEBUG nova.quota [None req-8a96351e-5919-4ba5-b53c-ec4ac3e85dd3 tempest-ServerRescueNegativeTestJSON-962013108 tempest-ServerRescueNegativeTestJSON-962013108-project] Getting quotas for user 1c9cf560406e46f8818ee4842822f34b and project 2f4643f9d458465d9ceaf2a724e95a11. Resources: {'cores', 'instances', 'ram'} {{(pid=108314) _get_quotas /opt/stack/nova/nova/quota.py:377}}
Aug 31 00:56:52.897904 dv-cinder-760180-3-smb devstack@n-api.service[108314]: DEBUG nova.compute.api [None req-8a96351e-5919-4ba5-b53c-ec4ac3e85dd3 tempest-ServerRescueNegativeTestJSON-962013108 tempest-ServerRescueNegativeTestJSON-962013108-project] Going to run 1 instances... {{(pid=108314) _provision_instances /opt/stack/nova/nova/compute/api.py:1315}}
Aug 31 00:56:52.919571 dv-cinder-760180-3-smb devstack@n-api.service[108314]: DEBUG nova.compute.api [None req-8a96351e-5919-4ba5-b53c-ec4ac3e85dd3 tempest-ServerRescueNegativeTestJSON-962013108 tempest-ServerRescueNegativeTestJSON-962013108-project] [instance: 036ae885-1087-4896-9b46-ddf73eaba20c] block_device_mapping [BlockDeviceMapping(attachment_id=,boot_index=0,connection_info=None,created_at=,delete_on_termination=True,deleted=,deleted_at=,destination_type='local',device_name=None,device_type='disk',disk_bus=None,guest_format=None,id=,image_id='d62bf302-7f41-42fc-9379-49b00d4b3c3a',instance=,instance_uuid=,no_device=False,snapshot_id=None,source_type='image',tag=None,updated_at=,uuid=,volume_id=None,volume_size=None,volume_type=None)] {{(pid=108314) _bdm_validate_set_size_and_instance /opt/stack/nova/nova/compute/api.py:1720}}
Aug 31 00:56:53.050858 dv-cinder-760180-3-smb devstack@n-api.service[108314]: INFO nova.api.openstack.requestlog [None req-8a96351e-5919-4ba5-b53c-ec4ac3e85dd3 tempest-ServerRescueNegativeTestJSON-962013108 tempest-ServerRescueNegativeTestJSON-962013108-project] 10.222.0.23 "POST /compute/v2.1/servers" status: 202 len: 383 microversion: 2.1 time: 3.233043
Aug 31 00:56:53.051584 dv-cinder-760180-3-smb devstack@n-api.service[108314]: [pid: 108314|app: 0|req: 20/47] 10.222.0.23 () {60 vars in 1147 bytes} [Tue Aug 31 00:56:49 2021] POST /compute/v2.1/servers => generated 383 bytes in 3236 msecs (HTTP/1.1 202) 10 headers in 451 bytes (1 switches on core 0)
Aug 31 00:56:53.062057 dv-cinder-760180-3-smb devstack@n-api.service[108314]: DEBUG nova.api.openstack.wsgi [None req-5d16341c-332e-4931-9825-1dcc1659c0e8 tempest-ServerRescueNegativeTestJSON-962013108 tempest-ServerRescueNegativeTestJSON-962013108-project] Calling method '>' {{(pid=108314) _process_stack /opt/stack/nova/nova/api/openstack/wsgi.py:513}}
Aug 31 00:56:53.062778 dv-cinder-760180-3-smb devstack@n-api.service[108314]: DEBUG nova.compute.api [None req-5d16341c-332e-4931-9825-1dcc1659c0e8 tempest-ServerRescueNegativeTestJSON-962013108 tempest-ServerRescueNegativeTestJSON-962013108-project] [instance: 036ae885-1087-4896-9b46-ddf73eaba20c] Fetching instance by UUID {{(pid=108314) get /opt/stack/nova/nova/compute/api.py:2826}}
Aug 31 00:56:53.259408 dv-cinder-760180-3-smb devstack@n-api.service[108314]: DEBUG nova.policy [None req-5d16341c-332e-4931-9825-1dcc1659c0e8 tempest-ServerRescueNegativeTestJSON-962013108 tempest-ServerRescueNegativeTestJSON-962013108-project] Policy check for os_compute_api:os-extended-server-attributes failed with credentials {'is_admin': False, 'user_id': '1c9cf560406e46f8818ee4842822f34b', 'user_domain_id': 'default', 'system_scope': None, 'domain_id': None, 'project_id': '2f4643f9d458465d9ceaf2a724e95a11', 'project_domain_id': 'default', 'roles': ['reader', 'member'], 'is_admin_project': True, 'service_user_id': None, 'service_user_domain_id': None, 'service_project_id': None, 'service_project_domain_id': None, 'service_roles': []} {{(pid=108314) authorize /opt/stack/nova/nova/policy.py:199}}
Aug 31 00:56:53.267306 dv-cinder-760180-3-smb devstack@n-api.service[108315]: DEBUG nova.api.openstack.wsgi [req-9f90c289-b5b7-4194-a0ed-1ad151192690 req-b62e0507-0626-4bc9-89fd-d8e49e65c726 service nova] Action: 'create', calling method: >, body: {"events": [{"name": "network-changed", "server_uuid": "fce17adc-8940-432e-bf4b-654e1d8077ec", "tag": "266a9d6c-5e21-4893-b7f9-84afe0e1db6c"}]} {{(pid=108315) _process_stack /opt/stack/nova/nova/api/openstack/wsgi.py:511}}
Aug 31 00:56:53.270993 dv-cinder-760180-3-smb devstack@n-api.service[108315]: /usr/local/lib/python3.8/dist-packages/oslo_policy/policy.py:1064: UserWarning: Policy os_compute_api:os-server-external-events:create failed scope check. The token used to make the request was project scoped but the policy requires ['system'] scope. This behavior may change in the future where using the intended scope is required
Aug 31 00:56:53.270993 dv-cinder-760180-3-smb devstack@n-api.service[108315]: warnings.warn(msg)
Aug 31 00:56:53.276629 dv-cinder-760180-3-smb devstack@n-api.service[108314]: INFO nova.api.openstack.requestlog [None req-5d16341c-332e-4931-9825-1dcc1659c0e8 tempest-ServerRescueNegativeTestJSON-962013108 tempest-ServerRescueNegativeTestJSON-962013108-project] 10.222.0.23 "GET /compute/v2.1/servers/036ae885-1087-4896-9b46-ddf73eaba20c" status: 200 len: 1221 microversion: 2.1 time: 0.218731
Aug 31 00:56:53.291786 dv-cinder-760180-3-smb devstack@n-api.service[108314]: [pid: 108314|app: 0|req: 21/48] 10.222.0.23 () {58 vars in 1236 bytes} [Tue Aug 31 00:56:53 2021] GET /compute/v2.1/servers/036ae885-1087-4896-9b46-ddf73eaba20c => generated 1221 bytes in 234 msecs (HTTP/1.1 200) 9 headers in 358 bytes (2 switches on core 0)
Aug 31 00:56:53.309739 dv-cinder-760180-3-smb devstack@n-api.service[108315]: DEBUG oslo_concurrency.lockutils [req-9f90c289-b5b7-4194-a0ed-1ad151192690 req-b62e0507-0626-4bc9-89fd-d8e49e65c726 service nova] Lock "68f8732d-90dc-4c13-b30b-acc0c9b6a27d" acquired by "nova.context.set_target_cell..get_or_set_cached_cell_and_set_connections" :: waited 0.000s {{(pid=108315) inner /usr/local/lib/python3.8/dist-packages/oslo_concurrency/lockutils.py:355}}
Aug 31 00:56:53.312283 dv-cinder-760180-3-smb devstack@n-api.service[108315]: DEBUG oslo_concurrency.lockutils [req-9f90c289-b5b7-4194-a0ed-1ad151192690 req-b62e0507-0626-4bc9-89fd-d8e49e65c726 service nova] Lock "68f8732d-90dc-4c13-b30b-acc0c9b6a27d" released by "nova.context.set_target_cell..get_or_set_cached_cell_and_set_connections" :: held 0.002s {{(pid=108315) inner /usr/local/lib/python3.8/dist-packages/oslo_concurrency/lockutils.py:367}}
Aug 31 00:56:53.377576 dv-cinder-760180-3-smb devstack@n-api.service[108315]: INFO nova.api.openstack.compute.server_external_events [req-9f90c289-b5b7-4194-a0ed-1ad151192690 req-b62e0507-0626-4bc9-89fd-d8e49e65c726 service nova] Creating event network-changed:266a9d6c-5e21-4893-b7f9-84afe0e1db6c for instance fce17adc-8940-432e-bf4b-654e1d8077ec on hv-cinder-76018
Aug 31 00:56:53.378099 dv-cinder-760180-3-smb devstack@n-api.service[108315]: DEBUG oslo_concurrency.lockutils [req-9f90c289-b5b7-4194-a0ed-1ad151192690 req-b62e0507-0626-4bc9-89fd-d8e49e65c726 service nova] Acquired lock "compute-rpcapi-router" {{(pid=108315) lock /usr/local/lib/python3.8/dist-packages/oslo_concurrency/lockutils.py:266}}
Aug 31 00:56:53.388555 dv-cinder-760180-3-smb devstack@n-api.service[108315]: DEBUG oslo_concurrency.lockutils [None req-019044b6-ff7e-4aae-a6bf-1f67f2629053 None None] Lock "00000000-0000-0000-0000-000000000000" acquired by "nova.context.set_target_cell..get_or_set_cached_cell_and_set_connections" :: waited 0.000s {{(pid=108315) inner /usr/local/lib/python3.8/dist-packages/oslo_concurrency/lockutils.py:355}}
Aug 31 00:56:53.389581 dv-cinder-760180-3-smb devstack@n-api.service[108315]: DEBUG oslo_concurrency.lockutils [None req-019044b6-ff7e-4aae-a6bf-1f67f2629053 None None] Lock "00000000-0000-0000-0000-000000000000" released by "nova.context.set_target_cell..get_or_set_cached_cell_and_set_connections" :: held 0.002s {{(pid=108315) inner /usr/local/lib/python3.8/dist-packages/oslo_concurrency/lockutils.py:367}}
Aug 31 00:56:53.394818 dv-cinder-760180-3-smb devstack@n-api.service[108315]: DEBUG oslo_concurrency.lockutils [None req-019044b6-ff7e-4aae-a6bf-1f67f2629053 None None] Lock "68f8732d-90dc-4c13-b30b-acc0c9b6a27d" acquired by "nova.context.set_target_cell..get_or_set_cached_cell_and_set_connections" :: waited 0.000s {{(pid=108315) inner /usr/local/lib/python3.8/dist-packages/oslo_concurrency/lockutils.py:355}}
Aug 31 00:56:53.395290 dv-cinder-760180-3-smb devstack@n-api.service[108315]: DEBUG oslo_concurrency.lockutils [None req-019044b6-ff7e-4aae-a6bf-1f67f2629053 None None] Lock "68f8732d-90dc-4c13-b30b-acc0c9b6a27d" released by "nova.context.set_target_cell..get_or_set_cached_cell_and_set_connections" :: held 0.003s {{(pid=108315) inner /usr/local/lib/python3.8/dist-packages/oslo_concurrency/lockutils.py:367}}
Aug 31 00:56:53.435414 dv-cinder-760180-3-smb devstack@n-api.service[108315]: INFO nova.compute.rpcapi [None req-019044b6-ff7e-4aae-a6bf-1f67f2629053 None None] Automatically selected compute RPC version 6.0 from minimum service version 57
Aug 31 00:56:53.447528 dv-cinder-760180-3-smb devstack@n-api.service[108315]: DEBUG oslo_concurrency.lockutils [None req-019044b6-ff7e-4aae-a6bf-1f67f2629053 None None] Releasing lock "compute-rpcapi-router" {{(pid=108315) lock /usr/local/lib/python3.8/dist-packages/oslo_concurrency/lockutils.py:282}}
Aug 31 00:56:53.504306 dv-cinder-760180-3-smb devstack@n-api.service[108315]: INFO nova.api.openstack.requestlog [None req-019044b6-ff7e-4aae-a6bf-1f67f2629053 None None] 10.222.0.23 "POST /compute/v2.1/os-server-external-events" status: 200 len: 179 microversion: 2.1 time: 0.839435
Aug 31 00:56:53.505260 dv-cinder-760180-3-smb devstack@n-api.service[108315]: [pid: 108315|app: 0|req: 28/49] 10.222.0.23 () {64 vars in 1318 bytes} [Tue Aug 31 00:56:52 2021] POST /compute/v2.1/os-server-external-events => generated 179 bytes in 841 msecs (HTTP/1.1 200) 9 headers in 357 bytes (1 switches on core 0)
Aug 31 00:56:53.684917 dv-cinder-760180-3-smb devstack@n-api.service[108314]: DEBUG nova.api.openstack.wsgi [None req-d72b48f8-d2b1-416d-ad59-8a4f0771a4f2 tempest-DeleteServersTestJSON-554224036 tempest-DeleteServersTestJSON-554224036-project] Calling method '>' {{(pid=108314) _process_stack /opt/stack/nova/nova/api/openstack/wsgi.py:513}}
Aug 31 00:56:53.685856 dv-cinder-760180-3-smb devstack@n-api.service[108314]: DEBUG nova.compute.api [None req-d72b48f8-d2b1-416d-ad59-8a4f0771a4f2 tempest-DeleteServersTestJSON-554224036 tempest-DeleteServersTestJSON-554224036-project] [instance: fce17adc-8940-432e-bf4b-654e1d8077ec] Fetching instance by UUID {{(pid=108314) get /opt/stack/nova/nova/compute/api.py:2826}}
Aug 31 00:56:53.696307 dv-cinder-760180-3-smb devstack@n-api.service[108314]: DEBUG oslo_concurrency.lockutils [None req-d72b48f8-d2b1-416d-ad59-8a4f0771a4f2 tempest-DeleteServersTestJSON-554224036 tempest-DeleteServersTestJSON-554224036-project] Lock "68f8732d-90dc-4c13-b30b-acc0c9b6a27d" acquired by "nova.context.set_target_cell..get_or_set_cached_cell_and_set_connections" :: waited 0.000s {{(pid=108314) inner /usr/local/lib/python3.8/dist-packages/oslo_concurrency/lockutils.py:355}}
Aug 31 00:56:53.697398 dv-cinder-760180-3-smb devstack@n-api.service[108314]: DEBUG oslo_concurrency.lockutils [None req-d72b48f8-d2b1-416d-ad59-8a4f0771a4f2 tempest-DeleteServersTestJSON-554224036 tempest-DeleteServersTestJSON-554224036-project] Lock "68f8732d-90dc-4c13-b30b-acc0c9b6a27d" released by "nova.context.set_target_cell..get_or_set_cached_cell_and_set_connections" :: held 0.001s {{(pid=108314) inner /usr/local/lib/python3.8/dist-packages/oslo_concurrency/lockutils.py:367}}
Aug 31 00:56:53.698754 dv-cinder-760180-3-smb devstack@n-api.service[108314]: DEBUG oslo_concurrency.lockutils [None req-d72b48f8-d2b1-416d-ad59-8a4f0771a4f2 tempest-DeleteServersTestJSON-554224036 tempest-DeleteServersTestJSON-554224036-project] Lock "68f8732d-90dc-4c13-b30b-acc0c9b6a27d" acquired by "nova.context.set_target_cell..get_or_set_cached_cell_and_set_connections" :: waited 0.000s {{(pid=108314) inner /usr/local/lib/python3.8/dist-packages/oslo_concurrency/lockutils.py:355}}
Aug 31 00:56:53.699377 dv-cinder-760180-3-smb devstack@n-api.service[108314]: DEBUG oslo_concurrency.lockutils [None req-d72b48f8-d2b1-416d-ad59-8a4f0771a4f2 tempest-DeleteServersTestJSON-554224036 tempest-DeleteServersTestJSON-554224036-project] Lock "68f8732d-90dc-4c13-b30b-acc0c9b6a27d" released by "nova.context.set_target_cell..get_or_set_cached_cell_and_set_connections" :: held 0.001s {{(pid=108314) inner /usr/local/lib/python3.8/dist-packages/oslo_concurrency/lockutils.py:367}}
Aug 31 00:56:54.310027 dv-cinder-760180-3-smb devstack@n-api.service[108315]: DEBUG nova.api.openstack.wsgi [None req-a89ae71e-f3b7-42c0-97fe-5115861739a4 tempest-ServerRescueNegativeTestJSON-962013108 tempest-ServerRescueNegativeTestJSON-962013108-project] Calling method '>' {{(pid=108315) _process_stack /opt/stack/nova/nova/api/openstack/wsgi.py:513}}
Aug 31 00:56:54.310878 dv-cinder-760180-3-smb devstack@n-api.service[108315]: DEBUG nova.compute.api [None req-a89ae71e-f3b7-42c0-97fe-5115861739a4 tempest-ServerRescueNegativeTestJSON-962013108 tempest-ServerRescueNegativeTestJSON-962013108-project] [instance: 036ae885-1087-4896-9b46-ddf73eaba20c] Fetching instance by UUID {{(pid=108315) get /opt/stack/nova/nova/compute/api.py:2826}}
Aug 31 00:56:54.333526 dv-cinder-760180-3-smb devstack@n-api.service[108315]: DEBUG oslo_concurrency.lockutils [None req-a89ae71e-f3b7-42c0-97fe-5115861739a4 tempest-ServerRescueNegativeTestJSON-962013108 tempest-ServerRescueNegativeTestJSON-962013108-project] Lock "68f8732d-90dc-4c13-b30b-acc0c9b6a27d" acquired by "nova.context.set_target_cell..get_or_set_cached_cell_and_set_connections" :: waited 0.000s {{(pid=108315) inner /usr/local/lib/python3.8/dist-packages/oslo_concurrency/lockutils.py:355}}
Aug 31 00:56:54.337663 dv-cinder-760180-3-smb devstack@n-api.service[108315]: DEBUG oslo_concurrency.lockutils [None req-a89ae71e-f3b7-42c0-97fe-5115861739a4 tempest-ServerRescueNegativeTestJSON-962013108 tempest-ServerRescueNegativeTestJSON-962013108-project] Lock "68f8732d-90dc-4c13-b30b-acc0c9b6a27d" released by "nova.context.set_target_cell..get_or_set_cached_cell_and_set_connections" :: held 0.004s {{(pid=108315) inner /usr/local/lib/python3.8/dist-packages/oslo_concurrency/lockutils.py:367}}
Aug 31 00:56:54.341446 dv-cinder-760180-3-smb devstack@n-api.service[108315]: DEBUG oslo_concurrency.lockutils [None req-a89ae71e-f3b7-42c0-97fe-5115861739a4 tempest-ServerRescueNegativeTestJSON-962013108 tempest-ServerRescueNegativeTestJSON-962013108-project] Lock "68f8732d-90dc-4c13-b30b-acc0c9b6a27d" acquired by "nova.context.set_target_cell..get_or_set_cached_cell_and_set_connections" :: waited 0.000s {{(pid=108315) inner /usr/local/lib/python3.8/dist-packages/oslo_concurrency/lockutils.py:355}}
Aug 31 00:56:54.344609 dv-cinder-760180-3-smb devstack@n-api.service[108315]: DEBUG oslo_concurrency.lockutils [None req-a89ae71e-f3b7-42c0-97fe-5115861739a4 tempest-ServerRescueNegativeTestJSON-962013108 tempest-ServerRescueNegativeTestJSON-962013108-project] Lock "68f8732d-90dc-4c13-b30b-acc0c9b6a27d" released by "nova.context.set_target_cell..get_or_set_cached_cell_and_set_connections" :: held 0.003s {{(pid=108315) inner /usr/local/lib/python3.8/dist-packages/oslo_concurrency/lockutils.py:367}}
Aug 31 00:56:54.653380 dv-cinder-760180-3-smb devstack@n-api.service[108314]: DEBUG nova.policy [None req-d72b48f8-d2b1-416d-ad59-8a4f0771a4f2 tempest-DeleteServersTestJSON-554224036 tempest-DeleteServersTestJSON-554224036-project] Policy check for os_compute_api:os-extended-server-attributes failed with credentials {'is_admin': False, 'user_id': 'ca2fd2a4091b477985df6a72ac534dd9', 'user_domain_id': 'default', 'system_scope': None, 'domain_id': None, 'project_id': '29fb02b7aaac461aba3d3fd3bef79bcc', 'project_domain_id': 'default', 'roles': ['reader', 'member'], 'is_admin_project': True, 'service_user_id': None, 'service_user_domain_id': None, 'service_project_id': None, 'service_project_domain_id': None, 'service_roles': []} {{(pid=108314) authorize /opt/stack/nova/nova/policy.py:199}}
Aug 31 00:56:54.663366 dv-cinder-760180-3-smb devstack@n-api.service[108314]: INFO nova.api.openstack.requestlog [None req-d72b48f8-d2b1-416d-ad59-8a4f0771a4f2 tempest-DeleteServersTestJSON-554224036 tempest-DeleteServersTestJSON-554224036-project] 10.222.0.23 "GET /compute/v2.1/servers/fce17adc-8940-432e-bf4b-654e1d8077ec" status: 200 len: 1314 microversion: 2.1 time: 0.987990
Aug 31 00:56:54.666623 dv-cinder-760180-3-smb devstack@n-api.service[108314]: [pid: 108314|app: 0|req: 22/50] 10.222.0.23 () {58 vars in 1236 bytes} [Tue Aug 31 00:56:53 2021] GET /compute/v2.1/servers/fce17adc-8940-432e-bf4b-654e1d8077ec => generated 1314 bytes in 994 msecs (HTTP/1.1 200) 9 headers in 358 bytes (1 switches on core 0)
Aug 31 00:56:54.701358 dv-cinder-760180-3-smb devstack@n-api.service[108315]: DEBUG nova.policy [None req-a89ae71e-f3b7-42c0-97fe-5115861739a4 tempest-ServerRescueNegativeTestJSON-962013108 tempest-ServerRescueNegativeTestJSON-962013108-project] Policy check for os_compute_api:os-extended-server-attributes failed with credentials {'is_admin': False, 'user_id': '1c9cf560406e46f8818ee4842822f34b', 'user_domain_id': 'default', 'system_scope': None, 'domain_id': None, 'project_id': '2f4643f9d458465d9ceaf2a724e95a11', 'project_domain_id': 'default', 'roles': ['reader', 'member'], 'is_admin_project': True, 'service_user_id': None, 'service_user_domain_id': None, 'service_project_id': None, 'service_project_domain_id': None, 'service_roles': []} {{(pid=108315) authorize /opt/stack/nova/nova/policy.py:199}}
Aug 31 00:56:54.711147 dv-cinder-760180-3-smb devstack@n-api.service[108315]: INFO nova.api.openstack.requestlog [None req-a89ae71e-f3b7-42c0-97fe-5115861739a4 tempest-ServerRescueNegativeTestJSON-962013108 tempest-ServerRescueNegativeTestJSON-962013108-project] 10.222.0.23 "GET /compute/v2.1/servers/036ae885-1087-4896-9b46-ddf73eaba20c" status: 200 len: 1217 microversion: 2.1 time: 0.415763
Aug 31 00:56:54.739861 dv-cinder-760180-3-smb devstack@n-api.service[108315]: [pid: 108315|app: 0|req: 29/51] 10.222.0.23 () {58 vars in 1236 bytes} [Tue Aug 31 00:56:54 2021] GET /compute/v2.1/servers/036ae885-1087-4896-9b46-ddf73eaba20c => generated 1217 bytes in 432 msecs (HTTP/1.1 200) 9 headers in 358 bytes (2 switches on core 0)
Aug 31 00:56:55.686036 dv-cinder-760180-3-smb devstack@n-api.service[108314]: DEBUG nova.api.openstack.wsgi [None req-e286258c-9671-4cd9-a2ce-b407ff38cb04 tempest-DeleteServersTestJSON-554224036 tempest-DeleteServersTestJSON-554224036-project] Calling method '>' {{(pid=108314) _process_stack /opt/stack/nova/nova/api/openstack/wsgi.py:513}}
