Aug 31 00:57:30.300359 dv-cinder-760180-3-smb devstack@c-api.service[100702]: warnings.warn(
Aug 31 00:57:30.300829 dv-cinder-760180-3-smb devstack@c-api.service[100702]: DEBUG cinder.api.openstack.wsgi [None req-5192b63e-c228-4e49-98ea-1a7bf56a1c71 tempest-VolumeTypesTest-319893231 tempest-VolumeTypesTest-319893231-project] Action: 'create', calling method: create, body: {"volume": {"name": "tempest-VolumeTypesTest-volume-760143881", "volume_type": "c99c36fa-efda-4328-8b8d-a9b4ca363027", "size": 1}} {{(pid=100702) _process_stack /opt/stack/cinder/cinder/api/openstack/wsgi.py:854}}
Aug 31 00:57:30.303184 dv-cinder-760180-3-smb devstack@c-api.service[100702]: DEBUG cinder.api.v3.volumes [None req-5192b63e-c228-4e49-98ea-1a7bf56a1c71 tempest-VolumeTypesTest-319893231 tempest-VolumeTypesTest-319893231-project] Create volume request body: {'volume': {'name': 'tempest-VolumeTypesTest-volume-760143881', 'volume_type': 'c99c36fa-efda-4328-8b8d-a9b4ca363027', 'size': 1}} {{(pid=100702) create /opt/stack/cinder/cinder/api/v3/volumes.py:298}}
Aug 31 00:57:30.316060 dv-cinder-760180-3-smb devstack@c-api.service[100702]: INFO cinder.api.v3.volumes [None req-5192b63e-c228-4e49-98ea-1a7bf56a1c71 tempest-VolumeTypesTest-319893231 tempest-VolumeTypesTest-319893231-project] Create volume of 1 GB
Aug 31 00:57:30.317001 dv-cinder-760180-3-smb devstack@c-api.service[100702]: /usr/local/lib/python3.8/dist-packages/oslo_context/context.py:105: DeprecationWarning: Policy enforcement is depending on the value of is_admin. This key is deprecated. Please update your policy file to use the standard policy values.
Aug 31 00:57:30.317001 dv-cinder-760180-3-smb devstack@c-api.service[100702]: warnings.warn('Policy enforcement is depending on the value of '
Aug 31 00:57:30.317789 dv-cinder-760180-3-smb devstack@c-api.service[100702]: INFO cinder.volume.api [None req-5192b63e-c228-4e49-98ea-1a7bf56a1c71 tempest-VolumeTypesTest-319893231 tempest-VolumeTypesTest-319893231-project] Availability Zones retrieved successfully.
Aug 31 00:57:30.336884 dv-cinder-760180-3-smb devstack@c-api.service[100702]: DEBUG cinder.volume.api [None req-5192b63e-c228-4e49-98ea-1a7bf56a1c71 tempest-VolumeTypesTest-319893231 tempest-VolumeTypesTest-319893231-project] Flow 'volume_create_api' (0ce1303c-40d9-470e-a6ff-822146c65af4) transitioned into state 'RUNNING' from state 'PENDING' {{(pid=100702) _flow_receiver /usr/local/lib/python3.8/dist-packages/taskflow/listeners/logging.py:141}}
Aug 31 00:57:30.339659 dv-cinder-760180-3-smb devstack@c-api.service[100702]: DEBUG cinder.volume.api [None req-5192b63e-c228-4e49-98ea-1a7bf56a1c71 tempest-VolumeTypesTest-319893231 tempest-VolumeTypesTest-319893231-project] Task 'cinder.volume.flows.api.create_volume.ExtractVolumeRequestTask;volume:create' (87bc9de7-11f0-451e-87d1-d77095e7033d) transitioned into state 'RUNNING' from state 'PENDING' {{(pid=100702) _task_receiver /usr/local/lib/python3.8/dist-packages/taskflow/listeners/logging.py:190}}
Aug 31 00:57:30.342892 dv-cinder-760180-3-smb devstack@c-api.service[100702]: DEBUG cinder.volume.flows.api.create_volume [None req-5192b63e-c228-4e49-98ea-1a7bf56a1c71 tempest-VolumeTypesTest-319893231 tempest-VolumeTypesTest-319893231-project] Validating volume size '1' using validate_int {{(pid=100702) _extract_size /opt/stack/cinder/cinder/volume/flows/api/create_volume.py:225}}
Aug 31 00:57:30.386274 dv-cinder-760180-3-smb devstack@c-api.service[100702]: DEBUG cinder.volume.api [None req-5192b63e-c228-4e49-98ea-1a7bf56a1c71 tempest-VolumeTypesTest-319893231 tempest-VolumeTypesTest-319893231-project] Task 'cinder.volume.flows.api.create_volume.ExtractVolumeRequestTask;volume:create' (87bc9de7-11f0-451e-87d1-d77095e7033d) transitioned into state 'SUCCESS' from state 'RUNNING' with result '{'size': 1, 'snapshot_id': None, 'source_volid': None, 'volume_type': VolumeType(created_at=2021-08-31T00:57:30Z,deleted=False,deleted_at=None,description=None,extra_specs={storage_protocol='smbfs',vendor_name='Open Source'},id=c99c36fa-efda-4328-8b8d-a9b4ca363027,is_public=True,name='tempest-VolumeTypesTest-volume-type-1416665297',projects=[],qos_specs=,qos_specs_id=None,updated_at=None), 'volume_type_id': 'c99c36fa-efda-4328-8b8d-a9b4ca363027', 'encryption_key_id': None, 'qos_specs': None, 'consistencygroup_id': None, 'cgsnapshot_id': None, 'group_id': None, 'replication_status': 'disabled', 'refresh_az': False, 'backup_id': None, 'multiattach': False, 'availability_zones': ['nova']}' {{(pid=100702) _task_receiver /usr/local/lib/python3.8/dist-packages/taskflow/listeners/logging.py:178}}
Aug 31 00:57:30.392646 dv-cinder-760180-3-smb devstack@c-api.service[100702]: DEBUG cinder.volume.api [None req-5192b63e-c228-4e49-98ea-1a7bf56a1c71 tempest-VolumeTypesTest-319893231 tempest-VolumeTypesTest-319893231-project] Task 'cinder.volume.flows.api.create_volume.QuotaReserveTask;volume:create' (168623f0-28b3-4f16-b845-5dde10779ef5) transitioned into state 'RUNNING' from state 'PENDING' {{(pid=100702) _task_receiver /usr/local/lib/python3.8/dist-packages/taskflow/listeners/logging.py:190}}
Aug 31 00:57:30.429994 dv-cinder-760180-3-smb devstack@c-api.service[100703]: INFO cinder.api.openstack.wsgi [None req-92c165b9-5d2c-4aee-a884-99eb7ab9db57 tempest-GroupsTest-1832053083 tempest-GroupsTest-1832053083-project] POST http://10.222.0.23/volume/v3/32f67ef81338407883eb4e07e9ff8fed/groups
Aug 31 00:57:30.431046 dv-cinder-760180-3-smb devstack@c-api.service[100703]: DEBUG cinder.api.openstack.wsgi [None req-92c165b9-5d2c-4aee-a884-99eb7ab9db57 tempest-GroupsTest-1832053083 tempest-GroupsTest-1832053083-project] Action: 'create', calling method: version_select, body: {"group": {"group_type": "a3840856-88a0-4515-916f-7e24d766c34c", "volume_types": ["297ae1f6-8785-4628-bf4a-ede1038dbce3"], "name": "tempest-Group1-48153807"}} {{(pid=100703) _process_stack /opt/stack/cinder/cinder/api/openstack/wsgi.py:854}}
Aug 31 00:57:30.432098 dv-cinder-760180-3-smb devstack@c-api.service[100703]: DEBUG cinder.api.v3.groups [None req-92c165b9-5d2c-4aee-a884-99eb7ab9db57 tempest-GroupsTest-1832053083 tempest-GroupsTest-1832053083-project] Creating new group {'group': {'group_type': 'a3840856-88a0-4515-916f-7e24d766c34c', 'volume_types': ['297ae1f6-8785-4628-bf4a-ede1038dbce3'], 'name': 'tempest-Group1-48153807'}} {{(pid=100703) create /opt/stack/cinder/cinder/api/v3/groups.py:190}}
Aug 31 00:57:30.438031 dv-cinder-760180-3-smb devstack@c-api.service[100703]: INFO cinder.api.v3.groups [None req-92c165b9-5d2c-4aee-a884-99eb7ab9db57 tempest-GroupsTest-1832053083 tempest-GroupsTest-1832053083-project] Creating group tempest-Group1-48153807.
Aug 31 00:57:30.449879 dv-cinder-760180-3-smb devstack@c-api.service[100703]: INFO cinder.volume.api [None req-92c165b9-5d2c-4aee-a884-99eb7ab9db57 tempest-GroupsTest-1832053083 tempest-GroupsTest-1832053083-project] Availability Zones retrieved successfully.
Aug 31 00:57:30.483836 dv-cinder-760180-3-smb devstack@c-api.service[100702]: WARNING cinder.quota [None req-5192b63e-c228-4e49-98ea-1a7bf56a1c71 tempest-VolumeTypesTest-319893231 tempest-VolumeTypesTest-319893231-project] Deprecated: Default quota for resource: volumes_tempest-VolumeTypesTest-volume-type-1416665297 is set by the default quota flag: quota_volumes_tempest-VolumeTypesTest-volume-type-1416665297, it is now deprecated. Please use the default quota class for default quota.
Aug 31 00:57:30.484591 dv-cinder-760180-3-smb devstack@c-api.service[100703]: DEBUG cinder.quota [None req-92c165b9-5d2c-4aee-a884-99eb7ab9db57 tempest-GroupsTest-1832053083 tempest-GroupsTest-1832053083-project] Created reservations ['02a381df-9896-44a7-82ed-72d0b273fc8c'] {{(pid=100703) reserve /opt/stack/cinder/cinder/quota.py:755}}
Aug 31 00:57:30.487215 dv-cinder-760180-3-smb devstack@c-api.service[100702]: WARNING cinder.quota [None req-5192b63e-c228-4e49-98ea-1a7bf56a1c71 tempest-VolumeTypesTest-319893231 tempest-VolumeTypesTest-319893231-project] Deprecated: Default quota for resource: gigabytes_tempest-VolumeTypesTest-volume-type-1416665297 is set by the default quota flag: quota_gigabytes_tempest-VolumeTypesTest-volume-type-1416665297, it is now deprecated. Please use the default quota class for default quota.
Aug 31 00:57:30.560035 dv-cinder-760180-3-smb devstack@c-api.service[100703]: INFO cinder.api.openstack.wsgi [None req-92c165b9-5d2c-4aee-a884-99eb7ab9db57 tempest-GroupsTest-1832053083 tempest-GroupsTest-1832053083-project] http://10.222.0.23/volume/v3/32f67ef81338407883eb4e07e9ff8fed/groups returned with HTTP 202
Aug 31 00:57:30.568634 dv-cinder-760180-3-smb devstack@c-api.service[100703]: [pid: 100703|app: 0|req: 208/371] 10.222.0.23 () {62 vars in 1274 bytes} [Tue Aug 31 00:57:30 2021] POST /volume/v3/32f67ef81338407883eb4e07e9ff8fed/groups => generated 92 bytes in 348 msecs (HTTP/1.1 202) 7 headers in 291 bytes (1 switches on core 0)
Aug 31 00:57:30.579636 dv-cinder-760180-3-smb devstack@c-api.service[100702]: DEBUG cinder.quota [None req-5192b63e-c228-4e49-98ea-1a7bf56a1c71 tempest-VolumeTypesTest-319893231 tempest-VolumeTypesTest-319893231-project] Created reservations ['dac95f07-8ced-4d4c-a8ec-6c8374cf9b05', '72dafead-6389-47c7-a69a-ed18c23fe6d8', '8a27683a-9677-492c-bb06-fd8423014c73', '06f1d90d-f7c1-488f-80e6-341865c174d8'] {{(pid=100702) reserve /opt/stack/cinder/cinder/quota.py:755}}
Aug 31 00:57:30.581741 dv-cinder-760180-3-smb devstack@c-api.service[100702]: DEBUG cinder.volume.api [None req-5192b63e-c228-4e49-98ea-1a7bf56a1c71 tempest-VolumeTypesTest-319893231 tempest-VolumeTypesTest-319893231-project] Task 'cinder.volume.flows.api.create_volume.QuotaReserveTask;volume:create' (168623f0-28b3-4f16-b845-5dde10779ef5) transitioned into state 'SUCCESS' from state 'RUNNING' with result '{'reservations': ['dac95f07-8ced-4d4c-a8ec-6c8374cf9b05', '72dafead-6389-47c7-a69a-ed18c23fe6d8', '8a27683a-9677-492c-bb06-fd8423014c73', '06f1d90d-f7c1-488f-80e6-341865c174d8']}' {{(pid=100702) _task_receiver /usr/local/lib/python3.8/dist-packages/taskflow/listeners/logging.py:178}}
Aug 31 00:57:30.584212 dv-cinder-760180-3-smb devstack@c-api.service[100702]: DEBUG cinder.volume.api [None req-5192b63e-c228-4e49-98ea-1a7bf56a1c71 tempest-VolumeTypesTest-319893231 tempest-VolumeTypesTest-319893231-project] Task 'cinder.volume.flows.api.create_volume.EntryCreateTask;volume:create' (17f94eb6-c567-4f63-a79b-1f065142fa03) transitioned into state 'RUNNING' from state 'PENDING' {{(pid=100702) _task_receiver /usr/local/lib/python3.8/dist-packages/taskflow/listeners/logging.py:190}}
Aug 31 00:57:30.584674 dv-cinder-760180-3-smb devstack@c-api.service[100703]: INFO cinder.api.openstack.wsgi [None req-4590ee9f-5167-45c0-89b6-df2b8dee21c5 tempest-VolumesGetTest-87288352 tempest-VolumesGetTest-87288352-project] GET http://10.222.0.23/volume/v3/e711744262334545815cf99d4725de8d/volumes/0b1dce4a-f945-4999-a4fc-f08e1d93f784
Aug 31 00:57:30.585411 dv-cinder-760180-3-smb devstack@c-api.service[100703]: DEBUG cinder.api.openstack.wsgi [None req-4590ee9f-5167-45c0-89b6-df2b8dee21c5 tempest-VolumesGetTest-87288352 tempest-VolumesGetTest-87288352-project] Empty body provided in request {{(pid=100703) get_body /opt/stack/cinder/cinder/api/openstack/wsgi.py:703}}
Aug 31 00:57:30.585896 dv-cinder-760180-3-smb devstack@c-api.service[100703]: /usr/local/lib/python3.8/dist-packages/webob/acceptparse.py:1047: DeprecationWarning: The behavior of AcceptValidHeader.best_match is currently being maintained for backward compatibility, but it will be deprecated in the future, as it does not conform to the RFC.
Aug 31 00:57:30.585896 dv-cinder-760180-3-smb devstack@c-api.service[100703]: warnings.warn(
Aug 31 00:57:30.586338 dv-cinder-760180-3-smb devstack@c-api.service[100703]: DEBUG cinder.api.openstack.wsgi [None req-4590ee9f-5167-45c0-89b6-df2b8dee21c5 tempest-VolumesGetTest-87288352 tempest-VolumesGetTest-87288352-project] Calling method 'show' {{(pid=100703) _process_stack /opt/stack/cinder/cinder/api/openstack/wsgi.py:856}}
Aug 31 00:57:30.600034 dv-cinder-760180-3-smb devstack@c-api.service[100703]: INFO cinder.api.openstack.wsgi [None req-4590ee9f-5167-45c0-89b6-df2b8dee21c5 tempest-VolumesGetTest-87288352 tempest-VolumesGetTest-87288352-project] http://10.222.0.23/volume/v3/e711744262334545815cf99d4725de8d/volumes/0b1dce4a-f945-4999-a4fc-f08e1d93f784 returned with HTTP 404
Aug 31 00:57:30.601979 dv-cinder-760180-3-smb devstack@c-api.service[100703]: [pid: 100703|app: 0|req: 209/372] 10.222.0.23 () {58 vars in 1325 bytes} [Tue Aug 31 00:57:30 2021] GET /volume/v3/e711744262334545815cf99d4725de8d/volumes/0b1dce4a-f945-4999-a4fc-f08e1d93f784 => generated 109 bytes in 33 msecs (HTTP/1.1 404) 7 headers in 292 bytes (1 switches on core 0)
Aug 31 00:57:30.606765 dv-cinder-760180-3-smb devstack@c-api.service[100703]: INFO cinder.api.openstack.wsgi [None req-cf9819a3-4651-4c2d-b29d-337c669eb2ec tempest-GroupsTest-1832053083 tempest-GroupsTest-1832053083-project] GET http://10.222.0.23/volume/v3/32f67ef81338407883eb4e07e9ff8fed/groups/ae9b8a9c-ec21-4250-a3c4-febdf15ffcdc
Aug 31 00:57:30.607532 dv-cinder-760180-3-smb devstack@c-api.service[100703]: DEBUG cinder.api.openstack.wsgi [None req-cf9819a3-4651-4c2d-b29d-337c669eb2ec tempest-GroupsTest-1832053083 tempest-GroupsTest-1832053083-project] Empty body provided in request {{(pid=100703) get_body /opt/stack/cinder/cinder/api/openstack/wsgi.py:703}}
Aug 31 00:57:30.608221 dv-cinder-760180-3-smb devstack@c-api.service[100703]: DEBUG cinder.api.openstack.wsgi [None req-cf9819a3-4651-4c2d-b29d-337c669eb2ec tempest-GroupsTest-1832053083 tempest-GroupsTest-1832053083-project] Calling method 'version_select' {{(pid=100703) _process_stack /opt/stack/cinder/cinder/api/openstack/wsgi.py:856}}
Aug 31 00:57:30.608903 dv-cinder-760180-3-smb devstack@c-api.service[100703]: DEBUG cinder.api.v3.groups [None req-cf9819a3-4651-4c2d-b29d-337c669eb2ec tempest-GroupsTest-1832053083 tempest-GroupsTest-1832053083-project] show called for member ae9b8a9c-ec21-4250-a3c4-febdf15ffcdc {{(pid=100703) show /opt/stack/cinder/cinder/api/v3/groups.py:58}}
Aug 31 00:57:30.619165 dv-cinder-760180-3-smb devstack@c-api.service[100703]: /usr/local/lib/python3.8/dist-packages/oslo_context/context.py:105: DeprecationWarning: Policy enforcement is depending on the value of is_admin. This key is deprecated. Please update your policy file to use the standard policy values.
Aug 31 00:57:30.619165 dv-cinder-760180-3-smb devstack@c-api.service[100703]: warnings.warn('Policy enforcement is depending on the value of '
Aug 31 00:57:30.640206 dv-cinder-760180-3-smb devstack@c-api.service[100702]: DEBUG cinder.volume.api [None req-5192b63e-c228-4e49-98ea-1a7bf56a1c71 tempest-VolumeTypesTest-319893231 tempest-VolumeTypesTest-319893231-project] Task 'cinder.volume.flows.api.create_volume.EntryCreateTask;volume:create' (17f94eb6-c567-4f63-a79b-1f065142fa03) transitioned into state 'SUCCESS' from state 'RUNNING' with result '{'volume_id': 'fbdf40cc-9ded-4e5b-af5d-4d8f3d22bd47', 'volume_properties': VolumeProperties(attach_status='detached',availability_zone='nova',cgsnapshot_id=None,consistencygroup_id=None,display_description=None,display_name='tempest-VolumeTypesTest-volume-760143881',encryption_key_id=None,group_id=None,group_type_id=,metadata={},multiattach=False,project_id='88635ecfc3c240e997109bb71c356976',qos_specs=None,replication_status=,reservations=['dac95f07-8ced-4d4c-a8ec-6c8374cf9b05','72dafead-6389-47c7-a69a-ed18c23fe6d8','8a27683a-9677-492c-bb06-fd8423014c73','06f1d90d-f7c1-488f-80e6-341865c174d8'],size=1,snapshot_id=None,source_replicaid=,source_volid=None,status='creating',user_id='fe82888af55b434e9fb9f7a4b97a4506',volume_type_id=c99c36fa-efda-4328-8b8d-a9b4ca363027), 'volume': Volume(_name_id=None,admin_metadata=,attach_status='detached',availability_zone='nova',bootable=False,cluster=,cluster_name=None,consistencygroup=,consistencygroup_id=None,created_at=2021-08-31T00:57:30Z,deleted=False,deleted_at=None,display_description=None,display_name='tempest-VolumeTypesTest-volume-760143881',ec2_id=None,encryption_key_id=None,glance_metadata=,group=,group_id=None,host=None,id=fbdf40cc-9ded-4e5b-af5d-4d8f3d22bd47,launched_at=None,metadata={},migration_status=None,multiattach=False,previous_status=None,project_id='88635ecfc3c240e997109bb71c356976',provider_auth=None,provider_geometry=None,provider_id=None,provider_location=None,replication_driver_data=None,replication_extended_status=None,replication_status=None,scheduled_at=None,service_uuid=None,shared_targets=True,size=1,snapshot_id=None,snapshots=,source_volid=None,status='creating',terminated_at=None,updated_at=None,use_quota=True,user_id='fe82888af55b434e9fb9f7a4b97a4506',volume_attachment=,volume_type=VolumeType(c99c36fa-efda-4328-8b8d-a9b4ca363027),volume_type_id=c99c36fa-efda-4328-8b8d-a9b4ca363027)}' {{(pid=100702) _task_receiver /usr/local/lib/python3.8/dist-packages/taskflow/listeners/logging.py:178}}
Aug 31 00:57:30.642130 dv-cinder-760180-3-smb devstack@c-api.service[100702]: DEBUG cinder.volume.api [None req-5192b63e-c228-4e49-98ea-1a7bf56a1c71 tempest-VolumeTypesTest-319893231 tempest-VolumeTypesTest-319893231-project] Task 'cinder.volume.flows.api.create_volume.QuotaCommitTask;volume:create' (7e8d8a38-111a-4395-8d12-4e0e6d54b27a) transitioned into state 'RUNNING' from state 'PENDING' {{(pid=100702) _task_receiver /usr/local/lib/python3.8/dist-packages/taskflow/listeners/logging.py:190}}
Aug 31 00:57:30.653458 dv-cinder-760180-3-smb devstack@c-api.service[100703]: INFO cinder.api.openstack.wsgi [None req-cf9819a3-4651-4c2d-b29d-337c669eb2ec tempest-GroupsTest-1832053083 tempest-GroupsTest-1832053083-project] http://10.222.0.23/volume/v3/32f67ef81338407883eb4e07e9ff8fed/groups/ae9b8a9c-ec21-4250-a3c4-febdf15ffcdc returned with HTTP 200
Aug 31 00:57:30.659257 dv-cinder-760180-3-smb devstack@c-api.service[100703]: [pid: 100703|app: 0|req: 210/373] 10.222.0.23 () {60 vars in 1363 bytes} [Tue Aug 31 00:57:30 2021] GET /volume/v3/32f67ef81338407883eb4e07e9ff8fed/groups/ae9b8a9c-ec21-4250-a3c4-febdf15ffcdc => generated 320 bytes in 56 msecs (HTTP/1.1 200) 7 headers in 286 bytes (1 switches on core 0)
Aug 31 00:57:30.663738 dv-cinder-760180-3-smb devstack@c-api.service[100703]: INFO cinder.api.openstack.wsgi [None req-d2390cab-0014-45ff-a0fd-5a86c506c410 tempest-VolumesGetTest-87288352 tempest-VolumesGetTest-87288352-project] DELETE http://10.222.0.23/volume/v3/e711744262334545815cf99d4725de8d/volumes/5ca868fb-c724-4a58-8146-70a52c1d9bb6
Aug 31 00:57:30.664308 dv-cinder-760180-3-smb devstack@c-api.service[100703]: DEBUG cinder.api.openstack.wsgi [None req-d2390cab-0014-45ff-a0fd-5a86c506c410 tempest-VolumesGetTest-87288352 tempest-VolumesGetTest-87288352-project] Empty body provided in request {{(pid=100703) get_body /opt/stack/cinder/cinder/api/openstack/wsgi.py:703}}
Aug 31 00:57:30.664475 dv-cinder-760180-3-smb devstack@c-api.service[100703]: /usr/local/lib/python3.8/dist-packages/webob/acceptparse.py:1047: DeprecationWarning: The behavior of AcceptValidHeader.best_match is currently being maintained for backward compatibility, but it will be deprecated in the future, as it does not conform to the RFC.
Aug 31 00:57:30.664475 dv-cinder-760180-3-smb devstack@c-api.service[100703]: warnings.warn(
Aug 31 00:57:30.664942 dv-cinder-760180-3-smb devstack@c-api.service[100703]: DEBUG cinder.api.openstack.wsgi [None req-d2390cab-0014-45ff-a0fd-5a86c506c410 tempest-VolumesGetTest-87288352 tempest-VolumesGetTest-87288352-project] Calling method 'delete' {{(pid=100703) _process_stack /opt/stack/cinder/cinder/api/openstack/wsgi.py:856}}
Aug 31 00:57:30.665315 dv-cinder-760180-3-smb devstack@c-api.service[100703]: INFO cinder.api.v3.volumes [None req-d2390cab-0014-45ff-a0fd-5a86c506c410 tempest-VolumesGetTest-87288352 tempest-VolumesGetTest-87288352-project] Delete volume with id: 5ca868fb-c724-4a58-8146-70a52c1d9bb6
Aug 31 00:57:30.682341 dv-cinder-760180-3-smb devstack@c-api.service[100703]: /usr/local/lib/python3.8/dist-packages/oslo_context/context.py:105: DeprecationWarning: Policy enforcement is depending on the value of is_admin. This key is deprecated. Please update your policy file to use the standard policy values.
Aug 31 00:57:30.682341 dv-cinder-760180-3-smb devstack@c-api.service[100703]: warnings.warn('Policy enforcement is depending on the value of '
Aug 31 00:57:30.682613 dv-cinder-760180-3-smb devstack@c-api.service[100702]: DEBUG cinder.volume.api [None req-5192b63e-c228-4e49-98ea-1a7bf56a1c71 tempest-VolumeTypesTest-319893231 tempest-VolumeTypesTest-319893231-project] Task 'cinder.volume.flows.api.create_volume.QuotaCommitTask;volume:create' (7e8d8a38-111a-4395-8d12-4e0e6d54b27a) transitioned into state 'SUCCESS' from state 'RUNNING' with result '{'volume_properties': VolumeProperties(attach_status='detached',availability_zone='nova',cgsnapshot_id=None,consistencygroup_id=None,display_description=None,display_name='tempest-VolumeTypesTest-volume-760143881',encryption_key_id=None,group_id=None,group_type_id=,metadata={},multiattach=False,project_id='88635ecfc3c240e997109bb71c356976',qos_specs=None,replication_status=,reservations=['dac95f07-8ced-4d4c-a8ec-6c8374cf9b05','72dafead-6389-47c7-a69a-ed18c23fe6d8','8a27683a-9677-492c-bb06-fd8423014c73','06f1d90d-f7c1-488f-80e6-341865c174d8'],size=1,snapshot_id=None,source_replicaid=,source_volid=None,status='creating',user_id='fe82888af55b434e9fb9f7a4b97a4506',volume_type_id=c99c36fa-efda-4328-8b8d-a9b4ca363027)}' {{(pid=100702) _task_receiver /usr/local/lib/python3.8/dist-packages/taskflow/listeners/logging.py:178}}
Aug 31 00:57:30.683530 dv-cinder-760180-3-smb devstack@c-api.service[100703]: INFO cinder.volume.api [None req-d2390cab-0014-45ff-a0fd-5a86c506c410 tempest-VolumesGetTest-87288352 tempest-VolumesGetTest-87288352-project] Volume info retrieved successfully.
Aug 31 00:57:30.687060 dv-cinder-760180-3-smb devstack@c-api.service[100702]: DEBUG cinder.volume.api [None req-5192b63e-c228-4e49-98ea-1a7bf56a1c71 tempest-VolumeTypesTest-319893231 tempest-VolumeTypesTest-319893231-project] Task 'cinder.volume.flows.api.create_volume.VolumeCastTask;volume:create' (a18833c8-2006-4efb-b01f-757fa648023b) transitioned into state 'RUNNING' from state 'PENDING' {{(pid=100702) _task_receiver /usr/local/lib/python3.8/dist-packages/taskflow/listeners/logging.py:190}}
Aug 31 00:57:30.711676 dv-cinder-760180-3-smb devstack@c-api.service[100702]: DEBUG cinder.volume.api [None req-5192b63e-c228-4e49-98ea-1a7bf56a1c71 tempest-VolumeTypesTest-319893231 tempest-VolumeTypesTest-319893231-project] Task 'cinder.volume.flows.api.create_volume.VolumeCastTask;volume:create' (a18833c8-2006-4efb-b01f-757fa648023b) transitioned into state 'SUCCESS' from state 'RUNNING' with result 'None' {{(pid=100702) _task_receiver /usr/local/lib/python3.8/dist-packages/taskflow/listeners/logging.py:178}}
Aug 31 00:57:30.714622 dv-cinder-760180-3-smb devstack@c-api.service[100702]: DEBUG cinder.volume.api [None req-5192b63e-c228-4e49-98ea-1a7bf56a1c71 tempest-VolumeTypesTest-319893231 tempest-VolumeTypesTest-319893231-project] Flow 'volume_create_api' (0ce1303c-40d9-470e-a6ff-822146c65af4) transitioned into state 'SUCCESS' from state 'RUNNING' {{(pid=100702) _flow_receiver /usr/local/lib/python3.8/dist-packages/taskflow/listeners/logging.py:141}}
Aug 31 00:57:30.715707 dv-cinder-760180-3-smb devstack@c-api.service[100702]: INFO cinder.volume.api [None req-5192b63e-c228-4e49-98ea-1a7bf56a1c71 tempest-VolumeTypesTest-319893231 tempest-VolumeTypesTest-319893231-project] Create volume request issued successfully.
Aug 31 00:57:30.723434 dv-cinder-760180-3-smb devstack@c-api.service[100702]: INFO cinder.api.openstack.wsgi [None req-5192b63e-c228-4e49-98ea-1a7bf56a1c71 tempest-VolumeTypesTest-319893231 tempest-VolumeTypesTest-319893231-project] http://10.222.0.23/volume/v3/88635ecfc3c240e997109bb71c356976/volumes returned with HTTP 202
Aug 31 00:57:30.724478 dv-cinder-760180-3-smb devstack@c-api.service[100702]: [pid: 100702|app: 0|req: 164/374] 10.222.0.23 () {60 vars in 1236 bytes} [Tue Aug 31 00:57:30 2021] POST /volume/v3/88635ecfc3c240e997109bb71c356976/volumes => generated 849 bytes in 540 msecs (HTTP/1.1 202) 7 headers in 291 bytes (1 switches on core 0)
Aug 31 00:57:30.735641 dv-cinder-760180-3-smb devstack@c-api.service[100703]: INFO cinder.volume.api [None req-d2390cab-0014-45ff-a0fd-5a86c506c410 tempest-VolumesGetTest-87288352 tempest-VolumesGetTest-87288352-project] Delete volume request issued successfully.
Aug 31 00:57:30.736190 dv-cinder-760180-3-smb devstack@c-api.service[100703]: INFO cinder.api.openstack.wsgi [None req-d2390cab-0014-45ff-a0fd-5a86c506c410 tempest-VolumesGetTest-87288352 tempest-VolumesGetTest-87288352-project] http://10.222.0.23/volume/v3/e711744262334545815cf99d4725de8d/volumes/5ca868fb-c724-4a58-8146-70a52c1d9bb6 returned with HTTP 202
Aug 31 00:57:30.737178 dv-cinder-760180-3-smb devstack@c-api.service[100703]: [pid: 100703|app: 0|req: 211/375] 10.222.0.23 () {58 vars in 1328 bytes} [Tue Aug 31 00:57:30 2021] DELETE /volume/v3/e711744262334545815cf99d4725de8d/volumes/5ca868fb-c724-4a58-8146-70a52c1d9bb6 => generated 0 bytes in 77 msecs (HTTP/1.1 202) 6 headers in 233 bytes (1 switches on core 0)
Aug 31 00:57:30.741294 dv-cinder-760180-3-smb devstack@c-api.service[100702]: INFO cinder.api.openstack.wsgi [None req-5f70b6b1-03c2-44a4-b855-634f039f62e6 tempest-VolumeTypesTest-319893231 tempest-VolumeTypesTest-319893231-project] GET http://10.222.0.23/volume/v3/88635ecfc3c240e997109bb71c356976/volumes/fbdf40cc-9ded-4e5b-af5d-4d8f3d22bd47
Aug 31 00:57:30.741861 dv-cinder-760180-3-smb devstack@c-api.service[100702]: DEBUG cinder.api.openstack.wsgi [None req-5f70b6b1-03c2-44a4-b855-634f039f62e6 tempest-VolumeTypesTest-319893231 tempest-VolumeTypesTest-319893231-project] Empty body provided in request {{(pid=100702) get_body /opt/stack/cinder/cinder/api/openstack/wsgi.py:703}}
Aug 31 00:57:30.742036 dv-cinder-760180-3-smb devstack@c-api.service[100702]: /usr/local/lib/python3.8/dist-packages/webob/acceptparse.py:1047: DeprecationWarning: The behavior of AcceptValidHeader.best_match is currently being maintained for backward compatibility, but it will be deprecated in the future, as it does not conform to the RFC.
Aug 31 00:57:30.742036 dv-cinder-760180-3-smb devstack@c-api.service[100702]: warnings.warn(
Aug 31 00:57:30.742638 dv-cinder-760180-3-smb devstack@c-api.service[100702]: DEBUG cinder.api.openstack.wsgi [None req-5f70b6b1-03c2-44a4-b855-634f039f62e6 tempest-VolumeTypesTest-319893231 tempest-VolumeTypesTest-319893231-project] Calling method 'show' {{(pid=100702) _process_stack /opt/stack/cinder/cinder/api/openstack/wsgi.py:856}}
Aug 31 00:57:30.745044 dv-cinder-760180-3-smb devstack@c-api.service[100703]: INFO cinder.api.openstack.wsgi [None req-345e1bd3-cd26-45e6-8026-ff820237d20c tempest-VolumesGetTest-87288352 tempest-VolumesGetTest-87288352-project] GET http://10.222.0.23/volume/v3/e711744262334545815cf99d4725de8d/volumes/5ca868fb-c724-4a58-8146-70a52c1d9bb6
Aug 31 00:57:30.747352 dv-cinder-760180-3-smb devstack@c-api.service[100703]: DEBUG cinder.api.openstack.wsgi [None req-345e1bd3-cd26-45e6-8026-ff820237d20c tempest-VolumesGetTest-87288352 tempest-VolumesGetTest-87288352-project] Empty body provided in request {{(pid=100703) get_body /opt/stack/cinder/cinder/api/openstack/wsgi.py:703}}
Aug 31 00:57:30.747649 dv-cinder-760180-3-smb devstack@c-api.service[100703]: /usr/local/lib/python3.8/dist-packages/webob/acceptparse.py:1047: DeprecationWarning: The behavior of AcceptValidHeader.best_match is currently being maintained for backward compatibility, but it will be deprecated in the future, as it does not conform to the RFC.
Aug 31 00:57:30.747649 dv-cinder-760180-3-smb devstack@c-api.service[100703]: warnings.warn(
Aug 31 00:57:30.748122 dv-cinder-760180-3-smb devstack@c-api.service[100703]: DEBUG cinder.api.openstack.wsgi [None req-345e1bd3-cd26-45e6-8026-ff820237d20c tempest-VolumesGetTest-87288352 tempest-VolumesGetTest-87288352-project] Calling method 'show' {{(pid=100703) _process_stack /opt/stack/cinder/cinder/api/openstack/wsgi.py:856}}
Aug 31 00:57:30.759051 dv-cinder-760180-3-smb devstack@c-api.service[100702]: /usr/local/lib/python3.8/dist-packages/oslo_context/context.py:105: DeprecationWarning: Policy enforcement is depending on the value of is_admin. This key is deprecated. Please update your policy file to use the standard policy values.
Aug 31 00:57:30.759051 dv-cinder-760180-3-smb devstack@c-api.service[100702]: warnings.warn('Policy enforcement is depending on the value of '
Aug 31 00:57:30.767673 dv-cinder-760180-3-smb devstack@c-api.service[100702]: INFO cinder.volume.api [None req-5f70b6b1-03c2-44a4-b855-634f039f62e6 tempest-VolumeTypesTest-319893231 tempest-VolumeTypesTest-319893231-project] Volume info retrieved successfully.
Aug 31 00:57:30.777551 dv-cinder-760180-3-smb devstack@c-api.service[100703]: /usr/local/lib/python3.8/dist-packages/oslo_context/context.py:105: DeprecationWarning: Policy enforcement is depending on the value of is_admin. This key is deprecated. Please update your policy file to use the standard policy values.
Aug 31 00:57:30.777551 dv-cinder-760180-3-smb devstack@c-api.service[100703]: warnings.warn('Policy enforcement is depending on the value of '
Aug 31 00:57:30.783613 dv-cinder-760180-3-smb devstack@c-api.service[100702]: INFO cinder.api.openstack.wsgi [None req-5f70b6b1-03c2-44a4-b855-634f039f62e6 tempest-VolumeTypesTest-319893231 tempest-VolumeTypesTest-319893231-project] http://10.222.0.23/volume/v3/88635ecfc3c240e997109bb71c356976/volumes/fbdf40cc-9ded-4e5b-af5d-4d8f3d22bd47 returned with HTTP 200
Aug 31 00:57:30.784720 dv-cinder-760180-3-smb devstack@c-api.service[100702]: [pid: 100702|app: 0|req: 165/376] 10.222.0.23 () {58 vars in 1325 bytes} [Tue Aug 31 00:57:30 2021] GET /volume/v3/88635ecfc3c240e997109bb71c356976/volumes/fbdf40cc-9ded-4e5b-af5d-4d8f3d22bd47 => generated 917 bytes in 49 msecs (HTTP/1.1 200) 7 headers in 285 bytes (2 switches on core 0)
Aug 31 00:57:30.796629 dv-cinder-760180-3-smb devstack@c-api.service[100703]: INFO cinder.volume.api [None req-345e1bd3-cd26-45e6-8026-ff820237d20c tempest-VolumesGetTest-87288352 tempest-VolumesGetTest-87288352-project] Volume info retrieved successfully.
Aug 31 00:57:30.817918 dv-cinder-760180-3-smb devstack@c-api.service[100703]: INFO cinder.api.openstack.wsgi [None req-345e1bd3-cd26-45e6-8026-ff820237d20c tempest-VolumesGetTest-87288352 tempest-VolumesGetTest-87288352-project] http://10.222.0.23/volume/v3/e711744262334545815cf99d4725de8d/volumes/5ca868fb-c724-4a58-8146-70a52c1d9bb6 returned with HTTP 200
Aug 31 00:57:30.819841 dv-cinder-760180-3-smb devstack@c-api.service[100703]: [pid: 100703|app: 0|req: 212/377] 10.222.0.23 () {58 vars in 1325 bytes} [Tue Aug 31 00:57:30 2021] GET /volume/v3/e711744262334545815cf99d4725de8d/volumes/5ca868fb-c724-4a58-8146-70a52c1d9bb6 => generated 959 bytes in 79 msecs (HTTP/1.1 200) 7 headers in 285 bytes (2 switches on core 0)
Aug 31 00:57:30.860534 dv-cinder-760180-3-smb devstack@c-api.service[100702]: INFO cinder.api.openstack.wsgi [None req-a22a0282-2bfe-44ce-a250-12ed875769d2 tempest-VolumesCloneTest-2104921001 tempest-VolumesCloneTest-2104921001-project] GET http://10.222.0.23/volume/v3/85061898efb9424fa24f623b46371eda/volumes/58fd3640-5eae-47b4-b468-6d6a8b2e3251
Aug 31 00:57:30.860998 dv-cinder-760180-3-smb devstack@c-api.service[100702]: DEBUG cinder.api.openstack.wsgi [None req-a22a0282-2bfe-44ce-a250-12ed875769d2 tempest-VolumesCloneTest-2104921001 tempest-VolumesCloneTest-2104921001-project] Empty body provided in request {{(pid=100702) get_body /opt/stack/cinder/cinder/api/openstack/wsgi.py:703}}
Aug 31 00:57:30.861147 dv-cinder-760180-3-smb devstack@c-api.service[100702]: /usr/local/lib/python3.8/dist-packages/webob/acceptparse.py:1047: DeprecationWarning: The behavior of AcceptValidHeader.best_match is currently being maintained for backward compatibility, but it will be deprecated in the future, as it does not conform to the RFC.
Aug 31 00:57:30.861147 dv-cinder-760180-3-smb devstack@c-api.service[100702]: warnings.warn(
Aug 31 00:57:30.861491 dv-cinder-760180-3-smb devstack@c-api.service[100702]: DEBUG cinder.api.openstack.wsgi [None req-a22a0282-2bfe-44ce-a250-12ed875769d2 tempest-VolumesCloneTest-2104921001 tempest-VolumesCloneTest-2104921001-project] Calling method 'show' {{(pid=100702) _process_stack /opt/stack/cinder/cinder/api/openstack/wsgi.py:856}}
Aug 31 00:57:30.876507 dv-cinder-760180-3-smb devstack@c-api.service[100702]: /usr/local/lib/python3.8/dist-packages/oslo_context/context.py:105: DeprecationWarning: Policy enforcement is depending on the value of is_admin. This key is deprecated. Please update your policy file to use the standard policy values.
Aug 31 00:57:30.876507 dv-cinder-760180-3-smb devstack@c-api.service[100702]: warnings.warn('Policy enforcement is depending on the value of '
Aug 31 00:57:30.884301 dv-cinder-760180-3-smb devstack@c-api.service[100702]: INFO cinder.volume.api [None req-a22a0282-2bfe-44ce-a250-12ed875769d2 tempest-VolumesCloneTest-2104921001 tempest-VolumesCloneTest-2104921001-project] Volume info retrieved successfully.
Aug 31 00:57:30.901704 dv-cinder-760180-3-smb devstack@c-api.service[100702]: INFO cinder.api.openstack.wsgi [None req-a22a0282-2bfe-44ce-a250-12ed875769d2 tempest-VolumesCloneTest-2104921001 tempest-VolumesCloneTest-2104921001-project] http://10.222.0.23/volume/v3/85061898efb9424fa24f623b46371eda/volumes/58fd3640-5eae-47b4-b468-6d6a8b2e3251 returned with HTTP 200
Aug 31 00:57:30.902449 dv-cinder-760180-3-smb devstack@c-api.service[100702]: [pid: 100702|app: 0|req: 166/378] 10.222.0.23 () {58 vars in 1325 bytes} [Tue Aug 31 00:57:30 2021] GET /volume/v3/85061898efb9424fa24f623b46371eda/volumes/58fd3640-5eae-47b4-b468-6d6a8b2e3251 => generated 1356 bytes in 46 msecs (HTTP/1.1 200) 7 headers in 286 bytes (1 switches on core 0)
Aug 31 00:57:30.916238 dv-cinder-760180-3-smb devstack@c-api.service[100703]: INFO cinder.api.openstack.wsgi [None req-5eea5c2b-9b5c-43c1-a637-f8a2e9a5b382 tempest-VolumesCloneTest-2104921001 tempest-VolumesCloneTest-2104921001-project] POST http://10.222.0.23/volume/v3/85061898efb9424fa24f623b46371eda/volumes
Aug 31 00:57:30.916750 dv-cinder-760180-3-smb devstack@c-api.service[100703]: /usr/local/lib/python3.8/dist-packages/webob/acceptparse.py:1047: DeprecationWarning: The behavior of AcceptValidHeader.best_match is currently being maintained for backward compatibility, but it will be deprecated in the future, as it does not conform to the RFC.
Aug 31 00:57:30.916750 dv-cinder-760180-3-smb devstack@c-api.service[100703]: warnings.warn(
Aug 31 00:57:30.917108 dv-cinder-760180-3-smb devstack@c-api.service[100703]: DEBUG cinder.api.openstack.wsgi [None req-5eea5c2b-9b5c-43c1-a637-f8a2e9a5b382 tempest-VolumesCloneTest-2104921001 tempest-VolumesCloneTest-2104921001-project] Action: 'create', calling method: create, body: {"volume": {"source_volid": "58fd3640-5eae-47b4-b468-6d6a8b2e3251", "size": 1, "name": "tempest-VolumesCloneTest-Volume-1059601628"}} {{(pid=100703) _process_stack /opt/stack/cinder/cinder/api/openstack/wsgi.py:854}}
Aug 31 00:57:30.918172 dv-cinder-760180-3-smb devstack@c-api.service[100703]: DEBUG cinder.api.v3.volumes [None req-5eea5c2b-9b5c-43c1-a637-f8a2e9a5b382 tempest-VolumesCloneTest-2104921001 tempest-VolumesCloneTest-2104921001-project] Create volume request body: {'volume': {'source_volid': '58fd3640-5eae-47b4-b468-6d6a8b2e3251', 'size': 1, 'name': 'tempest-VolumesCloneTest-Volume-1059601628'}} {{(pid=100703) create /opt/stack/cinder/cinder/api/v3/volumes.py:298}}
Aug 31 00:57:30.933759 dv-cinder-760180-3-smb devstack@c-api.service[100703]: /usr/local/lib/python3.8/dist-packages/oslo_context/context.py:105: DeprecationWarning: Policy enforcement is depending on the value of is_admin. This key is deprecated. Please update your policy file to use the standard policy values.
Aug 31 00:57:30.933759 dv-cinder-760180-3-smb devstack@c-api.service[100703]: warnings.warn('Policy enforcement is depending on the value of '
Aug 31 00:57:30.935735 dv-cinder-760180-3-smb devstack@c-api.service[100703]: INFO cinder.volume.api [None req-5eea5c2b-9b5c-43c1-a637-f8a2e9a5b382 tempest-VolumesCloneTest-2104921001 tempest-VolumesCloneTest-2104921001-project] Volume retrieved successfully.
Aug 31 00:57:30.936955 dv-cinder-760180-3-smb devstack@c-api.service[100703]: INFO cinder.api.v3.volumes [None req-5eea5c2b-9b5c-43c1-a637-f8a2e9a5b382 tempest-VolumesCloneTest-2104921001 tempest-VolumesCloneTest-2104921001-project] Create volume of 1 GB
Aug 31 00:57:30.944686 dv-cinder-760180-3-smb devstack@c-api.service[100703]: INFO cinder.volume.api [None req-5eea5c2b-9b5c-43c1-a637-f8a2e9a5b382 tempest-VolumesCloneTest-2104921001 tempest-VolumesCloneTest-2104921001-project] Availability Zones retrieved successfully.
Aug 31 00:57:30.963934 dv-cinder-760180-3-smb devstack@c-api.service[100703]: DEBUG cinder.volume.api [None req-5eea5c2b-9b5c-43c1-a637-f8a2e9a5b382 tempest-VolumesCloneTest-2104921001 tempest-VolumesCloneTest-2104921001-project] Flow 'volume_create_api' (11efb864-b52a-4b3a-9001-8b7220e15d28) transitioned into state 'RUNNING' from state 'PENDING' {{(pid=100703) _flow_receiver /usr/local/lib/python3.8/dist-packages/taskflow/listeners/logging.py:141}}
Aug 31 00:57:30.966792 dv-cinder-760180-3-smb devstack@c-api.service[100703]: DEBUG cinder.volume.api [None req-5eea5c2b-9b5c-43c1-a637-f8a2e9a5b382 tempest-VolumesCloneTest-2104921001 tempest-VolumesCloneTest-2104921001-project] Task 'cinder.volume.flows.api.create_volume.ExtractVolumeRequestTask;volume:create' (b545c660-b347-40d4-bcaa-527e6c47a72a) transitioned into state 'RUNNING' from state 'PENDING' {{(pid=100703) _task_receiver /usr/local/lib/python3.8/dist-packages/taskflow/listeners/logging.py:190}}
Aug 31 00:57:30.969016 dv-cinder-760180-3-smb devstack@c-api.service[100703]: DEBUG cinder.volume.flows.api.create_volume [None req-5eea5c2b-9b5c-43c1-a637-f8a2e9a5b382 tempest-VolumesCloneTest-2104921001 tempest-VolumesCloneTest-2104921001-project] Validating volume size '1' using validate_int, validate_source_size {{(pid=100703) _extract_size /opt/stack/cinder/cinder/volume/flows/api/create_volume.py:225}}
Aug 31 00:57:31.017031 dv-cinder-760180-3-smb devstack@c-api.service[100703]: DEBUG cinder.volume.api [None req-5eea5c2b-9b5c-43c1-a637-f8a2e9a5b382 tempest-VolumesCloneTest-2104921001 tempest-VolumesCloneTest-2104921001-project] Task 'cinder.volume.flows.api.create_volume.ExtractVolumeRequestTask;volume:create' (b545c660-b347-40d4-bcaa-527e6c47a72a) transitioned into state 'SUCCESS' from state 'RUNNING' with result '{'size': 1, 'snapshot_id': None, 'source_volid': '58fd3640-5eae-47b4-b468-6d6a8b2e3251', 'volume_type': VolumeType(created_at=2021-08-31T00:47:14Z,deleted=False,deleted_at=None,description='Default Volume Type',extra_specs={},id=7c0de7b0-cbd9-4984-85a6-c6a375e3bc4a,is_public=True,name='__DEFAULT__',projects=[],qos_specs=,qos_specs_id=None,updated_at=2021-08-31T00:47:14Z), 'volume_type_id': '7c0de7b0-cbd9-4984-85a6-c6a375e3bc4a', 'encryption_key_id': None, 'qos_specs': None, 'consistencygroup_id': None, 'cgsnapshot_id': None, 'group_id': None, 'replication_status': 'disabled', 'refresh_az': False, 'backup_id': None, 'multiattach': False, 'availability_zones': ['nova']}' {{(pid=100703) _task_receiver /usr/local/lib/python3.8/dist-packages/taskflow/listeners/logging.py:178}}
Aug 31 00:57:31.019934 dv-cinder-760180-3-smb devstack@c-api.service[100703]: DEBUG cinder.volume.api [None req-5eea5c2b-9b5c-43c1-a637-f8a2e9a5b382 tempest-VolumesCloneTest-2104921001 tempest-VolumesCloneTest-2104921001-project] Task 'cinder.volume.flows.api.create_volume.QuotaReserveTask;volume:create' (70b68149-86ee-4634-937d-bc1a73c9095f) transitioned into state 'RUNNING' from state 'PENDING' {{(pid=100703) _task_receiver /usr/local/lib/python3.8/dist-packages/taskflow/listeners/logging.py:190}}
Aug 31 00:57:31.086340 dv-cinder-760180-3-smb devstack@c-api.service[100703]: DEBUG cinder.quota [None req-5eea5c2b-9b5c-43c1-a637-f8a2e9a5b382 tempest-VolumesCloneTest-2104921001 tempest-VolumesCloneTest-2104921001-project] Created reservations ['4fbb1fa2-ccf2-4cfa-94c8-8650ab8caa6f', '1aa6c85a-012e-4b86-9b77-21a2833c8afb', '99366473-0402-4779-bc5f-775d6b736352', '64054b26-cb49-4c71-aa92-9780aab86a13'] {{(pid=100703) reserve /opt/stack/cinder/cinder/quota.py:755}}
Aug 31 00:57:31.088421 dv-cinder-760180-3-smb devstack@c-api.service[100703]: DEBUG cinder.volume.api [None req-5eea5c2b-9b5c-43c1-a637-f8a2e9a5b382 tempest-VolumesCloneTest-2104921001 tempest-VolumesCloneTest-2104921001-project] Task 'cinder.volume.flows.api.create_volume.QuotaReserveTask;volume:create' (70b68149-86ee-4634-937d-bc1a73c9095f) transitioned into state 'SUCCESS' from state 'RUNNING' with result '{'reservations': ['4fbb1fa2-ccf2-4cfa-94c8-8650ab8caa6f', '1aa6c85a-012e-4b86-9b77-21a2833c8afb', '99366473-0402-4779-bc5f-775d6b736352', '64054b26-cb49-4c71-aa92-9780aab86a13']}' {{(pid=100703) _task_receiver /usr/local/lib/python3.8/dist-packages/taskflow/listeners/logging.py:178}}
Aug 31 00:57:31.091146 dv-cinder-760180-3-smb devstack@c-api.service[100703]: DEBUG cinder.volume.api [None req-5eea5c2b-9b5c-43c1-a637-f8a2e9a5b382 tempest-VolumesCloneTest-2104921001 tempest-VolumesCloneTest-2104921001-project] Task 'cinder.volume.flows.api.create_volume.EntryCreateTask;volume:create' (adf513c9-d8c6-47a9-a787-adf70d3ca521) transitioned into state 'RUNNING' from state 'PENDING' {{(pid=100703) _task_receiver /usr/local/lib/python3.8/dist-packages/taskflow/listeners/logging.py:190}}
Aug 31 00:57:31.133069 dv-cinder-760180-3-smb devstack@c-api.service[100703]: DEBUG cinder.volume.api [None req-5eea5c2b-9b5c-43c1-a637-f8a2e9a5b382 tempest-VolumesCloneTest-2104921001 tempest-VolumesCloneTest-2104921001-project] Task 'cinder.volume.flows.api.create_volume.EntryCreateTask;volume:create' (adf513c9-d8c6-47a9-a787-adf70d3ca521) transitioned into state 'SUCCESS' from state 'RUNNING' with result '{'volume_id': '0f98e5b4-fa30-4b69-bc9b-2c9db7ee0b04', 'volume_properties': VolumeProperties(attach_status='detached',availability_zone='nova',cgsnapshot_id=None,consistencygroup_id=None,display_description=None,display_name='tempest-VolumesCloneTest-Volume-1059601628',encryption_key_id=None,group_id=None,group_type_id=,metadata={},multiattach=False,project_id='85061898efb9424fa24f623b46371eda',qos_specs=None,replication_status=,reservations=['4fbb1fa2-ccf2-4cfa-94c8-8650ab8caa6f','1aa6c85a-012e-4b86-9b77-21a2833c8afb','99366473-0402-4779-bc5f-775d6b736352','64054b26-cb49-4c71-aa92-9780aab86a13'],size=1,snapshot_id=None,source_replicaid=,source_volid=58fd3640-5eae-47b4-b468-6d6a8b2e3251,status='creating',user_id='27bf9d153c214d55abfdd0a1bb42b0b1',volume_type_id=7c0de7b0-cbd9-4984-85a6-c6a375e3bc4a), 'volume': Volume(_name_id=None,admin_metadata=,attach_status='detached',availability_zone='nova',bootable=True,cluster=,cluster_name=None,consistencygroup=,consistencygroup_id=None,created_at=2021-08-31T00:57:31Z,deleted=False,deleted_at=None,display_description=None,display_name='tempest-VolumesCloneTest-Volume-1059601628',ec2_id=None,encryption_key_id=None,glance_metadata=,group=,group_id=None,host=None,id=0f98e5b4-fa30-4b69-bc9b-2c9db7ee0b04,launched_at=None,metadata={},migration_status=None,multiattach=False,previous_status=None,project_id='85061898efb9424fa24f623b46371eda',provider_auth=None,provider_geometry=None,provider_id=None,provider_location=None,replication_driver_data=None,replication_extended_status=None,replication_status=None,scheduled_at=None,service_uuid=None,shared_targets=True,size=1,snapshot_id=None,snapshots=,source_volid=58fd3640-5eae-47b4-b468-6d6a8b2e3251,status='creating',terminated_at=None,updated_at=None,use_quota=True,user_id='27bf9d153c214d55abfdd0a1bb42b0b1',volume_attachment=,volume_type=VolumeType(7c0de7b0-cbd9-4984-85a6-c6a375e3bc4a),volume_type_id=7c0de7b0-cbd9-4984-85a6-c6a375e3bc4a)}' {{(pid=100703) _task_receiver /usr/local/lib/python3.8/dist-packages/taskflow/listeners/logging.py:178}}
Aug 31 00:57:31.135474 dv-cinder-760180-3-smb devstack@c-api.service[100703]: DEBUG cinder.volume.api [None req-5eea5c2b-9b5c-43c1-a637-f8a2e9a5b382 tempest-VolumesCloneTest-2104921001 tempest-VolumesCloneTest-2104921001-project] Task 'cinder.volume.flows.api.create_volume.QuotaCommitTask;volume:create' (45e71976-a146-4c80-83a7-afa658ea52e0) transitioned into state 'RUNNING' from state 'PENDING' {{(pid=100703) _task_receiver /usr/local/lib/python3.8/dist-packages/taskflow/listeners/logging.py:190}}
Aug 31 00:57:31.175578 dv-cinder-760180-3-smb devstack@c-api.service[100703]: DEBUG cinder.volume.api [None req-5eea5c2b-9b5c-43c1-a637-f8a2e9a5b382 tempest-VolumesCloneTest-2104921001 tempest-VolumesCloneTest-2104921001-project] Task 'cinder.volume.flows.api.create_volume.QuotaCommitTask;volume:create' (45e71976-a146-4c80-83a7-afa658ea52e0) transitioned into state 'SUCCESS' from state 'RUNNING' with result '{'volume_properties': VolumeProperties(attach_status='detached',availability_zone='nova',cgsnapshot_id=None,consistencygroup_id=None,display_description=None,display_name='tempest-VolumesCloneTest-Volume-1059601628',encryption_key_id=None,group_id=None,group_type_id=,metadata={},multiattach=False,project_id='85061898efb9424fa24f623b46371eda',qos_specs=None,replication_status=,reservations=['4fbb1fa2-ccf2-4cfa-94c8-8650ab8caa6f','1aa6c85a-012e-4b86-9b77-21a2833c8afb','99366473-0402-4779-bc5f-775d6b736352','64054b26-cb49-4c71-aa92-9780aab86a13'],size=1,snapshot_id=None,source_replicaid=,source_volid=58fd3640-5eae-47b4-b468-6d6a8b2e3251,status='creating',user_id='27bf9d153c214d55abfdd0a1bb42b0b1',volume_type_id=7c0de7b0-cbd9-4984-85a6-c6a375e3bc4a)}' {{(pid=100703) _task_receiver /usr/local/lib/python3.8/dist-packages/taskflow/listeners/logging.py:178}}
Aug 31 00:57:31.177392 dv-cinder-760180-3-smb devstack@c-api.service[100703]: DEBUG cinder.volume.api [None req-5eea5c2b-9b5c-43c1-a637-f8a2e9a5b382 tempest-VolumesCloneTest-2104921001 tempest-VolumesCloneTest-2104921001-project] Task 'cinder.volume.flows.api.create_volume.VolumeCastTask;volume:create' (280a4c9e-5532-48f8-adfb-43fe2b353956) transitioned into state 'RUNNING' from state 'PENDING' {{(pid=100703) _task_receiver /usr/local/lib/python3.8/dist-packages/taskflow/listeners/logging.py:190}}
Aug 31 00:57:31.213191 dv-cinder-760180-3-smb devstack@c-api.service[100703]: DEBUG cinder.volume.api [None req-5eea5c2b-9b5c-43c1-a637-f8a2e9a5b382 tempest-VolumesCloneTest-2104921001 tempest-VolumesCloneTest-2104921001-project] Task 'cinder.volume.flows.api.create_volume.VolumeCastTask;volume:create' (280a4c9e-5532-48f8-adfb-43fe2b353956) transitioned into state 'SUCCESS' from state 'RUNNING' with result 'None' {{(pid=100703) _task_receiver /usr/local/lib/python3.8/dist-packages/taskflow/listeners/logging.py:178}}
Aug 31 00:57:31.215232 dv-cinder-760180-3-smb devstack@c-api.service[100703]: DEBUG cinder.volume.api [None req-5eea5c2b-9b5c-43c1-a637-f8a2e9a5b382 tempest-VolumesCloneTest-2104921001 tempest-VolumesCloneTest-2104921001-project] Flow 'volume_create_api' (11efb864-b52a-4b3a-9001-8b7220e15d28) transitioned into state 'SUCCESS' from state 'RUNNING' {{(pid=100703) _flow_receiver /usr/local/lib/python3.8/dist-packages/taskflow/listeners/logging.py:141}}
Aug 31 00:57:31.215919 dv-cinder-760180-3-smb devstack@c-api.service[100703]: INFO cinder.volume.api [None req-5eea5c2b-9b5c-43c1-a637-f8a2e9a5b382 tempest-VolumesCloneTest-2104921001 tempest-VolumesCloneTest-2104921001-project] Create volume request issued successfully.
Aug 31 00:57:31.224120 dv-cinder-760180-3-smb devstack@c-api.service[100703]: INFO cinder.api.openstack.wsgi [None req-5eea5c2b-9b5c-43c1-a637-f8a2e9a5b382 tempest-VolumesCloneTest-2104921001 tempest-VolumesCloneTest-2104921001-project] http://10.222.0.23/volume/v3/85061898efb9424fa24f623b46371eda/volumes returned with HTTP 202
Aug 31 00:57:31.238303 dv-cinder-760180-3-smb devstack@c-api.service[100702]: INFO cinder.api.openstack.wsgi [None req-4c0b2f93-2f3d-4293-9496-8d94afa06c29 tempest-VolumesCloneTest-2104921001 tempest-VolumesCloneTest-2104921001-project] GET http://10.222.0.23/volume/v3/85061898efb9424fa24f623b46371eda/volumes/0f98e5b4-fa30-4b69-bc9b-2c9db7ee0b04
Aug 31 00:57:31.238766 dv-cinder-760180-3-smb devstack@c-api.service[100702]: DEBUG cinder.api.openstack.wsgi [None req-4c0b2f93-2f3d-4293-9496-8d94afa06c29 tempest-VolumesCloneTest-2104921001 tempest-VolumesCloneTest-2104921001-project] Empty body provided in request {{(pid=100702) get_body /opt/stack/cinder/cinder/api/openstack/wsgi.py:703}}
Aug 31 00:57:31.238930 dv-cinder-760180-3-smb devstack@c-api.service[100702]: /usr/local/lib/python3.8/dist-packages/webob/acceptparse.py:1047: DeprecationWarning: The behavior of AcceptValidHeader.best_match is currently being maintained for backward compatibility, but it will be deprecated in the future, as it does not conform to the RFC.
Aug 31 00:57:31.238930 dv-cinder-760180-3-smb devstack@c-api.service[100702]: warnings.warn(
Aug 31 00:57:31.239490 dv-cinder-760180-3-smb devstack@c-api.service[100702]: DEBUG cinder.api.openstack.wsgi [None req-4c0b2f93-2f3d-4293-9496-8d94afa06c29 tempest-VolumesCloneTest-2104921001 tempest-VolumesCloneTest-2104921001-project] Calling method 'show' {{(pid=100702) _process_stack /opt/stack/cinder/cinder/api/openstack/wsgi.py:856}}
Aug 31 00:57:31.253553 dv-cinder-760180-3-smb devstack@c-api.service[100703]: [pid: 100703|app: 0|req: 213/379] 10.222.0.23 () {60 vars in 1236 bytes} [Tue Aug 31 00:57:30 2021] POST /volume/v3/85061898efb9424fa24f623b46371eda/volumes => generated 849 bytes in 334 msecs (HTTP/1.1 202) 7 headers in 291 bytes (1 switches on core 0)
