Aug 31 00:56:35.737150 dv-cinder-760180-3-smb devstack@c-api.service[100703]: DEBUG cinder.api.openstack.wsgi [None req-e9039a0e-1cb7-4c99-bdd5-6bfd2f25fede tempest-BackendsCapabilitiesAdminTestsJSON-484186696 tempest-BackendsCapabilitiesAdminTestsJSON-484186696-project-admin] Calling method 'show' {{(pid=100703) _process_stack /opt/stack/cinder/cinder/api/openstack/wsgi.py:856}}
Aug 31 00:56:35.777475 dv-cinder-760180-3-smb devstack@c-api.service[100703]: INFO cinder.api.openstack.wsgi [None req-e9039a0e-1cb7-4c99-bdd5-6bfd2f25fede tempest-BackendsCapabilitiesAdminTestsJSON-484186696 tempest-BackendsCapabilitiesAdminTestsJSON-484186696-project-admin] http://10.222.0.23/volume/v3/d912a7f6c066419ba08c88fe47505b81/capabilities/hv-cinder-76018@wincnd returned with HTTP 200
Aug 31 00:56:35.778646 dv-cinder-760180-3-smb devstack@c-api.service[100703]: [pid: 100703|app: 0|req: 12/15] 10.222.0.23 () {58 vars in 1298 bytes} [Tue Aug 31 00:56:35 2021] GET /volume/v3/d912a7f6c066419ba08c88fe47505b81/capabilities/hv-cinder-76018@wincnd => generated 712 bytes in 56 msecs (HTTP/1.1 200) 7 headers in 285 bytes (1 switches on core 0)
Aug 31 00:56:35.789017 dv-cinder-760180-3-smb devstack@c-api.service[100702]: DEBUG cinder.volume.api [req-dede0b21-4c0d-466c-9afe-425da0ae009f req-00caf1c8-70a5-4128-9580-246f554e7c19 tempest-VolumesSnapshotsTestJSON-1564113134 tempest-VolumesSnapshotsTestJSON-1564113134-project] Task 'cinder.volume.flows.api.create_volume.EntryCreateTask;volume:create' (c950604a-3390-4fad-98c1-8851b8ab07fb) transitioned into state 'SUCCESS' from state 'RUNNING' with result '{'volume_id': '1d40fec0-25aa-4200-82e0-b29ff0f3b371', 'volume_properties': VolumeProperties(attach_status='detached',availability_zone='nova',cgsnapshot_id=None,consistencygroup_id=None,display_description=None,display_name='tempest-VolumesSnapshotsTestJSON-volume-2084546508',encryption_key_id=None,group_id=None,group_type_id=,metadata={},multiattach=False,project_id='e9d07bbb41064d418f9aceb33ac4b394',qos_specs=None,replication_status=,reservations=['e95eab1f-6c14-4102-a709-8979e3fbc225','999db59b-3f31-43e3-9f27-bcf0a5587776','f061664b-cbf4-4ead-bd6a-d03743035a32','89e4ab95-3ac5-40c5-9197-8b0260dcc653'],size=1,snapshot_id=None,source_replicaid=,source_volid=None,status='creating',user_id='e7460050aa4a4f889b07968da5839db9',volume_type_id=7c0de7b0-cbd9-4984-85a6-c6a375e3bc4a), 'volume': Volume(_name_id=None,admin_metadata=,attach_status='detached',availability_zone='nova',bootable=False,cluster=,cluster_name=None,consistencygroup=,consistencygroup_id=None,created_at=2021-08-31T00:56:35Z,deleted=False,deleted_at=None,display_description=None,display_name='tempest-VolumesSnapshotsTestJSON-volume-2084546508',ec2_id=None,encryption_key_id=None,glance_metadata=,group=,group_id=None,host=None,id=1d40fec0-25aa-4200-82e0-b29ff0f3b371,launched_at=None,metadata={},migration_status=None,multiattach=False,previous_status=None,project_id='e9d07bbb41064d418f9aceb33ac4b394',provider_auth=None,provider_geometry=None,provider_id=None,provider_location=None,replication_driver_data=None,replication_extended_status=None,replication_status=None,scheduled_at=None,service_uuid=None,shared_targets=True,size=1,snapshot_id=None,snapshots=,source_volid=None,status='creating',terminated_at=None,updated_at=None,use_quota=True,user_id='e7460050aa4a4f889b07968da5839db9',volume_attachment=,volume_type=VolumeType(7c0de7b0-cbd9-4984-85a6-c6a375e3bc4a),volume_type_id=7c0de7b0-cbd9-4984-85a6-c6a375e3bc4a)}' {{(pid=100702) _task_receiver /usr/local/lib/python3.8/dist-packages/taskflow/listeners/logging.py:178}}
Aug 31 00:56:35.790976 dv-cinder-760180-3-smb devstack@c-api.service[100703]: INFO cinder.api.openstack.wsgi [None req-8973a43b-218e-418f-b8ab-8b96283e7bc1 tempest-GroupTypeSpecsTest-1164339395 tempest-GroupTypeSpecsTest-1164339395-project-admin] GET http://10.222.0.23/volume/v3/fd2eecb00cc8482d90fdd89f0cd17f01/group_types/f9073e5b-65ad-4664-a6e1-ed5b848ee8fe/group_specs/key2
Aug 31 00:56:35.792252 dv-cinder-760180-3-smb devstack@c-api.service[100703]: DEBUG cinder.api.openstack.wsgi [None req-8973a43b-218e-418f-b8ab-8b96283e7bc1 tempest-GroupTypeSpecsTest-1164339395 tempest-GroupTypeSpecsTest-1164339395-project-admin] Empty body provided in request {{(pid=100703) get_body /opt/stack/cinder/cinder/api/openstack/wsgi.py:703}}
Aug 31 00:56:35.792871 dv-cinder-760180-3-smb devstack@c-api.service[100703]: DEBUG cinder.api.openstack.wsgi [None req-8973a43b-218e-418f-b8ab-8b96283e7bc1 tempest-GroupTypeSpecsTest-1164339395 tempest-GroupTypeSpecsTest-1164339395-project-admin] Calling method 'version_select' {{(pid=100703) _process_stack /opt/stack/cinder/cinder/api/openstack/wsgi.py:856}}
Aug 31 00:56:35.796510 dv-cinder-760180-3-smb devstack@c-api.service[100702]: DEBUG cinder.volume.api [req-dede0b21-4c0d-466c-9afe-425da0ae009f req-00caf1c8-70a5-4128-9580-246f554e7c19 tempest-VolumesSnapshotsTestJSON-1564113134 tempest-VolumesSnapshotsTestJSON-1564113134-project] Task 'cinder.volume.flows.api.create_volume.QuotaCommitTask;volume:create' (8d76efb8-7bc8-4f54-83fc-47cb26edc3b2) transitioned into state 'RUNNING' from state 'PENDING' {{(pid=100702) _task_receiver /usr/local/lib/python3.8/dist-packages/taskflow/listeners/logging.py:190}}
Aug 31 00:56:35.804728 dv-cinder-760180-3-smb devstack@c-api.service[100703]: INFO cinder.api.openstack.wsgi [None req-8973a43b-218e-418f-b8ab-8b96283e7bc1 tempest-GroupTypeSpecsTest-1164339395 tempest-GroupTypeSpecsTest-1164339395-project-admin] http://10.222.0.23/volume/v3/fd2eecb00cc8482d90fdd89f0cd17f01/group_types/f9073e5b-65ad-4664-a6e1-ed5b848ee8fe/group_specs/key2 returned with HTTP 200
Aug 31 00:56:35.810345 dv-cinder-760180-3-smb devstack@c-api.service[100703]: [pid: 100703|app: 0|req: 13/16] 10.222.0.23 () {60 vars in 1429 bytes} [Tue Aug 31 00:56:35 2021] GET /volume/v3/fd2eecb00cc8482d90fdd89f0cd17f01/group_types/f9073e5b-65ad-4664-a6e1-ed5b848ee8fe/group_specs/key2 => generated 26 bytes in 23 msecs (HTTP/1.1 200) 7 headers in 285 bytes (1 switches on core 0)
Aug 31 00:56:35.816764 dv-cinder-760180-3-smb devstack@c-api.service[100703]: INFO cinder.api.openstack.wsgi [None req-68d463e3-2784-4a20-a5eb-9f65ba9e0bef tempest-BackendsCapabilitiesAdminTestsJSON-484186696 tempest-BackendsCapabilitiesAdminTestsJSON-484186696-project-admin] GET http://10.222.0.23/volume/v3/d912a7f6c066419ba08c88fe47505b81/capabilities/hv-cinder-76018@wincnd
Aug 31 00:56:35.817565 dv-cinder-760180-3-smb devstack@c-api.service[100703]: DEBUG cinder.api.openstack.wsgi [None req-68d463e3-2784-4a20-a5eb-9f65ba9e0bef tempest-BackendsCapabilitiesAdminTestsJSON-484186696 tempest-BackendsCapabilitiesAdminTestsJSON-484186696-project-admin] Empty body provided in request {{(pid=100703) get_body /opt/stack/cinder/cinder/api/openstack/wsgi.py:703}}
Aug 31 00:56:35.818191 dv-cinder-760180-3-smb devstack@c-api.service[100703]: DEBUG cinder.api.openstack.wsgi [None req-68d463e3-2784-4a20-a5eb-9f65ba9e0bef tempest-BackendsCapabilitiesAdminTestsJSON-484186696 tempest-BackendsCapabilitiesAdminTestsJSON-484186696-project-admin] Calling method 'show' {{(pid=100703) _process_stack /opt/stack/cinder/cinder/api/openstack/wsgi.py:856}}
Aug 31 00:56:35.837311 dv-cinder-760180-3-smb devstack@c-api.service[100703]: INFO cinder.api.openstack.wsgi [None req-68d463e3-2784-4a20-a5eb-9f65ba9e0bef tempest-BackendsCapabilitiesAdminTestsJSON-484186696 tempest-BackendsCapabilitiesAdminTestsJSON-484186696-project-admin] http://10.222.0.23/volume/v3/d912a7f6c066419ba08c88fe47505b81/capabilities/hv-cinder-76018@wincnd returned with HTTP 200
Aug 31 00:56:35.839477 dv-cinder-760180-3-smb devstack@c-api.service[100703]: [pid: 100703|app: 0|req: 14/17] 10.222.0.23 () {58 vars in 1298 bytes} [Tue Aug 31 00:56:35 2021] GET /volume/v3/d912a7f6c066419ba08c88fe47505b81/capabilities/hv-cinder-76018@wincnd => generated 712 bytes in 28 msecs (HTTP/1.1 200) 7 headers in 285 bytes (1 switches on core 0)
Aug 31 00:56:35.858849 dv-cinder-760180-3-smb devstack@c-api.service[100703]: INFO cinder.api.openstack.wsgi [None req-d6eee1af-b918-4bbf-a705-72cb24c560c5 tempest-GroupTypeSpecsTest-1164339395 tempest-GroupTypeSpecsTest-1164339395-project-admin] GET http://10.222.0.23/volume/v3/fd2eecb00cc8482d90fdd89f0cd17f01/group_types/f9073e5b-65ad-4664-a6e1-ed5b848ee8fe/group_specs/key3
Aug 31 00:56:35.862271 dv-cinder-760180-3-smb devstack@c-api.service[100703]: DEBUG cinder.api.openstack.wsgi [None req-d6eee1af-b918-4bbf-a705-72cb24c560c5 tempest-GroupTypeSpecsTest-1164339395 tempest-GroupTypeSpecsTest-1164339395-project-admin] Empty body provided in request {{(pid=100703) get_body /opt/stack/cinder/cinder/api/openstack/wsgi.py:703}}
Aug 31 00:56:35.864612 dv-cinder-760180-3-smb devstack@c-api.service[100703]: DEBUG cinder.api.openstack.wsgi [None req-d6eee1af-b918-4bbf-a705-72cb24c560c5 tempest-GroupTypeSpecsTest-1164339395 tempest-GroupTypeSpecsTest-1164339395-project-admin] Calling method 'version_select' {{(pid=100703) _process_stack /opt/stack/cinder/cinder/api/openstack/wsgi.py:856}}
Aug 31 00:56:35.879887 dv-cinder-760180-3-smb devstack@c-api.service[100702]: DEBUG cinder.volume.api [req-dede0b21-4c0d-466c-9afe-425da0ae009f req-00caf1c8-70a5-4128-9580-246f554e7c19 tempest-VolumesSnapshotsTestJSON-1564113134 tempest-VolumesSnapshotsTestJSON-1564113134-project] Task 'cinder.volume.flows.api.create_volume.QuotaCommitTask;volume:create' (8d76efb8-7bc8-4f54-83fc-47cb26edc3b2) transitioned into state 'SUCCESS' from state 'RUNNING' with result '{'volume_properties': VolumeProperties(attach_status='detached',availability_zone='nova',cgsnapshot_id=None,consistencygroup_id=None,display_description=None,display_name='tempest-VolumesSnapshotsTestJSON-volume-2084546508',encryption_key_id=None,group_id=None,group_type_id=,metadata={},multiattach=False,project_id='e9d07bbb41064d418f9aceb33ac4b394',qos_specs=None,replication_status=,reservations=['e95eab1f-6c14-4102-a709-8979e3fbc225','999db59b-3f31-43e3-9f27-bcf0a5587776','f061664b-cbf4-4ead-bd6a-d03743035a32','89e4ab95-3ac5-40c5-9197-8b0260dcc653'],size=1,snapshot_id=None,source_replicaid=,source_volid=None,status='creating',user_id='e7460050aa4a4f889b07968da5839db9',volume_type_id=7c0de7b0-cbd9-4984-85a6-c6a375e3bc4a)}' {{(pid=100702) _task_receiver /usr/local/lib/python3.8/dist-packages/taskflow/listeners/logging.py:178}}
Aug 31 00:56:35.882355 dv-cinder-760180-3-smb devstack@c-api.service[100702]: DEBUG cinder.volume.api [req-dede0b21-4c0d-466c-9afe-425da0ae009f req-00caf1c8-70a5-4128-9580-246f554e7c19 tempest-VolumesSnapshotsTestJSON-1564113134 tempest-VolumesSnapshotsTestJSON-1564113134-project] Task 'cinder.volume.flows.api.create_volume.VolumeCastTask;volume:create' (ef947455-d640-4353-b4dd-0649012ee0c0) transitioned into state 'RUNNING' from state 'PENDING' {{(pid=100702) _task_receiver /usr/local/lib/python3.8/dist-packages/taskflow/listeners/logging.py:190}}
Aug 31 00:56:35.887515 dv-cinder-760180-3-smb devstack@c-api.service[100703]: INFO cinder.api.openstack.wsgi [None req-d6eee1af-b918-4bbf-a705-72cb24c560c5 tempest-GroupTypeSpecsTest-1164339395 tempest-GroupTypeSpecsTest-1164339395-project-admin] http://10.222.0.23/volume/v3/fd2eecb00cc8482d90fdd89f0cd17f01/group_types/f9073e5b-65ad-4664-a6e1-ed5b848ee8fe/group_specs/key3 returned with HTTP 200
Aug 31 00:56:35.893522 dv-cinder-760180-3-smb devstack@c-api.service[100703]: [pid: 100703|app: 0|req: 15/18] 10.222.0.23 () {60 vars in 1429 bytes} [Tue Aug 31 00:56:35 2021] GET /volume/v3/fd2eecb00cc8482d90fdd89f0cd17f01/group_types/f9073e5b-65ad-4664-a6e1-ed5b848ee8fe/group_specs/key3 => generated 18 bytes in 51 msecs (HTTP/1.1 200) 7 headers in 285 bytes (1 switches on core 0)
Aug 31 00:56:35.902279 dv-cinder-760180-3-smb devstack@c-api.service[100703]: INFO cinder.api.openstack.wsgi [None req-4238e786-4f39-4e12-b885-177047d604f8 tempest-GroupTypeSpecsTest-1164339395 tempest-GroupTypeSpecsTest-1164339395-project-admin] PUT http://10.222.0.23/volume/v3/fd2eecb00cc8482d90fdd89f0cd17f01/group_types/f9073e5b-65ad-4664-a6e1-ed5b848ee8fe/group_specs/key3
Aug 31 00:56:35.903818 dv-cinder-760180-3-smb devstack@c-api.service[100703]: DEBUG cinder.api.openstack.wsgi [None req-4238e786-4f39-4e12-b885-177047d604f8 tempest-GroupTypeSpecsTest-1164339395 tempest-GroupTypeSpecsTest-1164339395-project-admin] Action: 'update', calling method: version_select, body: {"key3": "value3-updated"} {{(pid=100703) _process_stack /opt/stack/cinder/cinder/api/openstack/wsgi.py:854}}
Aug 31 00:56:35.944006 dv-cinder-760180-3-smb devstack@c-api.service[100703]: INFO cinder.api.openstack.wsgi [None req-4238e786-4f39-4e12-b885-177047d604f8 tempest-GroupTypeSpecsTest-1164339395 tempest-GroupTypeSpecsTest-1164339395-project-admin] http://10.222.0.23/volume/v3/fd2eecb00cc8482d90fdd89f0cd17f01/group_types/f9073e5b-65ad-4664-a6e1-ed5b848ee8fe/group_specs/key3 returned with HTTP 200
Aug 31 00:56:35.948678 dv-cinder-760180-3-smb devstack@c-api.service[100703]: [pid: 100703|app: 0|req: 16/19] 10.222.0.23 () {62 vars in 1449 bytes} [Tue Aug 31 00:56:35 2021] PUT /volume/v3/fd2eecb00cc8482d90fdd89f0cd17f01/group_types/f9073e5b-65ad-4664-a6e1-ed5b848ee8fe/group_specs/key3 => generated 26 bytes in 51 msecs (HTTP/1.1 200) 7 headers in 285 bytes (1 switches on core 0)
Aug 31 00:56:35.954343 dv-cinder-760180-3-smb devstack@c-api.service[100703]: INFO cinder.api.openstack.wsgi [None req-28c5b530-bd6b-483c-80a8-1ddeec00e908 tempest-GroupTypeSpecsTest-1164339395 tempest-GroupTypeSpecsTest-1164339395-project-admin] GET http://10.222.0.23/volume/v3/fd2eecb00cc8482d90fdd89f0cd17f01/group_types/f9073e5b-65ad-4664-a6e1-ed5b848ee8fe/group_specs
Aug 31 00:56:35.954869 dv-cinder-760180-3-smb devstack@c-api.service[100703]: DEBUG cinder.api.openstack.wsgi [None req-28c5b530-bd6b-483c-80a8-1ddeec00e908 tempest-GroupTypeSpecsTest-1164339395 tempest-GroupTypeSpecsTest-1164339395-project-admin] Empty body provided in request {{(pid=100703) get_body /opt/stack/cinder/cinder/api/openstack/wsgi.py:703}}
Aug 31 00:56:35.955322 dv-cinder-760180-3-smb devstack@c-api.service[100703]: DEBUG cinder.api.openstack.wsgi [None req-28c5b530-bd6b-483c-80a8-1ddeec00e908 tempest-GroupTypeSpecsTest-1164339395 tempest-GroupTypeSpecsTest-1164339395-project-admin] Calling method 'version_select' {{(pid=100703) _process_stack /opt/stack/cinder/cinder/api/openstack/wsgi.py:856}}
Aug 31 00:56:35.982601 dv-cinder-760180-3-smb devstack@c-api.service[100703]: INFO cinder.api.openstack.wsgi [None req-28c5b530-bd6b-483c-80a8-1ddeec00e908 tempest-GroupTypeSpecsTest-1164339395 tempest-GroupTypeSpecsTest-1164339395-project-admin] http://10.222.0.23/volume/v3/fd2eecb00cc8482d90fdd89f0cd17f01/group_types/f9073e5b-65ad-4664-a6e1-ed5b848ee8fe/group_specs returned with HTTP 200
Aug 31 00:56:35.988080 dv-cinder-760180-3-smb devstack@c-api.service[100703]: [pid: 100703|app: 0|req: 17/20] 10.222.0.23 () {60 vars in 1414 bytes} [Tue Aug 31 00:56:35 2021] GET /volume/v3/fd2eecb00cc8482d90fdd89f0cd17f01/group_types/f9073e5b-65ad-4664-a6e1-ed5b848ee8fe/group_specs => generated 87 bytes in 35 msecs (HTTP/1.1 200) 7 headers in 285 bytes (2 switches on core 0)
Aug 31 00:56:35.993714 dv-cinder-760180-3-smb devstack@c-api.service[100702]: DEBUG cinder.volume.api [req-dede0b21-4c0d-466c-9afe-425da0ae009f req-00caf1c8-70a5-4128-9580-246f554e7c19 tempest-VolumesSnapshotsTestJSON-1564113134 tempest-VolumesSnapshotsTestJSON-1564113134-project] Task 'cinder.volume.flows.api.create_volume.VolumeCastTask;volume:create' (ef947455-d640-4353-b4dd-0649012ee0c0) transitioned into state 'SUCCESS' from state 'RUNNING' with result 'None' {{(pid=100702) _task_receiver /usr/local/lib/python3.8/dist-packages/taskflow/listeners/logging.py:178}}
Aug 31 00:56:35.996523 dv-cinder-760180-3-smb devstack@c-api.service[100702]: DEBUG cinder.volume.api [req-dede0b21-4c0d-466c-9afe-425da0ae009f req-00caf1c8-70a5-4128-9580-246f554e7c19 tempest-VolumesSnapshotsTestJSON-1564113134 tempest-VolumesSnapshotsTestJSON-1564113134-project] Flow 'volume_create_api' (c1287eba-3512-4ff7-8b97-c297455889d5) transitioned into state 'SUCCESS' from state 'RUNNING' {{(pid=100702) _flow_receiver /usr/local/lib/python3.8/dist-packages/taskflow/listeners/logging.py:141}}
Aug 31 00:56:35.997427 dv-cinder-760180-3-smb devstack@c-api.service[100702]: INFO cinder.volume.api [req-dede0b21-4c0d-466c-9afe-425da0ae009f req-00caf1c8-70a5-4128-9580-246f554e7c19 tempest-VolumesSnapshotsTestJSON-1564113134 tempest-VolumesSnapshotsTestJSON-1564113134-project] Create volume request issued successfully.
Aug 31 00:56:35.997936 dv-cinder-760180-3-smb devstack@c-api.service[100703]: INFO cinder.api.openstack.wsgi [None req-85c40f97-36bd-4d30-b539-c54db340d2f0 tempest-GroupTypeSpecsTest-1164339395 tempest-GroupTypeSpecsTest-1164339395-project-admin] DELETE http://10.222.0.23/volume/v3/fd2eecb00cc8482d90fdd89f0cd17f01/group_types/f9073e5b-65ad-4664-a6e1-ed5b848ee8fe/group_specs/key1
Aug 31 00:56:35.998673 dv-cinder-760180-3-smb devstack@c-api.service[100703]: DEBUG cinder.api.openstack.wsgi [None req-85c40f97-36bd-4d30-b539-c54db340d2f0 tempest-GroupTypeSpecsTest-1164339395 tempest-GroupTypeSpecsTest-1164339395-project-admin] Empty body provided in request {{(pid=100703) get_body /opt/stack/cinder/cinder/api/openstack/wsgi.py:703}}
Aug 31 00:56:36.000839 dv-cinder-760180-3-smb devstack@c-api.service[100703]: DEBUG cinder.api.openstack.wsgi [None req-85c40f97-36bd-4d30-b539-c54db340d2f0 tempest-GroupTypeSpecsTest-1164339395 tempest-GroupTypeSpecsTest-1164339395-project-admin] Calling method 'version_select' {{(pid=100703) _process_stack /opt/stack/cinder/cinder/api/openstack/wsgi.py:856}}
Aug 31 00:56:36.030065 dv-cinder-760180-3-smb devstack@c-api.service[100702]: INFO cinder.api.openstack.wsgi [req-dede0b21-4c0d-466c-9afe-425da0ae009f req-00caf1c8-70a5-4128-9580-246f554e7c19 tempest-VolumesSnapshotsTestJSON-1564113134 tempest-VolumesSnapshotsTestJSON-1564113134-project] http://10.222.0.23/volume/v3/e9d07bbb41064d418f9aceb33ac4b394/volumes returned with HTTP 202
Aug 31 00:56:36.031162 dv-cinder-760180-3-smb devstack@c-api.service[100702]: [pid: 100702|app: 0|req: 4/21] 10.222.0.23 () {64 vars in 1522 bytes} [Tue Aug 31 00:56:34 2021] POST /volume/v3/e9d07bbb41064d418f9aceb33ac4b394/volumes => generated 824 bytes in 1484 msecs (HTTP/1.1 202) 7 headers in 291 bytes (2 switches on core 0)
Aug 31 00:56:36.047001 dv-cinder-760180-3-smb devstack@c-api.service[100702]: INFO cinder.api.openstack.wsgi [req-dede0b21-4c0d-466c-9afe-425da0ae009f req-b53a70e7-a860-48c9-ac2e-5e63f1783e81 tempest-VolumesSnapshotsTestJSON-1564113134 tempest-VolumesSnapshotsTestJSON-1564113134-project] GET http://10.222.0.23/volume/v3/e9d07bbb41064d418f9aceb33ac4b394/volumes/1d40fec0-25aa-4200-82e0-b29ff0f3b371
Aug 31 00:56:36.047520 dv-cinder-760180-3-smb devstack@c-api.service[100702]: DEBUG cinder.api.openstack.wsgi [req-dede0b21-4c0d-466c-9afe-425da0ae009f req-b53a70e7-a860-48c9-ac2e-5e63f1783e81 tempest-VolumesSnapshotsTestJSON-1564113134 tempest-VolumesSnapshotsTestJSON-1564113134-project] Empty body provided in request {{(pid=100702) get_body /opt/stack/cinder/cinder/api/openstack/wsgi.py:703}}
Aug 31 00:56:36.047656 dv-cinder-760180-3-smb devstack@c-api.service[100702]: /usr/local/lib/python3.8/dist-packages/webob/acceptparse.py:1047: DeprecationWarning: The behavior of AcceptValidHeader.best_match is currently being maintained for backward compatibility, but it will be deprecated in the future, as it does not conform to the RFC.
Aug 31 00:56:36.047656 dv-cinder-760180-3-smb devstack@c-api.service[100702]: warnings.warn(
Aug 31 00:56:36.047934 dv-cinder-760180-3-smb devstack@c-api.service[100702]: DEBUG cinder.api.openstack.wsgi [req-dede0b21-4c0d-466c-9afe-425da0ae009f req-b53a70e7-a860-48c9-ac2e-5e63f1783e81 tempest-VolumesSnapshotsTestJSON-1564113134 tempest-VolumesSnapshotsTestJSON-1564113134-project] Calling method 'show' {{(pid=100702) _process_stack /opt/stack/cinder/cinder/api/openstack/wsgi.py:856}}
Aug 31 00:56:36.048715 dv-cinder-760180-3-smb devstack@c-api.service[100703]: INFO cinder.api.openstack.wsgi [None req-85c40f97-36bd-4d30-b539-c54db340d2f0 tempest-GroupTypeSpecsTest-1164339395 tempest-GroupTypeSpecsTest-1164339395-project-admin] http://10.222.0.23/volume/v3/fd2eecb00cc8482d90fdd89f0cd17f01/group_types/f9073e5b-65ad-4664-a6e1-ed5b848ee8fe/group_specs/key1 returned with HTTP 202
Aug 31 00:56:36.049656 dv-cinder-760180-3-smb devstack@c-api.service[100703]: [pid: 100703|app: 0|req: 18/22] 10.222.0.23 () {60 vars in 1432 bytes} [Tue Aug 31 00:56:35 2021] DELETE /volume/v3/fd2eecb00cc8482d90fdd89f0cd17f01/group_types/f9073e5b-65ad-4664-a6e1-ed5b848ee8fe/group_specs/key1 => generated 0 bytes in 61 msecs (HTTP/1.1 202) 6 headers in 234 bytes (2 switches on core 0)
Aug 31 00:56:36.060185 dv-cinder-760180-3-smb devstack@c-api.service[100703]: INFO cinder.api.openstack.wsgi [None req-eb905b7c-248e-439b-956d-6ae84c77709a tempest-GroupTypeSpecsTest-1164339395 tempest-GroupTypeSpecsTest-1164339395-project-admin] GET http://10.222.0.23/volume/v3/fd2eecb00cc8482d90fdd89f0cd17f01/group_types/f9073e5b-65ad-4664-a6e1-ed5b848ee8fe/group_specs/key1
Aug 31 00:56:36.060948 dv-cinder-760180-3-smb devstack@c-api.service[100703]: DEBUG cinder.api.openstack.wsgi [None req-eb905b7c-248e-439b-956d-6ae84c77709a tempest-GroupTypeSpecsTest-1164339395 tempest-GroupTypeSpecsTest-1164339395-project-admin] Empty body provided in request {{(pid=100703) get_body /opt/stack/cinder/cinder/api/openstack/wsgi.py:703}}
Aug 31 00:56:36.061660 dv-cinder-760180-3-smb devstack@c-api.service[100703]: DEBUG cinder.api.openstack.wsgi [None req-eb905b7c-248e-439b-956d-6ae84c77709a tempest-GroupTypeSpecsTest-1164339395 tempest-GroupTypeSpecsTest-1164339395-project-admin] Calling method 'version_select' {{(pid=100703) _process_stack /opt/stack/cinder/cinder/api/openstack/wsgi.py:856}}
Aug 31 00:56:36.077107 dv-cinder-760180-3-smb devstack@c-api.service[100703]: INFO cinder.api.openstack.wsgi [None req-eb905b7c-248e-439b-956d-6ae84c77709a tempest-GroupTypeSpecsTest-1164339395 tempest-GroupTypeSpecsTest-1164339395-project-admin] HTTP exception thrown: Group Type f9073e5b-65ad-4664-a6e1-ed5b848ee8fe has no extra spec with key key1.
Aug 31 00:56:36.077769 dv-cinder-760180-3-smb devstack@c-api.service[100703]: INFO cinder.api.openstack.wsgi [None req-eb905b7c-248e-439b-956d-6ae84c77709a tempest-GroupTypeSpecsTest-1164339395 tempest-GroupTypeSpecsTest-1164339395-project-admin] http://10.222.0.23/volume/v3/fd2eecb00cc8482d90fdd89f0cd17f01/group_types/f9073e5b-65ad-4664-a6e1-ed5b848ee8fe/group_specs/key1 returned with HTTP 404
Aug 31 00:56:36.080232 dv-cinder-760180-3-smb devstack@c-api.service[100703]: [pid: 100703|app: 0|req: 19/23] 10.222.0.23 () {60 vars in 1429 bytes} [Tue Aug 31 00:56:36 2021] GET /volume/v3/fd2eecb00cc8482d90fdd89f0cd17f01/group_types/f9073e5b-65ad-4664-a6e1-ed5b848ee8fe/group_specs/key1 => generated 126 bytes in 26 msecs (HTTP/1.1 404) 7 headers in 293 bytes (1 switches on core 0)
Aug 31 00:56:36.091323 dv-cinder-760180-3-smb devstack@c-api.service[100703]: INFO cinder.api.openstack.wsgi [None req-2fb9a64b-aaed-4692-b813-e1795ea059a3 tempest-GroupTypeSpecsTest-1164339395 tempest-GroupTypeSpecsTest-1164339395-project-admin] DELETE http://10.222.0.23/volume/v3/fd2eecb00cc8482d90fdd89f0cd17f01/group_types/f9073e5b-65ad-4664-a6e1-ed5b848ee8fe
Aug 31 00:56:36.094963 dv-cinder-760180-3-smb devstack@c-api.service[100703]: DEBUG cinder.api.openstack.wsgi [None req-2fb9a64b-aaed-4692-b813-e1795ea059a3 tempest-GroupTypeSpecsTest-1164339395 tempest-GroupTypeSpecsTest-1164339395-project-admin] Empty body provided in request {{(pid=100703) get_body /opt/stack/cinder/cinder/api/openstack/wsgi.py:703}}
Aug 31 00:56:36.095114 dv-cinder-760180-3-smb devstack@c-api.service[100702]: /usr/local/lib/python3.8/dist-packages/oslo_context/context.py:105: DeprecationWarning: Policy enforcement is depending on the value of is_admin. This key is deprecated. Please update your policy file to use the standard policy values.
Aug 31 00:56:36.095114 dv-cinder-760180-3-smb devstack@c-api.service[100702]: warnings.warn('Policy enforcement is depending on the value of '
Aug 31 00:56:36.096248 dv-cinder-760180-3-smb devstack@c-api.service[100703]: DEBUG cinder.api.openstack.wsgi [None req-2fb9a64b-aaed-4692-b813-e1795ea059a3 tempest-GroupTypeSpecsTest-1164339395 tempest-GroupTypeSpecsTest-1164339395-project-admin] Calling method 'version_select' {{(pid=100703) _process_stack /opt/stack/cinder/cinder/api/openstack/wsgi.py:856}}
Aug 31 00:56:36.126629 dv-cinder-760180-3-smb devstack@c-api.service[100702]: INFO cinder.volume.api [req-dede0b21-4c0d-466c-9afe-425da0ae009f req-b53a70e7-a860-48c9-ac2e-5e63f1783e81 tempest-VolumesSnapshotsTestJSON-1564113134 tempest-VolumesSnapshotsTestJSON-1564113134-project] Volume info retrieved successfully.
Aug 31 00:56:36.189211 dv-cinder-760180-3-smb devstack@c-api.service[100703]: INFO cinder.api.openstack.wsgi [None req-2fb9a64b-aaed-4692-b813-e1795ea059a3 tempest-GroupTypeSpecsTest-1164339395 tempest-GroupTypeSpecsTest-1164339395-project-admin] http://10.222.0.23/volume/v3/fd2eecb00cc8482d90fdd89f0cd17f01/group_types/f9073e5b-65ad-4664-a6e1-ed5b848ee8fe returned with HTTP 202
Aug 31 00:56:36.196770 dv-cinder-760180-3-smb devstack@c-api.service[100703]: [pid: 100703|app: 0|req: 20/24] 10.222.0.23 () {60 vars in 1381 bytes} [Tue Aug 31 00:56:36 2021] DELETE /volume/v3/fd2eecb00cc8482d90fdd89f0cd17f01/group_types/f9073e5b-65ad-4664-a6e1-ed5b848ee8fe => generated 0 bytes in 112 msecs (HTTP/1.1 202) 6 headers in 234 bytes (1 switches on core 0)
Aug 31 00:56:36.209822 dv-cinder-760180-3-smb devstack@c-api.service[100702]: INFO cinder.api.openstack.wsgi [req-dede0b21-4c0d-466c-9afe-425da0ae009f req-b53a70e7-a860-48c9-ac2e-5e63f1783e81 tempest-VolumesSnapshotsTestJSON-1564113134 tempest-VolumesSnapshotsTestJSON-1564113134-project] http://10.222.0.23/volume/v3/e9d07bbb41064d418f9aceb33ac4b394/volumes/1d40fec0-25aa-4200-82e0-b29ff0f3b371 returned with HTTP 200
Aug 31 00:56:36.231492 dv-cinder-760180-3-smb devstack@c-api.service[100702]: [pid: 100702|app: 0|req: 5/25] 10.222.0.23 () {60 vars in 1579 bytes} [Tue Aug 31 00:56:36 2021] GET /volume/v3/e9d07bbb41064d418f9aceb33ac4b394/volumes/1d40fec0-25aa-4200-82e0-b29ff0f3b371 => generated 892 bytes in 190 msecs (HTTP/1.1 200) 7 headers in 285 bytes (1 switches on core 0)
Aug 31 00:56:36.386388 dv-cinder-760180-3-smb devstack@c-api.service[100703]: INFO cinder.api.openstack.wsgi [None req-99df5f3e-b6cc-4ec4-9ae1-2d8dce473a68 tempest-VolumesTestJSON-1921947877 tempest-VolumesTestJSON-1921947877-project] GET http://10.222.0.23/volume/v3/f96f5347f5384a18b6faed9c68f46396/volumes/7f0bf638-7c18-4322-859b-e684585f815e
Aug 31 00:56:36.386388 dv-cinder-760180-3-smb devstack@c-api.service[100703]: DEBUG cinder.api.openstack.wsgi [None req-99df5f3e-b6cc-4ec4-9ae1-2d8dce473a68 tempest-VolumesTestJSON-1921947877 tempest-VolumesTestJSON-1921947877-project] Empty body provided in request {{(pid=100703) get_body /opt/stack/cinder/cinder/api/openstack/wsgi.py:703}}
Aug 31 00:56:36.386388 dv-cinder-760180-3-smb devstack@c-api.service[100703]: DEBUG cinder.api.openstack.wsgi [None req-99df5f3e-b6cc-4ec4-9ae1-2d8dce473a68 tempest-VolumesTestJSON-1921947877 tempest-VolumesTestJSON-1921947877-project] Calling method 'show' {{(pid=100703) _process_stack /opt/stack/cinder/cinder/api/openstack/wsgi.py:856}}
Aug 31 00:56:36.413598 dv-cinder-760180-3-smb devstack@c-api.service[100703]: /usr/local/lib/python3.8/dist-packages/oslo_context/context.py:105: DeprecationWarning: Policy enforcement is depending on the value of is_admin. This key is deprecated. Please update your policy file to use the standard policy values.
Aug 31 00:56:36.413598 dv-cinder-760180-3-smb devstack@c-api.service[100703]: warnings.warn('Policy enforcement is depending on the value of '
Aug 31 00:56:36.430268 dv-cinder-760180-3-smb devstack@c-api.service[100703]: INFO cinder.volume.api [None req-99df5f3e-b6cc-4ec4-9ae1-2d8dce473a68 tempest-VolumesTestJSON-1921947877 tempest-VolumesTestJSON-1921947877-project] Volume info retrieved successfully.
Aug 31 00:56:36.492350 dv-cinder-760180-3-smb devstack@c-api.service[100703]: INFO cinder.api.openstack.wsgi [None req-99df5f3e-b6cc-4ec4-9ae1-2d8dce473a68 tempest-VolumesTestJSON-1921947877 tempest-VolumesTestJSON-1921947877-project] http://10.222.0.23/volume/v3/f96f5347f5384a18b6faed9c68f46396/volumes/7f0bf638-7c18-4322-859b-e684585f815e returned with HTTP 200
Aug 31 00:56:36.507051 dv-cinder-760180-3-smb devstack@c-api.service[100703]: [pid: 100703|app: 0|req: 21/26] 10.222.0.23 () {58 vars in 1325 bytes} [Tue Aug 31 00:56:36 2021] GET /volume/v3/f96f5347f5384a18b6faed9c68f46396/volumes/7f0bf638-7c18-4322-859b-e684585f815e => generated 922 bytes in 119 msecs (HTTP/1.1 200) 7 headers in 285 bytes (1 switches on core 0)
Aug 31 00:56:36.641757 dv-cinder-760180-3-smb devstack@c-api.service[100702]: INFO cinder.api.openstack.wsgi [req-c4886d92-4481-4251-993a-1c5fc2abc6b2 req-9d944bf0-3f83-41c0-b6b8-f0ecf55a09fc tempest-VolumesGetTestJSON-2059521510 tempest-VolumesGetTestJSON-2059521510-project] POST http://10.222.0.23/volume/v3/19405fa1843e471186fba52a8e4a90b0/volumes
Aug 31 00:56:36.642346 dv-cinder-760180-3-smb devstack@c-api.service[100702]: /usr/local/lib/python3.8/dist-packages/webob/acceptparse.py:1047: DeprecationWarning: The behavior of AcceptValidHeader.best_match is currently being maintained for backward compatibility, but it will be deprecated in the future, as it does not conform to the RFC.
Aug 31 00:56:36.642346 dv-cinder-760180-3-smb devstack@c-api.service[100702]: warnings.warn(
Aug 31 00:56:36.643025 dv-cinder-760180-3-smb devstack@c-api.service[100702]: DEBUG cinder.api.openstack.wsgi [req-c4886d92-4481-4251-993a-1c5fc2abc6b2 req-9d944bf0-3f83-41c0-b6b8-f0ecf55a09fc tempest-VolumesGetTestJSON-2059521510 tempest-VolumesGetTestJSON-2059521510-project] Action: 'create', calling method: create, body: {"volume": {"size": 1, "consistencygroup_id": null, "snapshot_id": null, "name": "tempest-VolumesGetTestJSON-Volume-397621465", "description": null, "volume_type": null, "availability_zone": null, "metadata": {"Type": "work"}, "imageRef": null, "source_volid": null, "backup_id": null}} {{(pid=100702) _process_stack /opt/stack/cinder/cinder/api/openstack/wsgi.py:854}}
Aug 31 00:56:36.645330 dv-cinder-760180-3-smb devstack@c-api.service[100702]: DEBUG cinder.api.v3.volumes [req-c4886d92-4481-4251-993a-1c5fc2abc6b2 req-9d944bf0-3f83-41c0-b6b8-f0ecf55a09fc tempest-VolumesGetTestJSON-2059521510 tempest-VolumesGetTestJSON-2059521510-project] Create volume request body: {'volume': {'size': 1, 'consistencygroup_id': None, 'snapshot_id': None, 'name': 'tempest-VolumesGetTestJSON-Volume-397621465', 'description': None, 'volume_type': None, 'availability_zone': None, 'metadata': {'Type': 'work'}, 'imageRef': None, 'source_volid': None, 'backup_id': None}} {{(pid=100702) create /opt/stack/cinder/cinder/api/v3/volumes.py:298}}
Aug 31 00:56:36.645832 dv-cinder-760180-3-smb devstack@c-api.service[100702]: INFO cinder.api.v3.volumes [req-c4886d92-4481-4251-993a-1c5fc2abc6b2 req-9d944bf0-3f83-41c0-b6b8-f0ecf55a09fc tempest-VolumesGetTestJSON-2059521510 tempest-VolumesGetTestJSON-2059521510-project] Create volume of 1 GB
Aug 31 00:56:36.657405 dv-cinder-760180-3-smb devstack@c-api.service[100702]: INFO cinder.volume.api [req-c4886d92-4481-4251-993a-1c5fc2abc6b2 req-9d944bf0-3f83-41c0-b6b8-f0ecf55a09fc tempest-VolumesGetTestJSON-2059521510 tempest-VolumesGetTestJSON-2059521510-project] Availability Zones retrieved successfully.
Aug 31 00:56:36.678828 dv-cinder-760180-3-smb devstack@c-api.service[100702]: DEBUG cinder.volume.api [req-c4886d92-4481-4251-993a-1c5fc2abc6b2 req-9d944bf0-3f83-41c0-b6b8-f0ecf55a09fc tempest-VolumesGetTestJSON-2059521510 tempest-VolumesGetTestJSON-2059521510-project] Flow 'volume_create_api' (427a74c6-8771-4a65-b7f0-28ba0bce772c) transitioned into state 'RUNNING' from state 'PENDING' {{(pid=100702) _flow_receiver /usr/local/lib/python3.8/dist-packages/taskflow/listeners/logging.py:141}}
Aug 31 00:56:36.681543 dv-cinder-760180-3-smb devstack@c-api.service[100702]: DEBUG cinder.volume.api [req-c4886d92-4481-4251-993a-1c5fc2abc6b2 req-9d944bf0-3f83-41c0-b6b8-f0ecf55a09fc tempest-VolumesGetTestJSON-2059521510 tempest-VolumesGetTestJSON-2059521510-project] Task 'cinder.volume.flows.api.create_volume.ExtractVolumeRequestTask;volume:create' (5c5f60ce-2967-463c-9105-0a619f09a6aa) transitioned into state 'RUNNING' from state 'PENDING' {{(pid=100702) _task_receiver /usr/local/lib/python3.8/dist-packages/taskflow/listeners/logging.py:190}}
Aug 31 00:56:36.684535 dv-cinder-760180-3-smb devstack@c-api.service[100702]: DEBUG cinder.volume.flows.api.create_volume [req-c4886d92-4481-4251-993a-1c5fc2abc6b2 req-9d944bf0-3f83-41c0-b6b8-f0ecf55a09fc tempest-VolumesGetTestJSON-2059521510 tempest-VolumesGetTestJSON-2059521510-project] Validating volume size '1' using validate_int {{(pid=100702) _extract_size /opt/stack/cinder/cinder/volume/flows/api/create_volume.py:225}}
Aug 31 00:56:36.727782 dv-cinder-760180-3-smb devstack@c-api.service[100702]: DEBUG cinder.volume.api [req-c4886d92-4481-4251-993a-1c5fc2abc6b2 req-9d944bf0-3f83-41c0-b6b8-f0ecf55a09fc tempest-VolumesGetTestJSON-2059521510 tempest-VolumesGetTestJSON-2059521510-project] Task 'cinder.volume.flows.api.create_volume.ExtractVolumeRequestTask;volume:create' (5c5f60ce-2967-463c-9105-0a619f09a6aa) transitioned into state 'SUCCESS' from state 'RUNNING' with result '{'size': 1, 'snapshot_id': None, 'source_volid': None, 'volume_type': VolumeType(created_at=2021-08-31T00:47:14Z,deleted=False,deleted_at=None,description='Default Volume Type',extra_specs={},id=7c0de7b0-cbd9-4984-85a6-c6a375e3bc4a,is_public=True,name='__DEFAULT__',projects=[],qos_specs=,qos_specs_id=None,updated_at=2021-08-31T00:47:14Z), 'volume_type_id': '7c0de7b0-cbd9-4984-85a6-c6a375e3bc4a', 'encryption_key_id': None, 'qos_specs': None, 'consistencygroup_id': None, 'cgsnapshot_id': None, 'group_id': None, 'replication_status': 'disabled', 'refresh_az': False, 'backup_id': None, 'multiattach': False, 'availability_zones': ['nova']}' {{(pid=100702) _task_receiver /usr/local/lib/python3.8/dist-packages/taskflow/listeners/logging.py:178}}
Aug 31 00:56:36.732655 dv-cinder-760180-3-smb devstack@c-api.service[100702]: DEBUG cinder.volume.api [req-c4886d92-4481-4251-993a-1c5fc2abc6b2 req-9d944bf0-3f83-41c0-b6b8-f0ecf55a09fc tempest-VolumesGetTestJSON-2059521510 tempest-VolumesGetTestJSON-2059521510-project] Task 'cinder.volume.flows.api.create_volume.QuotaReserveTask;volume:create' (12e98048-c3e4-430c-a7ce-3958208a2d41) transitioned into state 'RUNNING' from state 'PENDING' {{(pid=100702) _task_receiver /usr/local/lib/python3.8/dist-packages/taskflow/listeners/logging.py:190}}
Aug 31 00:56:36.916250 dv-cinder-760180-3-smb devstack@c-api.service[100702]: DEBUG cinder.quota [req-c4886d92-4481-4251-993a-1c5fc2abc6b2 req-9d944bf0-3f83-41c0-b6b8-f0ecf55a09fc tempest-VolumesGetTestJSON-2059521510 tempest-VolumesGetTestJSON-2059521510-project] Created reservations ['b4140d7b-7662-4562-b05d-6af2dea3d031', '0ec7ce7c-8f15-4fdc-b2d1-d7dc57a3f98f', '5b3dc1f3-eade-4d87-9501-1ddbf5af65da', 'd81661f6-b993-43ec-a911-eb55c12cdf6b'] {{(pid=100702) reserve /opt/stack/cinder/cinder/quota.py:755}}
Aug 31 00:56:36.919245 dv-cinder-760180-3-smb devstack@c-api.service[100702]: DEBUG cinder.volume.api [req-c4886d92-4481-4251-993a-1c5fc2abc6b2 req-9d944bf0-3f83-41c0-b6b8-f0ecf55a09fc tempest-VolumesGetTestJSON-2059521510 tempest-VolumesGetTestJSON-2059521510-project] Task 'cinder.volume.flows.api.create_volume.QuotaReserveTask;volume:create' (12e98048-c3e4-430c-a7ce-3958208a2d41) transitioned into state 'SUCCESS' from state 'RUNNING' with result '{'reservations': ['b4140d7b-7662-4562-b05d-6af2dea3d031', '0ec7ce7c-8f15-4fdc-b2d1-d7dc57a3f98f', '5b3dc1f3-eade-4d87-9501-1ddbf5af65da', 'd81661f6-b993-43ec-a911-eb55c12cdf6b']}' {{(pid=100702) _task_receiver /usr/local/lib/python3.8/dist-packages/taskflow/listeners/logging.py:178}}
Aug 31 00:56:36.921719 dv-cinder-760180-3-smb devstack@c-api.service[100702]: DEBUG cinder.volume.api [req-c4886d92-4481-4251-993a-1c5fc2abc6b2 req-9d944bf0-3f83-41c0-b6b8-f0ecf55a09fc tempest-VolumesGetTestJSON-2059521510 tempest-VolumesGetTestJSON-2059521510-project] Task 'cinder.volume.flows.api.create_volume.EntryCreateTask;volume:create' (d6d61c98-dc66-4264-8fe3-8f2103e57d70) transitioned into state 'RUNNING' from state 'PENDING' {{(pid=100702) _task_receiver /usr/local/lib/python3.8/dist-packages/taskflow/listeners/logging.py:190}}
Aug 31 00:56:36.965938 dv-cinder-760180-3-smb devstack@c-api.service[100702]: DEBUG cinder.volume.api [req-c4886d92-4481-4251-993a-1c5fc2abc6b2 req-9d944bf0-3f83-41c0-b6b8-f0ecf55a09fc tempest-VolumesGetTestJSON-2059521510 tempest-VolumesGetTestJSON-2059521510-project] Task 'cinder.volume.flows.api.create_volume.EntryCreateTask;volume:create' (d6d61c98-dc66-4264-8fe3-8f2103e57d70) transitioned into state 'SUCCESS' from state 'RUNNING' with result '{'volume_id': 'e38a6579-86fc-4811-8e87-3bb271135f2e', 'volume_properties': VolumeProperties(attach_status='detached',availability_zone='nova',cgsnapshot_id=None,consistencygroup_id=None,display_description=None,display_name='tempest-VolumesGetTestJSON-Volume-397621465',encryption_key_id=None,group_id=None,group_type_id=,metadata={Type='work'},multiattach=False,project_id='19405fa1843e471186fba52a8e4a90b0',qos_specs=None,replication_status=,reservations=['b4140d7b-7662-4562-b05d-6af2dea3d031','0ec7ce7c-8f15-4fdc-b2d1-d7dc57a3f98f','5b3dc1f3-eade-4d87-9501-1ddbf5af65da','d81661f6-b993-43ec-a911-eb55c12cdf6b'],size=1,snapshot_id=None,source_replicaid=,source_volid=None,status='creating',user_id='175432fa81504d809f5aeecd36cb20cd',volume_type_id=7c0de7b0-cbd9-4984-85a6-c6a375e3bc4a), 'volume': Volume(_name_id=None,admin_metadata=,attach_status='detached',availability_zone='nova',bootable=False,cluster=,cluster_name=None,consistencygroup=,consistencygroup_id=None,created_at=2021-08-31T00:56:36Z,deleted=False,deleted_at=None,display_description=None,display_name='tempest-VolumesGetTestJSON-Volume-397621465',ec2_id=None,encryption_key_id=None,glance_metadata=,group=,group_id=None,host=None,id=e38a6579-86fc-4811-8e87-3bb271135f2e,launched_at=None,metadata={Type='work'},migration_status=None,multiattach=False,previous_status=None,project_id='19405fa1843e471186fba52a8e4a90b0',provider_auth=None,provider_geometry=None,provider_id=None,provider_location=None,replication_driver_data=None,replication_extended_status=None,replication_status=None,scheduled_at=None,service_uuid=None,shared_targets=True,size=1,snapshot_id=None,snapshots=,source_volid=None,status='creating',terminated_at=None,updated_at=None,use_quota=True,user_id='175432fa81504d809f5aeecd36cb20cd',volume_attachment=,volume_type=VolumeType(7c0de7b0-cbd9-4984-85a6-c6a375e3bc4a),volume_type_id=7c0de7b0-cbd9-4984-85a6-c6a375e3bc4a)}' {{(pid=100702) _task_receiver /usr/local/lib/python3.8/dist-packages/taskflow/listeners/logging.py:178}}
Aug 31 00:56:36.973812 dv-cinder-760180-3-smb devstack@c-api.service[100702]: DEBUG cinder.volume.api [req-c4886d92-4481-4251-993a-1c5fc2abc6b2 req-9d944bf0-3f83-41c0-b6b8-f0ecf55a09fc tempest-VolumesGetTestJSON-2059521510 tempest-VolumesGetTestJSON-2059521510-project] Task 'cinder.volume.flows.api.create_volume.QuotaCommitTask;volume:create' (b29cf02e-52c0-4d38-8b70-b9e226215391) transitioned into state 'RUNNING' from state 'PENDING' {{(pid=100702) _task_receiver /usr/local/lib/python3.8/dist-packages/taskflow/listeners/logging.py:190}}
Aug 31 00:56:37.004583 dv-cinder-760180-3-smb devstack@c-api.service[100702]: DEBUG cinder.volume.api [req-c4886d92-4481-4251-993a-1c5fc2abc6b2 req-9d944bf0-3f83-41c0-b6b8-f0ecf55a09fc tempest-VolumesGetTestJSON-2059521510 tempest-VolumesGetTestJSON-2059521510-project] Task 'cinder.volume.flows.api.create_volume.QuotaCommitTask;volume:create' (b29cf02e-52c0-4d38-8b70-b9e226215391) transitioned into state 'SUCCESS' from state 'RUNNING' with result '{'volume_properties': VolumeProperties(attach_status='detached',availability_zone='nova',cgsnapshot_id=None,consistencygroup_id=None,display_description=None,display_name='tempest-VolumesGetTestJSON-Volume-397621465',encryption_key_id=None,group_id=None,group_type_id=,metadata={Type='work'},multiattach=False,project_id='19405fa1843e471186fba52a8e4a90b0',qos_specs=None,replication_status=,reservations=['b4140d7b-7662-4562-b05d-6af2dea3d031','0ec7ce7c-8f15-4fdc-b2d1-d7dc57a3f98f','5b3dc1f3-eade-4d87-9501-1ddbf5af65da','d81661f6-b993-43ec-a911-eb55c12cdf6b'],size=1,snapshot_id=None,source_replicaid=,source_volid=None,status='creating',user_id='175432fa81504d809f5aeecd36cb20cd',volume_type_id=7c0de7b0-cbd9-4984-85a6-c6a375e3bc4a)}' {{(pid=100702) _task_receiver /usr/local/lib/python3.8/dist-packages/taskflow/listeners/logging.py:178}}
Aug 31 00:56:37.006355 dv-cinder-760180-3-smb devstack@c-api.service[100702]: DEBUG cinder.volume.api [req-c4886d92-4481-4251-993a-1c5fc2abc6b2 req-9d944bf0-3f83-41c0-b6b8-f0ecf55a09fc tempest-VolumesGetTestJSON-2059521510 tempest-VolumesGetTestJSON-2059521510-project] Task 'cinder.volume.flows.api.create_volume.VolumeCastTask;volume:create' (d5beef85-657f-4e24-b2a7-18905e46a893) transitioned into state 'RUNNING' from state 'PENDING' {{(pid=100702) _task_receiver /usr/local/lib/python3.8/dist-packages/taskflow/listeners/logging.py:190}}
Aug 31 00:56:37.033362 dv-cinder-760180-3-smb devstack@c-api.service[100702]: DEBUG cinder.volume.api [req-c4886d92-4481-4251-993a-1c5fc2abc6b2 req-9d944bf0-3f83-41c0-b6b8-f0ecf55a09fc tempest-VolumesGetTestJSON-2059521510 tempest-VolumesGetTestJSON-2059521510-project] Task 'cinder.volume.flows.api.create_volume.VolumeCastTask;volume:create' (d5beef85-657f-4e24-b2a7-18905e46a893) transitioned into state 'SUCCESS' from state 'RUNNING' with result 'None' {{(pid=100702) _task_receiver /usr/local/lib/python3.8/dist-packages/taskflow/listeners/logging.py:178}}
Aug 31 00:56:37.036573 dv-cinder-760180-3-smb devstack@c-api.service[100702]: DEBUG cinder.volume.api [req-c4886d92-4481-4251-993a-1c5fc2abc6b2 req-9d944bf0-3f83-41c0-b6b8-f0ecf55a09fc tempest-VolumesGetTestJSON-2059521510 tempest-VolumesGetTestJSON-2059521510-project] Flow 'volume_create_api' (427a74c6-8771-4a65-b7f0-28ba0bce772c) transitioned into state 'SUCCESS' from state 'RUNNING' {{(pid=100702) _flow_receiver /usr/local/lib/python3.8/dist-packages/taskflow/listeners/logging.py:141}}
Aug 31 00:56:37.037542 dv-cinder-760180-3-smb devstack@c-api.service[100702]: INFO cinder.volume.api [req-c4886d92-4481-4251-993a-1c5fc2abc6b2 req-9d944bf0-3f83-41c0-b6b8-f0ecf55a09fc tempest-VolumesGetTestJSON-2059521510 tempest-VolumesGetTestJSON-2059521510-project] Create volume request issued successfully.
Aug 31 00:56:37.048240 dv-cinder-760180-3-smb devstack@c-api.service[100702]: INFO cinder.api.openstack.wsgi [req-c4886d92-4481-4251-993a-1c5fc2abc6b2 req-9d944bf0-3f83-41c0-b6b8-f0ecf55a09fc tempest-VolumesGetTestJSON-2059521510 tempest-VolumesGetTestJSON-2059521510-project] http://10.222.0.23/volume/v3/19405fa1843e471186fba52a8e4a90b0/volumes returned with HTTP 202
Aug 31 00:56:37.049332 dv-cinder-760180-3-smb devstack@c-api.service[100702]: [pid: 100702|app: 0|req: 6/27] 10.222.0.23 () {64 vars in 1522 bytes} [Tue Aug 31 00:56:36 2021] POST /volume/v3/19405fa1843e471186fba52a8e4a90b0/volumes => generated 831 bytes in 412 msecs (HTTP/1.1 202) 7 headers in 291 bytes (1 switches on core 0)
Aug 31 00:56:37.056855 dv-cinder-760180-3-smb devstack@c-api.service[100703]: WARNING keystonemiddleware.auth_token [None req-99df5f3e-b6cc-4ec4-9ae1-2d8dce473a68 tempest-VolumesTestJSON-1921947877 tempest-VolumesTestJSON-1921947877-project] A valid token was submitted as a service token, but it was not a valid service token. This is incorrect but backwards compatible behaviour. This will be removed in future releases.
Aug 31 00:56:37.060221 dv-cinder-760180-3-smb devstack@c-api.service[100703]: INFO cinder.api.openstack.wsgi [req-c4886d92-4481-4251-993a-1c5fc2abc6b2 req-1b564ec2-4b17-4187-8c8b-8e6d9f6df5f1 tempest-VolumesGetTestJSON-2059521510 tempest-VolumesGetTestJSON-2059521510-project] GET http://10.222.0.23/volume/v3/19405fa1843e471186fba52a8e4a90b0/volumes/e38a6579-86fc-4811-8e87-3bb271135f2e
Aug 31 00:56:37.060658 dv-cinder-760180-3-smb devstack@c-api.service[100703]: DEBUG cinder.api.openstack.wsgi [req-c4886d92-4481-4251-993a-1c5fc2abc6b2 req-1b564ec2-4b17-4187-8c8b-8e6d9f6df5f1 tempest-VolumesGetTestJSON-2059521510 tempest-VolumesGetTestJSON-2059521510-project] Empty body provided in request {{(pid=100703) get_body /opt/stack/cinder/cinder/api/openstack/wsgi.py:703}}
Aug 31 00:56:37.061282 dv-cinder-760180-3-smb devstack@c-api.service[100703]: /usr/local/lib/python3.8/dist-packages/webob/acceptparse.py:1047: DeprecationWarning: The behavior of AcceptValidHeader.best_match is currently being maintained for backward compatibility, but it will be deprecated in the future, as it does not conform to the RFC.
Aug 31 00:56:37.061282 dv-cinder-760180-3-smb devstack@c-api.service[100703]: warnings.warn(
Aug 31 00:56:37.061935 dv-cinder-760180-3-smb devstack@c-api.service[100703]: DEBUG cinder.api.openstack.wsgi [req-c4886d92-4481-4251-993a-1c5fc2abc6b2 req-1b564ec2-4b17-4187-8c8b-8e6d9f6df5f1 tempest-VolumesGetTestJSON-2059521510 tempest-VolumesGetTestJSON-2059521510-project] Calling method 'show' {{(pid=100703) _process_stack /opt/stack/cinder/cinder/api/openstack/wsgi.py:856}}
Aug 31 00:56:37.079332 dv-cinder-760180-3-smb devstack@c-api.service[100703]: /usr/local/lib/python3.8/dist-packages/oslo_context/context.py:105: DeprecationWarning: Policy enforcement is depending on the value of is_admin. This key is deprecated. Please update your policy file to use the standard policy values.
Aug 31 00:56:37.079332 dv-cinder-760180-3-smb devstack@c-api.service[100703]: warnings.warn('Policy enforcement is depending on the value of '
Aug 31 00:56:37.088499 dv-cinder-760180-3-smb devstack@c-api.service[100703]: INFO cinder.volume.api [req-c4886d92-4481-4251-993a-1c5fc2abc6b2 req-1b564ec2-4b17-4187-8c8b-8e6d9f6df5f1 tempest-VolumesGetTestJSON-2059521510 tempest-VolumesGetTestJSON-2059521510-project] Volume info retrieved successfully.
Aug 31 00:56:37.109312 dv-cinder-760180-3-smb devstack@c-api.service[100703]: INFO cinder.api.openstack.wsgi [req-c4886d92-4481-4251-993a-1c5fc2abc6b2 req-1b564ec2-4b17-4187-8c8b-8e6d9f6df5f1 tempest-VolumesGetTestJSON-2059521510 tempest-VolumesGetTestJSON-2059521510-project] http://10.222.0.23/volume/v3/19405fa1843e471186fba52a8e4a90b0/volumes/e38a6579-86fc-4811-8e87-3bb271135f2e returned with HTTP 200
Aug 31 00:56:37.127456 dv-cinder-760180-3-smb devstack@c-api.service[100703]: [pid: 100703|app: 0|req: 22/28] 10.222.0.23 () {60 vars in 1579 bytes} [Tue Aug 31 00:56:37 2021] GET /volume/v3/19405fa1843e471186fba52a8e4a90b0/volumes/e38a6579-86fc-4811-8e87-3bb271135f2e => generated 899 bytes in 71 msecs (HTTP/1.1 200) 7 headers in 285 bytes (1 switches on core 0)
Aug 31 00:56:37.145387 dv-cinder-760180-3-smb devstack@c-api.service[100702]: INFO cinder.api.openstack.wsgi [req-5f01e9b8-ec4e-49cc-90de-7b136e0ebc56 req-b22494da-bb2e-4525-a171-979feb3ce42d tempest-VolumesSnapshotsTestJSON-1564113134 tempest-VolumesSnapshotsTestJSON-1564113134-project] GET http://10.222.0.23/volume/v3/e9d07bbb41064d418f9aceb33ac4b394/volumes/1d40fec0-25aa-4200-82e0-b29ff0f3b371
Aug 31 00:56:37.145958 dv-cinder-760180-3-smb devstack@c-api.service[100702]: DEBUG cinder.api.openstack.wsgi [req-5f01e9b8-ec4e-49cc-90de-7b136e0ebc56 req-b22494da-bb2e-4525-a171-979feb3ce42d tempest-VolumesSnapshotsTestJSON-1564113134 tempest-VolumesSnapshotsTestJSON-1564113134-project] Empty body provided in request {{(pid=100702) get_body /opt/stack/cinder/cinder/api/openstack/wsgi.py:703}}
Aug 31 00:56:37.146057 dv-cinder-760180-3-smb devstack@c-api.service[100702]: /usr/local/lib/python3.8/dist-packages/webob/acceptparse.py:1047: DeprecationWarning: The behavior of AcceptValidHeader.best_match is currently being maintained for backward compatibility, but it will be deprecated in the future, as it does not conform to the RFC.
Aug 31 00:56:37.146057 dv-cinder-760180-3-smb devstack@c-api.service[100702]: warnings.warn(
Aug 31 00:56:37.146393 dv-cinder-760180-3-smb devstack@c-api.service[100702]: DEBUG cinder.api.openstack.wsgi [req-5f01e9b8-ec4e-49cc-90de-7b136e0ebc56 req-b22494da-bb2e-4525-a171-979feb3ce42d tempest-VolumesSnapshotsTestJSON-1564113134 tempest-VolumesSnapshotsTestJSON-1564113134-project] Calling method 'show' {{(pid=100702) _process_stack /opt/stack/cinder/cinder/api/openstack/wsgi.py:856}}
Aug 31 00:56:37.161039 dv-cinder-760180-3-smb devstack@c-api.service[100702]: /usr/local/lib/python3.8/dist-packages/oslo_context/context.py:105: DeprecationWarning: Policy enforcement is depending on the value of is_admin. This key is deprecated. Please update your policy file to use the standard policy values.
Aug 31 00:56:37.161039 dv-cinder-760180-3-smb devstack@c-api.service[100702]: warnings.warn('Policy enforcement is depending on the value of '
Aug 31 00:56:37.170050 dv-cinder-760180-3-smb devstack@c-api.service[100702]: INFO cinder.volume.api [req-5f01e9b8-ec4e-49cc-90de-7b136e0ebc56 req-b22494da-bb2e-4525-a171-979feb3ce42d tempest-VolumesSnapshotsTestJSON-1564113134 tempest-VolumesSnapshotsTestJSON-1564113134-project] Volume info retrieved successfully.
Aug 31 00:56:37.193070 dv-cinder-760180-3-smb devstack@c-api.service[100702]: INFO cinder.api.openstack.wsgi [req-5f01e9b8-ec4e-49cc-90de-7b136e0ebc56 req-b22494da-bb2e-4525-a171-979feb3ce42d tempest-VolumesSnapshotsTestJSON-1564113134 tempest-VolumesSnapshotsTestJSON-1564113134-project] http://10.222.0.23/volume/v3/e9d07bbb41064d418f9aceb33ac4b394/volumes/1d40fec0-25aa-4200-82e0-b29ff0f3b371 returned with HTTP 200
