Sep 14 23:05:40.887962 dv-cinder-760178-13-smb neutron-server[94111]: DEBUG neutron.api.rpc.handlers.resources_rpc [None req-36d77d94-e1cd-4ae4-a3ec-c5cb7464cc4c admin admin] Pushing event deleted for resources: {'Network': ['ID=21344328-8d4e-4a44-8527-fb4118ab95d7,revision_number=None']} {{(pid=94111) push /opt/stack/neutron/neutron/api/rpc/handlers/resources_rpc.py:237}}
Sep 14 23:05:40.890083 dv-cinder-760178-13-smb neutron-server[94111]: DEBUG neutron_lib.callbacks.manager [None req-36d77d94-e1cd-4ae4-a3ec-c5cb7464cc4c admin admin] Notify callbacks ['neutron.api.rpc.agentnotifiers.dhcp_rpc_agent_api.DhcpAgentNotifyAPI._send_dhcp_notification-536671'] for network, before_response {{(pid=94111) _notify_loop /usr/local/lib/python3.8/dist-packages/neutron_lib/callbacks/manager.py:192}}
Sep 14 23:05:40.894558 dv-cinder-760178-13-smb neutron-server[94111]: INFO neutron.wsgi [None req-36d77d94-e1cd-4ae4-a3ec-c5cb7464cc4c admin admin] 10.222.0.47 "DELETE /v2.0/networks/21344328-8d4e-4a44-8527-fb4118ab95d7 HTTP/1.1" status: 204 len: 168 time: 1.0368292
Sep 14 23:05:40.929160 dv-cinder-760178-13-smb neutron-server[94111]: DEBUG neutron.pecan_wsgi.hooks.quota_enforcement [req-1e6d9b57-7461-41bf-9936-11d416f9ff0c req-a81e7347-bdf7-4453-9387-cde42b152a02 tempest-VolumesActionsTest-1127489515 tempest-VolumesActionsTest-1127489515-project] Made reservation on behalf of c83cbe9e6bc74827aa52cdb217e7cbef for: {'port': 1} {{(pid=94111) before /opt/stack/neutron/neutron/pecan_wsgi/hooks/quota_enforcement.py:53}}
Sep 14 23:05:40.937465 dv-cinder-760178-13-smb neutron-server[94111]: DEBUG neutron_lib.callbacks.manager [req-1e6d9b57-7461-41bf-9936-11d416f9ff0c req-a81e7347-bdf7-4453-9387-cde42b152a02 tempest-VolumesActionsTest-1127489515 tempest-VolumesActionsTest-1127489515-project] Notify callbacks ['neutron.plugins.ml2.plugin.SecurityGroupDbMixin._ensure_default_security_group_handler-1581029'] for port, before_create {{(pid=94111) _notify_loop /usr/local/lib/python3.8/dist-packages/neutron_lib/callbacks/manager.py:192}}
Sep 14 23:05:41.006199 dv-cinder-760178-13-smb neutron-server[94112]: DEBUG neutron_lib.callbacks.manager [None req-31c6e481-01c5-4c39-a61f-bb17ae9d41d5 admin admin] Notify callbacks ['neutron.plugins.ml2.ovo_rpc._ObjectChangeHandler.handle_event-591732', 'neutron.api.rpc.agentnotifiers.dhcp_rpc_agent_api.DhcpAgentNotifyAPI._native_event_send_dhcp_notification-536653', 'neutron.services.segments.plugin.NovaSegmentNotifier._notify_subnet_created-2907853', 'neutron.services.segments.plugin.SegmentHostRoutes.host_routes_after_create-27138256'] for subnet, after_create {{(pid=94112) _notify_loop /usr/local/lib/python3.8/dist-packages/neutron_lib/callbacks/manager.py:192}}
Sep 14 23:05:41.099595 dv-cinder-760178-13-smb neutron-server[94112]: DEBUG neutron.api.rpc.handlers.resources_rpc [None req-31c6e481-01c5-4c39-a61f-bb17ae9d41d5 admin admin] Pushing event updated for resources: {'Subnet': ['ID=eeed6136-3273-4827-b427-ae10241e7206,revision_number=0']} {{(pid=94112) push /opt/stack/neutron/neutron/api/rpc/handlers/resources_rpc.py:237}}
Sep 14 23:05:41.111896 dv-cinder-760178-13-smb neutron-server[94112]: DEBUG neutron.plugins.ml2.drivers.mech_agent [None req-31c6e481-01c5-4c39-a61f-bb17ae9d41d5 admin admin] Checking segment: {'id': 'ef718f66-bb0f-4297-af43-bfeb99976081', 'network_type': 'vlan', 'physical_network': 'physnet1', 'segmentation_id': 79, 'network_id': 'c1caa71e-649a-4d8e-94b8-7e95a12768a4'} for mappings: {'physnet1': 'br-data'} with network types: ['local', 'flat', 'vlan'] {{(pid=94112) check_segment_for_agent /opt/stack/neutron/neutron/plugins/ml2/drivers/mech_agent.py:358}}
Sep 14 23:05:41.112468 dv-cinder-760178-13-smb neutron-server[94112]: DEBUG neutron.scheduler.dhcp_agent_scheduler [None req-31c6e481-01c5-4c39-a61f-bb17ae9d41d5 admin admin] Network hostable DHCP agents. Network: c1caa71e-649a-4d8e-94b8-7e95a12768a4, hostable agents: ['eb7312f3-076f-44c2-b8c9-3857e6e99287'], hosted agents: [] {{(pid=94112) _get_network_hostable_dhcp_agents /opt/stack/neutron/neutron/scheduler/dhcp_agent_scheduler.py:329}}
Sep 14 23:05:41.116641 dv-cinder-760178-13-smb neutron-server[94111]: DEBUG neutron.db.db_base_plugin_common [req-1e6d9b57-7461-41bf-9936-11d416f9ff0c req-a81e7347-bdf7-4453-9387-cde42b152a02 tempest-VolumesActionsTest-1127489515 tempest-VolumesActionsTest-1127489515-project] Allocated IP 172.20.0.13 (5b3a3688-16c1-422d-a717-80231ff4a156/4bb313c6-d85e-4bab-8f92-c0fc5d6675ea/f3bd17e4-da2b-4179-bc48-a70bc4653dc9) {{(pid=94111) _store_ip_allocation /opt/stack/neutron/neutron/db/db_base_plugin_common.py:131}}
Sep 14 23:05:41.129561 dv-cinder-760178-13-smb neutron-server[94111]: DEBUG neutron.wsgi [-] (94111) accepted ('10.222.0.47', 43070) {{(pid=94111) server /usr/local/lib/python3.8/dist-packages/eventlet/wsgi.py:982}}
Sep 14 23:05:41.133582 dv-cinder-760178-13-smb neutron-server[94112]: DEBUG neutron.scheduler.dhcp_agent_scheduler [None req-31c6e481-01c5-4c39-a61f-bb17ae9d41d5 admin admin] Network c1caa71e-649a-4d8e-94b8-7e95a12768a4 is scheduled to be hosted by DHCP agent eb7312f3-076f-44c2-b8c9-3857e6e99287 with binding_index 1 {{(pid=94112) bind /opt/stack/neutron/neutron/scheduler/dhcp_agent_scheduler.py:227}}
Sep 14 23:05:41.157215 dv-cinder-760178-13-smb neutron-server[94112]: DEBUG neutron.scheduler.base_scheduler [None req-31c6e481-01c5-4c39-a61f-bb17ae9d41d5 admin admin] Resources bound (agent type, host, resource id): (DHCP agent, dv-cinder-760178-13-smb, c1caa71e-649a-4d8e-94b8-7e95a12768a4) {{(pid=94112) schedule /opt/stack/neutron/neutron/scheduler/base_scheduler.py:57}}
Sep 14 23:05:41.162277 dv-cinder-760178-13-smb neutron-server[94112]: DEBUG neutron.pecan_wsgi.hooks.policy_enforcement [None req-31c6e481-01c5-4c39-a61f-bb17ae9d41d5 admin admin] Attributes excluded by policy engine: ['standard_attr_id', 'shared', 'segment_id', 'network'] {{(pid=94112) _exclude_attributes_by_policy /opt/stack/neutron/neutron/pecan_wsgi/hooks/policy_enforcement.py:255}}
Sep 14 23:05:41.162999 dv-cinder-760178-13-smb neutron-server[94112]: DEBUG neutron_lib.callbacks.manager [None req-31c6e481-01c5-4c39-a61f-bb17ae9d41d5 admin admin] Notify callbacks [] for subnet, before_response {{(pid=94112) _notify_loop /usr/local/lib/python3.8/dist-packages/neutron_lib/callbacks/manager.py:192}}
Sep 14 23:05:41.175616 dv-cinder-760178-13-smb neutron-server[94113]: DEBUG neutron.api.rpc.handlers.dhcp_rpc [None req-315991df-2b54-4882-8ffd-2dfbc6788847 None None] Network c1caa71e-649a-4d8e-94b8-7e95a12768a4 requested from dv-cinder-760178-13-smb {{(pid=94113) get_network_info /opt/stack/neutron/neutron/api/rpc/handlers/dhcp_rpc.py:218}}
Sep 14 23:05:41.192235 dv-cinder-760178-13-smb neutron-server[94112]: INFO neutron.wsgi [None req-31c6e481-01c5-4c39-a61f-bb17ae9d41d5 admin admin] 10.222.0.47 "POST /v2.0/subnets HTTP/1.1" status: 201 len: 845 time: 0.5749207
Sep 14 23:05:41.287978 dv-cinder-760178-13-smb neutron-server[94111]: DEBUG neutron_lib.callbacks.manager [req-1e6d9b57-7461-41bf-9936-11d416f9ff0c req-a81e7347-bdf7-4453-9387-cde42b152a02 tempest-VolumesActionsTest-1127489515 tempest-VolumesActionsTest-1127489515-project] Notify callbacks [] for port, precommit_create {{(pid=94111) _notify_loop /usr/local/lib/python3.8/dist-packages/neutron_lib/callbacks/manager.py:192}}
Sep 14 23:05:41.353653 dv-cinder-760178-13-smb neutron-server[94113]: DEBUG neutron.api.rpc.handlers.dhcp_rpc [None req-8994f7e7-ce6d-4ebb-839e-b21689df5b5c None None] Network c1caa71e-649a-4d8e-94b8-7e95a12768a4 requested from dv-cinder-760178-13-smb {{(pid=94113) get_network_info /opt/stack/neutron/neutron/api/rpc/handlers/dhcp_rpc.py:218}}
Sep 14 23:05:41.371419 dv-cinder-760178-13-smb neutron-server[94111]: INFO neutron.wsgi [req-0862bff7-7f1a-411c-971e-cb8c80117a0d req-077d50a2-e90f-41b0-91d6-a18c2fb2cf0d tempest-VolumesActionsTest-1127489515 tempest-VolumesActionsTest-1127489515-project] 10.222.0.47 "GET /v2.0/ports?device_id=e07b69e2-3789-41f5-81f2-ea807699d10f HTTP/1.1" status: 200 len: 210 time: 0.0725939
Sep 14 23:05:41.376233 dv-cinder-760178-13-smb neutron-server[94111]: INFO neutron.wsgi [None req-39cfbb3d-62ae-43fa-bd84-b2d0dcda0b26 admin admin] 10.222.0.47 "GET /v2.0/security-groups?tenant_id=f56cefbe5c794780b0254e8a19ca87bf&name=default HTTP/1.1" status: 200 len: 2975 time: 0.2455609
Sep 14 23:05:41.377743 dv-cinder-760178-13-smb neutron-server[94111]: DEBUG neutron_lib.callbacks.manager [req-1e6d9b57-7461-41bf-9936-11d416f9ff0c req-a81e7347-bdf7-4453-9387-cde42b152a02 tempest-VolumesActionsTest-1127489515 tempest-VolumesActionsTest-1127489515-project] Notify callbacks ['neutron.plugins.ml2.plugin.SecurityGroupServerNotifierRpcMixin._notify_sg_on_port_change-1580964', 'neutron.plugins.ml2.ovo_rpc._ObjectChangeHandler.handle_event-176249', 'neutron.api.rpc.agentnotifiers.dhcp_rpc_agent_api.DhcpAgentNotifyAPI._native_event_send_dhcp_notification-536653', 'neutron.db.l3_dvrscheduler_db._notify_l3_agent_new_port-8777187614136', 'neutron.services.segments.plugin.NovaSegmentNotifier._notify_port_created_or_deleted-2950295'] for port, after_create {{(pid=94111) _notify_loop /usr/local/lib/python3.8/dist-packages/neutron_lib/callbacks/manager.py:192}}
Sep 14 23:05:41.378798 dv-cinder-760178-13-smb neutron-server[94112]: DEBUG neutron.wsgi [-] (94112) accepted ('10.222.0.47', 43084) {{(pid=94112) server /usr/local/lib/python3.8/dist-packages/eventlet/wsgi.py:982}}
Sep 14 23:05:41.435296 dv-cinder-760178-13-smb neutron-server[94111]: DEBUG neutron.api.rpc.handlers.resources_rpc [None req-a81e7347-bdf7-4453-9387-cde42b152a02 tempest-VolumesActionsTest-1127489515 tempest-VolumesActionsTest-1127489515-project] Pushing event updated for resources: {'Port': ['ID=f3bd17e4-da2b-4179-bc48-a70bc4653dc9,revision_number=1']} {{(pid=94111) push /opt/stack/neutron/neutron/api/rpc/handlers/resources_rpc.py:237}}
Sep 14 23:05:41.446116 dv-cinder-760178-13-smb neutron-server[94111]: DEBUG neutron.api.rpc.callbacks.version_manager [None req-a81e7347-bdf7-4453-9387-cde42b152a02 tempest-VolumesActionsTest-1127489515 tempest-VolumesActionsTest-1127489515-project] Version for resource type AddressGroup changed None to 1.2 on consumer Open vSwitch agent@dv-cinder-760178-13-smb {{(pid=94111) _set_version /opt/stack/neutron/neutron/api/rpc/callbacks/version_manager.py:113}}
Sep 14 23:05:41.446741 dv-cinder-760178-13-smb neutron-server[94111]: DEBUG neutron.api.rpc.callbacks.version_manager [None req-a81e7347-bdf7-4453-9387-cde42b152a02 tempest-VolumesActionsTest-1127489515 tempest-VolumesActionsTest-1127489515-project] Version for resource type ConntrackHelper changed None to 1.0 on consumer Open vSwitch agent@dv-cinder-760178-13-smb {{(pid=94111) _set_version /opt/stack/neutron/neutron/api/rpc/callbacks/version_manager.py:113}}
Sep 14 23:05:41.447314 dv-cinder-760178-13-smb neutron-server[94111]: DEBUG neutron.api.rpc.callbacks.version_manager [None req-a81e7347-bdf7-4453-9387-cde42b152a02 tempest-VolumesActionsTest-1127489515 tempest-VolumesActionsTest-1127489515-project] Version for resource type Log changed None to 1.0 on consumer Open vSwitch agent@dv-cinder-760178-13-smb {{(pid=94111) _set_version /opt/stack/neutron/neutron/api/rpc/callbacks/version_manager.py:113}}
Sep 14 23:05:41.447832 dv-cinder-760178-13-smb neutron-server[94111]: DEBUG neutron.api.rpc.callbacks.version_manager [None req-a81e7347-bdf7-4453-9387-cde42b152a02 tempest-VolumesActionsTest-1127489515 tempest-VolumesActionsTest-1127489515-project] Version for resource type Network changed None to 1.1 on consumer Open vSwitch agent@dv-cinder-760178-13-smb {{(pid=94111) _set_version /opt/stack/neutron/neutron/api/rpc/callbacks/version_manager.py:113}}
Sep 14 23:05:41.448344 dv-cinder-760178-13-smb neutron-server[94111]: DEBUG neutron.api.rpc.callbacks.version_manager [None req-a81e7347-bdf7-4453-9387-cde42b152a02 tempest-VolumesActionsTest-1127489515 tempest-VolumesActionsTest-1127489515-project] Version for resource type Port changed None to 1.7 on consumer Open vSwitch agent@dv-cinder-760178-13-smb {{(pid=94111) _set_version /opt/stack/neutron/neutron/api/rpc/callbacks/version_manager.py:113}}
Sep 14 23:05:41.448857 dv-cinder-760178-13-smb neutron-server[94111]: DEBUG neutron.api.rpc.callbacks.version_manager [None req-a81e7347-bdf7-4453-9387-cde42b152a02 tempest-VolumesActionsTest-1127489515 tempest-VolumesActionsTest-1127489515-project] Version for resource type PortForwarding changed None to 1.2 on consumer Open vSwitch agent@dv-cinder-760178-13-smb {{(pid=94111) _set_version /opt/stack/neutron/neutron/api/rpc/callbacks/version_manager.py:113}}
Sep 14 23:05:41.449385 dv-cinder-760178-13-smb neutron-server[94111]: DEBUG neutron.api.rpc.callbacks.version_manager [None req-a81e7347-bdf7-4453-9387-cde42b152a02 tempest-VolumesActionsTest-1127489515 tempest-VolumesActionsTest-1127489515-project] Version for resource type QosPolicy changed None to 1.9 on consumer Open vSwitch agent@dv-cinder-760178-13-smb {{(pid=94111) _set_version /opt/stack/neutron/neutron/api/rpc/callbacks/version_manager.py:113}}
Sep 14 23:05:41.449901 dv-cinder-760178-13-smb neutron-server[94111]: DEBUG neutron.api.rpc.callbacks.version_manager [None req-a81e7347-bdf7-4453-9387-cde42b152a02 tempest-VolumesActionsTest-1127489515 tempest-VolumesActionsTest-1127489515-project] Version for resource type SecurityGroup changed None to 1.4 on consumer Open vSwitch agent@dv-cinder-760178-13-smb {{(pid=94111) _set_version /opt/stack/neutron/neutron/api/rpc/callbacks/version_manager.py:113}}
Sep 14 23:05:41.450515 dv-cinder-760178-13-smb neutron-server[94111]: DEBUG neutron.api.rpc.callbacks.version_manager [None req-a81e7347-bdf7-4453-9387-cde42b152a02 tempest-VolumesActionsTest-1127489515 tempest-VolumesActionsTest-1127489515-project] Version for resource type SecurityGroupRule changed None to 1.2 on consumer Open vSwitch agent@dv-cinder-760178-13-smb {{(pid=94111) _set_version /opt/stack/neutron/neutron/api/rpc/callbacks/version_manager.py:113}}
Sep 14 23:05:41.451026 dv-cinder-760178-13-smb neutron-server[94111]: DEBUG neutron.api.rpc.callbacks.version_manager [None req-a81e7347-bdf7-4453-9387-cde42b152a02 tempest-VolumesActionsTest-1127489515 tempest-VolumesActionsTest-1127489515-project] Version for resource type SubPort changed None to 1.0 on consumer Open vSwitch agent@dv-cinder-760178-13-smb {{(pid=94111) _set_version /opt/stack/neutron/neutron/api/rpc/callbacks/version_manager.py:113}}
Sep 14 23:05:41.451557 dv-cinder-760178-13-smb neutron-server[94111]: DEBUG neutron.api.rpc.callbacks.version_manager [None req-a81e7347-bdf7-4453-9387-cde42b152a02 tempest-VolumesActionsTest-1127489515 tempest-VolumesActionsTest-1127489515-project] Version for resource type Subnet changed None to 1.1 on consumer Open vSwitch agent@dv-cinder-760178-13-smb {{(pid=94111) _set_version /opt/stack/neutron/neutron/api/rpc/callbacks/version_manager.py:113}}
Sep 14 23:05:41.452250 dv-cinder-760178-13-smb neutron-server[94111]: DEBUG neutron.api.rpc.callbacks.version_manager [None req-a81e7347-bdf7-4453-9387-cde42b152a02 tempest-VolumesActionsTest-1127489515 tempest-VolumesActionsTest-1127489515-project] Version for resource type Trunk changed None to 1.1 on consumer Open vSwitch agent@dv-cinder-760178-13-smb {{(pid=94111) _set_version /opt/stack/neutron/neutron/api/rpc/callbacks/version_manager.py:113}}
Sep 14 23:05:41.462802 dv-cinder-760178-13-smb neutron-server[94111]: DEBUG neutron.scheduler.dhcp_agent_scheduler [req-1e6d9b57-7461-41bf-9936-11d416f9ff0c req-a81e7347-bdf7-4453-9387-cde42b152a02 tempest-VolumesActionsTest-1127489515 tempest-VolumesActionsTest-1127489515-project] Network 5b3a3688-16c1-422d-a717-80231ff4a156 is already hosted by enough agents. {{(pid=94111) _get_dhcp_agents_hosting_network /opt/stack/neutron/neutron/scheduler/dhcp_agent_scheduler.py:275}}
Sep 14 23:05:41.464675 dv-cinder-760178-13-smb neutron-server[94111]: DEBUG neutron.scheduler.base_scheduler [req-1e6d9b57-7461-41bf-9936-11d416f9ff0c req-a81e7347-bdf7-4453-9387-cde42b152a02 tempest-VolumesActionsTest-1127489515 tempest-VolumesActionsTest-1127489515-project] Resources bound (agent type, host, resource id): {{(pid=94111) schedule /opt/stack/neutron/neutron/scheduler/base_scheduler.py:57}}
Sep 14 23:05:41.471123 dv-cinder-760178-13-smb neutron-server[94111]: DEBUG neutron.db.l3_dvrscheduler_db [req-1e6d9b57-7461-41bf-9936-11d416f9ff0c req-a81e7347-bdf7-4453-9387-cde42b152a02 tempest-VolumesActionsTest-1127489515 tempest-VolumesActionsTest-1127489515-project] Received port after_create {{(pid=94111) _notify_l3_agent_new_port /opt/stack/neutron/neutron/db/l3_dvrscheduler_db.py:535}}
Sep 14 23:05:41.500139 dv-cinder-760178-13-smb neutron-server[94112]: DEBUG neutron_lib.callbacks.manager [None req-d760ff72-fe83-4e1b-a166-ae8408bdaf02 admin admin] Notify callbacks [] for security_group, before_delete {{(pid=94112) _notify_loop /usr/local/lib/python3.8/dist-packages/neutron_lib/callbacks/manager.py:192}}
Sep 14 23:05:41.534710 dv-cinder-760178-13-smb neutron-server[94111]: DEBUG neutron.pecan_wsgi.hooks.policy_enforcement [req-1e6d9b57-7461-41bf-9936-11d416f9ff0c req-a81e7347-bdf7-4453-9387-cde42b152a02 tempest-VolumesActionsTest-1127489515 tempest-VolumesActionsTest-1127489515-project] Attributes excluded by policy engine: ['standard_attr_id', 'binding:profile', 'binding:host_id', 'binding:vif_type', 'binding:vif_details', 'network'] {{(pid=94111) _exclude_attributes_by_policy /opt/stack/neutron/neutron/pecan_wsgi/hooks/policy_enforcement.py:255}}
Sep 14 23:05:41.536158 dv-cinder-760178-13-smb neutron-server[94111]: DEBUG neutron_lib.callbacks.manager [req-1e6d9b57-7461-41bf-9936-11d416f9ff0c req-a81e7347-bdf7-4453-9387-cde42b152a02 tempest-VolumesActionsTest-1127489515 tempest-VolumesActionsTest-1127489515-project] Notify callbacks ['neutron.notifiers.nova.Notifier._send_nova_notification-74763'] for port, before_response {{(pid=94111) _notify_loop /usr/local/lib/python3.8/dist-packages/neutron_lib/callbacks/manager.py:192}}
Sep 14 23:05:41.538113 dv-cinder-760178-13-smb neutron-server[94112]: DEBUG neutron_lib.callbacks.manager [None req-d760ff72-fe83-4e1b-a166-ae8408bdaf02 admin admin] Notify callbacks [] for security_group, precommit_delete {{(pid=94112) _notify_loop /usr/local/lib/python3.8/dist-packages/neutron_lib/callbacks/manager.py:192}}
Sep 14 23:05:41.560830 dv-cinder-760178-13-smb neutron-server[94111]: INFO neutron.wsgi [req-1e6d9b57-7461-41bf-9936-11d416f9ff0c req-a81e7347-bdf7-4453-9387-cde42b152a02 tempest-VolumesActionsTest-1127489515 tempest-VolumesActionsTest-1127489515-project] 10.222.0.54 "POST /v2.0/ports HTTP/1.1" status: 201 len: 934 time: 0.8857279
Sep 14 23:05:41.584243 dv-cinder-760178-13-smb neutron-server[94111]: DEBUG neutron.api.v2.base [req-1e6d9b57-7461-41bf-9936-11d416f9ff0c req-774d7ae5-cfa2-4209-afc3-343762fbab8b service neutron] Request body: {'port': {'device_id': 'e07b69e2-3789-41f5-81f2-ea807699d10f', 'device_owner': 'compute:nova', 'binding:host_id': 'hv-cinder-76017'}} {{(pid=94111) prepare_request_body /opt/stack/neutron/neutron/api/v2/base.py:730}}
Sep 14 23:05:41.618704 dv-cinder-760178-13-smb neutron-server[94112]: DEBUG neutron_lib.callbacks.manager [None req-d760ff72-fe83-4e1b-a166-ae8408bdaf02 admin admin] Notify callbacks ['neutron.plugins.ml2.ovo_rpc._ObjectChangeHandler.handle_event-594861'] for security_group, after_delete {{(pid=94112) _notify_loop /usr/local/lib/python3.8/dist-packages/neutron_lib/callbacks/manager.py:192}}
Sep 14 23:05:41.623319 dv-cinder-760178-13-smb neutron-server[94112]: DEBUG neutron_lib.callbacks.manager [None req-d760ff72-fe83-4e1b-a166-ae8408bdaf02 admin admin] Notify callbacks [] for security_group, before_response {{(pid=94112) _notify_loop /usr/local/lib/python3.8/dist-packages/neutron_lib/callbacks/manager.py:192}}
Sep 14 23:05:41.626334 dv-cinder-760178-13-smb neutron-server[94112]: INFO neutron.wsgi [None req-d760ff72-fe83-4e1b-a166-ae8408bdaf02 admin admin] 10.222.0.47 "DELETE /v2.0/security-groups/f67af366-4a1d-4c61-8f83-46b825ec0a87 HTTP/1.1" status: 204 len: 168 time: 0.2439752
Sep 14 23:05:41.635045 dv-cinder-760178-13-smb neutron-server[94112]: DEBUG neutron.api.rpc.handlers.resources_rpc [None req-d760ff72-fe83-4e1b-a166-ae8408bdaf02 admin admin] Pushing event deleted for resources: {'SecurityGroup': ['ID=f67af366-4a1d-4c61-8f83-46b825ec0a87,revision_number=None']} {{(pid=94112) push /opt/stack/neutron/neutron/api/rpc/handlers/resources_rpc.py:237}}
Sep 14 23:05:41.690755 dv-cinder-760178-13-smb neutron-server[94111]: DEBUG neutron_lib.callbacks.manager [req-1e6d9b57-7461-41bf-9936-11d416f9ff0c req-774d7ae5-cfa2-4209-afc3-343762fbab8b service neutron] Notify callbacks ['neutron.plugins.ml2.plugin.SecurityGroupDbMixin._ensure_default_security_group_handler-1581029'] for port, before_update {{(pid=94111) _notify_loop /usr/local/lib/python3.8/dist-packages/neutron_lib/callbacks/manager.py:192}}
Sep 14 23:05:41.945594 dv-cinder-760178-13-smb neutron-server[94111]: DEBUG neutron.pecan_wsgi.hooks.policy_enforcement [req-324fa811-9261-4966-8594-4f03c9119c4c req-28e5f41f-f63c-4f3d-9e93-80d4290b2549 tempest-VolumesActionsTest-1332040299 tempest-VolumesActionsTest-1332040299-project] Attributes excluded by policy engine: ['standard_attr_id', 'vlan_transparent', 'provider:network_type', 'provider:physical_network', 'provider:segmentation_id'] {{(pid=94111) _exclude_attributes_by_policy /opt/stack/neutron/neutron/pecan_wsgi/hooks/policy_enforcement.py:255}}
Sep 14 23:05:41.947779 dv-cinder-760178-13-smb neutron-server[94111]: INFO neutron.wsgi [req-324fa811-9261-4966-8594-4f03c9119c4c req-28e5f41f-f63c-4f3d-9e93-80d4290b2549 tempest-VolumesActionsTest-1332040299 tempest-VolumesActionsTest-1332040299-project] 10.222.0.47 "GET /v2.0/networks?id=74f3bf4d-0745-4e8f-9f71-0090763f5d70 HTTP/1.1" status: 200 len: 809 time: 0.2018912
Sep 14 23:05:42.005769 dv-cinder-760178-13-smb neutron-server[94111]: INFO neutron.wsgi [req-324fa811-9261-4966-8594-4f03c9119c4c req-2a0be4fe-2c1d-4f84-8c7a-72c8bc395030 tempest-VolumesActionsTest-1332040299 tempest-VolumesActionsTest-1332040299-project] 10.222.0.47 "GET /v2.0/quotas/bf33ac02430f4ce5ad32761eb7fb0c63 HTTP/1.1" status: 200 len: 375 time: 0.0434377
Sep 14 23:05:42.096293 dv-cinder-760178-13-smb neutron-server[94111]: INFO neutron.wsgi [req-324fa811-9261-4966-8594-4f03c9119c4c req-6165f704-8441-4ba4-a2f5-549c190b280f tempest-VolumesActionsTest-1332040299 tempest-VolumesActionsTest-1332040299-project] 10.222.0.47 "GET /v2.0/ports?tenant_id=bf33ac02430f4ce5ad32761eb7fb0c63&fields=id HTTP/1.1" status: 200 len: 210 time: 0.0618107
Sep 14 23:05:42.174192 dv-cinder-760178-13-smb neutron-server[94111]: DEBUG neutron.pecan_wsgi.hooks.policy_enforcement [req-d7eca04d-25ae-4211-85c4-99b18340c348 req-0bb5db62-f0ac-4b30-8435-4e367777d689 tempest-ServerRescueNegativeTestJSON-1640360435 tempest-ServerRescueNegativeTestJSON-1640360435-project] Attributes excluded by policy engine: ['standard_attr_id', 'binding:profile', 'binding:host_id', 'binding:vif_type', 'binding:vif_details'] {{(pid=94111) _exclude_attributes_by_policy /opt/stack/neutron/neutron/pecan_wsgi/hooks/policy_enforcement.py:255}}
Sep 14 23:05:42.175315 dv-cinder-760178-13-smb neutron-server[94111]: INFO neutron.wsgi [req-d7eca04d-25ae-4211-85c4-99b18340c348 req-0bb5db62-f0ac-4b30-8435-4e367777d689 tempest-ServerRescueNegativeTestJSON-1640360435 tempest-ServerRescueNegativeTestJSON-1640360435-project] 10.222.0.47 "GET /v2.0/ports?device_id=c0cb0cc7-d161-4584-ae82-cdbaff220215 HTTP/1.1" status: 200 len: 945 time: 0.1822112
Sep 14 23:05:42.196016 dv-cinder-760178-13-smb neutron-server[94113]: DEBUG neutron_lib.callbacks.manager [None req-f87c07e9-4158-4f7a-99c2-8f7f9f9d8ad8 None None] Notify callbacks ['neutron.services.segments.db._update_segment_host_mapping_for_agent-8777188140427', 'neutron.plugins.ml2.plugin.Ml2Plugin._retry_binding_revived_agents-1751250'] for agent, after_update {{(pid=94113) _notify_loop /usr/local/lib/python3.8/dist-packages/neutron_lib/callbacks/manager.py:192}}
Sep 14 23:05:42.284945 dv-cinder-760178-13-smb neutron-server[94111]: INFO neutron.wsgi [req-d7eca04d-25ae-4211-85c4-99b18340c348 req-e86f634c-b05f-4523-840a-9f5499a51d37 tempest-ServerRescueNegativeTestJSON-1640360435 tempest-ServerRescueNegativeTestJSON-1640360435-project] 10.222.0.47 "GET /v2.0/security-groups?id=7a290e4e-7dca-49f9-841e-f7c8b331b178&fields=id&fields=name HTTP/1.1" status: 200 len: 286 time: 0.0932438
Sep 14 23:05:42.304794 dv-cinder-760178-13-smb neutron-server[94111]: INFO neutron.wsgi [req-324fa811-9261-4966-8594-4f03c9119c4c req-87f5d339-13bf-4ba6-8a15-a60f5dce375f service neutron] 10.222.0.47 "GET /v2.0/networks/74f3bf4d-0745-4e8f-9f71-0090763f5d70?fields=segments HTTP/1.1" status: 200 len: 212 time: 0.2075961
Sep 14 23:05:42.324962 dv-cinder-760178-13-smb neutron-server[94111]: DEBUG neutron.notifiers.nova [req-1e6d9b57-7461-41bf-9936-11d416f9ff0c req-774d7ae5-cfa2-4209-afc3-343762fbab8b service neutron] Ignoring state change previous_port_status: DOWN current_port_status: DOWN port_id f3bd17e4-da2b-4179-bc48-a70bc4653dc9 {{(pid=94111) record_port_status_changed /opt/stack/neutron/neutron/notifiers/nova.py:224}}
Sep 14 23:05:42.341633 dv-cinder-760178-13-smb neutron-server[94111]: DEBUG neutron_lib.callbacks.manager [req-1e6d9b57-7461-41bf-9936-11d416f9ff0c req-774d7ae5-cfa2-4209-afc3-343762fbab8b service neutron] Notify callbacks [] for port, precommit_update {{(pid=94111) _notify_loop /usr/local/lib/python3.8/dist-packages/neutron_lib/callbacks/manager.py:192}}
Sep 14 23:05:42.388240 dv-cinder-760178-13-smb neutron-server[94111]: DEBUG neutron.db.provisioning_blocks [req-1e6d9b57-7461-41bf-9936-11d416f9ff0c req-774d7ae5-cfa2-4209-afc3-343762fbab8b service neutron] Transition to ACTIVE for port object f3bd17e4-da2b-4179-bc48-a70bc4653dc9 will not be triggered until provisioned by entity L2. {{(pid=94111) add_provisioning_component /opt/stack/neutron/neutron/db/provisioning_blocks.py:73}}
Sep 14 23:05:42.394517 dv-cinder-760178-13-smb neutron-server[94111]: DEBUG neutron_lib.callbacks.manager [req-1e6d9b57-7461-41bf-9936-11d416f9ff0c req-774d7ae5-cfa2-4209-afc3-343762fbab8b service neutron] Notify callbacks ['neutron.plugins.ml2.plugin.SecurityGroupServerNotifierRpcMixin._notify_sg_on_port_change-1580964', 'neutron.plugins.ml2.ovo_rpc._ObjectChangeHandler.handle_event-176249', 'neutron.api.rpc.agentnotifiers.dhcp_rpc_agent_api.DhcpAgentNotifyAPI._native_event_send_dhcp_notification-536653', 'neutron.db.l3_db.L3RpcNotifierMixin._notify_gateway_port_ip_changed-8777188165389', 'neutron.db.l3_dvrscheduler_db._notify_l3_agent_port_update-8777187614154', 'neutron.db.l3_hascheduler_db._notify_l3_agent_ha_port_update-8777187614172', 'neutron.services.segments.plugin.NovaSegmentNotifier._notify_port_updated-2950286'] for port, after_update {{(pid=94111) _notify_loop /usr/local/lib/python3.8/dist-packages/neutron_lib/callbacks/manager.py:192}}
Sep 14 23:05:42.473810 dv-cinder-760178-13-smb neutron-server[94111]: INFO neutron.wsgi [req-324fa811-9261-4966-8594-4f03c9119c4c req-581c78bd-e7de-4292-8de6-451f027228f7 service neutron] 10.222.0.47 "GET /v2.0/networks/74f3bf4d-0745-4e8f-9f71-0090763f5d70?fields=provider%3Aphysical_network&fields=provider%3Anetwork_type HTTP/1.1" status: 200 len: 281 time: 0.1680830
Sep 14 23:05:42.478960 dv-cinder-760178-13-smb neutron-server[94111]: DEBUG neutron.api.rpc.handlers.resources_rpc [None req-774d7ae5-cfa2-4209-afc3-343762fbab8b service neutron] Pushing event updated for resources: {'Port': ['ID=f3bd17e4-da2b-4179-bc48-a70bc4653dc9,revision_number=2']} {{(pid=94111) push /opt/stack/neutron/neutron/api/rpc/handlers/resources_rpc.py:237}}
Sep 14 23:05:42.586046 dv-cinder-760178-13-smb neutron-server[94111]: DEBUG neutron.pecan_wsgi.hooks.policy_enforcement [req-d0df4360-4ea6-4d4e-87fb-f6fadf8950a6 req-9c6e8568-8f78-40d8-9d7e-fa4daa8677ad tempest-VolumesActionsTest-1127489515 tempest-VolumesActionsTest-1127489515-project] Attributes excluded by policy engine: ['standard_attr_id', 'binding:profile', 'binding:host_id', 'binding:vif_type', 'binding:vif_details'] {{(pid=94111) _exclude_attributes_by_policy /opt/stack/neutron/neutron/pecan_wsgi/hooks/policy_enforcement.py:255}}
Sep 14 23:05:42.594402 dv-cinder-760178-13-smb neutron-server[94111]: INFO neutron.wsgi [req-d0df4360-4ea6-4d4e-87fb-f6fadf8950a6 req-9c6e8568-8f78-40d8-9d7e-fa4daa8677ad tempest-VolumesActionsTest-1127489515 tempest-VolumesActionsTest-1127489515-project] 10.222.0.47 "GET /v2.0/ports?device_id=e07b69e2-3789-41f5-81f2-ea807699d10f HTTP/1.1" status: 200 len: 944 time: 0.1165013
Sep 14 23:05:42.647766 dv-cinder-760178-13-smb neutron-server[94111]: DEBUG neutron.plugins.ml2.managers [req-1e6d9b57-7461-41bf-9936-11d416f9ff0c req-774d7ae5-cfa2-4209-afc3-343762fbab8b service neutron] Attempting to bind port f3bd17e4-da2b-4179-bc48-a70bc4653dc9 on host hv-cinder-76017 for vnic_type normal with profile {{(pid=94111) bind_port /opt/stack/neutron/neutron/plugins/ml2/managers.py:790}}
Sep 14 23:05:42.647960 dv-cinder-760178-13-smb neutron-server[94111]: DEBUG neutron.plugins.ml2.managers [req-1e6d9b57-7461-41bf-9936-11d416f9ff0c req-774d7ae5-cfa2-4209-afc3-343762fbab8b service neutron] Attempting to bind port f3bd17e4-da2b-4179-bc48-a70bc4653dc9 by drivers openvswitch,hyperv on host hv-cinder-76017 at level 0 using segments [{'id': '7869bdef-b5d9-4fef-ae71-574391e3a18f', 'network_type': 'vlan', 'physical_network': 'physnet1', 'segmentation_id': 85, 'network_id': '5b3a3688-16c1-422d-a717-80231ff4a156'}] {{(pid=94111) _bind_port_level /opt/stack/neutron/neutron/plugins/ml2/managers.py:815}}
Sep 14 23:05:42.648479 dv-cinder-760178-13-smb neutron-server[94111]: DEBUG neutron.plugins.ml2.drivers.mech_agent [req-1e6d9b57-7461-41bf-9936-11d416f9ff0c req-774d7ae5-cfa2-4209-afc3-343762fbab8b service neutron] Attempting to bind port f3bd17e4-da2b-4179-bc48-a70bc4653dc9 on network 5b3a3688-16c1-422d-a717-80231ff4a156 {{(pid=94111) bind_port /opt/stack/neutron/neutron/plugins/ml2/drivers/mech_agent.py:91}}
Sep 14 23:05:42.679095 dv-cinder-760178-13-smb neutron-server[94111]: DEBUG neutron.plugins.ml2.drivers.mech_agent [req-1e6d9b57-7461-41bf-9936-11d416f9ff0c req-774d7ae5-cfa2-4209-afc3-343762fbab8b service neutron] Port f3bd17e4-da2b-4179-bc48-a70bc4653dc9 on network 5b3a3688-16c1-422d-a717-80231ff4a156 not bound, no agent of type Open vSwitch agent registered on host hv-cinder-76017 {{(pid=94111) bind_port /opt/stack/neutron/neutron/plugins/ml2/drivers/mech_agent.py:103}}
Sep 14 23:05:42.679794 dv-cinder-760178-13-smb neutron-server[94111]: DEBUG neutron.plugins.ml2.drivers.mech_agent [req-1e6d9b57-7461-41bf-9936-11d416f9ff0c req-774d7ae5-cfa2-4209-afc3-343762fbab8b service neutron] Attempting to bind port f3bd17e4-da2b-4179-bc48-a70bc4653dc9 on network 5b3a3688-16c1-422d-a717-80231ff4a156 {{(pid=94111) bind_port /opt/stack/neutron/neutron/plugins/ml2/drivers/mech_agent.py:91}}
Sep 14 23:05:42.690127 dv-cinder-760178-13-smb neutron-server[94111]: INFO neutron.wsgi [req-d0df4360-4ea6-4d4e-87fb-f6fadf8950a6 req-e32ea3fc-66f3-4db1-80af-95d756e18b2b tempest-VolumesActionsTest-1127489515 tempest-VolumesActionsTest-1127489515-project] 10.222.0.47 "GET /v2.0/security-groups?id=c336f5f8-1726-40f1-997b-e57fe2522648&fields=id&fields=name HTTP/1.1" status: 200 len: 286 time: 0.0946999
Sep 14 23:05:42.693796 dv-cinder-760178-13-smb neutron-server[94111]: DEBUG neutron.plugins.ml2.drivers.mech_agent [req-1e6d9b57-7461-41bf-9936-11d416f9ff0c req-774d7ae5-cfa2-4209-afc3-343762fbab8b service neutron] Checking agent: {'id': '14a50e9a-ed71-48d3-b7e8-b6a3a8511aae', 'agent_type': 'HyperV agent', 'binary': 'neutron-hyperv-agent', 'topic': 'N/A', 'host': 'hv-cinder-76017', 'admin_state_up': True, 'created_at': datetime.datetime(2021, 9, 14, 23, 2, 46), 'started_at': datetime.datetime(2021, 9, 14, 23, 2, 46), 'heartbeat_timestamp': datetime.datetime(2021, 9, 14, 23, 5, 16), 'description': None, 'resources_synced': None, 'availability_zone': None, 'alive': True, 'configurations': {'vswitch_mappings': {'physnet1$': 'br-data'}}, 'resource_versions': {}} {{(pid=94111) bind_port /opt/stack/neutron/neutron/plugins/ml2/drivers/mech_agent.py:110}}
Sep 14 23:05:42.694556 dv-cinder-760178-13-smb neutron-server[94111]: DEBUG neutron.plugins.ml2.drivers.mech_agent [req-1e6d9b57-7461-41bf-9936-11d416f9ff0c req-774d7ae5-cfa2-4209-afc3-343762fbab8b service neutron] Checking segment: {'id': '7869bdef-b5d9-4fef-ae71-574391e3a18f', 'network_type': 'vlan', 'physical_network': 'physnet1', 'segmentation_id': 85, 'network_id': '5b3a3688-16c1-422d-a717-80231ff4a156'} for mappings: {'physnet1$': 'br-data'} with network types: ['local', 'flat', 'vlan'] {{(pid=94111) check_segment_for_agent /opt/stack/neutron/neutron/plugins/ml2/drivers/mech_agent.py:358}}
Sep 14 23:05:42.694973 dv-cinder-760178-13-smb neutron-server[94111]: DEBUG neutron.plugins.ml2.drivers.mech_agent [req-1e6d9b57-7461-41bf-9936-11d416f9ff0c req-774d7ae5-cfa2-4209-afc3-343762fbab8b service neutron] Bound using segment: {'id': '7869bdef-b5d9-4fef-ae71-574391e3a18f', 'network_type': 'vlan', 'physical_network': 'physnet1', 'segmentation_id': 85, 'network_id': '5b3a3688-16c1-422d-a717-80231ff4a156'} {{(pid=94111) bind_port /opt/stack/neutron/neutron/plugins/ml2/drivers/mech_agent.py:120}}
Sep 14 23:05:42.695772 dv-cinder-760178-13-smb neutron-server[94111]: DEBUG neutron.plugins.ml2.managers [req-1e6d9b57-7461-41bf-9936-11d416f9ff0c req-774d7ae5-cfa2-4209-afc3-343762fbab8b service neutron] Bound port: f3bd17e4-da2b-4179-bc48-a70bc4653dc9, host: hv-cinder-76017, vif_type: hyperv, vif_details: {"connectivity": "legacy", "port_filter": false}, binding_levels: [{'bound_driver': 'hyperv', 'bound_segment': {'id': '7869bdef-b5d9-4fef-ae71-574391e3a18f', 'network_type': 'vlan', 'physical_network': 'physnet1', 'segmentation_id': 85, 'network_id': '5b3a3688-16c1-422d-a717-80231ff4a156'}}] {{(pid=94111) _bind_port_level /opt/stack/neutron/neutron/plugins/ml2/managers.py:928}}
Sep 14 23:05:42.696381 dv-cinder-760178-13-smb neutron-server[94111]: DEBUG neutron_lib.callbacks.manager [req-1e6d9b57-7461-41bf-9936-11d416f9ff0c req-774d7ae5-cfa2-4209-afc3-343762fbab8b service neutron] Notify callbacks ['neutron.plugins.ml2.plugin.SecurityGroupDbMixin._ensure_default_security_group_handler-1581029'] for port, before_update {{(pid=94111) _notify_loop /usr/local/lib/python3.8/dist-packages/neutron_lib/callbacks/manager.py:192}}
Sep 14 23:05:42.733998 dv-cinder-760178-13-smb neutron-server[94112]: DEBUG neutron.wsgi [-] (94112) accepted ('10.222.0.47', 43180) {{(pid=94112) server /usr/local/lib/python3.8/dist-packages/eventlet/wsgi.py:982}}
Sep 14 23:05:42.802172 dv-cinder-760178-13-smb neutron-server[94111]: DEBUG neutron.wsgi [-] (94111) accepted ('10.222.0.47', 43184) {{(pid=94111) server /usr/local/lib/python3.8/dist-packages/eventlet/wsgi.py:982}}
Sep 14 23:05:42.830258 dv-cinder-760178-13-smb neutron-server[94111]: INFO neutron.wsgi [req-15abbcc1-ab56-49d2-8b3c-b53a2747ee88 req-5550c547-4cd4-4133-9c10-d4cdfa136b06 tempest-VolumesActionsTest-1332040299 tempest-VolumesActionsTest-1332040299-project] 10.222.0.47 "GET /v2.0/ports?device_id=2fc6eb5e-7a5e-4728-9d9c-8bd9619c0667 HTTP/1.1" status: 200 len: 210 time: 0.0471842
Sep 14 23:05:42.832841 dv-cinder-760178-13-smb neutron-server[94111]: DEBUG neutron.plugins.ml2.db [req-1e6d9b57-7461-41bf-9936-11d416f9ff0c req-774d7ae5-cfa2-4209-afc3-343762fbab8b service neutron] For port f3bd17e4-da2b-4179-bc48-a70bc4653dc9, host hv-cinder-76017, cleared binding levels {{(pid=94111) clear_binding_levels /opt/stack/neutron/neutron/plugins/ml2/db.py:87}}
Sep 14 23:05:42.859946 dv-cinder-760178-13-smb neutron-server[94111]: DEBUG neutron.plugins.ml2.db [req-1e6d9b57-7461-41bf-9936-11d416f9ff0c req-774d7ae5-cfa2-4209-afc3-343762fbab8b service neutron] For port f3bd17e4-da2b-4179-bc48-a70bc4653dc9, host hv-cinder-76017, set binding levels [PortBindingLevel(driver='hyperv',host='hv-cinder-76017',level=0,port_id=f3bd17e4-da2b-4179-bc48-a70bc4653dc9,segment=NetworkSegment(7869bdef-b5d9-4fef-ae71-574391e3a18f),segment_id=7869bdef-b5d9-4fef-ae71-574391e3a18f)] {{(pid=94111) set_binding_levels /opt/stack/neutron/neutron/plugins/ml2/db.py:59}}
Sep 14 23:05:42.864989 dv-cinder-760178-13-smb neutron-server[94111]: DEBUG neutron_lib.callbacks.manager [req-1e6d9b57-7461-41bf-9936-11d416f9ff0c req-774d7ae5-cfa2-4209-afc3-343762fbab8b service neutron] Notify callbacks ['neutron.plugins.ml2.plugin.SecurityGroupServerNotifierRpcMixin._notify_sg_on_port_change-1580964', 'neutron.plugins.ml2.ovo_rpc._ObjectChangeHandler.handle_event-176249', 'neutron.api.rpc.agentnotifiers.dhcp_rpc_agent_api.DhcpAgentNotifyAPI._native_event_send_dhcp_notification-536653', 'neutron.db.l3_db.L3RpcNotifierMixin._notify_gateway_port_ip_changed-8777188165389', 'neutron.db.l3_dvrscheduler_db._notify_l3_agent_port_update-8777187614154', 'neutron.db.l3_hascheduler_db._notify_l3_agent_ha_port_update-8777187614172', 'neutron.services.segments.plugin.NovaSegmentNotifier._notify_port_updated-2950286'] for port, after_update {{(pid=94111) _notify_loop /usr/local/lib/python3.8/dist-packages/neutron_lib/callbacks/manager.py:192}}
Sep 14 23:05:42.883697 dv-cinder-760178-13-smb neutron-server[94112]: DEBUG neutron.api.v2.base [None req-ceff46c9-694e-455d-a678-d966a82a00bd admin admin] Request body: {'network': {'name': 'tempest-AttachVolumeNegativeTest-1667072051-network', 'tenant_id': 'db24e90e92514b92ae48fc57b376398f'}} {{(pid=94112) prepare_request_body /opt/stack/neutron/neutron/api/v2/base.py:730}}
Sep 14 23:05:42.910804 dv-cinder-760178-13-smb neutron-server[94112]: DEBUG neutron.pecan_wsgi.hooks.quota_enforcement [None req-ceff46c9-694e-455d-a678-d966a82a00bd admin admin] Made reservation on behalf of db24e90e92514b92ae48fc57b376398f for: {'network': 1} {{(pid=94112) before /opt/stack/neutron/neutron/pecan_wsgi/hooks/quota_enforcement.py:53}}
Sep 14 23:05:42.914140 dv-cinder-760178-13-smb neutron-server[94112]: DEBUG neutron_lib.callbacks.manager [None req-ceff46c9-694e-455d-a678-d966a82a00bd admin admin] Notify callbacks ['neutron.plugins.ml2.plugin.SecurityGroupDbMixin._ensure_default_security_group_handler-1581029'] for network, before_create {{(pid=94112) _notify_loop /usr/local/lib/python3.8/dist-packages/neutron_lib/callbacks/manager.py:192}}
Sep 14 23:05:42.925636 dv-cinder-760178-13-smb neutron-server[94112]: DEBUG neutron_lib.callbacks.manager [None req-ceff46c9-694e-455d-a678-d966a82a00bd admin admin] Notify callbacks [] for security_group, before_create {{(pid=94112) _notify_loop /usr/local/lib/python3.8/dist-packages/neutron_lib/callbacks/manager.py:192}}
Sep 14 23:05:42.926690 dv-cinder-760178-13-smb neutron-server[94111]: DEBUG neutron_lib.callbacks.manager [None req-50391be3-d0ed-4bad-bd54-c681e7954a58 admin admin] Notify callbacks [] for security_group, before_create {{(pid=94111) _notify_loop /usr/local/lib/python3.8/dist-packages/neutron_lib/callbacks/manager.py:192}}
Sep 14 23:05:42.934738 dv-cinder-760178-13-smb neutron-server[94111]: DEBUG neutron.pecan_wsgi.hooks.policy_enforcement [req-1e6d9b57-7461-41bf-9936-11d416f9ff0c req-774d7ae5-cfa2-4209-afc3-343762fbab8b service neutron] Attributes excluded by policy engine: ['standard_attr_id'] {{(pid=94111) _exclude_attributes_by_policy /opt/stack/neutron/neutron/pecan_wsgi/hooks/policy_enforcement.py:255}}
Sep 14 23:05:42.935653 dv-cinder-760178-13-smb neutron-server[94111]: DEBUG neutron_lib.callbacks.manager [req-1e6d9b57-7461-41bf-9936-11d416f9ff0c req-774d7ae5-cfa2-4209-afc3-343762fbab8b service neutron] Notify callbacks ['neutron.notifiers.nova.Notifier._send_nova_notification-74763'] for port, before_response {{(pid=94111) _notify_loop /usr/local/lib/python3.8/dist-packages/neutron_lib/callbacks/manager.py:192}}
Sep 14 23:05:42.937436 dv-cinder-760178-13-smb neutron-server[94111]: INFO neutron.wsgi [req-1e6d9b57-7461-41bf-9936-11d416f9ff0c req-774d7ae5-cfa2-4209-afc3-343762fbab8b service neutron] 10.222.0.54 "PUT /v2.0/ports/f3bd17e4-da2b-4179-bc48-a70bc4653dc9 HTTP/1.1" status: 200 len: 1094 time: 1.3603716
Sep 14 23:05:42.937847 dv-cinder-760178-13-smb neutron-server[94111]: DEBUG neutron.notifiers.nova [-] Sending events: [{'name': 'network-changed', 'server_uuid': 'e07b69e2-3789-41f5-81f2-ea807699d10f', 'tag': 'f3bd17e4-da2b-4179-bc48-a70bc4653dc9'}] {{(pid=94111) send_events /opt/stack/neutron/neutron/notifiers/nova.py:262}}
Sep 14 23:05:42.940323 dv-cinder-760178-13-smb neutron-server[94111]: DEBUG novaclient.v2.client [-] REQ: curl -g -i --cacert "/opt/stack/data/ca-bundle.pem" -X POST http://10.222.0.47/compute/v2.1/os-server-external-events -H "Accept: application/json" -H "Content-Type: application/json" -H "User-Agent: python-novaclient" -H "X-Auth-Token: {SHA256}46447a7d6f9e3b0022eb9bfca292ef25dddab697ba06cac84d7490b15fb0a786" -H "X-OpenStack-Nova-API-Version: 2.1" -H "X-OpenStack-Request-ID: req-d0a5f6b4-eeb5-447a-8c4d-10275c3b6478" -d '{"events": [{"name": "network-changed", "server_uuid": "e07b69e2-3789-41f5-81f2-ea807699d10f", "tag": "f3bd17e4-da2b-4179-bc48-a70bc4653dc9"}]}' {{(pid=94111) _http_log_request /usr/local/lib/python3.8/dist-packages/keystoneauth1/session.py:519}}
Sep 14 23:05:42.968949 dv-cinder-760178-13-smb neutron-server[94111]: DEBUG neutron.api.rpc.handlers.resources_rpc [None req-774d7ae5-cfa2-4209-afc3-343762fbab8b service neutron] Pushing event updated for resources: {'Port': ['ID=f3bd17e4-da2b-4179-bc48-a70bc4653dc9,revision_number=3']} {{(pid=94111) push /opt/stack/neutron/neutron/api/rpc/handlers/resources_rpc.py:237}}
Sep 14 23:05:43.008835 dv-cinder-760178-13-smb neutron-server[94111]: DEBUG novaclient.v2.client [-] RESP: [200] Connection: close Content-Length: 179 Content-Type: application/json Date: Tue, 14 Sep 2021 23:05:42 GMT OpenStack-API-Version: compute 2.1 Server: Apache/2.4.41 (Ubuntu) Vary: OpenStack-API-Version,X-OpenStack-Nova-API-Version X-OpenStack-Nova-API-Version: 2.1 x-compute-request-id: req-71c2387b-8ec6-4e4e-b8da-bf5f96d1c611 x-openstack-request-id: req-71c2387b-8ec6-4e4e-b8da-bf5f96d1c611 {{(pid=94111) _http_log_response /usr/local/lib/python3.8/dist-packages/keystoneauth1/session.py:550}}
Sep 14 23:05:43.009327 dv-cinder-760178-13-smb neutron-server[94111]: DEBUG novaclient.v2.client [-] RESP BODY: {"events": [{"name": "network-changed", "server_uuid": "e07b69e2-3789-41f5-81f2-ea807699d10f", "tag": "f3bd17e4-da2b-4179-bc48-a70bc4653dc9", "status": "completed", "code": 200}]} {{(pid=94111) _http_log_response /usr/local/lib/python3.8/dist-packages/keystoneauth1/session.py:582}}
Sep 14 23:05:43.009842 dv-cinder-760178-13-smb neutron-server[94111]: DEBUG novaclient.v2.client [-] POST call to compute for http://10.222.0.47/compute/v2.1/os-server-external-events used request id req-71c2387b-8ec6-4e4e-b8da-bf5f96d1c611 {{(pid=94111) request /usr/local/lib/python3.8/dist-packages/keystoneauth1/session.py:954}}
Sep 14 23:05:43.010381 dv-cinder-760178-13-smb neutron-server[94111]: INFO neutron.notifiers.nova [-] Nova event response: {'name': 'network-changed', 'server_uuid': 'e07b69e2-3789-41f5-81f2-ea807699d10f', 'tag': 'f3bd17e4-da2b-4179-bc48-a70bc4653dc9', 'status': 'completed', 'code': 200}
Sep 14 23:05:43.041709 dv-cinder-760178-13-smb neutron-server[94112]: DEBUG neutron_lib.callbacks.manager [None req-ceff46c9-694e-455d-a678-d966a82a00bd admin admin] Notify callbacks [] for security_group, precommit_create {{(pid=94112) _notify_loop /usr/local/lib/python3.8/dist-packages/neutron_lib/callbacks/manager.py:192}}
Sep 14 23:05:43.048826 dv-cinder-760178-13-smb neutron-server[94112]: DEBUG neutron_lib.callbacks.manager [None req-ceff46c9-694e-455d-a678-d966a82a00bd admin admin] Notify callbacks ['neutron.plugins.ml2.ovo_rpc._ObjectChangeHandler.handle_event-594861'] for security_group, after_create {{(pid=94112) _notify_loop /usr/local/lib/python3.8/dist-packages/neutron_lib/callbacks/manager.py:192}}
Sep 14 23:05:43.075782 dv-cinder-760178-13-smb neutron-server[94112]: DEBUG neutron.plugins.ml2.drivers.helpers [None req-ceff46c9-694e-455d-a678-d966a82a00bd admin admin] vlan segment allocate from pool success with {'vlan_id': 98, 'physical_network': 'physnet1'} {{(pid=94112) allocate_partially_specified_segment /opt/stack/neutron/neutron/plugins/ml2/drivers/helpers.py:153}}
Sep 14 23:05:43.086021 dv-cinder-760178-13-smb neutron-server[94112]: DEBUG neutron.api.rpc.handlers.resources_rpc [None req-ceff46c9-694e-455d-a678-d966a82a00bd admin admin] Pushing event updated for resources: {'SecurityGroup': ['ID=53502681-429c-43e9-8154-256c4922adac,revision_number=1']} {{(pid=94112) push /opt/stack/neutron/neutron/api/rpc/handlers/resources_rpc.py:237}}
Sep 14 23:05:43.092970 dv-cinder-760178-13-smb neutron-server[94111]: DEBUG neutron.pecan_wsgi.hooks.policy_enforcement [req-1e6d9b57-7461-41bf-9936-11d416f9ff0c req-423e7462-95d4-48e5-85b5-f97d74822a09 service neutron] Attributes excluded by policy engine: ['standard_attr_id'] {{(pid=94111) _exclude_attributes_by_policy /opt/stack/neutron/neutron/pecan_wsgi/hooks/policy_enforcement.py:255}}
Sep 14 23:05:43.094418 dv-cinder-760178-13-smb neutron-server[94112]: DEBUG neutron_lib.callbacks.manager [None req-ceff46c9-694e-455d-a678-d966a82a00bd admin admin] Notify callbacks ['neutron.plugins.ml2.plugin.Ml2Plugin._handle_segment_change-1745856'] for segment, precommit_create {{(pid=94112) _notify_loop /usr/local/lib/python3.8/dist-packages/neutron_lib/callbacks/manager.py:192}}
Sep 14 23:05:43.094569 dv-cinder-760178-13-smb neutron-server[94111]: INFO neutron.wsgi [req-1e6d9b57-7461-41bf-9936-11d416f9ff0c req-423e7462-95d4-48e5-85b5-f97d74822a09 service neutron] 10.222.0.54 "GET /v2.0/ports?tenant_id=c83cbe9e6bc74827aa52cdb217e7cbef&device_id=e07b69e2-3789-41f5-81f2-ea807699d10f HTTP/1.1" status: 200 len: 1097 time: 0.0633430
Sep 14 23:05:43.094898 dv-cinder-760178-13-smb neutron-server[94112]: INFO neutron.db.segments_db [None req-ceff46c9-694e-455d-a678-d966a82a00bd admin admin] Added segment 6bdcd002-df92-40d8-8a50-67612af336e9 of type vlan for network a6e21d08-4189-4da0-a466-eca6a7523667
Sep 14 23:05:43.097009 dv-cinder-760178-13-smb neutron-server[94112]: DEBUG neutron.api.rpc.callbacks.version_manager [None req-ceff46c9-694e-455d-a678-d966a82a00bd admin admin] Version for resource type AddressGroup changed None to 1.2 on consumer Open vSwitch agent@dv-cinder-760178-13-smb {{(pid=94112) _set_version /opt/stack/neutron/neutron/api/rpc/callbacks/version_manager.py:113}}
Sep 14 23:05:43.097427 dv-cinder-760178-13-smb neutron-server[94112]: DEBUG neutron.api.rpc.callbacks.version_manager [None req-ceff46c9-694e-455d-a678-d966a82a00bd admin admin] Version for resource type ConntrackHelper changed None to 1.0 on consumer Open vSwitch agent@dv-cinder-760178-13-smb {{(pid=94112) _set_version /opt/stack/neutron/neutron/api/rpc/callbacks/version_manager.py:113}}
Sep 14 23:05:43.097836 dv-cinder-760178-13-smb neutron-server[94112]: DEBUG neutron.api.rpc.callbacks.version_manager [None req-ceff46c9-694e-455d-a678-d966a82a00bd admin admin] Version for resource type Log changed None to 1.0 on consumer Open vSwitch agent@dv-cinder-760178-13-smb {{(pid=94112) _set_version /opt/stack/neutron/neutron/api/rpc/callbacks/version_manager.py:113}}
Sep 14 23:05:43.098241 dv-cinder-760178-13-smb neutron-server[94112]: DEBUG neutron.api.rpc.callbacks.version_manager [None req-ceff46c9-694e-455d-a678-d966a82a00bd admin admin] Version for resource type Network changed None to 1.1 on consumer Open vSwitch agent@dv-cinder-760178-13-smb {{(pid=94112) _set_version /opt/stack/neutron/neutron/api/rpc/callbacks/version_manager.py:113}}
Sep 14 23:05:43.098641 dv-cinder-760178-13-smb neutron-server[94112]: DEBUG neutron.api.rpc.callbacks.version_manager [None req-ceff46c9-694e-455d-a678-d966a82a00bd admin admin] Version for resource type Port changed None to 1.7 on consumer Open vSwitch agent@dv-cinder-760178-13-smb {{(pid=94112) _set_version /opt/stack/neutron/neutron/api/rpc/callbacks/version_manager.py:113}}
Sep 14 23:05:43.099058 dv-cinder-760178-13-smb neutron-server[94112]: DEBUG neutron.api.rpc.callbacks.version_manager [None req-ceff46c9-694e-455d-a678-d966a82a00bd admin admin] Version for resource type PortForwarding changed None to 1.2 on consumer Open vSwitch agent@dv-cinder-760178-13-smb {{(pid=94112) _set_version /opt/stack/neutron/neutron/api/rpc/callbacks/version_manager.py:113}}
Sep 14 23:05:43.099489 dv-cinder-760178-13-smb neutron-server[94112]: DEBUG neutron.api.rpc.callbacks.version_manager [None req-ceff46c9-694e-455d-a678-d966a82a00bd admin admin] Version for resource type QosPolicy changed None to 1.9 on consumer Open vSwitch agent@dv-cinder-760178-13-smb {{(pid=94112) _set_version /opt/stack/neutron/neutron/api/rpc/callbacks/version_manager.py:113}}
Sep 14 23:05:43.099891 dv-cinder-760178-13-smb neutron-server[94112]: DEBUG neutron.api.rpc.callbacks.version_manager [None req-ceff46c9-694e-455d-a678-d966a82a00bd admin admin] Version for resource type SecurityGroup changed None to 1.4 on consumer Open vSwitch agent@dv-cinder-760178-13-smb {{(pid=94112) _set_version /opt/stack/neutron/neutron/api/rpc/callbacks/version_manager.py:113}}
Sep 14 23:05:43.100838 dv-cinder-760178-13-smb neutron-server[94112]: DEBUG neutron.api.rpc.callbacks.version_manager [None req-ceff46c9-694e-455d-a678-d966a82a00bd admin admin] Version for resource type SecurityGroupRule changed None to 1.2 on consumer Open vSwitch agent@dv-cinder-760178-13-smb {{(pid=94112) _set_version /opt/stack/neutron/neutron/api/rpc/callbacks/version_manager.py:113}}
Sep 14 23:05:43.101269 dv-cinder-760178-13-smb neutron-server[94112]: DEBUG neutron.api.rpc.callbacks.version_manager [None req-ceff46c9-694e-455d-a678-d966a82a00bd admin admin] Version for resource type SubPort changed None to 1.0 on consumer Open vSwitch agent@dv-cinder-760178-13-smb {{(pid=94112) _set_version /opt/stack/neutron/neutron/api/rpc/callbacks/version_manager.py:113}}
