Sep 14 23:05:11.074687 dv-cinder-760178-13-smb neutron-server[94111]: DEBUG neutron_lib.callbacks.manager [req-fb750f1e-3cec-4c65-8729-239f8d56bb3d req-db5bc0d6-11c4-4114-99f8-11868822abfb service neutron] Notify callbacks ['neutron.plugins.ml2.plugin.SecurityGroupServerNotifierRpcMixin._notify_sg_on_port_change-1580964', 'neutron.plugins.ml2.ovo_rpc._ObjectChangeHandler.handle_event-176249', 'neutron.api.rpc.agentnotifiers.dhcp_rpc_agent_api.DhcpAgentNotifyAPI._native_event_send_dhcp_notification-536653', 'neutron.db.l3_db.L3RpcNotifierMixin._notify_gateway_port_ip_changed-8777188165389', 'neutron.db.l3_dvrscheduler_db._notify_l3_agent_port_update-8777187614154', 'neutron.db.l3_hascheduler_db._notify_l3_agent_ha_port_update-8777187614172'] for port, after_update {{(pid=94111) _notify_loop /usr/local/lib/python3.8/dist-packages/neutron_lib/callbacks/manager.py:192}}
Sep 14 23:05:11.093614 dv-cinder-760178-13-smb neutron-server[94112]: DEBUG neutron_lib.callbacks.manager [None req-9c975bf3-a9a1-437c-88f8-30d7b2e6ae4f admin admin] Notify callbacks ['neutron.plugins.ml2.plugin.Ml2Plugin._network_delete_precommit_handler-1748690', 'neutron.services.segments.db._delete_segments_for_network-8777188140445'] for network, precommit_delete {{(pid=94112) _notify_loop /usr/local/lib/python3.8/dist-packages/neutron_lib/callbacks/manager.py:192}}
Sep 14 23:05:11.154323 dv-cinder-760178-13-smb neutron-server[94112]: DEBUG neutron_lib.callbacks.manager [None req-9c975bf3-a9a1-437c-88f8-30d7b2e6ae4f admin admin] Subscribe: > segment before_delete 55550000 {{(pid=94112) subscribe /usr/local/lib/python3.8/dist-packages/neutron_lib/callbacks/manager.py:45}}
Sep 14 23:05:11.154896 dv-cinder-760178-13-smb neutron-server[94112]: DEBUG neutron_lib.callbacks.manager [None req-9c975bf3-a9a1-437c-88f8-30d7b2e6ae4f admin admin] Subscribe: > subnet precommit_delete_associations 55550000 {{(pid=94112) subscribe /usr/local/lib/python3.8/dist-packages/neutron_lib/callbacks/manager.py:45}}
Sep 14 23:05:11.155454 dv-cinder-760178-13-smb neutron-server[94112]: DEBUG neutron_lib.callbacks.manager [None req-9c975bf3-a9a1-437c-88f8-30d7b2e6ae4f admin admin] Subscribe: > segment_host_mapping after_create 55550000 {{(pid=94112) subscribe /usr/local/lib/python3.8/dist-packages/neutron_lib/callbacks/manager.py:45}}
Sep 14 23:05:11.155900 dv-cinder-760178-13-smb neutron-server[94112]: DEBUG neutron_lib.callbacks.manager [None req-9c975bf3-a9a1-437c-88f8-30d7b2e6ae4f admin admin] Subscribe: > port after_create 55550000 {{(pid=94112) subscribe /usr/local/lib/python3.8/dist-packages/neutron_lib/callbacks/manager.py:45}}
Sep 14 23:05:11.156136 dv-cinder-760178-13-smb neutron-server[94112]: DEBUG neutron_lib.callbacks.manager [None req-9c975bf3-a9a1-437c-88f8-30d7b2e6ae4f admin admin] Subscribe: > port after_delete 55550000 {{(pid=94112) subscribe /usr/local/lib/python3.8/dist-packages/neutron_lib/callbacks/manager.py:45}}
Sep 14 23:05:11.156476 dv-cinder-760178-13-smb neutron-server[94112]: DEBUG neutron_lib.callbacks.manager [None req-9c975bf3-a9a1-437c-88f8-30d7b2e6ae4f admin admin] Subscribe: > port after_update 55550000 {{(pid=94112) subscribe /usr/local/lib/python3.8/dist-packages/neutron_lib/callbacks/manager.py:45}}
Sep 14 23:05:11.156801 dv-cinder-760178-13-smb neutron-server[94112]: DEBUG neutron_lib.callbacks.manager [None req-9c975bf3-a9a1-437c-88f8-30d7b2e6ae4f admin admin] Subscribe: > segment after_delete 55550000 {{(pid=94112) subscribe /usr/local/lib/python3.8/dist-packages/neutron_lib/callbacks/manager.py:45}}
Sep 14 23:05:11.157125 dv-cinder-760178-13-smb neutron-server[94112]: DEBUG neutron_lib.callbacks.manager [None req-9c975bf3-a9a1-437c-88f8-30d7b2e6ae4f admin admin] Subscribe: > subnet after_create 55550000 {{(pid=94112) subscribe /usr/local/lib/python3.8/dist-packages/neutron_lib/callbacks/manager.py:45}}
Sep 14 23:05:11.157606 dv-cinder-760178-13-smb neutron-server[94112]: DEBUG neutron_lib.callbacks.manager [None req-9c975bf3-a9a1-437c-88f8-30d7b2e6ae4f admin admin] Subscribe: > subnet after_delete 55550000 {{(pid=94112) subscribe /usr/local/lib/python3.8/dist-packages/neutron_lib/callbacks/manager.py:45}}
Sep 14 23:05:11.157939 dv-cinder-760178-13-smb neutron-server[94112]: DEBUG neutron_lib.callbacks.manager [None req-9c975bf3-a9a1-437c-88f8-30d7b2e6ae4f admin admin] Subscribe: > subnet after_update 55550000 {{(pid=94112) subscribe /usr/local/lib/python3.8/dist-packages/neutron_lib/callbacks/manager.py:45}}
Sep 14 23:05:11.338144 dv-cinder-760178-13-smb neutron-server[94111]: DEBUG neutron.api.rpc.handlers.resources_rpc [None req-db5bc0d6-11c4-4114-99f8-11868822abfb service neutron] Pushing event updated for resources: {'Port': ['ID=95297746-8d19-4184-9f56-624578c754ca,revision_number=2']} {{(pid=94111) push /opt/stack/neutron/neutron/api/rpc/handlers/resources_rpc.py:237}}
Sep 14 23:05:11.344841 dv-cinder-760178-13-smb neutron-server[94112]: DEBUG neutron_lib.callbacks.manager [None req-9c975bf3-a9a1-437c-88f8-30d7b2e6ae4f admin admin] Subscribe: > subnet after_create 55550000 {{(pid=94112) subscribe /usr/local/lib/python3.8/dist-packages/neutron_lib/callbacks/manager.py:45}}
Sep 14 23:05:11.346576 dv-cinder-760178-13-smb neutron-server[94112]: DEBUG neutron_lib.callbacks.manager [None req-9c975bf3-a9a1-437c-88f8-30d7b2e6ae4f admin admin] Subscribe: > subnet after_delete 55550000 {{(pid=94112) subscribe /usr/local/lib/python3.8/dist-packages/neutron_lib/callbacks/manager.py:45}}
Sep 14 23:05:11.347045 dv-cinder-760178-13-smb neutron-server[94112]: DEBUG neutron_lib.callbacks.manager [None req-9c975bf3-a9a1-437c-88f8-30d7b2e6ae4f admin admin] Subscribe: > subnet before_create 55550000 {{(pid=94112) subscribe /usr/local/lib/python3.8/dist-packages/neutron_lib/callbacks/manager.py:45}}
Sep 14 23:05:11.347380 dv-cinder-760178-13-smb neutron-server[94112]: DEBUG neutron_lib.callbacks.manager [None req-9c975bf3-a9a1-437c-88f8-30d7b2e6ae4f admin admin] Subscribe: > subnet before_update 55550000 {{(pid=94112) subscribe /usr/local/lib/python3.8/dist-packages/neutron_lib/callbacks/manager.py:45}}
Sep 14 23:05:11.347757 dv-cinder-760178-13-smb neutron-server[94112]: DEBUG neutron.services.segments.db [None req-9c975bf3-a9a1-437c-88f8-30d7b2e6ae4f admin admin] neutron.services.segments.plugin.Plugin method get_segments called with arguments (,) {'filters': {'network_id': ['834cf738-8f5f-4c41-bac2-77d69ca1fc70']}} {{(pid=94112) wrapper /usr/local/lib/python3.8/dist-packages/oslo_log/helpers.py:65}}
Sep 14 23:05:11.364189 dv-cinder-760178-13-smb neutron-server[94111]: DEBUG neutron.plugins.ml2.managers [req-fb750f1e-3cec-4c65-8729-239f8d56bb3d req-db5bc0d6-11c4-4114-99f8-11868822abfb service neutron] Attempting to bind port 95297746-8d19-4184-9f56-624578c754ca on host hv-cinder-76017 for vnic_type normal with profile {{(pid=94111) bind_port /opt/stack/neutron/neutron/plugins/ml2/managers.py:790}}
Sep 14 23:05:11.364548 dv-cinder-760178-13-smb neutron-server[94111]: DEBUG neutron.plugins.ml2.managers [req-fb750f1e-3cec-4c65-8729-239f8d56bb3d req-db5bc0d6-11c4-4114-99f8-11868822abfb service neutron] Attempting to bind port 95297746-8d19-4184-9f56-624578c754ca by drivers openvswitch,hyperv on host hv-cinder-76017 at level 0 using segments [{'id': 'b3be047e-a9d5-4c63-bedd-8d40b73bec87', 'network_type': 'vlan', 'physical_network': 'physnet1', 'segmentation_id': 59, 'network_id': 'f4c22899-571d-4716-8f41-60efb8814ca0'}] {{(pid=94111) _bind_port_level /opt/stack/neutron/neutron/plugins/ml2/managers.py:815}}
Sep 14 23:05:11.364904 dv-cinder-760178-13-smb neutron-server[94111]: DEBUG neutron.plugins.ml2.drivers.mech_agent [req-fb750f1e-3cec-4c65-8729-239f8d56bb3d req-db5bc0d6-11c4-4114-99f8-11868822abfb service neutron] Attempting to bind port 95297746-8d19-4184-9f56-624578c754ca on network f4c22899-571d-4716-8f41-60efb8814ca0 {{(pid=94111) bind_port /opt/stack/neutron/neutron/plugins/ml2/drivers/mech_agent.py:91}}
Sep 14 23:05:11.372074 dv-cinder-760178-13-smb neutron-server[94111]: DEBUG neutron.db.db_base_plugin_common [req-46df8fb2-5fc0-4abb-84e5-a7e77308915e req-853bf7fd-370b-439d-abd8-6be0b25a9753 tempest-ServerRescueNegativeTestJSON-1640360435 tempest-ServerRescueNegativeTestJSON-1640360435-project] Allocated IP 172.20.0.4 (f4c22899-571d-4716-8f41-60efb8814ca0/aeffaafb-aa29-412c-a4fc-dad0c8f7a1b6/4f6a0cef-facb-482c-8150-6ad2dbbe8b94) {{(pid=94111) _store_ip_allocation /opt/stack/neutron/neutron/db/db_base_plugin_common.py:131}}
Sep 14 23:05:11.374292 dv-cinder-760178-13-smb neutron-server[94111]: DEBUG neutron.plugins.ml2.drivers.mech_agent [req-fb750f1e-3cec-4c65-8729-239f8d56bb3d req-db5bc0d6-11c4-4114-99f8-11868822abfb service neutron] Port 95297746-8d19-4184-9f56-624578c754ca on network f4c22899-571d-4716-8f41-60efb8814ca0 not bound, no agent of type Open vSwitch agent registered on host hv-cinder-76017 {{(pid=94111) bind_port /opt/stack/neutron/neutron/plugins/ml2/drivers/mech_agent.py:103}}
Sep 14 23:05:11.374652 dv-cinder-760178-13-smb neutron-server[94111]: DEBUG neutron.plugins.ml2.drivers.mech_agent [req-fb750f1e-3cec-4c65-8729-239f8d56bb3d req-db5bc0d6-11c4-4114-99f8-11868822abfb service neutron] Attempting to bind port 95297746-8d19-4184-9f56-624578c754ca on network f4c22899-571d-4716-8f41-60efb8814ca0 {{(pid=94111) bind_port /opt/stack/neutron/neutron/plugins/ml2/drivers/mech_agent.py:91}}
Sep 14 23:05:11.389398 dv-cinder-760178-13-smb neutron-server[94111]: DEBUG neutron.plugins.ml2.drivers.mech_agent [req-fb750f1e-3cec-4c65-8729-239f8d56bb3d req-db5bc0d6-11c4-4114-99f8-11868822abfb service neutron] Checking agent: {'id': '14a50e9a-ed71-48d3-b7e8-b6a3a8511aae', 'agent_type': 'HyperV agent', 'binary': 'neutron-hyperv-agent', 'topic': 'N/A', 'host': 'hv-cinder-76017', 'admin_state_up': True, 'created_at': datetime.datetime(2021, 9, 14, 23, 2, 46), 'started_at': datetime.datetime(2021, 9, 14, 23, 2, 46), 'heartbeat_timestamp': datetime.datetime(2021, 9, 14, 23, 4, 46), 'description': None, 'resources_synced': None, 'availability_zone': None, 'alive': True, 'configurations': {'vswitch_mappings': {'physnet1$': 'br-data'}}, 'resource_versions': {}} {{(pid=94111) bind_port /opt/stack/neutron/neutron/plugins/ml2/drivers/mech_agent.py:110}}
Sep 14 23:05:11.389746 dv-cinder-760178-13-smb neutron-server[94111]: DEBUG neutron.plugins.ml2.drivers.mech_agent [req-fb750f1e-3cec-4c65-8729-239f8d56bb3d req-db5bc0d6-11c4-4114-99f8-11868822abfb service neutron] Checking segment: {'id': 'b3be047e-a9d5-4c63-bedd-8d40b73bec87', 'network_type': 'vlan', 'physical_network': 'physnet1', 'segmentation_id': 59, 'network_id': 'f4c22899-571d-4716-8f41-60efb8814ca0'} for mappings: {'physnet1$': 'br-data'} with network types: ['local', 'flat', 'vlan'] {{(pid=94111) check_segment_for_agent /opt/stack/neutron/neutron/plugins/ml2/drivers/mech_agent.py:358}}
Sep 14 23:05:11.390303 dv-cinder-760178-13-smb neutron-server[94111]: DEBUG neutron.plugins.ml2.drivers.mech_agent [req-fb750f1e-3cec-4c65-8729-239f8d56bb3d req-db5bc0d6-11c4-4114-99f8-11868822abfb service neutron] Bound using segment: {'id': 'b3be047e-a9d5-4c63-bedd-8d40b73bec87', 'network_type': 'vlan', 'physical_network': 'physnet1', 'segmentation_id': 59, 'network_id': 'f4c22899-571d-4716-8f41-60efb8814ca0'} {{(pid=94111) bind_port /opt/stack/neutron/neutron/plugins/ml2/drivers/mech_agent.py:120}}
Sep 14 23:05:11.390794 dv-cinder-760178-13-smb neutron-server[94111]: DEBUG neutron.plugins.ml2.managers [req-fb750f1e-3cec-4c65-8729-239f8d56bb3d req-db5bc0d6-11c4-4114-99f8-11868822abfb service neutron] Bound port: 95297746-8d19-4184-9f56-624578c754ca, host: hv-cinder-76017, vif_type: hyperv, vif_details: {"connectivity": "legacy", "port_filter": false}, binding_levels: [{'bound_driver': 'hyperv', 'bound_segment': {'id': 'b3be047e-a9d5-4c63-bedd-8d40b73bec87', 'network_type': 'vlan', 'physical_network': 'physnet1', 'segmentation_id': 59, 'network_id': 'f4c22899-571d-4716-8f41-60efb8814ca0'}}] {{(pid=94111) _bind_port_level /opt/stack/neutron/neutron/plugins/ml2/managers.py:928}}
Sep 14 23:05:11.391139 dv-cinder-760178-13-smb neutron-server[94111]: DEBUG neutron_lib.callbacks.manager [req-fb750f1e-3cec-4c65-8729-239f8d56bb3d req-db5bc0d6-11c4-4114-99f8-11868822abfb service neutron] Notify callbacks ['neutron.plugins.ml2.plugin.SecurityGroupDbMixin._ensure_default_security_group_handler-1581029'] for port, before_update {{(pid=94111) _notify_loop /usr/local/lib/python3.8/dist-packages/neutron_lib/callbacks/manager.py:192}}
Sep 14 23:05:11.545346 dv-cinder-760178-13-smb neutron-server[94112]: DEBUG neutron.services.segments.db [None req-9c975bf3-a9a1-437c-88f8-30d7b2e6ae4f admin admin] neutron.services.segments.plugin.Plugin method delete_segment called with arguments (, 'b8987b7f-a6c6-4f35-bfbc-f68b283f836d') {'for_net_delete': True} {{(pid=94112) wrapper /usr/local/lib/python3.8/dist-packages/oslo_log/helpers.py:65}}
Sep 14 23:05:11.546236 dv-cinder-760178-13-smb neutron-server[94112]: DEBUG neutron.services.segments.db [None req-9c975bf3-a9a1-437c-88f8-30d7b2e6ae4f admin admin] neutron.services.segments.plugin.Plugin method get_segment called with arguments (, 'b8987b7f-a6c6-4f35-bfbc-f68b283f836d') {} {{(pid=94112) wrapper /usr/local/lib/python3.8/dist-packages/oslo_log/helpers.py:65}}
Sep 14 23:05:11.568343 dv-cinder-760178-13-smb neutron-server[94112]: DEBUG neutron.db.db_base_plugin_common [req-f27a2346-c516-4f9a-839f-16ab8abbd912 req-d19a19c1-2a6d-46ae-b09c-4e49bb479e61 tempest-AttachVolumeShelveTestJSON-1440056523 tempest-AttachVolumeShelveTestJSON-1440056523-project] Allocated IP 172.20.0.12 (193b9067-f170-462a-8c06-da78b4a0348c/935ba6f6-ad41-442d-af6d-c94931a68d35/4cc2124b-2d6f-46c8-9e2e-fc6165284c64) {{(pid=94112) _store_ip_allocation /opt/stack/neutron/neutron/db/db_base_plugin_common.py:131}}
Sep 14 23:05:11.625125 dv-cinder-760178-13-smb neutron-server[94111]: INFO neutron.wsgi [req-3b8876a9-a297-4903-82c7-bf0b1ba4ca2a req-4bc5910d-0ae2-4872-a4d0-0e22b9fe0162 tempest-ServerRescueNegativeTestJSON-1640360435 tempest-ServerRescueNegativeTestJSON-1640360435-project] 10.222.0.47 "GET /v2.0/ports?device_id=c0cb0cc7-d161-4584-ae82-cdbaff220215 HTTP/1.1" status: 200 len: 210 time: 0.0593874
Sep 14 23:05:11.649018 dv-cinder-760178-13-smb neutron-server[94112]: DEBUG neutron_lib.callbacks.manager [None req-9c975bf3-a9a1-437c-88f8-30d7b2e6ae4f admin admin] Notify callbacks ['neutron.plugins.ml2.db._prevent_segment_delete_with_port_bound-8777188141734', 'neutron.services.segments.plugin.Plugin._prevent_segment_delete_with_subnet_associated-27189307'] for segment, before_delete {{(pid=94112) _notify_loop /usr/local/lib/python3.8/dist-packages/neutron_lib/callbacks/manager.py:192}}
Sep 14 23:05:11.768622 dv-cinder-760178-13-smb neutron-server[94111]: DEBUG neutron.plugins.ml2.db [req-fb750f1e-3cec-4c65-8729-239f8d56bb3d req-db5bc0d6-11c4-4114-99f8-11868822abfb service neutron] For port 95297746-8d19-4184-9f56-624578c754ca, host hv-cinder-76017, cleared binding levels {{(pid=94111) clear_binding_levels /opt/stack/neutron/neutron/plugins/ml2/db.py:87}}
Sep 14 23:05:11.787206 dv-cinder-760178-13-smb neutron-server[94111]: DEBUG neutron.plugins.ml2.db [req-fb750f1e-3cec-4c65-8729-239f8d56bb3d req-db5bc0d6-11c4-4114-99f8-11868822abfb service neutron] For port 95297746-8d19-4184-9f56-624578c754ca, host hv-cinder-76017, set binding levels [PortBindingLevel(driver='hyperv',host='hv-cinder-76017',level=0,port_id=95297746-8d19-4184-9f56-624578c754ca,segment=NetworkSegment(b3be047e-a9d5-4c63-bedd-8d40b73bec87),segment_id=b3be047e-a9d5-4c63-bedd-8d40b73bec87)] {{(pid=94111) set_binding_levels /opt/stack/neutron/neutron/plugins/ml2/db.py:59}}
Sep 14 23:05:11.807069 dv-cinder-760178-13-smb neutron-server[94112]: DEBUG neutron_lib.callbacks.manager [None req-9c975bf3-a9a1-437c-88f8-30d7b2e6ae4f admin admin] Notify callbacks ['neutron.plugins.ml2.plugin.Ml2Plugin._handle_segment_change-1745856'] for segment, precommit_delete {{(pid=94112) _notify_loop /usr/local/lib/python3.8/dist-packages/neutron_lib/callbacks/manager.py:192}}
Sep 14 23:05:11.820078 dv-cinder-760178-13-smb neutron-server[94112]: INFO neutron.wsgi [req-5ba4c02a-3bd1-4d70-88c7-1c8ee307bd7d req-66d48581-7e2a-4a4e-a6a0-bc2ec8a1e779 service neutron] 10.222.0.54 "GET /v2.0/networks/21344328-8d4e-4a44-8527-fb4118ab95d7?fields=segments HTTP/1.1" status: 200 len: 212 time: 0.7117620
Sep 14 23:05:11.825504 dv-cinder-760178-13-smb neutron-server[94111]: DEBUG neutron_lib.callbacks.manager [req-46df8fb2-5fc0-4abb-84e5-a7e77308915e req-853bf7fd-370b-439d-abd8-6be0b25a9753 tempest-ServerRescueNegativeTestJSON-1640360435 tempest-ServerRescueNegativeTestJSON-1640360435-project] Notify callbacks [] for port, precommit_create {{(pid=94111) _notify_loop /usr/local/lib/python3.8/dist-packages/neutron_lib/callbacks/manager.py:192}}
Sep 14 23:05:11.859969 dv-cinder-760178-13-smb neutron-server[94112]: DEBUG neutron.plugins.ml2.drivers.type_vlan [None req-9c975bf3-a9a1-437c-88f8-30d7b2e6ae4f admin admin] Releasing vlan 99 on physical network physnet1 to pool {{(pid=94112) release_segment /opt/stack/neutron/neutron/plugins/ml2/drivers/type_vlan.py:304}}
Sep 14 23:05:11.860695 dv-cinder-760178-13-smb neutron-server[94112]: DEBUG neutron_lib.callbacks.manager [None req-9c975bf3-a9a1-437c-88f8-30d7b2e6ae4f admin admin] Notify callbacks ['neutron.plugins.ml2.plugin.Ml2Plugin._handle_segment_change-1745856', 'neutron.services.segments.plugin.NovaSegmentNotifier._notify_segment_deleted-2907216'] for segment, after_delete {{(pid=94112) _notify_loop /usr/local/lib/python3.8/dist-packages/neutron_lib/callbacks/manager.py:192}}
Sep 14 23:05:11.866527 dv-cinder-760178-13-smb neutron-server[94111]: DEBUG neutron_lib.callbacks.manager [req-fb750f1e-3cec-4c65-8729-239f8d56bb3d req-db5bc0d6-11c4-4114-99f8-11868822abfb service neutron] Notify callbacks ['neutron.plugins.ml2.plugin.SecurityGroupServerNotifierRpcMixin._notify_sg_on_port_change-1580964', 'neutron.plugins.ml2.ovo_rpc._ObjectChangeHandler.handle_event-176249', 'neutron.api.rpc.agentnotifiers.dhcp_rpc_agent_api.DhcpAgentNotifyAPI._native_event_send_dhcp_notification-536653', 'neutron.db.l3_db.L3RpcNotifierMixin._notify_gateway_port_ip_changed-8777188165389', 'neutron.db.l3_dvrscheduler_db._notify_l3_agent_port_update-8777187614154', 'neutron.db.l3_hascheduler_db._notify_l3_agent_ha_port_update-8777187614172'] for port, after_update {{(pid=94111) _notify_loop /usr/local/lib/python3.8/dist-packages/neutron_lib/callbacks/manager.py:192}}
Sep 14 23:05:11.869526 dv-cinder-760178-13-smb neutron-server[94112]: /usr/lib/python3/dist-packages/secretstorage/dhcrypto.py:15: CryptographyDeprecationWarning: int_from_bytes is deprecated, use int.from_bytes instead
Sep 14 23:05:11.869526 dv-cinder-760178-13-smb neutron-server[94112]: from cryptography.utils import int_from_bytes
Sep 14 23:05:11.869526 dv-cinder-760178-13-smb neutron-server[94112]: /usr/lib/python3/dist-packages/secretstorage/util.py:19: CryptographyDeprecationWarning: int_from_bytes is deprecated, use int.from_bytes instead
Sep 14 23:05:11.869526 dv-cinder-760178-13-smb neutron-server[94112]: from cryptography.utils import int_from_bytes
Sep 14 23:05:11.869526 dv-cinder-760178-13-smb neutron-server[94112]: Traceback (most recent call last):
Sep 14 23:05:11.869526 dv-cinder-760178-13-smb neutron-server[94112]: File "/usr/local/lib/python3.8/dist-packages/eventlet/hubs/hub.py", line 476, in fire_timers
Sep 14 23:05:11.869526 dv-cinder-760178-13-smb neutron-server[94112]: timer()
Sep 14 23:05:11.869526 dv-cinder-760178-13-smb neutron-server[94112]: File "/usr/local/lib/python3.8/dist-packages/eventlet/hubs/timer.py", line 59, in __call__
Sep 14 23:05:11.869526 dv-cinder-760178-13-smb neutron-server[94112]: cb(*args, **kw)
Sep 14 23:05:11.869526 dv-cinder-760178-13-smb neutron-server[94112]: File "/opt/stack/neutron/neutron/common/utils.py", line 906, in wrapper
Sep 14 23:05:11.869526 dv-cinder-760178-13-smb neutron-server[94112]: return func(*args, **kwargs)
Sep 14 23:05:11.869526 dv-cinder-760178-13-smb neutron-server[94112]: File "/opt/stack/neutron/neutron/notifiers/batch_notifier.py", line 58, in synced_send
Sep 14 23:05:11.869526 dv-cinder-760178-13-smb neutron-server[94112]: self._notify()
Sep 14 23:05:11.869526 dv-cinder-760178-13-smb neutron-server[94112]: File "/opt/stack/neutron/neutron/notifiers/batch_notifier.py", line 69, in _notify
Sep 14 23:05:11.869526 dv-cinder-760178-13-smb neutron-server[94112]: self.callback(batched_events)
Sep 14 23:05:11.869526 dv-cinder-760178-13-smb neutron-server[94112]: File "/opt/stack/neutron/neutron/services/segments/plugin.py", line 211, in _send_notifications
Sep 14 23:05:11.869526 dv-cinder-760178-13-smb neutron-server[94112]: event.method(event)
Sep 14 23:05:11.869526 dv-cinder-760178-13-smb neutron-server[94112]: File "/opt/stack/neutron/neutron/services/segments/plugin.py", line 383, in _delete_nova_inventory
Sep 14 23:05:11.869526 dv-cinder-760178-13-smb neutron-server[94112]: aggregate_id = self._get_aggregate_id(event.segment_id)
Sep 14 23:05:11.869526 dv-cinder-760178-13-smb neutron-server[94112]: File "/opt/stack/neutron/neutron/services/segments/plugin.py", line 370, in _get_aggregate_id
Sep 14 23:05:11.869526 dv-cinder-760178-13-smb neutron-server[94112]: aggregate_uuid = self.p_client.list_aggregates(
Sep 14 23:05:11.869526 dv-cinder-760178-13-smb neutron-server[94112]: File "/usr/local/lib/python3.8/dist-packages/neutron_lib/placement/client.py", line 58, in wrapper
Sep 14 23:05:11.869526 dv-cinder-760178-13-smb neutron-server[94112]: return f(self, *a, **k)
Sep 14 23:05:11.869526 dv-cinder-760178-13-smb neutron-server[94112]: File "/usr/local/lib/python3.8/dist-packages/neutron_lib/placement/client.py", line 554, in list_aggregates
Sep 14 23:05:11.869526 dv-cinder-760178-13-smb neutron-server[94112]: return self._get(url).json()
Sep 14 23:05:11.869526 dv-cinder-760178-13-smb neutron-server[94112]: File "/usr/local/lib/python3.8/dist-packages/neutron_lib/placement/client.py", line 190, in _get
Sep 14 23:05:11.869526 dv-cinder-760178-13-smb neutron-server[94112]: return self._client.get(url, endpoint_filter=self._ks_filter,
Sep 14 23:05:11.869526 dv-cinder-760178-13-smb neutron-server[94112]: File "/usr/local/lib/python3.8/dist-packages/keystoneauth1/session.py", line 1141, in get
Sep 14 23:05:11.869526 dv-cinder-760178-13-smb neutron-server[94112]: return self.request(url, 'GET', **kwargs)
Sep 14 23:05:11.869526 dv-cinder-760178-13-smb neutron-server[94112]: File "/usr/local/lib/python3.8/dist-packages/keystoneauth1/session.py", line 811, in request
Sep 14 23:05:11.869526 dv-cinder-760178-13-smb neutron-server[94112]: base_url = self.get_endpoint(auth, allow=allow,
Sep 14 23:05:11.869526 dv-cinder-760178-13-smb neutron-server[94112]: File "/usr/local/lib/python3.8/dist-packages/keystoneauth1/session.py", line 1241, in get_endpoint
Sep 14 23:05:11.869526 dv-cinder-760178-13-smb neutron-server[94112]: auth = self._auth_required(auth, 'determine endpoint URL')
Sep 14 23:05:11.869526 dv-cinder-760178-13-smb neutron-server[94112]: File "/usr/local/lib/python3.8/dist-packages/keystoneauth1/session.py", line 1181, in _auth_required
Sep 14 23:05:11.869526 dv-cinder-760178-13-smb neutron-server[94112]: raise exceptions.MissingAuthPlugin(msg_fmt % msg)
Sep 14 23:05:11.869526 dv-cinder-760178-13-smb neutron-server[94112]: keystoneauth1.exceptions.auth_plugins.MissingAuthPlugin: An auth plugin is required to determine endpoint URL
Sep 14 23:05:11.887393 dv-cinder-760178-13-smb neutron-server[94111]: DEBUG neutron.pecan_wsgi.hooks.policy_enforcement [req-fb750f1e-3cec-4c65-8729-239f8d56bb3d req-db5bc0d6-11c4-4114-99f8-11868822abfb service neutron] Attributes excluded by policy engine: ['standard_attr_id'] {{(pid=94111) _exclude_attributes_by_policy /opt/stack/neutron/neutron/pecan_wsgi/hooks/policy_enforcement.py:255}}
Sep 14 23:05:11.888349 dv-cinder-760178-13-smb neutron-server[94111]: DEBUG neutron_lib.callbacks.manager [req-fb750f1e-3cec-4c65-8729-239f8d56bb3d req-db5bc0d6-11c4-4114-99f8-11868822abfb service neutron] Notify callbacks ['neutron.notifiers.nova.Notifier._send_nova_notification-74763', 'neutron.api.rpc.agentnotifiers.dhcp_rpc_agent_api.DhcpAgentNotifyAPI._send_dhcp_notification-536671'] for port, before_response {{(pid=94111) _notify_loop /usr/local/lib/python3.8/dist-packages/neutron_lib/callbacks/manager.py:192}}
Sep 14 23:05:11.889753 dv-cinder-760178-13-smb neutron-server[94111]: INFO neutron.wsgi [req-fb750f1e-3cec-4c65-8729-239f8d56bb3d req-db5bc0d6-11c4-4114-99f8-11868822abfb service neutron] 10.222.0.54 "PUT /v2.0/ports/95297746-8d19-4184-9f56-624578c754ca HTTP/1.1" status: 200 len: 1093 time: 2.2713728
Sep 14 23:05:11.898948 dv-cinder-760178-13-smb neutron-server[94111]: DEBUG neutron.notifiers.nova [-] Sending events: [{'name': 'network-changed', 'server_uuid': '1302cb7a-7885-4704-855e-b166c0563e6b', 'tag': '95297746-8d19-4184-9f56-624578c754ca'}] {{(pid=94111) send_events /opt/stack/neutron/neutron/notifiers/nova.py:262}}
Sep 14 23:05:11.990662 dv-cinder-760178-13-smb neutron-server[94111]: DEBUG neutron_lib.callbacks.manager [req-46df8fb2-5fc0-4abb-84e5-a7e77308915e req-853bf7fd-370b-439d-abd8-6be0b25a9753 tempest-ServerRescueNegativeTestJSON-1640360435 tempest-ServerRescueNegativeTestJSON-1640360435-project] Notify callbacks ['neutron.plugins.ml2.plugin.SecurityGroupServerNotifierRpcMixin._notify_sg_on_port_change-1580964', 'neutron.plugins.ml2.ovo_rpc._ObjectChangeHandler.handle_event-176249', 'neutron.api.rpc.agentnotifiers.dhcp_rpc_agent_api.DhcpAgentNotifyAPI._native_event_send_dhcp_notification-536653', 'neutron.db.l3_dvrscheduler_db._notify_l3_agent_new_port-8777187614136'] for port, after_create {{(pid=94111) _notify_loop /usr/local/lib/python3.8/dist-packages/neutron_lib/callbacks/manager.py:192}}
Sep 14 23:05:12.127771 dv-cinder-760178-13-smb neutron-server[94112]: DEBUG neutron_lib.callbacks.manager [None req-9c975bf3-a9a1-437c-88f8-30d7b2e6ae4f admin admin] Notify callbacks ['neutron.plugins.ml2.plugin.Ml2Plugin._network_delete_after_delete_handler-1748683', 'neutron.plugins.ml2.ovo_rpc._ObjectChangeHandler.handle_event-591647', 'neutron.api.rpc.agentnotifiers.dhcp_rpc_agent_api.DhcpAgentNotifyAPI._native_event_send_dhcp_notification-536653', 'neutron.services.l3_router.l3_router_plugin.DVRResourceOperationHandler.delete_fip_namespaces_for_ext_net-626962'] for network, after_delete {{(pid=94112) _notify_loop /usr/local/lib/python3.8/dist-packages/neutron_lib/callbacks/manager.py:192}}
Sep 14 23:05:12.158868 dv-cinder-760178-13-smb neutron-server[94111]: INFO neutron.wsgi [req-4af2a1f4-dbf9-4713-bf5a-2216d0c60bf8 req-134aa6f4-5122-42c9-afbd-a9e3a9bb7e89 tempest-AttachVolumeShelveTestJSON-1440056523 tempest-AttachVolumeShelveTestJSON-1440056523-project] 10.222.0.47 "GET /v2.0/ports?device_id=3b9b137e-d0c5-4dba-859d-68162a5ffe86 HTTP/1.1" status: 200 len: 210 time: 0.2942109
Sep 14 23:05:12.159004 dv-cinder-760178-13-smb neutron-server[94112]: DEBUG neutron.api.rpc.handlers.resources_rpc [None req-9c975bf3-a9a1-437c-88f8-30d7b2e6ae4f admin admin] Pushing event deleted for resources: {'Network': ['ID=834cf738-8f5f-4c41-bac2-77d69ca1fc70,revision_number=None']} {{(pid=94112) push /opt/stack/neutron/neutron/api/rpc/handlers/resources_rpc.py:237}}
Sep 14 23:05:12.167740 dv-cinder-760178-13-smb neutron-server[94112]: DEBUG neutron_lib.callbacks.manager [None req-9c975bf3-a9a1-437c-88f8-30d7b2e6ae4f admin admin] Notify callbacks ['neutron.api.rpc.agentnotifiers.dhcp_rpc_agent_api.DhcpAgentNotifyAPI._send_dhcp_notification-536671'] for network, before_response {{(pid=94112) _notify_loop /usr/local/lib/python3.8/dist-packages/neutron_lib/callbacks/manager.py:192}}
Sep 14 23:05:12.174642 dv-cinder-760178-13-smb neutron-server[94111]: DEBUG neutron.scheduler.dhcp_agent_scheduler [req-46df8fb2-5fc0-4abb-84e5-a7e77308915e req-853bf7fd-370b-439d-abd8-6be0b25a9753 tempest-ServerRescueNegativeTestJSON-1640360435 tempest-ServerRescueNegativeTestJSON-1640360435-project] Network f4c22899-571d-4716-8f41-60efb8814ca0 is already hosted by enough agents. {{(pid=94111) _get_dhcp_agents_hosting_network /opt/stack/neutron/neutron/scheduler/dhcp_agent_scheduler.py:275}}
Sep 14 23:05:12.177333 dv-cinder-760178-13-smb neutron-server[94111]: DEBUG neutron.wsgi [-] (94111) accepted ('10.222.0.47', 41694) {{(pid=94111) server /usr/local/lib/python3.8/dist-packages/eventlet/wsgi.py:982}}
Sep 14 23:05:12.180180 dv-cinder-760178-13-smb neutron-server[94111]: DEBUG neutron.scheduler.base_scheduler [req-46df8fb2-5fc0-4abb-84e5-a7e77308915e req-853bf7fd-370b-439d-abd8-6be0b25a9753 tempest-ServerRescueNegativeTestJSON-1640360435 tempest-ServerRescueNegativeTestJSON-1640360435-project] Resources bound (agent type, host, resource id): {{(pid=94111) schedule /opt/stack/neutron/neutron/scheduler/base_scheduler.py:57}}
Sep 14 23:05:12.183751 dv-cinder-760178-13-smb neutron-server[94112]: INFO neutron.wsgi [None req-9c975bf3-a9a1-437c-88f8-30d7b2e6ae4f admin admin] 10.222.0.47 "DELETE /v2.0/networks/834cf738-8f5f-4c41-bac2-77d69ca1fc70 HTTP/1.1" status: 204 len: 168 time: 1.6981871
Sep 14 23:05:12.194789 dv-cinder-760178-13-smb neutron-server[94111]: DEBUG neutron.db.l3_dvrscheduler_db [req-46df8fb2-5fc0-4abb-84e5-a7e77308915e req-853bf7fd-370b-439d-abd8-6be0b25a9753 tempest-ServerRescueNegativeTestJSON-1640360435 tempest-ServerRescueNegativeTestJSON-1640360435-project] Received port after_create {{(pid=94111) _notify_l3_agent_new_port /opt/stack/neutron/neutron/db/l3_dvrscheduler_db.py:535}}
Sep 14 23:05:12.205210 dv-cinder-760178-13-smb neutron-server[94113]: DEBUG neutron_lib.callbacks.manager [None req-8d969014-ce61-448e-beac-4196e5427e21 None None] Notify callbacks ['neutron.services.segments.db._update_segment_host_mapping_for_agent-8777188140427', 'neutron.plugins.ml2.plugin.Ml2Plugin._retry_binding_revived_agents-1751250'] for agent, after_update {{(pid=94113) _notify_loop /usr/local/lib/python3.8/dist-packages/neutron_lib/callbacks/manager.py:192}}
Sep 14 23:05:12.207005 dv-cinder-760178-13-smb neutron-server[94111]: DEBUG neutron.pecan_wsgi.hooks.policy_enforcement [req-46df8fb2-5fc0-4abb-84e5-a7e77308915e req-853bf7fd-370b-439d-abd8-6be0b25a9753 tempest-ServerRescueNegativeTestJSON-1640360435 tempest-ServerRescueNegativeTestJSON-1640360435-project] Attributes excluded by policy engine: ['standard_attr_id', 'binding:profile', 'binding:host_id', 'binding:vif_type', 'binding:vif_details', 'network'] {{(pid=94111) _exclude_attributes_by_policy /opt/stack/neutron/neutron/pecan_wsgi/hooks/policy_enforcement.py:255}}
Sep 14 23:05:12.208403 dv-cinder-760178-13-smb neutron-server[94111]: DEBUG neutron_lib.callbacks.manager [req-46df8fb2-5fc0-4abb-84e5-a7e77308915e req-853bf7fd-370b-439d-abd8-6be0b25a9753 tempest-ServerRescueNegativeTestJSON-1640360435 tempest-ServerRescueNegativeTestJSON-1640360435-project] Notify callbacks ['neutron.notifiers.nova.Notifier._send_nova_notification-74763', 'neutron.api.rpc.agentnotifiers.dhcp_rpc_agent_api.DhcpAgentNotifyAPI._send_dhcp_notification-536671'] for port, before_response {{(pid=94111) _notify_loop /usr/local/lib/python3.8/dist-packages/neutron_lib/callbacks/manager.py:192}}
Sep 14 23:05:12.222083 dv-cinder-760178-13-smb neutron-server[94112]: INFO neutron.wsgi [req-5ba4c02a-3bd1-4d70-88c7-1c8ee307bd7d req-c3fed844-4219-402f-bb9d-c2c8d5e6a029 service neutron] 10.222.0.54 "GET /v2.0/networks/21344328-8d4e-4a44-8527-fb4118ab95d7?fields=provider%3Aphysical_network&fields=provider%3Anetwork_type HTTP/1.1" status: 200 len: 281 time: 0.3862655
Sep 14 23:05:12.240582 dv-cinder-760178-13-smb neutron-server[94112]: DEBUG neutron_lib.callbacks.manager [req-f27a2346-c516-4f9a-839f-16ab8abbd912 req-d19a19c1-2a6d-46ae-b09c-4e49bb479e61 tempest-AttachVolumeShelveTestJSON-1440056523 tempest-AttachVolumeShelveTestJSON-1440056523-project] Notify callbacks [] for port, precommit_create {{(pid=94112) _notify_loop /usr/local/lib/python3.8/dist-packages/neutron_lib/callbacks/manager.py:192}}
Sep 14 23:05:12.280668 dv-cinder-760178-13-smb neutron-server[94111]: DEBUG neutron.pecan_wsgi.hooks.policy_enforcement [req-fb750f1e-3cec-4c65-8729-239f8d56bb3d req-d08a0ef2-4c96-4b86-bb9a-76fe4fb1e93a service neutron] Attributes excluded by policy engine: ['standard_attr_id'] {{(pid=94111) _exclude_attributes_by_policy /opt/stack/neutron/neutron/pecan_wsgi/hooks/policy_enforcement.py:255}}
Sep 14 23:05:12.282169 dv-cinder-760178-13-smb neutron-server[94111]: INFO neutron.wsgi [req-fb750f1e-3cec-4c65-8729-239f8d56bb3d req-d08a0ef2-4c96-4b86-bb9a-76fe4fb1e93a service neutron] 10.222.0.54 "GET /v2.0/ports?tenant_id=e0acba02890d4f04985a14467170ca00&device_id=1302cb7a-7885-4704-855e-b166c0563e6b HTTP/1.1" status: 200 len: 1096 time: 0.2480791
Sep 14 23:05:12.295215 dv-cinder-760178-13-smb neutron-server[94112]: DEBUG neutron_lib.callbacks.manager [req-f27a2346-c516-4f9a-839f-16ab8abbd912 req-d19a19c1-2a6d-46ae-b09c-4e49bb479e61 tempest-AttachVolumeShelveTestJSON-1440056523 tempest-AttachVolumeShelveTestJSON-1440056523-project] Notify callbacks ['neutron.plugins.ml2.plugin.SecurityGroupServerNotifierRpcMixin._notify_sg_on_port_change-1580964', 'neutron.plugins.ml2.ovo_rpc._ObjectChangeHandler.handle_event-176249', 'neutron.api.rpc.agentnotifiers.dhcp_rpc_agent_api.DhcpAgentNotifyAPI._native_event_send_dhcp_notification-536653', 'neutron.db.l3_dvrscheduler_db._notify_l3_agent_new_port-8777187614136', 'neutron.services.segments.plugin.NovaSegmentNotifier._notify_port_created_or_deleted-2907809'] for port, after_create {{(pid=94112) _notify_loop /usr/local/lib/python3.8/dist-packages/neutron_lib/callbacks/manager.py:192}}
Sep 14 23:05:12.305110 dv-cinder-760178-13-smb neutron-server[94111]: INFO neutron.wsgi [req-46df8fb2-5fc0-4abb-84e5-a7e77308915e req-853bf7fd-370b-439d-abd8-6be0b25a9753 tempest-ServerRescueNegativeTestJSON-1640360435 tempest-ServerRescueNegativeTestJSON-1640360435-project] 10.222.0.54 "POST /v2.0/ports HTTP/1.1" status: 201 len: 933 time: 1.5880499
Sep 14 23:05:12.322343 dv-cinder-760178-13-smb neutron-server[94111]: DEBUG novaclient.v2.client [-] REQ: curl -g -i --cacert "/opt/stack/data/ca-bundle.pem" -X POST http://10.222.0.47/compute/v2.1/os-server-external-events -H "Accept: application/json" -H "Content-Type: application/json" -H "User-Agent: python-novaclient" -H "X-Auth-Token: {SHA256}46447a7d6f9e3b0022eb9bfca292ef25dddab697ba06cac84d7490b15fb0a786" -H "X-OpenStack-Nova-API-Version: 2.1" -H "X-OpenStack-Request-ID: req-86d89e2f-db31-471a-b6bb-c47b388f7ac0" -d '{"events": [{"name": "network-changed", "server_uuid": "1302cb7a-7885-4704-855e-b166c0563e6b", "tag": "95297746-8d19-4184-9f56-624578c754ca"}]}' {{(pid=94111) _http_log_request /usr/local/lib/python3.8/dist-packages/keystoneauth1/session.py:519}}
Sep 14 23:05:12.359101 dv-cinder-760178-13-smb neutron-server[94112]: DEBUG neutron.scheduler.dhcp_agent_scheduler [req-f27a2346-c516-4f9a-839f-16ab8abbd912 req-d19a19c1-2a6d-46ae-b09c-4e49bb479e61 tempest-AttachVolumeShelveTestJSON-1440056523 tempest-AttachVolumeShelveTestJSON-1440056523-project] Network 193b9067-f170-462a-8c06-da78b4a0348c is already hosted by enough agents. {{(pid=94112) _get_dhcp_agents_hosting_network /opt/stack/neutron/neutron/scheduler/dhcp_agent_scheduler.py:275}}
Sep 14 23:05:12.363548 dv-cinder-760178-13-smb neutron-server[94112]: DEBUG neutron.scheduler.base_scheduler [req-f27a2346-c516-4f9a-839f-16ab8abbd912 req-d19a19c1-2a6d-46ae-b09c-4e49bb479e61 tempest-AttachVolumeShelveTestJSON-1440056523 tempest-AttachVolumeShelveTestJSON-1440056523-project] Resources bound (agent type, host, resource id): {{(pid=94112) schedule /opt/stack/neutron/neutron/scheduler/base_scheduler.py:57}}
Sep 14 23:05:12.364560 dv-cinder-760178-13-smb neutron-server[94111]: DEBUG neutron.pecan_wsgi.hooks.policy_enforcement [req-595bf356-7559-481e-92f7-9c4805da0439 req-1b461fa0-37ee-40f8-8fd3-e0964a71f700 tempest-DeleteServersTestJSON-1654937797 tempest-DeleteServersTestJSON-1654937797-project] Attributes excluded by policy engine: ['standard_attr_id', 'binding:profile', 'binding:host_id', 'binding:vif_type', 'binding:vif_details'] {{(pid=94111) _exclude_attributes_by_policy /opt/stack/neutron/neutron/pecan_wsgi/hooks/policy_enforcement.py:255}}
Sep 14 23:05:12.366128 dv-cinder-760178-13-smb neutron-server[94111]: INFO neutron.wsgi [req-595bf356-7559-481e-92f7-9c4805da0439 req-1b461fa0-37ee-40f8-8fd3-e0964a71f700 tempest-DeleteServersTestJSON-1654937797 tempest-DeleteServersTestJSON-1654937797-project] 10.222.0.47 "GET /v2.0/ports?device_id=fd3e1a1b-78b5-4a87-8b42-985971f3dc05 HTTP/1.1" status: 200 len: 944 time: 0.2776632
Sep 14 23:05:12.367340 dv-cinder-760178-13-smb neutron-server[94111]: DEBUG neutron.api.rpc.handlers.resources_rpc [None req-db5bc0d6-11c4-4114-99f8-11868822abfb service neutron] Pushing event updated for resources: {'Port': ['ID=95297746-8d19-4184-9f56-624578c754ca,revision_number=3']} {{(pid=94111) push /opt/stack/neutron/neutron/api/rpc/handlers/resources_rpc.py:237}}
Sep 14 23:05:12.378037 dv-cinder-760178-13-smb neutron-server[94112]: DEBUG neutron.db.l3_dvrscheduler_db [req-f27a2346-c516-4f9a-839f-16ab8abbd912 req-d19a19c1-2a6d-46ae-b09c-4e49bb479e61 tempest-AttachVolumeShelveTestJSON-1440056523 tempest-AttachVolumeShelveTestJSON-1440056523-project] Received port after_create {{(pid=94112) _notify_l3_agent_new_port /opt/stack/neutron/neutron/db/l3_dvrscheduler_db.py:535}}
Sep 14 23:05:12.456669 dv-cinder-760178-13-smb neutron-server[94112]: DEBUG neutron.pecan_wsgi.hooks.policy_enforcement [req-f27a2346-c516-4f9a-839f-16ab8abbd912 req-d19a19c1-2a6d-46ae-b09c-4e49bb479e61 tempest-AttachVolumeShelveTestJSON-1440056523 tempest-AttachVolumeShelveTestJSON-1440056523-project] Attributes excluded by policy engine: ['standard_attr_id', 'binding:profile', 'binding:host_id', 'binding:vif_type', 'binding:vif_details', 'network'] {{(pid=94112) _exclude_attributes_by_policy /opt/stack/neutron/neutron/pecan_wsgi/hooks/policy_enforcement.py:255}}
Sep 14 23:05:12.457416 dv-cinder-760178-13-smb neutron-server[94112]: DEBUG neutron_lib.callbacks.manager [req-f27a2346-c516-4f9a-839f-16ab8abbd912 req-d19a19c1-2a6d-46ae-b09c-4e49bb479e61 tempest-AttachVolumeShelveTestJSON-1440056523 tempest-AttachVolumeShelveTestJSON-1440056523-project] Notify callbacks ['neutron.notifiers.nova.Notifier._send_nova_notification-74763', 'neutron.api.rpc.agentnotifiers.dhcp_rpc_agent_api.DhcpAgentNotifyAPI._send_dhcp_notification-536671'] for port, before_response {{(pid=94112) _notify_loop /usr/local/lib/python3.8/dist-packages/neutron_lib/callbacks/manager.py:192}}
Sep 14 23:05:12.463859 dv-cinder-760178-13-smb neutron-server[94112]: DEBUG neutron.wsgi [-] (94112) accepted ('10.222.0.47', 41708) {{(pid=94112) server /usr/local/lib/python3.8/dist-packages/eventlet/wsgi.py:982}}
Sep 14 23:05:12.494020 dv-cinder-760178-13-smb neutron-server[94112]: DEBUG neutron.api.rpc.handlers.resources_rpc [None req-d19a19c1-2a6d-46ae-b09c-4e49bb479e61 tempest-AttachVolumeShelveTestJSON-1440056523 tempest-AttachVolumeShelveTestJSON-1440056523-project] Pushing event updated for resources: {'Port': ['ID=4cc2124b-2d6f-46c8-9e2e-fc6165284c64,revision_number=1']} {{(pid=94112) push /opt/stack/neutron/neutron/api/rpc/handlers/resources_rpc.py:237}}
Sep 14 23:05:12.501682 dv-cinder-760178-13-smb neutron-server[94112]: INFO neutron.wsgi [req-f27a2346-c516-4f9a-839f-16ab8abbd912 req-d19a19c1-2a6d-46ae-b09c-4e49bb479e61 tempest-AttachVolumeShelveTestJSON-1440056523 tempest-AttachVolumeShelveTestJSON-1440056523-project] 10.222.0.54 "POST /v2.0/ports HTTP/1.1" status: 201 len: 934 time: 2.6728883
Sep 14 23:05:12.521907 dv-cinder-760178-13-smb neutron-server[94112]: DEBUG neutron.api.v2.base [req-f27a2346-c516-4f9a-839f-16ab8abbd912 req-6c2fcb41-25fa-49a0-b987-59e0eff9395c service neutron] Request body: {'port': {'device_id': '3b9b137e-d0c5-4dba-859d-68162a5ffe86', 'device_owner': 'compute:nova', 'binding:host_id': 'hv-cinder-76017'}} {{(pid=94112) prepare_request_body /opt/stack/neutron/neutron/api/v2/base.py:730}}
Sep 14 23:05:12.600154 dv-cinder-760178-13-smb neutron-server[94112]: DEBUG neutron_lib.callbacks.manager [req-f27a2346-c516-4f9a-839f-16ab8abbd912 req-6c2fcb41-25fa-49a0-b987-59e0eff9395c service neutron] Notify callbacks ['neutron.plugins.ml2.plugin.SecurityGroupDbMixin._ensure_default_security_group_handler-1581029'] for port, before_update {{(pid=94112) _notify_loop /usr/local/lib/python3.8/dist-packages/neutron_lib/callbacks/manager.py:192}}
Sep 14 23:05:12.626839 dv-cinder-760178-13-smb neutron-server[94111]: DEBUG neutron.api.v2.base [req-46df8fb2-5fc0-4abb-84e5-a7e77308915e req-f633cd8d-4613-4169-bbcb-2aef95d8107c service neutron] Request body: {'port': {'device_id': 'c0cb0cc7-d161-4584-ae82-cdbaff220215', 'device_owner': 'compute:nova', 'binding:host_id': 'hv-cinder-76017'}} {{(pid=94111) prepare_request_body /opt/stack/neutron/neutron/api/v2/base.py:730}}
Sep 14 23:05:12.633235 dv-cinder-760178-13-smb neutron-server[94111]: INFO neutron.wsgi [req-fb750f1e-3cec-4c65-8729-239f8d56bb3d req-75ec00ff-1bb8-49b3-8f4d-2bd44db9bbb5 service neutron] 10.222.0.54 "GET /v2.0/floatingips?fixed_ip_address=172.20.0.2&port_id=95297746-8d19-4184-9f56-624578c754ca HTTP/1.1" status: 200 len: 217 time: 0.3222921
Sep 14 23:05:12.696408 dv-cinder-760178-13-smb neutron-server[94111]: DEBUG neutron.api.rpc.handlers.resources_rpc [None req-853bf7fd-370b-439d-abd8-6be0b25a9753 tempest-ServerRescueNegativeTestJSON-1640360435 tempest-ServerRescueNegativeTestJSON-1640360435-project] Pushing event updated for resources: {'Port': ['ID=4f6a0cef-facb-482c-8150-6ad2dbbe8b94,revision_number=1']} {{(pid=94111) push /opt/stack/neutron/neutron/api/rpc/handlers/resources_rpc.py:237}}
Sep 14 23:05:12.700832 dv-cinder-760178-13-smb neutron-server[94111]: DEBUG novaclient.v2.client [-] RESP: [200] Connection: close Content-Length: 179 Content-Type: application/json Date: Tue, 14 Sep 2021 23:05:12 GMT OpenStack-API-Version: compute 2.1 Server: Apache/2.4.41 (Ubuntu) Vary: OpenStack-API-Version,X-OpenStack-Nova-API-Version X-OpenStack-Nova-API-Version: 2.1 x-compute-request-id: req-bec016ed-f2a5-4f11-8aed-e06e3e362ab3 x-openstack-request-id: req-bec016ed-f2a5-4f11-8aed-e06e3e362ab3 {{(pid=94111) _http_log_response /usr/local/lib/python3.8/dist-packages/keystoneauth1/session.py:550}}
Sep 14 23:05:12.701123 dv-cinder-760178-13-smb neutron-server[94111]: DEBUG novaclient.v2.client [-] RESP BODY: {"events": [{"name": "network-changed", "server_uuid": "1302cb7a-7885-4704-855e-b166c0563e6b", "tag": "95297746-8d19-4184-9f56-624578c754ca", "status": "completed", "code": 200}]} {{(pid=94111) _http_log_response /usr/local/lib/python3.8/dist-packages/keystoneauth1/session.py:582}}
Sep 14 23:05:12.701370 dv-cinder-760178-13-smb neutron-server[94111]: DEBUG novaclient.v2.client [-] POST call to compute for http://10.222.0.47/compute/v2.1/os-server-external-events used request id req-bec016ed-f2a5-4f11-8aed-e06e3e362ab3 {{(pid=94111) request /usr/local/lib/python3.8/dist-packages/keystoneauth1/session.py:954}}
Sep 14 23:05:12.701942 dv-cinder-760178-13-smb neutron-server[94111]: INFO neutron.notifiers.nova [-] Nova event response: {'name': 'network-changed', 'server_uuid': '1302cb7a-7885-4704-855e-b166c0563e6b', 'tag': '95297746-8d19-4184-9f56-624578c754ca', 'status': 'completed', 'code': 200}
Sep 14 23:05:12.734023 dv-cinder-760178-13-smb neutron-server[94113]: DEBUG neutron.db.provisioning_blocks [None req-9f2a9993-ac54-4ead-8341-5d366bb98d33 None None] Provisioning complete for port 4cc2124b-2d6f-46c8-9e2e-fc6165284c64 triggered by entity DHCP. {{(pid=94113) provisioning_complete /opt/stack/neutron/neutron/db/provisioning_blocks.py:139}}
Sep 14 23:05:12.734591 dv-cinder-760178-13-smb neutron-server[94113]: DEBUG neutron_lib.callbacks.manager [None req-9f2a9993-ac54-4ead-8341-5d366bb98d33 None None] Notify callbacks ['neutron.plugins.ml2.plugin.Ml2Plugin._port_provisioned-1751337'] for port, provisioning_complete {{(pid=94113) _notify_loop /usr/local/lib/python3.8/dist-packages/neutron_lib/callbacks/manager.py:192}}
Sep 14 23:05:12.808394 dv-cinder-760178-13-smb neutron-server[94113]: DEBUG neutron.plugins.ml2.plugin [None req-9f2a9993-ac54-4ead-8341-5d366bb98d33 None None] Port 4cc2124b-2d6f-46c8-9e2e-fc6165284c64 cannot update to ACTIVE because it is not bound. {{(pid=94113) _port_provisioned /opt/stack/neutron/neutron/plugins/ml2/plugin.py:338}}
Sep 14 23:05:12.840400 dv-cinder-760178-13-smb neutron-server[94112]: DEBUG neutron_lib.callbacks.manager [None req-6d231e2b-2785-4fa5-9e5f-7de7b348b908 admin admin] Notify callbacks [] for security_group, before_create {{(pid=94112) _notify_loop /usr/local/lib/python3.8/dist-packages/neutron_lib/callbacks/manager.py:192}}
Sep 14 23:05:12.884116 dv-cinder-760178-13-smb neutron-server[94111]: DEBUG neutron.db.db_base_plugin_v2 [None req-f4c2755a-9469-4a17-962e-ea8c4d794137 admin admin] Deleting subnet 220dd487-28ee-4ba0-8011-27521d073892 {{(pid=94111) delete_subnet /opt/stack/neutron/neutron/db/db_base_plugin_v2.py:1056}}
Sep 14 23:05:12.906546 dv-cinder-760178-13-smb neutron-server[94111]: DEBUG neutron.pecan_wsgi.hooks.policy_enforcement [req-fb750f1e-3cec-4c65-8729-239f8d56bb3d req-c0492263-bc33-4228-9aa0-d833ed0b206c service neutron] Attributes excluded by policy engine: ['standard_attr_id', 'shared'] {{(pid=94111) _exclude_attributes_by_policy /opt/stack/neutron/neutron/pecan_wsgi/hooks/policy_enforcement.py:255}}
Sep 14 23:05:12.908137 dv-cinder-760178-13-smb neutron-server[94111]: INFO neutron.wsgi [req-fb750f1e-3cec-4c65-8729-239f8d56bb3d req-c0492263-bc33-4228-9aa0-d833ed0b206c service neutron] 10.222.0.54 "GET /v2.0/subnets?id=aeffaafb-aa29-412c-a4fc-dad0c8f7a1b6 HTTP/1.1" status: 200 len: 858 time: 0.2054226
Sep 14 23:05:12.910811 dv-cinder-760178-13-smb neutron-server[94111]: DEBUG neutron_lib.callbacks.manager [None req-f4c2755a-9469-4a17-962e-ea8c4d794137 admin admin] Notify callbacks [] for subnet, before_delete {{(pid=94111) _notify_loop /usr/local/lib/python3.8/dist-packages/neutron_lib/callbacks/manager.py:192}}
Sep 14 23:05:12.985973 dv-cinder-760178-13-smb neutron-server[94111]: INFO neutron.wsgi [req-fb750f1e-3cec-4c65-8729-239f8d56bb3d req-5ad71d07-2039-4f5a-9f13-b534183ed845 service neutron] 10.222.0.54 "GET /v2.0/ports?network_id=f4c22899-571d-4716-8f41-60efb8814ca0&device_owner=network%3Adhcp HTTP/1.1" status: 200 len: 210 time: 0.0674074
Sep 14 23:05:12.988972 dv-cinder-760178-13-smb neutron-server[94111]: INFO neutron.wsgi [req-595bf356-7559-481e-92f7-9c4805da0439 req-74b72a7f-c8e5-4e3e-90f0-5c74a0deb183 tempest-DeleteServersTestJSON-1654937797 tempest-DeleteServersTestJSON-1654937797-project] 10.222.0.47 "GET /v2.0/security-groups?id=f67af366-4a1d-4c61-8f83-46b825ec0a87&fields=id&fields=name HTTP/1.1" status: 200 len: 286 time: 0.3007565
Sep 14 23:05:13.086256 dv-cinder-760178-13-smb neutron-server[94111]: DEBUG neutron_lib.callbacks.manager [req-46df8fb2-5fc0-4abb-84e5-a7e77308915e req-f633cd8d-4613-4169-bbcb-2aef95d8107c service neutron] Notify callbacks ['neutron.plugins.ml2.plugin.SecurityGroupDbMixin._ensure_default_security_group_handler-1581029'] for port, before_update {{(pid=94111) _notify_loop /usr/local/lib/python3.8/dist-packages/neutron_lib/callbacks/manager.py:192}}
Sep 14 23:05:13.162417 dv-cinder-760178-13-smb neutron-server[94111]: DEBUG neutron_lib.callbacks.manager [None req-f4c2755a-9469-4a17-962e-ea8c4d794137 admin admin] Notify callbacks [] for subnet, precommit_delete_associations {{(pid=94111) _notify_loop /usr/local/lib/python3.8/dist-packages/neutron_lib/callbacks/manager.py:192}}
Sep 14 23:05:13.196677 dv-cinder-760178-13-smb neutron-server[94111]: DEBUG neutron_lib.callbacks.manager [None req-f4c2755a-9469-4a17-962e-ea8c4d794137 admin admin] Notify callbacks ['neutron.plugins.ml2.plugin.Ml2Plugin._subnet_delete_precommit_handler-1748309'] for subnet, precommit_delete {{(pid=94111) _notify_loop /usr/local/lib/python3.8/dist-packages/neutron_lib/callbacks/manager.py:192}}
Sep 14 23:05:13.270441 dv-cinder-760178-13-smb neutron-server[94112]: DEBUG neutron_lib.callbacks.manager [None req-6d231e2b-2785-4fa5-9e5f-7de7b348b908 admin admin] Notify callbacks [] for security_group, precommit_create {{(pid=94112) _notify_loop /usr/local/lib/python3.8/dist-packages/neutron_lib/callbacks/manager.py:192}}
Sep 14 23:05:13.277390 dv-cinder-760178-13-smb neutron-server[94112]: DEBUG neutron.notifiers.nova [req-f27a2346-c516-4f9a-839f-16ab8abbd912 req-6c2fcb41-25fa-49a0-b987-59e0eff9395c service neutron] Ignoring state change previous_port_status: DOWN current_port_status: DOWN port_id 4cc2124b-2d6f-46c8-9e2e-fc6165284c64 {{(pid=94112) record_port_status_changed /opt/stack/neutron/neutron/notifiers/nova.py:224}}
Sep 14 23:05:13.281863 dv-cinder-760178-13-smb neutron-server[94112]: DEBUG neutron_lib.callbacks.manager [None req-6d231e2b-2785-4fa5-9e5f-7de7b348b908 admin admin] Notify callbacks ['neutron.plugins.ml2.ovo_rpc._ObjectChangeHandler.handle_event-594861'] for security_group, after_create {{(pid=94112) _notify_loop /usr/local/lib/python3.8/dist-packages/neutron_lib/callbacks/manager.py:192}}
Sep 14 23:05:13.292231 dv-cinder-760178-13-smb neutron-server[94112]: DEBUG neutron_lib.callbacks.manager [req-f27a2346-c516-4f9a-839f-16ab8abbd912 req-6c2fcb41-25fa-49a0-b987-59e0eff9395c service neutron] Notify callbacks [] for port, precommit_update {{(pid=94112) _notify_loop /usr/local/lib/python3.8/dist-packages/neutron_lib/callbacks/manager.py:192}}
Sep 14 23:05:13.295503 dv-cinder-760178-13-smb neutron-server[94111]: DEBUG neutron.wsgi [-] (94111) accepted ('10.222.0.47', 41746) {{(pid=94111) server /usr/local/lib/python3.8/dist-packages/eventlet/wsgi.py:982}}
