Sep 14 22:57:42.857083 dv-cinder-760178-13-smb devstack@n-api.service[93417]: DEBUG nova.api.openstack.wsgi [None req-d813128b-4793-40ef-9f0f-70b420985969 admin admin] Calling method '>' {{(pid=93417) _process_stack /opt/stack/nova/nova/api/openstack/wsgi.py:513}}
Sep 14 22:57:42.886226 dv-cinder-760178-13-smb devstack@n-api.service[93417]: INFO nova.api.openstack.requestlog [None req-d813128b-4793-40ef-9f0f-70b420985969 admin admin] 10.222.0.47 "GET /compute/v2.1/flavors/detail?is_public=True" status: 200 len: 15 microversion: 2.61 time: 0.442700
Sep 14 22:57:42.886879 dv-cinder-760178-13-smb devstack@n-api.service[93417]: [pid: 93417|app: 0|req: 1/3] 10.222.0.47 () {60 vars in 1292 bytes} [Tue Sep 14 22:57:42 2021] GET /compute/v2.1/flavors/detail?is_public=True => generated 15 bytes in 444 msecs (HTTP/1.1 200) 9 headers in 358 bytes (1 switches on core 0)
Sep 14 22:57:45.083946 dv-cinder-760178-13-smb devstack@n-api.service[93418]: DEBUG nova.api.openstack.wsgi [None req-9e1a61e2-a7eb-469a-8361-e79b5664f14f None None] Calling method '>' {{(pid=93418) _process_stack /opt/stack/nova/nova/api/openstack/wsgi.py:513}}
Sep 14 22:57:45.084986 dv-cinder-760178-13-smb devstack@n-api.service[93418]: INFO nova.api.openstack.requestlog [None req-9e1a61e2-a7eb-469a-8361-e79b5664f14f None None] 10.222.0.47 "GET /compute/v2.1" status: 200 len: 388 microversion: 2.1 time: 0.001526
Sep 14 22:57:45.085646 dv-cinder-760178-13-smb devstack@n-api.service[93418]: [pid: 93418|app: 0|req: 3/4] 10.222.0.47 () {54 vars in 931 bytes} [Tue Sep 14 22:57:45 2021] GET /compute/v2.1 => generated 388 bytes in 3 msecs (HTTP/1.1 200) 9 headers in 357 bytes (1 switches on core 0)
Sep 14 22:57:45.149627 dv-cinder-760178-13-smb devstack@n-api.service[93417]: DEBUG nova.api.openstack.wsgi [None req-7aaede64-6894-4c38-b2f7-f3d53ea10a97 admin admin] Action: 'create', calling method: >, body: {"flavor": {"swap": 0, "OS-FLV-EXT-DATA:ephemeral": 0, "vcpus": 1, "disk": 1, "name": "cirros256", "os-flavor-access:is_public": true, "id": "c1", "rxtx_factor": 1.0, "ram": 256}} {{(pid=93417) _process_stack /opt/stack/nova/nova/api/openstack/wsgi.py:511}}
Sep 14 22:57:45.168570 dv-cinder-760178-13-smb devstack@n-api.service[93417]: /usr/local/lib/python3.8/dist-packages/oslo_policy/policy.py:1064: UserWarning: Policy os_compute_api:os-flavor-manage:create failed scope check. The token used to make the request was project scoped but the policy requires ['system'] scope. This behavior may change in the future where using the intended scope is required
Sep 14 22:57:45.168570 dv-cinder-760178-13-smb devstack@n-api.service[93417]: warnings.warn(msg)
Sep 14 22:57:45.196650 dv-cinder-760178-13-smb devstack@n-api.service[93417]: INFO nova.api.openstack.requestlog [None req-7aaede64-6894-4c38-b2f7-f3d53ea10a97 admin admin] 10.222.0.47 "POST /compute/v2.1/flavors" status: 200 len: 407 microversion: 2.61 time: 0.103401
Sep 14 22:57:45.203381 dv-cinder-760178-13-smb devstack@n-api.service[93417]: [pid: 93417|app: 0|req: 2/5] 10.222.0.47 () {64 vars in 1283 bytes} [Tue Sep 14 22:57:45 2021] POST /compute/v2.1/flavors => generated 407 bytes in 111 msecs (HTTP/1.1 200) 9 headers in 359 bytes (1 switches on core 0)
Sep 14 22:57:45.414208 dv-cinder-760178-13-smb devstack@n-api.service[93418]: DEBUG nova.api.openstack.wsgi [None req-3da8cb8d-5c9d-4c2c-913b-df8d72b6d82e admin admin] Action: 'create', calling method: >, body: {"extra_specs": {"hw_rng:allowed": "True"}} {{(pid=93418) _process_stack /opt/stack/nova/nova/api/openstack/wsgi.py:511}}
Sep 14 22:57:45.416558 dv-cinder-760178-13-smb devstack@n-api.service[93418]: /usr/local/lib/python3.8/dist-packages/oslo_policy/policy.py:1064: UserWarning: Policy os_compute_api:os-flavor-extra-specs:create failed scope check. The token used to make the request was project scoped but the policy requires ['system'] scope. This behavior may change in the future where using the intended scope is required
Sep 14 22:57:45.416558 dv-cinder-760178-13-smb devstack@n-api.service[93418]: warnings.warn(msg)
Sep 14 22:57:45.464646 dv-cinder-760178-13-smb devstack@n-api.service[93418]: INFO nova.api.openstack.requestlog [None req-3da8cb8d-5c9d-4c2c-913b-df8d72b6d82e admin admin] 10.222.0.47 "POST /compute/v2.1/flavors/c1/os-extra_specs" status: 200 len: 43 microversion: 2.61 time: 0.258515
Sep 14 22:57:45.475332 dv-cinder-760178-13-smb devstack@n-api.service[93418]: [pid: 93418|app: 0|req: 4/6] 10.222.0.47 () {64 vars in 1336 bytes} [Tue Sep 14 22:57:45 2021] POST /compute/v2.1/flavors/c1/os-extra_specs => generated 43 bytes in 270 msecs (HTTP/1.1 200) 9 headers in 358 bytes (1 switches on core 0)
Sep 14 22:57:47.687638 dv-cinder-760178-13-smb devstack@n-api.service[93417]: DEBUG nova.api.openstack.wsgi [None req-7aaede64-6894-4c38-b2f7-f3d53ea10a97 admin admin] Calling method '>' {{(pid=93417) _process_stack /opt/stack/nova/nova/api/openstack/wsgi.py:513}}
Sep 14 22:57:47.688648 dv-cinder-760178-13-smb devstack@n-api.service[93417]: INFO nova.api.openstack.requestlog [None req-7aaede64-6894-4c38-b2f7-f3d53ea10a97 admin admin] 10.222.0.47 "GET /compute/v2.1" status: 200 len: 388 microversion: 2.1 time: 0.001482
Sep 14 22:57:47.689770 dv-cinder-760178-13-smb devstack@n-api.service[93417]: [pid: 93417|app: 0|req: 3/7] 10.222.0.47 () {54 vars in 931 bytes} [Tue Sep 14 22:57:47 2021] GET /compute/v2.1 => generated 388 bytes in 3 msecs (HTTP/1.1 200) 9 headers in 357 bytes (1 switches on core 0)
Sep 14 22:57:47.794726 dv-cinder-760178-13-smb devstack@n-api.service[93418]: DEBUG nova.api.openstack.wsgi [None req-c95f6e79-80d5-4868-98b6-8c9a27eb01d2 admin admin] Action: 'create', calling method: >, body: {"flavor": {"name": "ds512M", "rxtx_factor": 1.0, "os-flavor-access:is_public": true, "swap": 0, "ram": 512, "vcpus": 1, "OS-FLV-EXT-DATA:ephemeral": 0, "disk": 5, "id": "d1"}} {{(pid=93418) _process_stack /opt/stack/nova/nova/api/openstack/wsgi.py:511}}
Sep 14 22:57:47.812107 dv-cinder-760178-13-smb devstack@n-api.service[93418]: /usr/local/lib/python3.8/dist-packages/oslo_policy/policy.py:1064: UserWarning: Policy os_compute_api:os-flavor-manage:create failed scope check. The token used to make the request was project scoped but the policy requires ['system'] scope. This behavior may change in the future where using the intended scope is required
Sep 14 22:57:47.812107 dv-cinder-760178-13-smb devstack@n-api.service[93418]: warnings.warn(msg)
Sep 14 22:57:47.830166 dv-cinder-760178-13-smb devstack@n-api.service[93418]: INFO nova.api.openstack.requestlog [None req-c95f6e79-80d5-4868-98b6-8c9a27eb01d2 admin admin] 10.222.0.47 "POST /compute/v2.1/flavors" status: 200 len: 404 microversion: 2.61 time: 0.132806
Sep 14 22:57:47.830712 dv-cinder-760178-13-smb devstack@n-api.service[93418]: [pid: 93418|app: 0|req: 5/8] 10.222.0.47 () {64 vars in 1283 bytes} [Tue Sep 14 22:57:47 2021] POST /compute/v2.1/flavors => generated 404 bytes in 135 msecs (HTTP/1.1 200) 9 headers in 359 bytes (1 switches on core 0)
Sep 14 22:57:47.843122 dv-cinder-760178-13-smb devstack@n-api.service[93417]: DEBUG nova.api.openstack.wsgi [None req-44715a57-d805-4626-bf53-2f96e4474b4e admin admin] Action: 'create', calling method: >, body: {"extra_specs": {"hw_rng:allowed": "True"}} {{(pid=93417) _process_stack /opt/stack/nova/nova/api/openstack/wsgi.py:511}}
Sep 14 22:57:47.844766 dv-cinder-760178-13-smb devstack@n-api.service[93417]: /usr/local/lib/python3.8/dist-packages/oslo_policy/policy.py:1064: UserWarning: Policy os_compute_api:os-flavor-extra-specs:create failed scope check. The token used to make the request was project scoped but the policy requires ['system'] scope. This behavior may change in the future where using the intended scope is required
Sep 14 22:57:47.844766 dv-cinder-760178-13-smb devstack@n-api.service[93417]: warnings.warn(msg)
Sep 14 22:57:47.875768 dv-cinder-760178-13-smb devstack@n-api.service[93417]: INFO nova.api.openstack.requestlog [None req-44715a57-d805-4626-bf53-2f96e4474b4e admin admin] 10.222.0.47 "POST /compute/v2.1/flavors/d1/os-extra_specs" status: 200 len: 43 microversion: 2.61 time: 0.036252
Sep 14 22:57:47.876382 dv-cinder-760178-13-smb devstack@n-api.service[93417]: [pid: 93417|app: 0|req: 4/9] 10.222.0.47 () {64 vars in 1336 bytes} [Tue Sep 14 22:57:47 2021] POST /compute/v2.1/flavors/d1/os-extra_specs => generated 43 bytes in 38 msecs (HTTP/1.1 200) 9 headers in 358 bytes (2 switches on core 0)
Sep 14 22:57:50.093815 dv-cinder-760178-13-smb devstack@n-api.service[93418]: DEBUG nova.api.openstack.wsgi [None req-c95f6e79-80d5-4868-98b6-8c9a27eb01d2 admin admin] Calling method '>' {{(pid=93418) _process_stack /opt/stack/nova/nova/api/openstack/wsgi.py:513}}
Sep 14 22:57:50.094850 dv-cinder-760178-13-smb devstack@n-api.service[93418]: INFO nova.api.openstack.requestlog [None req-c95f6e79-80d5-4868-98b6-8c9a27eb01d2 admin admin] 10.222.0.47 "GET /compute/v2.1" status: 200 len: 388 microversion: 2.1 time: 0.001452
Sep 14 22:57:50.095495 dv-cinder-760178-13-smb devstack@n-api.service[93418]: [pid: 93418|app: 0|req: 6/10] 10.222.0.47 () {54 vars in 931 bytes} [Tue Sep 14 22:57:50 2021] GET /compute/v2.1 => generated 388 bytes in 2 msecs (HTTP/1.1 200) 9 headers in 357 bytes (1 switches on core 0)
Sep 14 22:57:50.155770 dv-cinder-760178-13-smb devstack@n-api.service[93417]: DEBUG nova.api.openstack.wsgi [None req-b8841b07-db24-4777-bba1-1b2f926de104 admin admin] Action: 'create', calling method: >, body: {"flavor": {"name": "ds1G", "id": "d2", "ram": 1024, "os-flavor-access:is_public": true, "rxtx_factor": 1.0, "vcpus": 1, "disk": 10, "swap": 0, "OS-FLV-EXT-DATA:ephemeral": 0}} {{(pid=93417) _process_stack /opt/stack/nova/nova/api/openstack/wsgi.py:511}}
Sep 14 22:57:50.178573 dv-cinder-760178-13-smb devstack@n-api.service[93417]: INFO nova.api.openstack.requestlog [None req-b8841b07-db24-4777-bba1-1b2f926de104 admin admin] 10.222.0.47 "POST /compute/v2.1/flavors" status: 200 len: 404 microversion: 2.61 time: 0.076591
Sep 14 22:57:50.186576 dv-cinder-760178-13-smb devstack@n-api.service[93417]: [pid: 93417|app: 0|req: 5/11] 10.222.0.47 () {64 vars in 1283 bytes} [Tue Sep 14 22:57:50 2021] POST /compute/v2.1/flavors => generated 404 bytes in 78 msecs (HTTP/1.1 200) 9 headers in 359 bytes (2 switches on core 0)
Sep 14 22:57:50.193188 dv-cinder-760178-13-smb devstack@n-api.service[93418]: DEBUG nova.api.openstack.wsgi [None req-28d636ee-f444-46a0-9e11-3eacba43e34a admin admin] Action: 'create', calling method: >, body: {"extra_specs": {"hw_rng:allowed": "True"}} {{(pid=93418) _process_stack /opt/stack/nova/nova/api/openstack/wsgi.py:511}}
Sep 14 22:57:50.220490 dv-cinder-760178-13-smb devstack@n-api.service[93418]: INFO nova.api.openstack.requestlog [None req-28d636ee-f444-46a0-9e11-3eacba43e34a admin admin] 10.222.0.47 "POST /compute/v2.1/flavors/d2/os-extra_specs" status: 200 len: 43 microversion: 2.61 time: 0.031768
Sep 14 22:57:50.221072 dv-cinder-760178-13-smb devstack@n-api.service[93418]: [pid: 93418|app: 0|req: 7/12] 10.222.0.47 () {64 vars in 1336 bytes} [Tue Sep 14 22:57:50 2021] POST /compute/v2.1/flavors/d2/os-extra_specs => generated 43 bytes in 33 msecs (HTTP/1.1 200) 9 headers in 358 bytes (1 switches on core 0)
Sep 14 22:57:52.436073 dv-cinder-760178-13-smb devstack@n-api.service[93417]: DEBUG nova.api.openstack.wsgi [None req-b8841b07-db24-4777-bba1-1b2f926de104 admin admin] Calling method '>' {{(pid=93417) _process_stack /opt/stack/nova/nova/api/openstack/wsgi.py:513}}
Sep 14 22:57:52.437358 dv-cinder-760178-13-smb devstack@n-api.service[93417]: INFO nova.api.openstack.requestlog [None req-b8841b07-db24-4777-bba1-1b2f926de104 admin admin] 10.222.0.47 "GET /compute/v2.1" status: 200 len: 388 microversion: 2.1 time: 0.001448
Sep 14 22:57:52.437614 dv-cinder-760178-13-smb devstack@n-api.service[93417]: [pid: 93417|app: 0|req: 6/13] 10.222.0.47 () {54 vars in 931 bytes} [Tue Sep 14 22:57:52 2021] GET /compute/v2.1 => generated 388 bytes in 2 msecs (HTTP/1.1 200) 9 headers in 357 bytes (1 switches on core 0)
Sep 14 22:57:52.504958 dv-cinder-760178-13-smb devstack@n-api.service[93418]: DEBUG nova.api.openstack.wsgi [None req-d287b49e-5be4-45da-9ab3-53f37dafa70c admin admin] Action: 'create', calling method: >, body: {"flavor": {"swap": 0, "rxtx_factor": 1.0, "OS-FLV-EXT-DATA:ephemeral": 0, "disk": 10, "ram": 2048, "name": "ds2G", "id": "d3", "vcpus": 2, "os-flavor-access:is_public": true}} {{(pid=93418) _process_stack /opt/stack/nova/nova/api/openstack/wsgi.py:511}}
Sep 14 22:57:52.524261 dv-cinder-760178-13-smb devstack@n-api.service[93418]: INFO nova.api.openstack.requestlog [None req-d287b49e-5be4-45da-9ab3-53f37dafa70c admin admin] 10.222.0.47 "POST /compute/v2.1/flavors" status: 200 len: 404 microversion: 2.61 time: 0.079607
Sep 14 22:57:52.524737 dv-cinder-760178-13-smb devstack@n-api.service[93418]: [pid: 93418|app: 0|req: 8/14] 10.222.0.47 () {64 vars in 1283 bytes} [Tue Sep 14 22:57:52 2021] POST /compute/v2.1/flavors => generated 404 bytes in 81 msecs (HTTP/1.1 200) 9 headers in 359 bytes (1 switches on core 0)
Sep 14 22:57:52.537072 dv-cinder-760178-13-smb devstack@n-api.service[93417]: DEBUG nova.api.openstack.wsgi [None req-58441824-d271-449e-b1f9-6ae4f1757f8b admin admin] Action: 'create', calling method: >, body: {"extra_specs": {"hw_rng:allowed": "True"}} {{(pid=93417) _process_stack /opt/stack/nova/nova/api/openstack/wsgi.py:511}}
Sep 14 22:57:52.560629 dv-cinder-760178-13-smb devstack@n-api.service[93417]: INFO nova.api.openstack.requestlog [None req-58441824-d271-449e-b1f9-6ae4f1757f8b admin admin] 10.222.0.47 "POST /compute/v2.1/flavors/d3/os-extra_specs" status: 200 len: 43 microversion: 2.61 time: 0.027173
Sep 14 22:57:52.561418 dv-cinder-760178-13-smb devstack@n-api.service[93417]: [pid: 93417|app: 0|req: 7/15] 10.222.0.47 () {64 vars in 1336 bytes} [Tue Sep 14 22:57:52 2021] POST /compute/v2.1/flavors/d3/os-extra_specs => generated 43 bytes in 28 msecs (HTTP/1.1 200) 9 headers in 358 bytes (2 switches on core 0)
Sep 14 22:57:54.783931 dv-cinder-760178-13-smb devstack@n-api.service[93418]: DEBUG nova.api.openstack.wsgi [None req-d287b49e-5be4-45da-9ab3-53f37dafa70c admin admin] Calling method '>' {{(pid=93418) _process_stack /opt/stack/nova/nova/api/openstack/wsgi.py:513}}
Sep 14 22:57:54.784942 dv-cinder-760178-13-smb devstack@n-api.service[93418]: INFO nova.api.openstack.requestlog [None req-d287b49e-5be4-45da-9ab3-53f37dafa70c admin admin] 10.222.0.47 "GET /compute/v2.1" status: 200 len: 388 microversion: 2.1 time: 0.002134
Sep 14 22:57:54.785339 dv-cinder-760178-13-smb devstack@n-api.service[93418]: [pid: 93418|app: 0|req: 9/16] 10.222.0.47 () {54 vars in 931 bytes} [Tue Sep 14 22:57:54 2021] GET /compute/v2.1 => generated 388 bytes in 3 msecs (HTTP/1.1 200) 9 headers in 357 bytes (1 switches on core 0)
Sep 14 22:57:54.842429 dv-cinder-760178-13-smb devstack@n-api.service[93417]: DEBUG nova.api.openstack.wsgi [None req-25381918-7b05-473f-ba34-b7dff9cca77c admin admin] Action: 'create', calling method: >, body: {"flavor": {"OS-FLV-EXT-DATA:ephemeral": 0, "swap": 0, "ram": 4096, "id": "d4", "disk": 20, "vcpus": 4, "os-flavor-access:is_public": true, "rxtx_factor": 1.0, "name": "ds4G"}} {{(pid=93417) _process_stack /opt/stack/nova/nova/api/openstack/wsgi.py:511}}
Sep 14 22:57:54.862271 dv-cinder-760178-13-smb devstack@n-api.service[93417]: INFO nova.api.openstack.requestlog [None req-25381918-7b05-473f-ba34-b7dff9cca77c admin admin] 10.222.0.47 "POST /compute/v2.1/flavors" status: 200 len: 404 microversion: 2.61 time: 0.070642
Sep 14 22:57:54.862803 dv-cinder-760178-13-smb devstack@n-api.service[93417]: [pid: 93417|app: 0|req: 8/17] 10.222.0.47 () {64 vars in 1283 bytes} [Tue Sep 14 22:57:54 2021] POST /compute/v2.1/flavors => generated 404 bytes in 72 msecs (HTTP/1.1 200) 9 headers in 359 bytes (1 switches on core 0)
Sep 14 22:57:54.874990 dv-cinder-760178-13-smb devstack@n-api.service[93418]: DEBUG nova.api.openstack.wsgi [None req-3e9d7c07-a73f-4e88-9aad-1eeab927068f admin admin] Action: 'create', calling method: >, body: {"extra_specs": {"hw_rng:allowed": "True"}} {{(pid=93418) _process_stack /opt/stack/nova/nova/api/openstack/wsgi.py:511}}
Sep 14 22:57:54.898203 dv-cinder-760178-13-smb devstack@n-api.service[93418]: INFO nova.api.openstack.requestlog [None req-3e9d7c07-a73f-4e88-9aad-1eeab927068f admin admin] 10.222.0.47 "POST /compute/v2.1/flavors/d4/os-extra_specs" status: 200 len: 43 microversion: 2.61 time: 0.026763
Sep 14 22:57:54.912813 dv-cinder-760178-13-smb devstack@n-api.service[93418]: [pid: 93418|app: 0|req: 10/18] 10.222.0.47 () {64 vars in 1336 bytes} [Tue Sep 14 22:57:54 2021] POST /compute/v2.1/flavors/d4/os-extra_specs => generated 43 bytes in 32 msecs (HTTP/1.1 200) 9 headers in 358 bytes (2 switches on core 0)
Sep 14 22:57:57.100442 dv-cinder-760178-13-smb devstack@n-api.service[93417]: DEBUG nova.api.openstack.wsgi [None req-25381918-7b05-473f-ba34-b7dff9cca77c admin admin] Calling method '>' {{(pid=93417) _process_stack /opt/stack/nova/nova/api/openstack/wsgi.py:513}}
Sep 14 22:57:57.101522 dv-cinder-760178-13-smb devstack@n-api.service[93417]: INFO nova.api.openstack.requestlog [None req-25381918-7b05-473f-ba34-b7dff9cca77c admin admin] 10.222.0.47 "GET /compute/v2.1" status: 200 len: 388 microversion: 2.1 time: 0.001506
Sep 14 22:57:57.101935 dv-cinder-760178-13-smb devstack@n-api.service[93417]: [pid: 93417|app: 0|req: 9/19] 10.222.0.47 () {54 vars in 931 bytes} [Tue Sep 14 22:57:57 2021] GET /compute/v2.1 => generated 388 bytes in 2 msecs (HTTP/1.1 200) 9 headers in 357 bytes (1 switches on core 0)
Sep 14 22:57:57.161076 dv-cinder-760178-13-smb devstack@n-api.service[93418]: DEBUG nova.api.openstack.wsgi [None req-1dd02649-a8f5-4b95-85f5-759f254aa666 admin admin] Calling method '>' {{(pid=93418) _process_stack /opt/stack/nova/nova/api/openstack/wsgi.py:513}}
Sep 14 22:57:57.184498 dv-cinder-760178-13-smb devstack@n-api.service[93418]: INFO nova.api.openstack.requestlog [None req-1dd02649-a8f5-4b95-85f5-759f254aa666 admin admin] 10.222.0.47 "GET /compute/v2.1/flavors/detail?is_public=True" status: 200 len: 2106 microversion: 2.61 time: 0.075653
Sep 14 22:57:57.185025 dv-cinder-760178-13-smb devstack@n-api.service[93418]: [pid: 93418|app: 0|req: 11/20] 10.222.0.47 () {60 vars in 1292 bytes} [Tue Sep 14 22:57:57 2021] GET /compute/v2.1/flavors/detail?is_public=True => generated 2106 bytes in 77 msecs (HTTP/1.1 200) 9 headers in 360 bytes (1 switches on core 0)
Sep 14 22:57:59.859575 dv-cinder-760178-13-smb devstack@n-api.service[93417]: DEBUG nova.api.openstack.wsgi [None req-25381918-7b05-473f-ba34-b7dff9cca77c admin admin] Calling method '>' {{(pid=93417) _process_stack /opt/stack/nova/nova/api/openstack/wsgi.py:513}}
Sep 14 22:57:59.860570 dv-cinder-760178-13-smb devstack@n-api.service[93417]: INFO nova.api.openstack.requestlog [None req-25381918-7b05-473f-ba34-b7dff9cca77c admin admin] 10.222.0.47 "GET /compute/v2.1" status: 200 len: 388 microversion: 2.1 time: 0.001454
Sep 14 22:57:59.860963 dv-cinder-760178-13-smb devstack@n-api.service[93417]: [pid: 93417|app: 0|req: 10/21] 10.222.0.47 () {54 vars in 931 bytes} [Tue Sep 14 22:57:59 2021] GET /compute/v2.1 => generated 388 bytes in 2 msecs (HTTP/1.1 200) 9 headers in 357 bytes (1 switches on core 0)
Sep 14 22:57:59.923831 dv-cinder-760178-13-smb devstack@n-api.service[93418]: DEBUG nova.api.openstack.wsgi [None req-5d627608-a065-4a56-b092-d83cd4ae7777 admin admin] Action: 'create', calling method: >, body: {"flavor": {"vcpus": 1, "name": "m1.tiny", "ram": 512, "id": "1", "os-flavor-access:is_public": true, "disk": 1, "rxtx_factor": 1.0, "swap": 0, "OS-FLV-EXT-DATA:ephemeral": 0}} {{(pid=93418) _process_stack /opt/stack/nova/nova/api/openstack/wsgi.py:511}}
Sep 14 22:57:59.943489 dv-cinder-760178-13-smb devstack@n-api.service[93418]: INFO nova.api.openstack.requestlog [None req-5d627608-a065-4a56-b092-d83cd4ae7777 admin admin] 10.222.0.47 "POST /compute/v2.1/flavors" status: 200 len: 402 microversion: 2.61 time: 0.075805
Sep 14 22:57:59.944028 dv-cinder-760178-13-smb devstack@n-api.service[93418]: [pid: 93418|app: 0|req: 12/22] 10.222.0.47 () {64 vars in 1283 bytes} [Tue Sep 14 22:57:59 2021] POST /compute/v2.1/flavors => generated 402 bytes in 77 msecs (HTTP/1.1 200) 9 headers in 359 bytes (2 switches on core 0)
Sep 14 22:57:59.958188 dv-cinder-760178-13-smb devstack@n-api.service[93417]: DEBUG nova.api.openstack.wsgi [None req-261f9181-459f-459e-9e0e-9efdc73dba50 admin admin] Action: 'create', calling method: >, body: {"extra_specs": {"hw_rng:allowed": "True"}} {{(pid=93417) _process_stack /opt/stack/nova/nova/api/openstack/wsgi.py:511}}
Sep 14 22:57:59.982587 dv-cinder-760178-13-smb devstack@n-api.service[93417]: INFO nova.api.openstack.requestlog [None req-261f9181-459f-459e-9e0e-9efdc73dba50 admin admin] 10.222.0.47 "POST /compute/v2.1/flavors/1/os-extra_specs" status: 200 len: 43 microversion: 2.61 time: 0.029761
Sep 14 22:57:59.983158 dv-cinder-760178-13-smb devstack@n-api.service[93417]: [pid: 93417|app: 0|req: 11/23] 10.222.0.47 () {64 vars in 1333 bytes} [Tue Sep 14 22:57:59 2021] POST /compute/v2.1/flavors/1/os-extra_specs => generated 43 bytes in 31 msecs (HTTP/1.1 200) 9 headers in 358 bytes (2 switches on core 0)
Sep 14 22:58:02.194793 dv-cinder-760178-13-smb devstack@n-api.service[93418]: DEBUG nova.api.openstack.wsgi [None req-5d627608-a065-4a56-b092-d83cd4ae7777 admin admin] Calling method '>' {{(pid=93418) _process_stack /opt/stack/nova/nova/api/openstack/wsgi.py:513}}
Sep 14 22:58:02.195827 dv-cinder-760178-13-smb devstack@n-api.service[93418]: INFO nova.api.openstack.requestlog [None req-5d627608-a065-4a56-b092-d83cd4ae7777 admin admin] 10.222.0.47 "GET /compute/v2.1" status: 200 len: 388 microversion: 2.1 time: 0.001731
Sep 14 22:58:02.196221 dv-cinder-760178-13-smb devstack@n-api.service[93418]: [pid: 93418|app: 0|req: 13/24] 10.222.0.47 () {54 vars in 931 bytes} [Tue Sep 14 22:58:02 2021] GET /compute/v2.1 => generated 388 bytes in 3 msecs (HTTP/1.1 200) 9 headers in 357 bytes (1 switches on core 0)
Sep 14 22:58:02.266333 dv-cinder-760178-13-smb devstack@n-api.service[93417]: DEBUG nova.api.openstack.wsgi [None req-73506f7c-b886-41a8-9760-8f4308e973a9 admin admin] Action: 'create', calling method: >, body: {"flavor": {"OS-FLV-EXT-DATA:ephemeral": 0, "swap": 0, "os-flavor-access:is_public": true, "name": "m1.small", "vcpus": 1, "ram": 2048, "id": "2", "disk": 20, "rxtx_factor": 1.0}} {{(pid=93417) _process_stack /opt/stack/nova/nova/api/openstack/wsgi.py:511}}
Sep 14 22:58:02.284445 dv-cinder-760178-13-smb devstack@n-api.service[93417]: INFO nova.api.openstack.requestlog [None req-73506f7c-b886-41a8-9760-8f4308e973a9 admin admin] 10.222.0.47 "POST /compute/v2.1/flavors" status: 200 len: 405 microversion: 2.61 time: 0.081800
Sep 14 22:58:02.285013 dv-cinder-760178-13-smb devstack@n-api.service[93417]: [pid: 93417|app: 0|req: 12/25] 10.222.0.47 () {64 vars in 1283 bytes} [Tue Sep 14 22:58:02 2021] POST /compute/v2.1/flavors => generated 405 bytes in 83 msecs (HTTP/1.1 200) 9 headers in 359 bytes (1 switches on core 0)
Sep 14 22:58:02.297200 dv-cinder-760178-13-smb devstack@n-api.service[93418]: DEBUG nova.api.openstack.wsgi [None req-57b4ff97-f541-4a5d-a67c-8bc6aa18275d admin admin] Action: 'create', calling method: >, body: {"extra_specs": {"hw_rng:allowed": "True"}} {{(pid=93418) _process_stack /opt/stack/nova/nova/api/openstack/wsgi.py:511}}
Sep 14 22:58:02.320735 dv-cinder-760178-13-smb devstack@n-api.service[93418]: INFO nova.api.openstack.requestlog [None req-57b4ff97-f541-4a5d-a67c-8bc6aa18275d admin admin] 10.222.0.47 "POST /compute/v2.1/flavors/2/os-extra_specs" status: 200 len: 43 microversion: 2.61 time: 0.027110
Sep 14 22:58:02.321301 dv-cinder-760178-13-smb devstack@n-api.service[93418]: [pid: 93418|app: 0|req: 14/26] 10.222.0.47 () {64 vars in 1333 bytes} [Tue Sep 14 22:58:02 2021] POST /compute/v2.1/flavors/2/os-extra_specs => generated 43 bytes in 28 msecs (HTTP/1.1 200) 9 headers in 358 bytes (1 switches on core 0)
Sep 14 22:58:04.512835 dv-cinder-760178-13-smb devstack@n-api.service[93417]: DEBUG nova.api.openstack.wsgi [None req-73506f7c-b886-41a8-9760-8f4308e973a9 admin admin] Calling method '>' {{(pid=93417) _process_stack /opt/stack/nova/nova/api/openstack/wsgi.py:513}}
Sep 14 22:58:04.513842 dv-cinder-760178-13-smb devstack@n-api.service[93417]: INFO nova.api.openstack.requestlog [None req-73506f7c-b886-41a8-9760-8f4308e973a9 admin admin] 10.222.0.47 "GET /compute/v2.1" status: 200 len: 388 microversion: 2.1 time: 0.001424
Sep 14 22:58:04.514239 dv-cinder-760178-13-smb devstack@n-api.service[93417]: [pid: 93417|app: 0|req: 13/27] 10.222.0.47 () {54 vars in 931 bytes} [Tue Sep 14 22:58:04 2021] GET /compute/v2.1 => generated 388 bytes in 2 msecs (HTTP/1.1 200) 9 headers in 357 bytes (1 switches on core 0)
Sep 14 22:58:04.572513 dv-cinder-760178-13-smb devstack@n-api.service[93418]: DEBUG nova.api.openstack.wsgi [None req-9f400c11-f069-480a-9561-0dd5fb03c829 admin admin] Action: 'create', calling method: >, body: {"flavor": {"swap": 0, "rxtx_factor": 1.0, "name": "m1.medium", "ram": 4096, "os-flavor-access:is_public": true, "disk": 40, "OS-FLV-EXT-DATA:ephemeral": 0, "id": "3", "vcpus": 2}} {{(pid=93418) _process_stack /opt/stack/nova/nova/api/openstack/wsgi.py:511}}
Sep 14 22:58:04.592779 dv-cinder-760178-13-smb devstack@n-api.service[93418]: INFO nova.api.openstack.requestlog [None req-9f400c11-f069-480a-9561-0dd5fb03c829 admin admin] 10.222.0.47 "POST /compute/v2.1/flavors" status: 200 len: 406 microversion: 2.61 time: 0.071701
Sep 14 22:58:04.593325 dv-cinder-760178-13-smb devstack@n-api.service[93418]: [pid: 93418|app: 0|req: 15/28] 10.222.0.47 () {64 vars in 1283 bytes} [Tue Sep 14 22:58:04 2021] POST /compute/v2.1/flavors => generated 406 bytes in 73 msecs (HTTP/1.1 200) 9 headers in 359 bytes (2 switches on core 0)
Sep 14 22:58:04.605718 dv-cinder-760178-13-smb devstack@n-api.service[93417]: DEBUG nova.api.openstack.wsgi [None req-2cc78fd7-299f-4649-b10f-8e86537d2ff4 admin admin] Action: 'create', calling method: >, body: {"extra_specs": {"hw_rng:allowed": "True"}} {{(pid=93417) _process_stack /opt/stack/nova/nova/api/openstack/wsgi.py:511}}
Sep 14 22:58:04.627580 dv-cinder-760178-13-smb devstack@n-api.service[93417]: INFO nova.api.openstack.requestlog [None req-2cc78fd7-299f-4649-b10f-8e86537d2ff4 admin admin] 10.222.0.47 "POST /compute/v2.1/flavors/3/os-extra_specs" status: 200 len: 43 microversion: 2.61 time: 0.025448
Sep 14 22:58:04.628148 dv-cinder-760178-13-smb devstack@n-api.service[93417]: [pid: 93417|app: 0|req: 14/29] 10.222.0.47 () {64 vars in 1333 bytes} [Tue Sep 14 22:58:04 2021] POST /compute/v2.1/flavors/3/os-extra_specs => generated 43 bytes in 27 msecs (HTTP/1.1 200) 9 headers in 358 bytes (1 switches on core 0)
Sep 14 22:58:06.873616 dv-cinder-760178-13-smb devstack@n-api.service[93418]: DEBUG nova.api.openstack.wsgi [None req-9f400c11-f069-480a-9561-0dd5fb03c829 admin admin] Calling method '>' {{(pid=93418) _process_stack /opt/stack/nova/nova/api/openstack/wsgi.py:513}}
Sep 14 22:58:06.874607 dv-cinder-760178-13-smb devstack@n-api.service[93418]: INFO nova.api.openstack.requestlog [None req-9f400c11-f069-480a-9561-0dd5fb03c829 admin admin] 10.222.0.47 "GET /compute/v2.1" status: 200 len: 388 microversion: 2.1 time: 0.001433
Sep 14 22:58:06.875000 dv-cinder-760178-13-smb devstack@n-api.service[93418]: [pid: 93418|app: 0|req: 16/30] 10.222.0.47 () {54 vars in 931 bytes} [Tue Sep 14 22:58:06 2021] GET /compute/v2.1 => generated 388 bytes in 2 msecs (HTTP/1.1 200) 9 headers in 357 bytes (1 switches on core 0)
Sep 14 22:58:06.934018 dv-cinder-760178-13-smb devstack@n-api.service[93417]: DEBUG nova.api.openstack.wsgi [None req-ebb7505c-ffec-402f-af4d-b069de19a6b5 admin admin] Action: 'create', calling method: >, body: {"flavor": {"id": "4", "name": "m1.large", "rxtx_factor": 1.0, "disk": 80, "vcpus": 4, "swap": 0, "OS-FLV-EXT-DATA:ephemeral": 0, "ram": 8192, "os-flavor-access:is_public": true}} {{(pid=93417) _process_stack /opt/stack/nova/nova/api/openstack/wsgi.py:511}}
Sep 14 22:58:06.953213 dv-cinder-760178-13-smb devstack@n-api.service[93417]: INFO nova.api.openstack.requestlog [None req-ebb7505c-ffec-402f-af4d-b069de19a6b5 admin admin] 10.222.0.47 "POST /compute/v2.1/flavors" status: 200 len: 405 microversion: 2.61 time: 0.071522
Sep 14 22:58:06.954822 dv-cinder-760178-13-smb devstack@n-api.service[93417]: [pid: 93417|app: 0|req: 15/31] 10.222.0.47 () {64 vars in 1283 bytes} [Tue Sep 14 22:58:06 2021] POST /compute/v2.1/flavors => generated 405 bytes in 73 msecs (HTTP/1.1 200) 9 headers in 359 bytes (1 switches on core 0)
Sep 14 22:58:06.966427 dv-cinder-760178-13-smb devstack@n-api.service[93418]: DEBUG nova.api.openstack.wsgi [None req-fae039bf-504f-434f-b45e-3f8e0345a90e admin admin] Action: 'create', calling method: >, body: {"extra_specs": {"hw_rng:allowed": "True"}} {{(pid=93418) _process_stack /opt/stack/nova/nova/api/openstack/wsgi.py:511}}
Sep 14 22:58:06.991082 dv-cinder-760178-13-smb devstack@n-api.service[93418]: INFO nova.api.openstack.requestlog [None req-fae039bf-504f-434f-b45e-3f8e0345a90e admin admin] 10.222.0.47 "POST /compute/v2.1/flavors/4/os-extra_specs" status: 200 len: 43 microversion: 2.61 time: 0.028240
Sep 14 22:58:06.991993 dv-cinder-760178-13-smb devstack@n-api.service[93418]: [pid: 93418|app: 0|req: 17/32] 10.222.0.47 () {64 vars in 1333 bytes} [Tue Sep 14 22:58:06 2021] POST /compute/v2.1/flavors/4/os-extra_specs => generated 43 bytes in 30 msecs (HTTP/1.1 200) 9 headers in 358 bytes (2 switches on core 0)
Sep 14 22:58:09.259381 dv-cinder-760178-13-smb devstack@n-api.service[93417]: DEBUG nova.api.openstack.wsgi [None req-ebb7505c-ffec-402f-af4d-b069de19a6b5 admin admin] Calling method '>' {{(pid=93417) _process_stack /opt/stack/nova/nova/api/openstack/wsgi.py:513}}
Sep 14 22:58:09.260458 dv-cinder-760178-13-smb devstack@n-api.service[93417]: INFO nova.api.openstack.requestlog [None req-ebb7505c-ffec-402f-af4d-b069de19a6b5 admin admin] 10.222.0.47 "GET /compute/v2.1" status: 200 len: 388 microversion: 2.1 time: 0.001646
Sep 14 22:58:09.261042 dv-cinder-760178-13-smb devstack@n-api.service[93417]: [pid: 93417|app: 0|req: 16/33] 10.222.0.47 () {54 vars in 931 bytes} [Tue Sep 14 22:58:09 2021] GET /compute/v2.1 => generated 388 bytes in 3 msecs (HTTP/1.1 200) 9 headers in 357 bytes (2 switches on core 0)
Sep 14 22:58:09.322761 dv-cinder-760178-13-smb devstack@n-api.service[93418]: DEBUG nova.api.openstack.wsgi [None req-839c96ba-19b9-41e6-9af8-8cb358920cd7 admin admin] Action: 'create', calling method: >, body: {"flavor": {"swap": 0, "name": "m1.xlarge", "disk": 160, "OS-FLV-EXT-DATA:ephemeral": 0, "vcpus": 8, "ram": 16384, "os-flavor-access:is_public": true, "id": "5", "rxtx_factor": 1.0}} {{(pid=93418) _process_stack /opt/stack/nova/nova/api/openstack/wsgi.py:511}}
Sep 14 22:58:09.340994 dv-cinder-760178-13-smb devstack@n-api.service[93418]: INFO nova.api.openstack.requestlog [None req-839c96ba-19b9-41e6-9af8-8cb358920cd7 admin admin] 10.222.0.47 "POST /compute/v2.1/flavors" status: 200 len: 408 microversion: 2.61 time: 0.073529
Sep 14 22:58:09.341546 dv-cinder-760178-13-smb devstack@n-api.service[93418]: [pid: 93418|app: 0|req: 18/34] 10.222.0.47 () {64 vars in 1283 bytes} [Tue Sep 14 22:58:09 2021] POST /compute/v2.1/flavors => generated 408 bytes in 75 msecs (HTTP/1.1 200) 9 headers in 359 bytes (1 switches on core 0)
Sep 14 22:58:09.354192 dv-cinder-760178-13-smb devstack@n-api.service[93417]: DEBUG nova.api.openstack.wsgi [None req-14ae71ad-38d9-4f26-8088-4044509890ae admin admin] Action: 'create', calling method: >, body: {"extra_specs": {"hw_rng:allowed": "True"}} {{(pid=93417) _process_stack /opt/stack/nova/nova/api/openstack/wsgi.py:511}}
Sep 14 22:58:09.383231 dv-cinder-760178-13-smb devstack@n-api.service[93417]: INFO nova.api.openstack.requestlog [None req-14ae71ad-38d9-4f26-8088-4044509890ae admin admin] 10.222.0.47 "POST /compute/v2.1/flavors/5/os-extra_specs" status: 200 len: 43 microversion: 2.61 time: 0.032577
Sep 14 22:58:09.383818 dv-cinder-760178-13-smb devstack@n-api.service[93417]: [pid: 93417|app: 0|req: 17/35] 10.222.0.47 () {64 vars in 1333 bytes} [Tue Sep 14 22:58:09 2021] POST /compute/v2.1/flavors/5/os-extra_specs => generated 43 bytes in 34 msecs (HTTP/1.1 200) 9 headers in 358 bytes (2 switches on core 0)
Sep 14 22:58:48.384812 dv-cinder-760178-13-smb devstack@n-api.service[93418]: DEBUG nova.api.openstack.wsgi [None req-839c96ba-19b9-41e6-9af8-8cb358920cd7 admin admin] Calling method '>' {{(pid=93418) _process_stack /opt/stack/nova/nova/api/openstack/wsgi.py:513}}
Sep 14 22:58:48.385808 dv-cinder-760178-13-smb devstack@n-api.service[93418]: INFO nova.api.openstack.requestlog [None req-839c96ba-19b9-41e6-9af8-8cb358920cd7 admin admin] 10.222.0.47 "GET /compute/v2.1" status: 200 len: 388 microversion: 2.1 time: 0.001434
Sep 14 22:58:48.386200 dv-cinder-760178-13-smb devstack@n-api.service[93418]: [pid: 93418|app: 0|req: 19/36] 10.222.0.47 () {54 vars in 931 bytes} [Tue Sep 14 22:58:48 2021] GET /compute/v2.1 => generated 388 bytes in 2 msecs (HTTP/1.1 200) 9 headers in 357 bytes (1 switches on core 0)
Sep 14 22:58:48.444905 dv-cinder-760178-13-smb devstack@n-api.service[93417]: DEBUG nova.api.openstack.wsgi [None req-0e0f8651-62e1-4831-bf3c-bcc9171171f4 admin admin] Calling method '>' {{(pid=93417) _process_stack /opt/stack/nova/nova/api/openstack/wsgi.py:513}}
Sep 14 22:58:48.461737 dv-cinder-760178-13-smb devstack@n-api.service[93417]: INFO nova.api.openstack.requestlog [None req-0e0f8651-62e1-4831-bf3c-bcc9171171f4 admin admin] 10.222.0.47 "GET /compute/v2.1/flavors/detail?is_public=True" status: 200 len: 4202 microversion: 2.61 time: 0.068421
Sep 14 22:58:48.462259 dv-cinder-760178-13-smb devstack@n-api.service[93417]: [pid: 93417|app: 0|req: 18/37] 10.222.0.47 () {60 vars in 1292 bytes} [Tue Sep 14 22:58:48 2021] GET /compute/v2.1/flavors/detail?is_public=True => generated 4202 bytes in 69 msecs (HTTP/1.1 200) 9 headers in 360 bytes (1 switches on core 0)
Sep 14 22:58:49.874817 dv-cinder-760178-13-smb devstack@n-api.service[93418]: DEBUG nova.api.openstack.wsgi [None req-839c96ba-19b9-41e6-9af8-8cb358920cd7 admin admin] Calling method '>' {{(pid=93418) _process_stack /opt/stack/nova/nova/api/openstack/wsgi.py:513}}
Sep 14 22:58:49.876369 dv-cinder-760178-13-smb devstack@n-api.service[93418]: INFO nova.api.openstack.requestlog [None req-839c96ba-19b9-41e6-9af8-8cb358920cd7 admin admin] 10.222.0.47 "GET /compute/v2.1" status: 200 len: 388 microversion: 2.1 time: 0.001948
Sep 14 22:58:49.876784 dv-cinder-760178-13-smb devstack@n-api.service[93418]: [pid: 93418|app: 0|req: 20/38] 10.222.0.47 () {56 vars in 1075 bytes} [Tue Sep 14 22:58:49 2021] GET /compute/v2.1 => generated 388 bytes in 3 msecs (HTTP/1.1 200) 9 headers in 357 bytes (1 switches on core 0)
Sep 14 22:58:50.065580 dv-cinder-760178-13-smb devstack@n-api.service[93417]: DEBUG nova.api.openstack.wsgi [None req-ae97c999-1918-4e4e-8c74-693ce87f6619 admin admin] Calling method '>' {{(pid=93417) _process_stack /opt/stack/nova/nova/api/openstack/wsgi.py:513}}
Sep 14 22:58:50.071234 dv-cinder-760178-13-smb devstack@n-api.service[93417]: INFO nova.api.openstack.wsgi [None req-ae97c999-1918-4e4e-8c74-693ce87f6619 admin admin] HTTP exception thrown: Flavor 42 could not be found.
Sep 14 22:58:50.071797 dv-cinder-760178-13-smb devstack@n-api.service[93417]: DEBUG nova.api.openstack.wsgi [None req-ae97c999-1918-4e4e-8c74-693ce87f6619 admin admin] Returning 404 to user: Flavor 42 could not be found. {{(pid=93417) __call__ /opt/stack/nova/nova/api/openstack/wsgi.py:936}}
Sep 14 22:58:50.072579 dv-cinder-760178-13-smb devstack@n-api.service[93417]: INFO nova.api.openstack.requestlog [None req-ae97c999-1918-4e4e-8c74-693ce87f6619 admin admin] 10.222.0.47 "GET /compute/v2.1/flavors/42" status: 404 len: 75 microversion: 2.90 time: 0.058378
Sep 14 22:58:50.073083 dv-cinder-760178-13-smb devstack@n-api.service[93417]: [pid: 93417|app: 0|req: 19/39] 10.222.0.47 () {60 vars in 1191 bytes} [Tue Sep 14 22:58:50 2021] GET /compute/v2.1/flavors/42 => generated 75 bytes in 59 msecs (HTTP/1.1 404) 9 headers in 380 bytes (2 switches on core 0)
Sep 14 22:58:50.082881 dv-cinder-760178-13-smb devstack@n-api.service[93418]: DEBUG nova.api.openstack.wsgi [None req-50e38d88-1222-45fb-b0c6-e62e25369a33 admin admin] Calling method '>' {{(pid=93418) _process_stack /opt/stack/nova/nova/api/openstack/wsgi.py:513}}
Sep 14 22:58:50.103078 dv-cinder-760178-13-smb devstack@n-api.service[93418]: INFO nova.api.openstack.requestlog [None req-50e38d88-1222-45fb-b0c6-e62e25369a33 admin admin] 10.222.0.47 "GET /compute/v2.1/flavors?is_public=None" status: 200 len: 2056 microversion: 2.90 time: 0.023701
Sep 14 22:58:50.103553 dv-cinder-760178-13-smb devstack@n-api.service[93418]: [pid: 93418|app: 0|req: 21/40] 10.222.0.47 () {60 vars in 1211 bytes} [Tue Sep 14 22:58:50 2021] GET /compute/v2.1/flavors?is_public=None => generated 2056 bytes in 25 msecs (HTTP/1.1 200) 9 headers in 360 bytes (1 switches on core 0)
Sep 14 22:58:50.113618 dv-cinder-760178-13-smb devstack@n-api.service[93417]: DEBUG nova.api.openstack.wsgi [None req-1645913b-26cf-4e3c-85cf-df5d5f95d502 admin admin] Calling method '>' {{(pid=93417) _process_stack /opt/stack/nova/nova/api/openstack/wsgi.py:513}}
Sep 14 22:58:50.134605 dv-cinder-760178-13-smb devstack@n-api.service[93417]: INFO nova.api.openstack.requestlog [None req-1645913b-26cf-4e3c-85cf-df5d5f95d502 admin admin] 10.222.0.47 "GET /compute/v2.1/flavors?is_public=None" status: 200 len: 2056 microversion: 2.90 time: 0.024817
Sep 14 22:58:50.135133 dv-cinder-760178-13-smb devstack@n-api.service[93417]: [pid: 93417|app: 0|req: 20/41] 10.222.0.47 () {60 vars in 1211 bytes} [Tue Sep 14 22:58:50 2021] GET /compute/v2.1/flavors?is_public=None => generated 2056 bytes in 26 msecs (HTTP/1.1 200) 9 headers in 360 bytes (2 switches on core 0)
Sep 14 22:58:50.144489 dv-cinder-760178-13-smb devstack@n-api.service[93418]: DEBUG nova.api.openstack.wsgi [None req-0204d4fa-0304-4d1f-9c65-763acc4ba1c6 admin admin] Calling method '>' {{(pid=93418) _process_stack /opt/stack/nova/nova/api/openstack/wsgi.py:513}}
Sep 14 22:58:50.149634 dv-cinder-760178-13-smb devstack@n-api.service[93418]: INFO nova.api.openstack.wsgi [None req-0204d4fa-0304-4d1f-9c65-763acc4ba1c6 admin admin] HTTP exception thrown: Flavor 42 could not be found.
Sep 14 22:58:50.150195 dv-cinder-760178-13-smb devstack@n-api.service[93418]: DEBUG nova.api.openstack.wsgi [None req-0204d4fa-0304-4d1f-9c65-763acc4ba1c6 admin admin] Returning 404 to user: Flavor 42 could not be found. {{(pid=93418) __call__ /opt/stack/nova/nova/api/openstack/wsgi.py:936}}
Sep 14 22:58:50.150978 dv-cinder-760178-13-smb devstack@n-api.service[93418]: INFO nova.api.openstack.requestlog [None req-0204d4fa-0304-4d1f-9c65-763acc4ba1c6 admin admin] 10.222.0.47 "GET /compute/v2.1/flavors/42" status: 404 len: 75 microversion: 2.90 time: 0.009952
Sep 14 22:58:50.151488 dv-cinder-760178-13-smb devstack@n-api.service[93418]: [pid: 93418|app: 0|req: 22/42] 10.222.0.47 () {60 vars in 1191 bytes} [Tue Sep 14 22:58:50 2021] GET /compute/v2.1/flavors/42 => generated 75 bytes in 11 msecs (HTTP/1.1 404) 9 headers in 380 bytes (1 switches on core 0)
Sep 14 22:58:51.499920 dv-cinder-760178-13-smb devstack@n-api.service[93417]: DEBUG nova.api.openstack.wsgi [None req-1645913b-26cf-4e3c-85cf-df5d5f95d502 admin admin] Calling method '>' {{(pid=93417) _process_stack /opt/stack/nova/nova/api/openstack/wsgi.py:513}}
Sep 14 22:58:51.501501 dv-cinder-760178-13-smb devstack@n-api.service[93417]: INFO nova.api.openstack.requestlog [None req-1645913b-26cf-4e3c-85cf-df5d5f95d502 admin admin] 10.222.0.47 "GET /compute/v2.1" status: 200 len: 388 microversion: 2.1 time: 0.002024
Sep 14 22:58:51.501887 dv-cinder-760178-13-smb devstack@n-api.service[93417]: [pid: 93417|app: 0|req: 21/43] 10.222.0.47 () {56 vars in 1075 bytes} [Tue Sep 14 22:58:51 2021] GET /compute/v2.1 => generated 388 bytes in 3 msecs (HTTP/1.1 200) 9 headers in 357 bytes (1 switches on core 0)
Sep 14 22:58:51.687419 dv-cinder-760178-13-smb devstack@n-api.service[93418]: DEBUG nova.api.openstack.wsgi [None req-bcee59c8-53dd-4a11-951b-4d7e4c31dd10 admin admin] Calling method '>' {{(pid=93418) _process_stack /opt/stack/nova/nova/api/openstack/wsgi.py:513}}
Sep 14 22:58:51.692919 dv-cinder-760178-13-smb devstack@n-api.service[93418]: INFO nova.api.openstack.wsgi [None req-bcee59c8-53dd-4a11-951b-4d7e4c31dd10 admin admin] HTTP exception thrown: Flavor 84 could not be found.
Sep 14 22:58:51.693481 dv-cinder-760178-13-smb devstack@n-api.service[93418]: DEBUG nova.api.openstack.wsgi [None req-bcee59c8-53dd-4a11-951b-4d7e4c31dd10 admin admin] Returning 404 to user: Flavor 84 could not be found. {{(pid=93418) __call__ /opt/stack/nova/nova/api/openstack/wsgi.py:936}}
Sep 14 22:58:51.694519 dv-cinder-760178-13-smb devstack@n-api.service[93418]: INFO nova.api.openstack.requestlog [None req-bcee59c8-53dd-4a11-951b-4d7e4c31dd10 admin admin] 10.222.0.47 "GET /compute/v2.1/flavors/84" status: 404 len: 75 microversion: 2.90 time: 0.056992
Sep 14 22:58:51.695035 dv-cinder-760178-13-smb devstack@n-api.service[93418]: [pid: 93418|app: 0|req: 23/44] 10.222.0.47 () {60 vars in 1191 bytes} [Tue Sep 14 22:58:51 2021] GET /compute/v2.1/flavors/84 => generated 75 bytes in 58 msecs (HTTP/1.1 404) 9 headers in 380 bytes (1 switches on core 0)
Sep 14 22:58:51.705051 dv-cinder-760178-13-smb devstack@n-api.service[93417]: DEBUG nova.api.openstack.wsgi [None req-a187415c-d3b2-4173-9c95-a8d0b2889fc9 admin admin] Calling method '>' {{(pid=93417) _process_stack /opt/stack/nova/nova/api/openstack/wsgi.py:513}}
Sep 14 22:58:51.718204 dv-cinder-760178-13-smb devstack@n-api.service[93417]: INFO nova.api.openstack.requestlog [None req-a187415c-d3b2-4173-9c95-a8d0b2889fc9 admin admin] 10.222.0.47 "GET /compute/v2.1/flavors?is_public=None" status: 200 len: 2056 microversion: 2.90 time: 0.017084
Sep 14 22:58:51.718657 dv-cinder-760178-13-smb devstack@n-api.service[93417]: [pid: 93417|app: 0|req: 22/45] 10.222.0.47 () {60 vars in 1211 bytes} [Tue Sep 14 22:58:51 2021] GET /compute/v2.1/flavors?is_public=None => generated 2056 bytes in 18 msecs (HTTP/1.1 200) 9 headers in 360 bytes (1 switches on core 0)
Sep 14 22:58:51.728864 dv-cinder-760178-13-smb devstack@n-api.service[93418]: DEBUG nova.api.openstack.wsgi [None req-5409dc7b-c316-474f-8247-b634275fd971 admin admin] Calling method '>' {{(pid=93418) _process_stack /opt/stack/nova/nova/api/openstack/wsgi.py:513}}
Sep 14 22:58:51.741850 dv-cinder-760178-13-smb devstack@n-api.service[93418]: INFO nova.api.openstack.requestlog [None req-5409dc7b-c316-474f-8247-b634275fd971 admin admin] 10.222.0.47 "GET /compute/v2.1/flavors?is_public=None" status: 200 len: 2056 microversion: 2.90 time: 0.016381
Sep 14 22:58:51.742354 dv-cinder-760178-13-smb devstack@n-api.service[93418]: [pid: 93418|app: 0|req: 24/46] 10.222.0.47 () {60 vars in 1211 bytes} [Tue Sep 14 22:58:51 2021] GET /compute/v2.1/flavors?is_public=None => generated 2056 bytes in 17 msecs (HTTP/1.1 200) 9 headers in 360 bytes (2 switches on core 0)
Sep 14 22:58:51.751554 dv-cinder-760178-13-smb devstack@n-api.service[93417]: DEBUG nova.api.openstack.wsgi [None req-3dd03abc-c5fd-4b6b-ab58-e9ae9228961c admin admin] Calling method '>' {{(pid=93417) _process_stack /opt/stack/nova/nova/api/openstack/wsgi.py:513}}
Sep 14 22:58:51.756396 dv-cinder-760178-13-smb devstack@n-api.service[93417]: INFO nova.api.openstack.wsgi [None req-3dd03abc-c5fd-4b6b-ab58-e9ae9228961c admin admin] HTTP exception thrown: Flavor 84 could not be found.
Sep 14 22:58:51.756941 dv-cinder-760178-13-smb devstack@n-api.service[93417]: DEBUG nova.api.openstack.wsgi [None req-3dd03abc-c5fd-4b6b-ab58-e9ae9228961c admin admin] Returning 404 to user: Flavor 84 could not be found. {{(pid=93417) __call__ /opt/stack/nova/nova/api/openstack/wsgi.py:936}}
Sep 14 22:58:51.757696 dv-cinder-760178-13-smb devstack@n-api.service[93417]: INFO nova.api.openstack.requestlog [None req-3dd03abc-c5fd-4b6b-ab58-e9ae9228961c admin admin] 10.222.0.47 "GET /compute/v2.1/flavors/84" status: 404 len: 75 microversion: 2.90 time: 0.009498
Sep 14 22:58:51.758172 dv-cinder-760178-13-smb devstack@n-api.service[93417]: [pid: 93417|app: 0|req: 23/47] 10.222.0.47 () {60 vars in 1191 bytes} [Tue Sep 14 22:58:51 2021] GET /compute/v2.1/flavors/84 => generated 75 bytes in 10 msecs (HTTP/1.1 404) 9 headers in 380 bytes (2 switches on core 0)
Sep 14 22:58:53.091052 dv-cinder-760178-13-smb devstack@n-api.service[93418]: DEBUG nova.api.openstack.wsgi [None req-5409dc7b-c316-474f-8247-b634275fd971 admin admin] Calling method '>' {{(pid=93418) _process_stack /opt/stack/nova/nova/api/openstack/wsgi.py:513}}
Sep 14 22:58:53.092072 dv-cinder-760178-13-smb devstack@n-api.service[93418]: INFO nova.api.openstack.requestlog [None req-5409dc7b-c316-474f-8247-b634275fd971 admin admin] 10.222.0.47 "GET /compute/v2.1" status: 200 len: 388 microversion: 2.1 time: 0.001430
Sep 14 22:58:53.092466 dv-cinder-760178-13-smb devstack@n-api.service[93418]: [pid: 93418|app: 0|req: 25/48] 10.222.0.47 () {56 vars in 1075 bytes} [Tue Sep 14 22:58:53 2021] GET /compute/v2.1 => generated 388 bytes in 2 msecs (HTTP/1.1 200) 9 headers in 357 bytes (1 switches on core 0)
Sep 14 22:58:53.278569 dv-cinder-760178-13-smb devstack@n-api.service[93417]: DEBUG nova.api.openstack.wsgi [None req-6e2f027f-5e54-484c-a166-f9a08969aadf admin admin] Calling method '>' {{(pid=93417) _process_stack /opt/stack/nova/nova/api/openstack/wsgi.py:513}}
Sep 14 22:58:53.284261 dv-cinder-760178-13-smb devstack@n-api.service[93417]: INFO nova.api.openstack.wsgi [None req-6e2f027f-5e54-484c-a166-f9a08969aadf admin admin] HTTP exception thrown: Flavor 451 could not be found.
Sep 14 22:58:53.284761 dv-cinder-760178-13-smb devstack@n-api.service[93417]: DEBUG nova.api.openstack.wsgi [None req-6e2f027f-5e54-484c-a166-f9a08969aadf admin admin] Returning 404 to user: Flavor 451 could not be found. {{(pid=93417) __call__ /opt/stack/nova/nova/api/openstack/wsgi.py:936}}
Sep 14 22:58:53.285550 dv-cinder-760178-13-smb devstack@n-api.service[93417]: INFO nova.api.openstack.requestlog [None req-6e2f027f-5e54-484c-a166-f9a08969aadf admin admin] 10.222.0.47 "GET /compute/v2.1/flavors/451" status: 404 len: 76 microversion: 2.90 time: 0.058157
Sep 14 22:58:53.286055 dv-cinder-760178-13-smb devstack@n-api.service[93417]: [pid: 93417|app: 0|req: 24/49] 10.222.0.47 () {60 vars in 1194 bytes} [Tue Sep 14 22:58:53 2021] GET /compute/v2.1/flavors/451 => generated 76 bytes in 59 msecs (HTTP/1.1 404) 9 headers in 380 bytes (1 switches on core 0)
Sep 14 22:58:53.295858 dv-cinder-760178-13-smb devstack@n-api.service[93418]: DEBUG nova.api.openstack.wsgi [None req-bfed8f04-04ee-4067-b1da-dacacec86e5a admin admin] Calling method '>' {{(pid=93418) _process_stack /opt/stack/nova/nova/api/openstack/wsgi.py:513}}
Sep 14 22:58:53.309631 dv-cinder-760178-13-smb devstack@n-api.service[93418]: INFO nova.api.openstack.requestlog [None req-bfed8f04-04ee-4067-b1da-dacacec86e5a admin admin] 10.222.0.47 "GET /compute/v2.1/flavors?is_public=None" status: 200 len: 2056 microversion: 2.90 time: 0.017356
Sep 14 22:58:53.310155 dv-cinder-760178-13-smb devstack@n-api.service[93418]: [pid: 93418|app: 0|req: 26/50] 10.222.0.47 () {60 vars in 1211 bytes} [Tue Sep 14 22:58:53 2021] GET /compute/v2.1/flavors?is_public=None => generated 2056 bytes in 18 msecs (HTTP/1.1 200) 9 headers in 360 bytes (2 switches on core 0)
Sep 14 22:58:53.321035 dv-cinder-760178-13-smb devstack@n-api.service[93417]: DEBUG nova.api.openstack.wsgi [None req-c20c0fda-c0c9-4ab2-98a5-814f5211c55b admin admin] Calling method '>' {{(pid=93417) _process_stack /opt/stack/nova/nova/api/openstack/wsgi.py:513}}
Sep 14 22:58:53.334498 dv-cinder-760178-13-smb devstack@n-api.service[93417]: INFO nova.api.openstack.requestlog [None req-c20c0fda-c0c9-4ab2-98a5-814f5211c55b admin admin] 10.222.0.47 "GET /compute/v2.1/flavors?is_public=None" status: 200 len: 2056 microversion: 2.90 time: 0.017191
Sep 14 22:58:53.335026 dv-cinder-760178-13-smb devstack@n-api.service[93417]: [pid: 93417|app: 0|req: 25/51] 10.222.0.47 () {60 vars in 1211 bytes} [Tue Sep 14 22:58:53 2021] GET /compute/v2.1/flavors?is_public=None => generated 2056 bytes in 18 msecs (HTTP/1.1 200) 9 headers in 360 bytes (1 switches on core 0)
Sep 14 22:58:53.345118 dv-cinder-760178-13-smb devstack@n-api.service[93418]: DEBUG nova.api.openstack.wsgi [None req-6c268741-b818-42c0-83c5-8ae3afc413d7 admin admin] Calling method '>' {{(pid=93418) _process_stack /opt/stack/nova/nova/api/openstack/wsgi.py:513}}
Sep 14 22:58:53.350234 dv-cinder-760178-13-smb devstack@n-api.service[93418]: INFO nova.api.openstack.wsgi [None req-6c268741-b818-42c0-83c5-8ae3afc413d7 admin admin] HTTP exception thrown: Flavor 451 could not be found.
Sep 14 22:58:53.350792 dv-cinder-760178-13-smb devstack@n-api.service[93418]: DEBUG nova.api.openstack.wsgi [None req-6c268741-b818-42c0-83c5-8ae3afc413d7 admin admin] Returning 404 to user: Flavor 451 could not be found. {{(pid=93418) __call__ /opt/stack/nova/nova/api/openstack/wsgi.py:936}}
Sep 14 22:58:53.351599 dv-cinder-760178-13-smb devstack@n-api.service[93418]: INFO nova.api.openstack.requestlog [None req-6c268741-b818-42c0-83c5-8ae3afc413d7 admin admin] 10.222.0.47 "GET /compute/v2.1/flavors/451" status: 404 len: 76 microversion: 2.90 time: 0.010504
Sep 14 22:58:53.352079 dv-cinder-760178-13-smb devstack@n-api.service[93418]: [pid: 93418|app: 0|req: 27/52] 10.222.0.47 () {60 vars in 1194 bytes} [Tue Sep 14 22:58:53 2021] GET /compute/v2.1/flavors/451 => generated 76 bytes in 11 msecs (HTTP/1.1 404) 9 headers in 380 bytes (1 switches on core 0)
Sep 14 22:58:54.683805 dv-cinder-760178-13-smb devstack@n-api.service[93417]: DEBUG nova.api.openstack.wsgi [None req-c20c0fda-c0c9-4ab2-98a5-814f5211c55b admin admin] Calling method '>' {{(pid=93417) _process_stack /opt/stack/nova/nova/api/openstack/wsgi.py:513}}
