Sep 14 23:05:08.196377 dv-cinder-760178-13-iscsi neutron-server[94135]: INFO neutron.wsgi [req-459e8a05-3f5d-4675-9ab9-b1fa1b532de2 req-65ec231e-4497-4ddd-91b1-5fd2b47a6512 tempest-ServerRescueNegativeTestJSON-1451089893 tempest-ServerRescueNegativeTestJSON-1451089893-project] 10.222.0.39 "GET /v2.0/ports?device_id=9bb93b6a-4208-4ca2-a0b1-6a9856bb3f33 HTTP/1.1" status: 200 len: 210 time: 0.0836413
Sep 14 23:05:08.251267 dv-cinder-760178-13-iscsi neutron-server[94134]: DEBUG neutron_lib.callbacks.manager [None req-debfa3bf-4b0d-41dc-b2a5-903e94d13af2 admin admin] Notify callbacks ['neutron.plugins.ml2.db._prevent_segment_delete_with_port_bound-8755854225062', 'neutron.services.segments.plugin.Plugin._prevent_segment_delete_with_subnet_associated-13278720'] for segment, before_delete {{(pid=94134) _notify_loop /usr/local/lib/python3.8/dist-packages/neutron_lib/callbacks/manager.py:192}}
Sep 14 23:05:08.278218 dv-cinder-760178-13-iscsi neutron-server[94135]: DEBUG neutron_lib.callbacks.manager [None req-1ea3e004-3818-4e12-b882-8d12bed2d1ad tempest-AttachVolumeShelveTestJSON-1782995137 tempest-AttachVolumeShelveTestJSON-1782995137-project] Notify callbacks [] for security_group, before_response {{(pid=94135) _notify_loop /usr/local/lib/python3.8/dist-packages/neutron_lib/callbacks/manager.py:192}}
Sep 14 23:05:08.280698 dv-cinder-760178-13-iscsi neutron-server[94135]: INFO neutron.wsgi [None req-1ea3e004-3818-4e12-b882-8d12bed2d1ad tempest-AttachVolumeShelveTestJSON-1782995137 tempest-AttachVolumeShelveTestJSON-1782995137-project] 10.222.0.39 "POST /v2.0/security-groups HTTP/1.1" status: 201 len: 1780 time: 3.2523675
Sep 14 23:05:08.285789 dv-cinder-760178-13-iscsi neutron-server[94135]: DEBUG neutron.wsgi [-] (94135) accepted ('10.222.0.39', 40160) {{(pid=94135) server /usr/local/lib/python3.8/dist-packages/eventlet/wsgi.py:982}}
Sep 14 23:05:08.291960 dv-cinder-760178-13-iscsi neutron-server[94135]: DEBUG neutron.api.v2.base [None req-5c203d4d-d23c-4a69-a130-aa2b447f6e8d tempest-AttachVolumeShelveTestJSON-1782995137 tempest-AttachVolumeShelveTestJSON-1782995137-project] Request body: {'security_group_rule': {'security_group_id': '7295f2c9-12b9-42bd-9833-125490e50cbe', 'protocol': 'tcp', 'ethertype': 'IPv4', 'port_range_min': 22, 'port_range_max': 22, 'direction': 'ingress'}} {{(pid=94135) prepare_request_body /opt/stack/neutron/neutron/api/v2/base.py:730}}
Sep 14 23:05:08.430661 dv-cinder-760178-13-iscsi neutron-server[94134]: DEBUG neutron.pecan_wsgi.hooks.quota_enforcement [req-16f9dd7f-8f6e-45d6-b6df-2ffd56a31d34 req-4d9de519-a8d2-4183-bcf9-288606317b1b tempest-ServerRescueNegativeTestJSON-1451089893 tempest-ServerRescueNegativeTestJSON-1451089893-project] Made reservation on behalf of 4f55ab5d5aec4aa4bb5fad6ed7ea1c17 for: {'port': 1} {{(pid=94134) before /opt/stack/neutron/neutron/pecan_wsgi/hooks/quota_enforcement.py:53}}
Sep 14 23:05:08.435268 dv-cinder-760178-13-iscsi neutron-server[94134]: DEBUG neutron_lib.callbacks.manager [req-16f9dd7f-8f6e-45d6-b6df-2ffd56a31d34 req-4d9de519-a8d2-4183-bcf9-288606317b1b tempest-ServerRescueNegativeTestJSON-1451089893 tempest-ServerRescueNegativeTestJSON-1451089893-project] Notify callbacks ['neutron.plugins.ml2.plugin.SecurityGroupDbMixin._ensure_default_security_group_handler-3597155'] for port, before_create {{(pid=94134) _notify_loop /usr/local/lib/python3.8/dist-packages/neutron_lib/callbacks/manager.py:192}}
Sep 14 23:05:08.506942 dv-cinder-760178-13-iscsi neutron-server[94134]: DEBUG neutron.plugins.ml2.managers [req-664f08f7-5ef2-4286-9cf7-cda37e072707 req-4133ca6f-f2cf-41b3-a256-70408063442f service neutron] Attempting to bind port b96b94a6-3d1f-4858-960f-c910199e9a56 on host hv-cinder-76017 for vnic_type normal with profile {{(pid=94134) bind_port /opt/stack/neutron/neutron/plugins/ml2/managers.py:790}}
Sep 14 23:05:08.507381 dv-cinder-760178-13-iscsi neutron-server[94134]: DEBUG neutron.plugins.ml2.managers [req-664f08f7-5ef2-4286-9cf7-cda37e072707 req-4133ca6f-f2cf-41b3-a256-70408063442f service neutron] Attempting to bind port b96b94a6-3d1f-4858-960f-c910199e9a56 by drivers openvswitch,hyperv on host hv-cinder-76017 at level 0 using segments [{'id': '411b859d-a35b-47cb-a842-920f3a646284', 'network_type': 'vlan', 'physical_network': 'physnet1', 'segmentation_id': 550, 'network_id': '0e3b4ff8-9155-4c4f-9490-4bb501c9c1c5'}] {{(pid=94134) _bind_port_level /opt/stack/neutron/neutron/plugins/ml2/managers.py:815}}
Sep 14 23:05:08.508218 dv-cinder-760178-13-iscsi neutron-server[94134]: DEBUG neutron.plugins.ml2.drivers.mech_agent [req-664f08f7-5ef2-4286-9cf7-cda37e072707 req-4133ca6f-f2cf-41b3-a256-70408063442f service neutron] Attempting to bind port b96b94a6-3d1f-4858-960f-c910199e9a56 on network 0e3b4ff8-9155-4c4f-9490-4bb501c9c1c5 {{(pid=94134) bind_port /opt/stack/neutron/neutron/plugins/ml2/drivers/mech_agent.py:91}}
Sep 14 23:05:08.512989 dv-cinder-760178-13-iscsi neutron-server[94134]: DEBUG neutron_lib.callbacks.manager [None req-debfa3bf-4b0d-41dc-b2a5-903e94d13af2 admin admin] Notify callbacks ['neutron.plugins.ml2.plugin.Ml2Plugin._handle_segment_change-3615046'] for segment, precommit_delete {{(pid=94134) _notify_loop /usr/local/lib/python3.8/dist-packages/neutron_lib/callbacks/manager.py:192}}
Sep 14 23:05:08.530053 dv-cinder-760178-13-iscsi neutron-server[94134]: DEBUG neutron.plugins.ml2.drivers.type_vlan [None req-debfa3bf-4b0d-41dc-b2a5-903e94d13af2 admin admin] Releasing vlan 575 on physical network physnet1 to pool {{(pid=94134) release_segment /opt/stack/neutron/neutron/plugins/ml2/drivers/type_vlan.py:304}}
Sep 14 23:05:08.530460 dv-cinder-760178-13-iscsi neutron-server[94134]: DEBUG neutron_lib.callbacks.manager [None req-debfa3bf-4b0d-41dc-b2a5-903e94d13af2 admin admin] Notify callbacks ['neutron.plugins.ml2.plugin.Ml2Plugin._handle_segment_change-3615046', 'neutron.services.segments.plugin.NovaSegmentNotifier._notify_segment_deleted-16122713'] for segment, after_delete {{(pid=94134) _notify_loop /usr/local/lib/python3.8/dist-packages/neutron_lib/callbacks/manager.py:192}}
Sep 14 23:05:08.532113 dv-cinder-760178-13-iscsi neutron-server[94134]: DEBUG neutron.plugins.ml2.drivers.mech_agent [req-664f08f7-5ef2-4286-9cf7-cda37e072707 req-4133ca6f-f2cf-41b3-a256-70408063442f service neutron] Port b96b94a6-3d1f-4858-960f-c910199e9a56 on network 0e3b4ff8-9155-4c4f-9490-4bb501c9c1c5 not bound, no agent of type Open vSwitch agent registered on host hv-cinder-76017 {{(pid=94134) bind_port /opt/stack/neutron/neutron/plugins/ml2/drivers/mech_agent.py:103}}
Sep 14 23:05:08.532739 dv-cinder-760178-13-iscsi neutron-server[94134]: DEBUG neutron.plugins.ml2.drivers.mech_agent [req-664f08f7-5ef2-4286-9cf7-cda37e072707 req-4133ca6f-f2cf-41b3-a256-70408063442f service neutron] Attempting to bind port b96b94a6-3d1f-4858-960f-c910199e9a56 on network 0e3b4ff8-9155-4c4f-9490-4bb501c9c1c5 {{(pid=94134) bind_port /opt/stack/neutron/neutron/plugins/ml2/drivers/mech_agent.py:91}}
Sep 14 23:05:08.552843 dv-cinder-760178-13-iscsi neutron-server[94134]: /usr/lib/python3/dist-packages/secretstorage/dhcrypto.py:15: CryptographyDeprecationWarning: int_from_bytes is deprecated, use int.from_bytes instead
Sep 14 23:05:08.552843 dv-cinder-760178-13-iscsi neutron-server[94134]: from cryptography.utils import int_from_bytes
Sep 14 23:05:08.552843 dv-cinder-760178-13-iscsi neutron-server[94134]: /usr/lib/python3/dist-packages/secretstorage/util.py:19: CryptographyDeprecationWarning: int_from_bytes is deprecated, use int.from_bytes instead
Sep 14 23:05:08.552843 dv-cinder-760178-13-iscsi neutron-server[94134]: from cryptography.utils import int_from_bytes
Sep 14 23:05:08.552843 dv-cinder-760178-13-iscsi neutron-server[94134]: Traceback (most recent call last):
Sep 14 23:05:08.552843 dv-cinder-760178-13-iscsi neutron-server[94134]: File "/usr/local/lib/python3.8/dist-packages/eventlet/hubs/hub.py", line 476, in fire_timers
Sep 14 23:05:08.552843 dv-cinder-760178-13-iscsi neutron-server[94134]: timer()
Sep 14 23:05:08.552843 dv-cinder-760178-13-iscsi neutron-server[94134]: File "/usr/local/lib/python3.8/dist-packages/eventlet/hubs/timer.py", line 59, in __call__
Sep 14 23:05:08.552843 dv-cinder-760178-13-iscsi neutron-server[94134]: cb(*args, **kw)
Sep 14 23:05:08.552843 dv-cinder-760178-13-iscsi neutron-server[94134]: File "/opt/stack/neutron/neutron/common/utils.py", line 906, in wrapper
Sep 14 23:05:08.552843 dv-cinder-760178-13-iscsi neutron-server[94134]: return func(*args, **kwargs)
Sep 14 23:05:08.552843 dv-cinder-760178-13-iscsi neutron-server[94134]: File "/opt/stack/neutron/neutron/notifiers/batch_notifier.py", line 58, in synced_send
Sep 14 23:05:08.552843 dv-cinder-760178-13-iscsi neutron-server[94134]: self._notify()
Sep 14 23:05:08.552843 dv-cinder-760178-13-iscsi neutron-server[94134]: File "/opt/stack/neutron/neutron/notifiers/batch_notifier.py", line 69, in _notify
Sep 14 23:05:08.552843 dv-cinder-760178-13-iscsi neutron-server[94134]: self.callback(batched_events)
Sep 14 23:05:08.552843 dv-cinder-760178-13-iscsi neutron-server[94134]: File "/opt/stack/neutron/neutron/services/segments/plugin.py", line 211, in _send_notifications
Sep 14 23:05:08.552843 dv-cinder-760178-13-iscsi neutron-server[94134]: event.method(event)
Sep 14 23:05:08.552843 dv-cinder-760178-13-iscsi neutron-server[94134]: File "/opt/stack/neutron/neutron/services/segments/plugin.py", line 383, in _delete_nova_inventory
Sep 14 23:05:08.552843 dv-cinder-760178-13-iscsi neutron-server[94134]: aggregate_id = self._get_aggregate_id(event.segment_id)
Sep 14 23:05:08.552843 dv-cinder-760178-13-iscsi neutron-server[94134]: File "/opt/stack/neutron/neutron/services/segments/plugin.py", line 370, in _get_aggregate_id
Sep 14 23:05:08.552843 dv-cinder-760178-13-iscsi neutron-server[94134]: aggregate_uuid = self.p_client.list_aggregates(
Sep 14 23:05:08.552843 dv-cinder-760178-13-iscsi neutron-server[94134]: File "/usr/local/lib/python3.8/dist-packages/neutron_lib/placement/client.py", line 58, in wrapper
Sep 14 23:05:08.552843 dv-cinder-760178-13-iscsi neutron-server[94134]: return f(self, *a, **k)
Sep 14 23:05:08.552843 dv-cinder-760178-13-iscsi neutron-server[94134]: File "/usr/local/lib/python3.8/dist-packages/neutron_lib/placement/client.py", line 554, in list_aggregates
Sep 14 23:05:08.552843 dv-cinder-760178-13-iscsi neutron-server[94134]: return self._get(url).json()
Sep 14 23:05:08.552843 dv-cinder-760178-13-iscsi neutron-server[94134]: File "/usr/local/lib/python3.8/dist-packages/neutron_lib/placement/client.py", line 190, in _get
Sep 14 23:05:08.552843 dv-cinder-760178-13-iscsi neutron-server[94134]: return self._client.get(url, endpoint_filter=self._ks_filter,
Sep 14 23:05:08.552843 dv-cinder-760178-13-iscsi neutron-server[94134]: File "/usr/local/lib/python3.8/dist-packages/keystoneauth1/session.py", line 1141, in get
Sep 14 23:05:08.552843 dv-cinder-760178-13-iscsi neutron-server[94134]: return self.request(url, 'GET', **kwargs)
Sep 14 23:05:08.552843 dv-cinder-760178-13-iscsi neutron-server[94134]: File "/usr/local/lib/python3.8/dist-packages/keystoneauth1/session.py", line 811, in request
Sep 14 23:05:08.552843 dv-cinder-760178-13-iscsi neutron-server[94134]: base_url = self.get_endpoint(auth, allow=allow,
Sep 14 23:05:08.552843 dv-cinder-760178-13-iscsi neutron-server[94134]: File "/usr/local/lib/python3.8/dist-packages/keystoneauth1/session.py", line 1241, in get_endpoint
Sep 14 23:05:08.552843 dv-cinder-760178-13-iscsi neutron-server[94134]: auth = self._auth_required(auth, 'determine endpoint URL')
Sep 14 23:05:08.552843 dv-cinder-760178-13-iscsi neutron-server[94134]: File "/usr/local/lib/python3.8/dist-packages/keystoneauth1/session.py", line 1181, in _auth_required
Sep 14 23:05:08.552843 dv-cinder-760178-13-iscsi neutron-server[94134]: raise exceptions.MissingAuthPlugin(msg_fmt % msg)
Sep 14 23:05:08.552843 dv-cinder-760178-13-iscsi neutron-server[94134]: keystoneauth1.exceptions.auth_plugins.MissingAuthPlugin: An auth plugin is required to determine endpoint URL
Sep 14 23:05:08.590927 dv-cinder-760178-13-iscsi neutron-server[94134]: DEBUG neutron.plugins.ml2.drivers.mech_agent [req-664f08f7-5ef2-4286-9cf7-cda37e072707 req-4133ca6f-f2cf-41b3-a256-70408063442f service neutron] Checking agent: {'id': '85608d62-9d70-46cb-9db0-a1f12ce5af65', 'agent_type': 'HyperV agent', 'binary': 'neutron-hyperv-agent', 'topic': 'N/A', 'host': 'hv-cinder-76017', 'admin_state_up': True, 'created_at': datetime.datetime(2021, 9, 14, 23, 3), 'started_at': datetime.datetime(2021, 9, 14, 23, 3), 'heartbeat_timestamp': datetime.datetime(2021, 9, 14, 23, 5), 'description': None, 'resources_synced': None, 'availability_zone': None, 'alive': True, 'configurations': {'vswitch_mappings': {'physnet1$': 'br-data'}}, 'resource_versions': {}} {{(pid=94134) bind_port /opt/stack/neutron/neutron/plugins/ml2/drivers/mech_agent.py:110}}
Sep 14 23:05:08.591410 dv-cinder-760178-13-iscsi neutron-server[94134]: DEBUG neutron.plugins.ml2.drivers.mech_agent [req-664f08f7-5ef2-4286-9cf7-cda37e072707 req-4133ca6f-f2cf-41b3-a256-70408063442f service neutron] Checking segment: {'id': '411b859d-a35b-47cb-a842-920f3a646284', 'network_type': 'vlan', 'physical_network': 'physnet1', 'segmentation_id': 550, 'network_id': '0e3b4ff8-9155-4c4f-9490-4bb501c9c1c5'} for mappings: {'physnet1$': 'br-data'} with network types: ['local', 'flat', 'vlan'] {{(pid=94134) check_segment_for_agent /opt/stack/neutron/neutron/plugins/ml2/drivers/mech_agent.py:358}}
Sep 14 23:05:08.591822 dv-cinder-760178-13-iscsi neutron-server[94134]: DEBUG neutron.plugins.ml2.drivers.mech_agent [req-664f08f7-5ef2-4286-9cf7-cda37e072707 req-4133ca6f-f2cf-41b3-a256-70408063442f service neutron] Bound using segment: {'id': '411b859d-a35b-47cb-a842-920f3a646284', 'network_type': 'vlan', 'physical_network': 'physnet1', 'segmentation_id': 550, 'network_id': '0e3b4ff8-9155-4c4f-9490-4bb501c9c1c5'} {{(pid=94134) bind_port /opt/stack/neutron/neutron/plugins/ml2/drivers/mech_agent.py:120}}
Sep 14 23:05:08.592303 dv-cinder-760178-13-iscsi neutron-server[94134]: DEBUG neutron.plugins.ml2.managers [req-664f08f7-5ef2-4286-9cf7-cda37e072707 req-4133ca6f-f2cf-41b3-a256-70408063442f service neutron] Bound port: b96b94a6-3d1f-4858-960f-c910199e9a56, host: hv-cinder-76017, vif_type: hyperv, vif_details: {"connectivity": "legacy", "port_filter": false}, binding_levels: [{'bound_driver': 'hyperv', 'bound_segment': {'id': '411b859d-a35b-47cb-a842-920f3a646284', 'network_type': 'vlan', 'physical_network': 'physnet1', 'segmentation_id': 550, 'network_id': '0e3b4ff8-9155-4c4f-9490-4bb501c9c1c5'}}] {{(pid=94134) _bind_port_level /opt/stack/neutron/neutron/plugins/ml2/managers.py:928}}
Sep 14 23:05:08.592681 dv-cinder-760178-13-iscsi neutron-server[94134]: DEBUG neutron_lib.callbacks.manager [req-664f08f7-5ef2-4286-9cf7-cda37e072707 req-4133ca6f-f2cf-41b3-a256-70408063442f service neutron] Notify callbacks ['neutron.plugins.ml2.plugin.SecurityGroupDbMixin._ensure_default_security_group_handler-3597155'] for port, before_update {{(pid=94134) _notify_loop /usr/local/lib/python3.8/dist-packages/neutron_lib/callbacks/manager.py:192}}
Sep 14 23:05:08.701659 dv-cinder-760178-13-iscsi neutron-server[94136]: DEBUG neutron_lib.callbacks.manager [None req-e3cfa4a7-1e89-450d-9cbd-c52b8e37222f None None] Notify callbacks [] for port, precommit_update {{(pid=94136) _notify_loop /usr/local/lib/python3.8/dist-packages/neutron_lib/callbacks/manager.py:192}}
Sep 14 23:05:08.703604 dv-cinder-760178-13-iscsi neutron-server[94135]: DEBUG neutron.notifiers.nova [req-6b6d347a-4173-4f50-a2ed-8f5b66d83537 req-0ff26ec4-d3e6-468d-b751-b4d3f03b30bf service neutron] Ignoring state change previous_port_status: DOWN current_port_status: DOWN port_id 80c57b00-d31c-4c6f-90ad-dbf9909774c0 {{(pid=94135) record_port_status_changed /opt/stack/neutron/neutron/notifiers/nova.py:224}}
Sep 14 23:05:08.716857 dv-cinder-760178-13-iscsi neutron-server[94136]: DEBUG neutron_lib.callbacks.manager [None req-e3cfa4a7-1e89-450d-9cbd-c52b8e37222f None None] Notify callbacks ['neutron.plugins.ml2.plugin.SecurityGroupServerNotifierRpcMixin._notify_sg_on_port_change-3597090', 'neutron.plugins.ml2.ovo_rpc._ObjectChangeHandler.handle_event-85344', 'neutron.api.rpc.agentnotifiers.dhcp_rpc_agent_api.DhcpAgentNotifyAPI._native_event_send_dhcp_notification-538180', 'neutron.db.l3_db.L3RpcNotifierMixin._notify_gateway_port_ip_changed-8755854476813', 'neutron.db.l3_dvrscheduler_db._notify_l3_agent_port_update-8755853921738', 'neutron.db.l3_hascheduler_db._notify_l3_agent_ha_port_update-8755853921756'] for port, after_update {{(pid=94136) _notify_loop /usr/local/lib/python3.8/dist-packages/neutron_lib/callbacks/manager.py:192}}
Sep 14 23:05:08.737220 dv-cinder-760178-13-iscsi neutron-server[94135]: DEBUG neutron_lib.callbacks.manager [req-6b6d347a-4173-4f50-a2ed-8f5b66d83537 req-0ff26ec4-d3e6-468d-b751-b4d3f03b30bf service neutron] Notify callbacks [] for port, precommit_update {{(pid=94135) _notify_loop /usr/local/lib/python3.8/dist-packages/neutron_lib/callbacks/manager.py:192}}
Sep 14 23:05:08.782174 dv-cinder-760178-13-iscsi neutron-server[94135]: DEBUG neutron.db.provisioning_blocks [req-6b6d347a-4173-4f50-a2ed-8f5b66d83537 req-0ff26ec4-d3e6-468d-b751-b4d3f03b30bf service neutron] Transition to ACTIVE for port object 80c57b00-d31c-4c6f-90ad-dbf9909774c0 will not be triggered until provisioned by entity L2. {{(pid=94135) add_provisioning_component /opt/stack/neutron/neutron/db/provisioning_blocks.py:73}}
Sep 14 23:05:08.796901 dv-cinder-760178-13-iscsi neutron-server[94135]: DEBUG neutron_lib.callbacks.manager [req-6b6d347a-4173-4f50-a2ed-8f5b66d83537 req-0ff26ec4-d3e6-468d-b751-b4d3f03b30bf service neutron] Notify callbacks ['neutron.plugins.ml2.plugin.SecurityGroupServerNotifierRpcMixin._notify_sg_on_port_change-3597090', 'neutron.plugins.ml2.ovo_rpc._ObjectChangeHandler.handle_event-85344', 'neutron.api.rpc.agentnotifiers.dhcp_rpc_agent_api.DhcpAgentNotifyAPI._native_event_send_dhcp_notification-538180', 'neutron.db.l3_db.L3RpcNotifierMixin._notify_gateway_port_ip_changed-8755854476813', 'neutron.db.l3_dvrscheduler_db._notify_l3_agent_port_update-8755853921738', 'neutron.db.l3_hascheduler_db._notify_l3_agent_ha_port_update-8755853921756'] for port, after_update {{(pid=94135) _notify_loop /usr/local/lib/python3.8/dist-packages/neutron_lib/callbacks/manager.py:192}}
Sep 14 23:05:08.904534 dv-cinder-760178-13-iscsi neutron-server[94135]: DEBUG neutron_lib.callbacks.manager [None req-5c203d4d-d23c-4a69-a130-aa2b447f6e8d tempest-AttachVolumeShelveTestJSON-1782995137 tempest-AttachVolumeShelveTestJSON-1782995137-project] Notify callbacks [] for security_group_rule, before_create {{(pid=94135) _notify_loop /usr/local/lib/python3.8/dist-packages/neutron_lib/callbacks/manager.py:192}}
Sep 14 23:05:08.987936 dv-cinder-760178-13-iscsi neutron-server[94136]: DEBUG neutron.api.rpc.handlers.resources_rpc [None req-6245fcf5-433e-4142-b674-e1e022ef13d5 None None] Pushing event updated for resources: {'Port': ['ID=f643576c-9bcf-4a3c-b150-0786fb9ecec0,revision_number=3']} {{(pid=94136) push /opt/stack/neutron/neutron/api/rpc/handlers/resources_rpc.py:237}}
Sep 14 23:05:09.046545 dv-cinder-760178-13-iscsi neutron-server[94135]: DEBUG neutron.api.rpc.handlers.resources_rpc [None req-0ff26ec4-d3e6-468d-b751-b4d3f03b30bf service neutron] Pushing event updated for resources: {'Port': ['ID=80c57b00-d31c-4c6f-90ad-dbf9909774c0,revision_number=2']} {{(pid=94135) push /opt/stack/neutron/neutron/api/rpc/handlers/resources_rpc.py:237}}
Sep 14 23:05:09.110208 dv-cinder-760178-13-iscsi neutron-server[94136]: DEBUG neutron.plugins.ml2.rpc [None req-0c71bbe9-9c0e-4f99-bd94-5b0e50dd2741 None None] Device 17fde02c-d1ae-4d9b-a2c4-eb9e637320c3 up at agent ovs-agent-dv-cinder-760178-13-iscsi {{(pid=94136) update_device_up /opt/stack/neutron/neutron/plugins/ml2/rpc.py:296}}
Sep 14 23:05:09.134064 dv-cinder-760178-13-iscsi neutron-server[94135]: DEBUG neutron.plugins.ml2.managers [req-6b6d347a-4173-4f50-a2ed-8f5b66d83537 req-0ff26ec4-d3e6-468d-b751-b4d3f03b30bf service neutron] Attempting to bind port 80c57b00-d31c-4c6f-90ad-dbf9909774c0 on host hv-cinder-76017 for vnic_type normal with profile {{(pid=94135) bind_port /opt/stack/neutron/neutron/plugins/ml2/managers.py:790}}
Sep 14 23:05:09.135167 dv-cinder-760178-13-iscsi neutron-server[94135]: DEBUG neutron.plugins.ml2.managers [req-6b6d347a-4173-4f50-a2ed-8f5b66d83537 req-0ff26ec4-d3e6-468d-b751-b4d3f03b30bf service neutron] Attempting to bind port 80c57b00-d31c-4c6f-90ad-dbf9909774c0 by drivers openvswitch,hyperv on host hv-cinder-76017 at level 0 using segments [{'id': 'eb098917-dbc9-4dc3-81e9-deb624e7bf20', 'network_type': 'vlan', 'physical_network': 'physnet1', 'segmentation_id': 568, 'network_id': 'b2b15aa9-ccf4-445d-a89c-b858bbe43b47'}] {{(pid=94135) _bind_port_level /opt/stack/neutron/neutron/plugins/ml2/managers.py:815}}
Sep 14 23:05:09.135625 dv-cinder-760178-13-iscsi neutron-server[94135]: DEBUG neutron.plugins.ml2.drivers.mech_agent [req-6b6d347a-4173-4f50-a2ed-8f5b66d83537 req-0ff26ec4-d3e6-468d-b751-b4d3f03b30bf service neutron] Attempting to bind port 80c57b00-d31c-4c6f-90ad-dbf9909774c0 on network b2b15aa9-ccf4-445d-a89c-b858bbe43b47 {{(pid=94135) bind_port /opt/stack/neutron/neutron/plugins/ml2/drivers/mech_agent.py:91}}
Sep 14 23:05:09.152726 dv-cinder-760178-13-iscsi neutron-server[94135]: DEBUG neutron.pecan_wsgi.hooks.policy_enforcement [req-1e171f49-f5f2-4753-af5a-79b30721cdb5 req-d69e9904-7ff8-4c8c-af94-d046928adeac tempest-DeleteServersTestJSON-488692297 tempest-DeleteServersTestJSON-488692297-project] Attributes excluded by policy engine: ['standard_attr_id', 'binding:profile', 'binding:host_id', 'binding:vif_type', 'binding:vif_details'] {{(pid=94135) _exclude_attributes_by_policy /opt/stack/neutron/neutron/pecan_wsgi/hooks/policy_enforcement.py:255}}
Sep 14 23:05:09.154788 dv-cinder-760178-13-iscsi neutron-server[94135]: INFO neutron.wsgi [req-1e171f49-f5f2-4753-af5a-79b30721cdb5 req-d69e9904-7ff8-4c8c-af94-d046928adeac tempest-DeleteServersTestJSON-488692297 tempest-DeleteServersTestJSON-488692297-project] 10.222.0.39 "GET /v2.0/ports?device_id=2fbae247-acfb-4d8e-a8a8-75b7fd025255 HTTP/1.1" status: 200 len: 944 time: 0.3684571
Sep 14 23:05:09.155987 dv-cinder-760178-13-iscsi neutron-server[94135]: DEBUG neutron.plugins.ml2.drivers.mech_agent [req-6b6d347a-4173-4f50-a2ed-8f5b66d83537 req-0ff26ec4-d3e6-468d-b751-b4d3f03b30bf service neutron] Port 80c57b00-d31c-4c6f-90ad-dbf9909774c0 on network b2b15aa9-ccf4-445d-a89c-b858bbe43b47 not bound, no agent of type Open vSwitch agent registered on host hv-cinder-76017 {{(pid=94135) bind_port /opt/stack/neutron/neutron/plugins/ml2/drivers/mech_agent.py:103}}
Sep 14 23:05:09.157016 dv-cinder-760178-13-iscsi neutron-server[94135]: DEBUG neutron.plugins.ml2.drivers.mech_agent [req-6b6d347a-4173-4f50-a2ed-8f5b66d83537 req-0ff26ec4-d3e6-468d-b751-b4d3f03b30bf service neutron] Attempting to bind port 80c57b00-d31c-4c6f-90ad-dbf9909774c0 on network b2b15aa9-ccf4-445d-a89c-b858bbe43b47 {{(pid=94135) bind_port /opt/stack/neutron/neutron/plugins/ml2/drivers/mech_agent.py:91}}
Sep 14 23:05:09.170216 dv-cinder-760178-13-iscsi neutron-server[94134]: DEBUG neutron.plugins.ml2.db [req-664f08f7-5ef2-4286-9cf7-cda37e072707 req-4133ca6f-f2cf-41b3-a256-70408063442f service neutron] For port b96b94a6-3d1f-4858-960f-c910199e9a56, host hv-cinder-76017, cleared binding levels {{(pid=94134) clear_binding_levels /opt/stack/neutron/neutron/plugins/ml2/db.py:87}}
Sep 14 23:05:09.177268 dv-cinder-760178-13-iscsi neutron-server[94134]: DEBUG neutron.plugins.ml2.db [req-664f08f7-5ef2-4286-9cf7-cda37e072707 req-4133ca6f-f2cf-41b3-a256-70408063442f service neutron] For port b96b94a6-3d1f-4858-960f-c910199e9a56, host hv-cinder-76017, set binding levels [PortBindingLevel(driver='hyperv',host='hv-cinder-76017',level=0,port_id=b96b94a6-3d1f-4858-960f-c910199e9a56,segment=NetworkSegment(411b859d-a35b-47cb-a842-920f3a646284),segment_id=411b859d-a35b-47cb-a842-920f3a646284)] {{(pid=94134) set_binding_levels /opt/stack/neutron/neutron/plugins/ml2/db.py:59}}
Sep 14 23:05:09.214124 dv-cinder-760178-13-iscsi neutron-server[94134]: DEBUG neutron_lib.callbacks.manager [req-664f08f7-5ef2-4286-9cf7-cda37e072707 req-4133ca6f-f2cf-41b3-a256-70408063442f service neutron] Notify callbacks ['neutron.plugins.ml2.plugin.SecurityGroupServerNotifierRpcMixin._notify_sg_on_port_change-3597090', 'neutron.plugins.ml2.ovo_rpc._ObjectChangeHandler.handle_event-85344', 'neutron.api.rpc.agentnotifiers.dhcp_rpc_agent_api.DhcpAgentNotifyAPI._native_event_send_dhcp_notification-538180', 'neutron.db.l3_db.L3RpcNotifierMixin._notify_gateway_port_ip_changed-8755854476813', 'neutron.db.l3_dvrscheduler_db._notify_l3_agent_port_update-8755853921738', 'neutron.db.l3_hascheduler_db._notify_l3_agent_ha_port_update-8755853921756', 'neutron.services.segments.plugin.NovaSegmentNotifier._notify_port_updated-16122545'] for port, after_update {{(pid=94134) _notify_loop /usr/local/lib/python3.8/dist-packages/neutron_lib/callbacks/manager.py:192}}
Sep 14 23:05:09.223179 dv-cinder-760178-13-iscsi neutron-server[94135]: DEBUG neutron_lib.callbacks.manager [None req-5c203d4d-d23c-4a69-a130-aa2b447f6e8d tempest-AttachVolumeShelveTestJSON-1782995137 tempest-AttachVolumeShelveTestJSON-1782995137-project] Notify callbacks [] for security_group_rule, precommit_create {{(pid=94135) _notify_loop /usr/local/lib/python3.8/dist-packages/neutron_lib/callbacks/manager.py:192}}
Sep 14 23:05:09.243485 dv-cinder-760178-13-iscsi neutron-server[94136]: DEBUG neutron.plugins.ml2.managers [None req-e3cfa4a7-1e89-450d-9cbd-c52b8e37222f None None] Attempting to bind port f643576c-9bcf-4a3c-b150-0786fb9ecec0 on host dv-cinder-760178-13-iscsi for vnic_type normal with profile {{(pid=94136) bind_port /opt/stack/neutron/neutron/plugins/ml2/managers.py:790}}
Sep 14 23:05:09.244128 dv-cinder-760178-13-iscsi neutron-server[94136]: DEBUG neutron.plugins.ml2.managers [None req-e3cfa4a7-1e89-450d-9cbd-c52b8e37222f None None] Attempting to bind port f643576c-9bcf-4a3c-b150-0786fb9ecec0 by drivers openvswitch,hyperv on host dv-cinder-760178-13-iscsi at level 0 using segments [{'id': 'be17818b-7699-476a-ab10-d7d8b4987e70', 'network_type': 'vlan', 'physical_network': 'physnet1', 'segmentation_id': 581, 'network_id': 'aa9e38bf-d2d8-4eb7-8a53-97cdb6720662'}] {{(pid=94136) _bind_port_level /opt/stack/neutron/neutron/plugins/ml2/managers.py:815}}
Sep 14 23:05:09.244398 dv-cinder-760178-13-iscsi neutron-server[94136]: DEBUG neutron.plugins.ml2.drivers.mech_agent [None req-e3cfa4a7-1e89-450d-9cbd-c52b8e37222f None None] Attempting to bind port f643576c-9bcf-4a3c-b150-0786fb9ecec0 on network aa9e38bf-d2d8-4eb7-8a53-97cdb6720662 {{(pid=94136) bind_port /opt/stack/neutron/neutron/plugins/ml2/drivers/mech_agent.py:91}}
Sep 14 23:05:09.255837 dv-cinder-760178-13-iscsi neutron-server[94135]: DEBUG neutron.pecan_wsgi.hooks.policy_enforcement [req-5c05efea-924e-413e-bcdc-42800a76254a req-d4dc56c5-3740-4f79-9238-1735f94dfe7b tempest-AttachVolumeNegativeTest-171504557 tempest-AttachVolumeNegativeTest-171504557-project] Attributes excluded by policy engine: ['standard_attr_id', 'binding:profile', 'binding:host_id', 'binding:vif_type', 'binding:vif_details'] {{(pid=94135) _exclude_attributes_by_policy /opt/stack/neutron/neutron/pecan_wsgi/hooks/policy_enforcement.py:255}}
Sep 14 23:05:09.257620 dv-cinder-760178-13-iscsi neutron-server[94135]: INFO neutron.wsgi [req-5c05efea-924e-413e-bcdc-42800a76254a req-d4dc56c5-3740-4f79-9238-1735f94dfe7b tempest-AttachVolumeNegativeTest-171504557 tempest-AttachVolumeNegativeTest-171504557-project] 10.222.0.39 "GET /v2.0/ports?device_id=8b838098-23bd-4b48-b987-5551df4dcdb4 HTTP/1.1" status: 200 len: 944 time: 0.2070549
Sep 14 23:05:09.263030 dv-cinder-760178-13-iscsi neutron-server[94135]: DEBUG neutron_lib.callbacks.manager [None req-5c203d4d-d23c-4a69-a130-aa2b447f6e8d tempest-AttachVolumeShelveTestJSON-1782995137 tempest-AttachVolumeShelveTestJSON-1782995137-project] Notify callbacks ['neutron.plugins.ml2.ovo_rpc._ObjectChangeHandler.handle_event-474660'] for security_group_rule, after_create {{(pid=94135) _notify_loop /usr/local/lib/python3.8/dist-packages/neutron_lib/callbacks/manager.py:192}}
Sep 14 23:05:09.278683 dv-cinder-760178-13-iscsi neutron-server[94135]: DEBUG neutron.plugins.ml2.drivers.mech_agent [req-6b6d347a-4173-4f50-a2ed-8f5b66d83537 req-0ff26ec4-d3e6-468d-b751-b4d3f03b30bf service neutron] Checking agent: {'id': '85608d62-9d70-46cb-9db0-a1f12ce5af65', 'agent_type': 'HyperV agent', 'binary': 'neutron-hyperv-agent', 'topic': 'N/A', 'host': 'hv-cinder-76017', 'admin_state_up': True, 'created_at': datetime.datetime(2021, 9, 14, 23, 3), 'started_at': datetime.datetime(2021, 9, 14, 23, 3), 'heartbeat_timestamp': datetime.datetime(2021, 9, 14, 23, 5), 'description': None, 'resources_synced': None, 'availability_zone': None, 'alive': True, 'configurations': {'vswitch_mappings': {'physnet1$': 'br-data'}}, 'resource_versions': {}} {{(pid=94135) bind_port /opt/stack/neutron/neutron/plugins/ml2/drivers/mech_agent.py:110}}
Sep 14 23:05:09.279131 dv-cinder-760178-13-iscsi neutron-server[94135]: DEBUG neutron.plugins.ml2.drivers.mech_agent [req-6b6d347a-4173-4f50-a2ed-8f5b66d83537 req-0ff26ec4-d3e6-468d-b751-b4d3f03b30bf service neutron] Checking segment: {'id': 'eb098917-dbc9-4dc3-81e9-deb624e7bf20', 'network_type': 'vlan', 'physical_network': 'physnet1', 'segmentation_id': 568, 'network_id': 'b2b15aa9-ccf4-445d-a89c-b858bbe43b47'} for mappings: {'physnet1$': 'br-data'} with network types: ['local', 'flat', 'vlan'] {{(pid=94135) check_segment_for_agent /opt/stack/neutron/neutron/plugins/ml2/drivers/mech_agent.py:358}}
Sep 14 23:05:09.279799 dv-cinder-760178-13-iscsi neutron-server[94135]: DEBUG neutron.plugins.ml2.drivers.mech_agent [req-6b6d347a-4173-4f50-a2ed-8f5b66d83537 req-0ff26ec4-d3e6-468d-b751-b4d3f03b30bf service neutron] Bound using segment: {'id': 'eb098917-dbc9-4dc3-81e9-deb624e7bf20', 'network_type': 'vlan', 'physical_network': 'physnet1', 'segmentation_id': 568, 'network_id': 'b2b15aa9-ccf4-445d-a89c-b858bbe43b47'} {{(pid=94135) bind_port /opt/stack/neutron/neutron/plugins/ml2/drivers/mech_agent.py:120}}
Sep 14 23:05:09.280762 dv-cinder-760178-13-iscsi neutron-server[94135]: DEBUG neutron.plugins.ml2.managers [req-6b6d347a-4173-4f50-a2ed-8f5b66d83537 req-0ff26ec4-d3e6-468d-b751-b4d3f03b30bf service neutron] Bound port: 80c57b00-d31c-4c6f-90ad-dbf9909774c0, host: hv-cinder-76017, vif_type: hyperv, vif_details: {"connectivity": "legacy", "port_filter": false}, binding_levels: [{'bound_driver': 'hyperv', 'bound_segment': {'id': 'eb098917-dbc9-4dc3-81e9-deb624e7bf20', 'network_type': 'vlan', 'physical_network': 'physnet1', 'segmentation_id': 568, 'network_id': 'b2b15aa9-ccf4-445d-a89c-b858bbe43b47'}}] {{(pid=94135) _bind_port_level /opt/stack/neutron/neutron/plugins/ml2/managers.py:928}}
Sep 14 23:05:09.281314 dv-cinder-760178-13-iscsi neutron-server[94135]: DEBUG neutron_lib.callbacks.manager [req-6b6d347a-4173-4f50-a2ed-8f5b66d83537 req-0ff26ec4-d3e6-468d-b751-b4d3f03b30bf service neutron] Notify callbacks ['neutron.plugins.ml2.plugin.SecurityGroupDbMixin._ensure_default_security_group_handler-3597155'] for port, before_update {{(pid=94135) _notify_loop /usr/local/lib/python3.8/dist-packages/neutron_lib/callbacks/manager.py:192}}
Sep 14 23:05:09.297463 dv-cinder-760178-13-iscsi neutron-server[94136]: DEBUG neutron.plugins.ml2.drivers.mech_agent [None req-e3cfa4a7-1e89-450d-9cbd-c52b8e37222f None None] Checking agent: {'id': 'dcc8e868-81e9-4312-adfc-cfdfaec503c4', 'agent_type': 'Open vSwitch agent', 'binary': 'neutron-openvswitch-agent', 'topic': 'N/A', 'host': 'dv-cinder-760178-13-iscsi', 'admin_state_up': True, 'created_at': datetime.datetime(2021, 9, 14, 22, 57, 5), 'started_at': datetime.datetime(2021, 9, 14, 22, 57, 35), 'heartbeat_timestamp': datetime.datetime(2021, 9, 14, 23, 5, 5), 'description': None, 'resources_synced': None, 'availability_zone': None, 'alive': True, 'configurations': {'arp_responder_enabled': False, 'baremetal_smartnic': False, 'bridge_mappings': {'physnet1': 'br-data'}, 'datapath_type': 'system', 'devices': 0, 'enable_distributed_routing': False, 'extensions': [], 'in_distributed_mode': False, 'integration_bridge': 'br-int', 'l2_population': False, 'log_agent_heartbeats': False, 'ovs_capabilities': {'datapath_types': ['netdev', 'system'], 'iface_types': ['erspan', 'geneve', 'gre', 'internal', 'ip6erspan', 'ip6gre', 'lisp', 'patch', 'stt', 'system', 'tap', 'vxlan']}, 'ovs_hybrid_plug': False, 'resource_provider_bandwidths': {}, 'resource_provider_hypervisors': {'br-data': 'dv-cinder-760178-13-iscsi'}, 'resource_provider_inventory_defaults': {'allocation_ratio': 1.0, 'min_unit': 1, 'step_size': 1, 'reserved': 0}, 'tunnel_types': [], 'tunneling_ip': None, 'vhostuser_socket_dir': '/var/run/openvswitch'}, 'resource_versions': {'AddressGroup': '1.2', 'ConntrackHelper': '1.0', 'Log': '1.0', 'Network': '1.1', 'Port': '1.7', 'PortForwarding': '1.2', 'QosPolicy': '1.9', 'SecurityGroup': '1.4', 'SecurityGroupRule': '1.2', 'SubPort': '1.0', 'Subnet': '1.1', 'Trunk': '1.1'}} {{(pid=94136) bind_port /opt/stack/neutron/neutron/plugins/ml2/drivers/mech_agent.py:110}}
Sep 14 23:05:09.297926 dv-cinder-760178-13-iscsi neutron-server[94136]: DEBUG neutron.plugins.ml2.drivers.mech_agent [None req-e3cfa4a7-1e89-450d-9cbd-c52b8e37222f None None] Checking segment: {'id': 'be17818b-7699-476a-ab10-d7d8b4987e70', 'network_type': 'vlan', 'physical_network': 'physnet1', 'segmentation_id': 581, 'network_id': 'aa9e38bf-d2d8-4eb7-8a53-97cdb6720662'} for mappings: {'physnet1': 'br-data'} with network types: ['local', 'flat', 'vlan'] {{(pid=94136) check_segment_for_agent /opt/stack/neutron/neutron/plugins/ml2/drivers/mech_agent.py:358}}
Sep 14 23:05:09.298497 dv-cinder-760178-13-iscsi neutron-server[94136]: DEBUG neutron_lib.callbacks.manager [None req-e3cfa4a7-1e89-450d-9cbd-c52b8e37222f None None] Notify callbacks [] for ovs_bridge_name, before_read {{(pid=94136) _notify_loop /usr/local/lib/python3.8/dist-packages/neutron_lib/callbacks/manager.py:192}}
Sep 14 23:05:09.301522 dv-cinder-760178-13-iscsi neutron-server[94136]: DEBUG neutron.plugins.ml2.drivers.mech_agent [None req-e3cfa4a7-1e89-450d-9cbd-c52b8e37222f None None] Bound using segment: {'id': 'be17818b-7699-476a-ab10-d7d8b4987e70', 'network_type': 'vlan', 'physical_network': 'physnet1', 'segmentation_id': 581, 'network_id': 'aa9e38bf-d2d8-4eb7-8a53-97cdb6720662'} {{(pid=94136) bind_port /opt/stack/neutron/neutron/plugins/ml2/drivers/mech_agent.py:120}}
Sep 14 23:05:09.301664 dv-cinder-760178-13-iscsi neutron-server[94136]: DEBUG neutron.plugins.ml2.managers [None req-e3cfa4a7-1e89-450d-9cbd-c52b8e37222f None None] Bound port: f643576c-9bcf-4a3c-b150-0786fb9ecec0, host: dv-cinder-760178-13-iscsi, vif_type: ovs, vif_details: {"connectivity": "l2", "port_filter": true, "ovs_hybrid_plug": false, "datapath_type": "system", "bridge_name": "br-int"}, binding_levels: [{'bound_driver': 'openvswitch', 'bound_segment': {'id': 'be17818b-7699-476a-ab10-d7d8b4987e70', 'network_type': 'vlan', 'physical_network': 'physnet1', 'segmentation_id': 581, 'network_id': 'aa9e38bf-d2d8-4eb7-8a53-97cdb6720662'}}] {{(pid=94136) _bind_port_level /opt/stack/neutron/neutron/plugins/ml2/managers.py:928}}
Sep 14 23:05:09.302029 dv-cinder-760178-13-iscsi neutron-server[94136]: DEBUG neutron_lib.callbacks.manager [None req-e3cfa4a7-1e89-450d-9cbd-c52b8e37222f None None] Notify callbacks ['neutron.plugins.ml2.plugin.SecurityGroupDbMixin._ensure_default_security_group_handler-3597155'] for port, before_update {{(pid=94136) _notify_loop /usr/local/lib/python3.8/dist-packages/neutron_lib/callbacks/manager.py:192}}
Sep 14 23:05:09.311788 dv-cinder-760178-13-iscsi neutron-server[94135]: DEBUG neutron.wsgi [-] (94135) accepted ('10.222.0.52', 55124) {{(pid=94135) server /usr/local/lib/python3.8/dist-packages/eventlet/wsgi.py:982}}
Sep 14 23:05:09.331703 dv-cinder-760178-13-iscsi neutron-server[94135]: DEBUG neutron.api.rpc.handlers.resources_rpc [None req-5c203d4d-d23c-4a69-a130-aa2b447f6e8d tempest-AttachVolumeShelveTestJSON-1782995137 tempest-AttachVolumeShelveTestJSON-1782995137-project] Pushing event updated for resources: {'SecurityGroupRule': ['ID=051533f3-bd4e-4c07-8482-7e89dcb421b4,revision_number=0']} {{(pid=94135) push /opt/stack/neutron/neutron/api/rpc/handlers/resources_rpc.py:237}}
Sep 14 23:05:09.385597 dv-cinder-760178-13-iscsi neutron-server[94134]: DEBUG neutron.api.rpc.handlers.resources_rpc [None req-4133ca6f-f2cf-41b3-a256-70408063442f service neutron] Pushing event updated for resources: {'Port': ['ID=b96b94a6-3d1f-4858-960f-c910199e9a56,revision_number=3']} {{(pid=94134) push /opt/stack/neutron/neutron/api/rpc/handlers/resources_rpc.py:237}}
Sep 14 23:05:09.406862 dv-cinder-760178-13-iscsi neutron-server[94134]: DEBUG neutron_lib.callbacks.manager [None req-debfa3bf-4b0d-41dc-b2a5-903e94d13af2 admin admin] Notify callbacks ['neutron.plugins.ml2.plugin.Ml2Plugin._network_delete_after_delete_handler-3627085', 'neutron.plugins.ml2.ovo_rpc._ObjectChangeHandler.handle_event-488198', 'neutron.api.rpc.agentnotifiers.dhcp_rpc_agent_api.DhcpAgentNotifyAPI._native_event_send_dhcp_notification-538180', 'neutron.services.l3_router.l3_router_plugin.DVRResourceOperationHandler.delete_fip_namespaces_for_ext_net-529177'] for network, after_delete {{(pid=94134) _notify_loop /usr/local/lib/python3.8/dist-packages/neutron_lib/callbacks/manager.py:192}}
Sep 14 23:05:09.425901 dv-cinder-760178-13-iscsi neutron-server[94134]: DEBUG neutron_lib.callbacks.manager [None req-debfa3bf-4b0d-41dc-b2a5-903e94d13af2 admin admin] Notify callbacks ['neutron.api.rpc.agentnotifiers.dhcp_rpc_agent_api.DhcpAgentNotifyAPI._send_dhcp_notification-538198'] for network, before_response {{(pid=94134) _notify_loop /usr/local/lib/python3.8/dist-packages/neutron_lib/callbacks/manager.py:192}}
Sep 14 23:05:09.429738 dv-cinder-760178-13-iscsi neutron-server[94134]: INFO neutron.wsgi [None req-debfa3bf-4b0d-41dc-b2a5-903e94d13af2 admin admin] 10.222.0.39 "DELETE /v2.0/networks/455aefdc-91f0-47fd-b628-01ab2df10ccc HTTP/1.1" status: 204 len: 168 time: 3.2137904
Sep 14 23:05:09.461288 dv-cinder-760178-13-iscsi neutron-server[94135]: DEBUG neutron.plugins.ml2.db [req-6b6d347a-4173-4f50-a2ed-8f5b66d83537 req-0ff26ec4-d3e6-468d-b751-b4d3f03b30bf service neutron] For port 80c57b00-d31c-4c6f-90ad-dbf9909774c0, host hv-cinder-76017, cleared binding levels {{(pid=94135) clear_binding_levels /opt/stack/neutron/neutron/plugins/ml2/db.py:87}}
Sep 14 23:05:09.473640 dv-cinder-760178-13-iscsi neutron-server[94135]: DEBUG neutron.plugins.ml2.db [req-6b6d347a-4173-4f50-a2ed-8f5b66d83537 req-0ff26ec4-d3e6-468d-b751-b4d3f03b30bf service neutron] For port 80c57b00-d31c-4c6f-90ad-dbf9909774c0, host hv-cinder-76017, set binding levels [PortBindingLevel(driver='hyperv',host='hv-cinder-76017',level=0,port_id=80c57b00-d31c-4c6f-90ad-dbf9909774c0,segment=NetworkSegment(eb098917-dbc9-4dc3-81e9-deb624e7bf20),segment_id=eb098917-dbc9-4dc3-81e9-deb624e7bf20)] {{(pid=94135) set_binding_levels /opt/stack/neutron/neutron/plugins/ml2/db.py:59}}
Sep 14 23:05:09.479871 dv-cinder-760178-13-iscsi neutron-server[94134]: DEBUG neutron.wsgi [-] (94134) accepted ('10.222.0.39', 40190) {{(pid=94134) server /usr/local/lib/python3.8/dist-packages/eventlet/wsgi.py:982}}
Sep 14 23:05:09.485245 dv-cinder-760178-13-iscsi neutron-server[94134]: DEBUG neutron.api.rpc.handlers.resources_rpc [None req-debfa3bf-4b0d-41dc-b2a5-903e94d13af2 admin admin] Pushing event deleted for resources: {'Network': ['ID=455aefdc-91f0-47fd-b628-01ab2df10ccc,revision_number=None']} {{(pid=94134) push /opt/stack/neutron/neutron/api/rpc/handlers/resources_rpc.py:237}}
Sep 14 23:05:09.512708 dv-cinder-760178-13-iscsi neutron-server[94134]: DEBUG neutron.pecan_wsgi.hooks.policy_enforcement [req-664f08f7-5ef2-4286-9cf7-cda37e072707 req-4133ca6f-f2cf-41b3-a256-70408063442f service neutron] Attributes excluded by policy engine: ['standard_attr_id'] {{(pid=94134) _exclude_attributes_by_policy /opt/stack/neutron/neutron/pecan_wsgi/hooks/policy_enforcement.py:255}}
Sep 14 23:05:09.513987 dv-cinder-760178-13-iscsi neutron-server[94134]: DEBUG neutron_lib.callbacks.manager [req-664f08f7-5ef2-4286-9cf7-cda37e072707 req-4133ca6f-f2cf-41b3-a256-70408063442f service neutron] Notify callbacks ['neutron.notifiers.nova.Notifier._send_nova_notification-17427', 'neutron.api.rpc.agentnotifiers.dhcp_rpc_agent_api.DhcpAgentNotifyAPI._send_dhcp_notification-538198'] for port, before_response {{(pid=94134) _notify_loop /usr/local/lib/python3.8/dist-packages/neutron_lib/callbacks/manager.py:192}}
Sep 14 23:05:09.516463 dv-cinder-760178-13-iscsi neutron-server[94134]: INFO neutron.wsgi [req-664f08f7-5ef2-4286-9cf7-cda37e072707 req-4133ca6f-f2cf-41b3-a256-70408063442f service neutron] 10.222.0.52 "PUT /v2.0/ports/b96b94a6-3d1f-4858-960f-c910199e9a56 HTTP/1.1" status: 200 len: 1094 time: 5.7163086
Sep 14 23:05:09.575438 dv-cinder-760178-13-iscsi neutron-server[94136]: DEBUG neutron.db.provisioning_blocks [None req-048fc545-a3c3-493a-a931-089d41707372 None None] Provisioning complete for port f643576c-9bcf-4a3c-b150-0786fb9ecec0 triggered by entity DHCP. {{(pid=94136) provisioning_complete /opt/stack/neutron/neutron/db/provisioning_blocks.py:139}}
Sep 14 23:05:09.575828 dv-cinder-760178-13-iscsi neutron-server[94136]: DEBUG neutron_lib.callbacks.manager [None req-048fc545-a3c3-493a-a931-089d41707372 None None] Notify callbacks ['neutron.plugins.ml2.plugin.Ml2Plugin._port_provisioned-3621039'] for port, provisioning_complete {{(pid=94136) _notify_loop /usr/local/lib/python3.8/dist-packages/neutron_lib/callbacks/manager.py:192}}
Sep 14 23:05:09.577834 dv-cinder-760178-13-iscsi neutron-server[94135]: DEBUG neutron_lib.callbacks.manager [req-6b6d347a-4173-4f50-a2ed-8f5b66d83537 req-0ff26ec4-d3e6-468d-b751-b4d3f03b30bf service neutron] Notify callbacks ['neutron.plugins.ml2.plugin.SecurityGroupServerNotifierRpcMixin._notify_sg_on_port_change-3597090', 'neutron.plugins.ml2.ovo_rpc._ObjectChangeHandler.handle_event-85344', 'neutron.api.rpc.agentnotifiers.dhcp_rpc_agent_api.DhcpAgentNotifyAPI._native_event_send_dhcp_notification-538180', 'neutron.db.l3_db.L3RpcNotifierMixin._notify_gateway_port_ip_changed-8755854476813', 'neutron.db.l3_dvrscheduler_db._notify_l3_agent_port_update-8755853921738', 'neutron.db.l3_hascheduler_db._notify_l3_agent_ha_port_update-8755853921756'] for port, after_update {{(pid=94135) _notify_loop /usr/local/lib/python3.8/dist-packages/neutron_lib/callbacks/manager.py:192}}
Sep 14 23:05:09.612135 dv-cinder-760178-13-iscsi neutron-server[94135]: DEBUG neutron_lib.callbacks.manager [None req-5c203d4d-d23c-4a69-a130-aa2b447f6e8d tempest-AttachVolumeShelveTestJSON-1782995137 tempest-AttachVolumeShelveTestJSON-1782995137-project] Notify callbacks [] for security_group_rule, before_response {{(pid=94135) _notify_loop /usr/local/lib/python3.8/dist-packages/neutron_lib/callbacks/manager.py:192}}
Sep 14 23:05:09.614070 dv-cinder-760178-13-iscsi neutron-server[94135]: INFO neutron.wsgi [None req-5c203d4d-d23c-4a69-a130-aa2b447f6e8d tempest-AttachVolumeShelveTestJSON-1782995137 tempest-AttachVolumeShelveTestJSON-1782995137-project] 10.222.0.39 "POST /v2.0/security-group-rules HTTP/1.1" status: 201 len: 764 time: 1.3267782
Sep 14 23:05:09.670285 dv-cinder-760178-13-iscsi neutron-server[94134]: DEBUG neutron.notifiers.nova [-] Sending events: [{'name': 'network-changed', 'server_uuid': '2fbae247-acfb-4d8e-a8a8-75b7fd025255', 'tag': 'b96b94a6-3d1f-4858-960f-c910199e9a56'}] {{(pid=94134) send_events /opt/stack/neutron/neutron/notifiers/nova.py:262}}
Sep 14 23:05:09.689499 dv-cinder-760178-13-iscsi neutron-server[94134]: DEBUG neutron.db.db_base_plugin_v2 [None req-93b1a1f3-6d7e-4a0f-bce5-40b052306ecc admin admin] Deleting subnet dad329d8-eed5-416f-b3cc-50578caaddfc {{(pid=94134) delete_subnet /opt/stack/neutron/neutron/db/db_base_plugin_v2.py:1056}}
Sep 14 23:05:09.706894 dv-cinder-760178-13-iscsi neutron-server[94134]: DEBUG neutron.wsgi [-] (94134) accepted ('10.222.0.39', 40196) {{(pid=94134) server /usr/local/lib/python3.8/dist-packages/eventlet/wsgi.py:982}}
Sep 14 23:05:09.711633 dv-cinder-760178-13-iscsi neutron-server[94135]: DEBUG neutron.api.rpc.handlers.resources_rpc [None req-0ff26ec4-d3e6-468d-b751-b4d3f03b30bf service neutron] Pushing event updated for resources: {'Port': ['ID=80c57b00-d31c-4c6f-90ad-dbf9909774c0,revision_number=3']} {{(pid=94135) push /opt/stack/neutron/neutron/api/rpc/handlers/resources_rpc.py:237}}
Sep 14 23:05:09.722718 dv-cinder-760178-13-iscsi neutron-server[94135]: INFO neutron.wsgi [req-1e171f49-f5f2-4753-af5a-79b30721cdb5 req-879f36e8-31a4-4a45-af48-95b5ff3c5bac tempest-DeleteServersTestJSON-488692297 tempest-DeleteServersTestJSON-488692297-project] 10.222.0.39 "GET /v2.0/security-groups?id=0ca2a34d-cbbc-4e97-89d9-219fcac7f0b3&fields=id&fields=name HTTP/1.1" status: 200 len: 286 time: 0.4957602
Sep 14 23:05:09.753907 dv-cinder-760178-13-iscsi neutron-server[94135]: DEBUG neutron.pecan_wsgi.hooks.policy_enforcement [req-6b6d347a-4173-4f50-a2ed-8f5b66d83537 req-0ff26ec4-d3e6-468d-b751-b4d3f03b30bf service neutron] Attributes excluded by policy engine: ['standard_attr_id'] {{(pid=94135) _exclude_attributes_by_policy /opt/stack/neutron/neutron/pecan_wsgi/hooks/policy_enforcement.py:255}}
Sep 14 23:05:09.754550 dv-cinder-760178-13-iscsi neutron-server[94135]: DEBUG neutron_lib.callbacks.manager [req-6b6d347a-4173-4f50-a2ed-8f5b66d83537 req-0ff26ec4-d3e6-468d-b751-b4d3f03b30bf service neutron] Notify callbacks ['neutron.notifiers.nova.Notifier._send_nova_notification-17427', 'neutron.api.rpc.agentnotifiers.dhcp_rpc_agent_api.DhcpAgentNotifyAPI._send_dhcp_notification-538198'] for port, before_response {{(pid=94135) _notify_loop /usr/local/lib/python3.8/dist-packages/neutron_lib/callbacks/manager.py:192}}
Sep 14 23:05:09.756827 dv-cinder-760178-13-iscsi neutron-server[94135]: INFO neutron.wsgi [req-6b6d347a-4173-4f50-a2ed-8f5b66d83537 req-0ff26ec4-d3e6-468d-b751-b4d3f03b30bf service neutron] 10.222.0.52 "PUT /v2.0/ports/80c57b00-d31c-4c6f-90ad-dbf9909774c0 HTTP/1.1" status: 200 len: 1094 time: 2.0392647
Sep 14 23:05:09.757735 dv-cinder-760178-13-iscsi neutron-server[94135]: DEBUG neutron.notifiers.nova [-] Sending events: [{'name': 'network-changed', 'server_uuid': '8b838098-23bd-4b48-b987-5551df4dcdb4', 'tag': '80c57b00-d31c-4c6f-90ad-dbf9909774c0'}] {{(pid=94135) send_events /opt/stack/neutron/neutron/notifiers/nova.py:262}}
Sep 14 23:05:09.789040 dv-cinder-760178-13-iscsi neutron-server[94136]: DEBUG neutron.plugins.ml2.plugin [None req-048fc545-a3c3-493a-a931-089d41707372 None None] Port f643576c-9bcf-4a3c-b150-0786fb9ecec0 cannot update to ACTIVE because it is not bound. {{(pid=94136) _port_provisioned /opt/stack/neutron/neutron/plugins/ml2/plugin.py:338}}
Sep 14 23:05:09.794690 dv-cinder-760178-13-iscsi neutron-server[94136]: DEBUG neutron.db.provisioning_blocks [None req-0c71bbe9-9c0e-4f99-bd94-5b0e50dd2741 None None] Provisioning complete for port 17fde02c-d1ae-4d9b-a2c4-eb9e637320c3 triggered by entity L2. {{(pid=94136) provisioning_complete /opt/stack/neutron/neutron/db/provisioning_blocks.py:139}}
Sep 14 23:05:09.803786 dv-cinder-760178-13-iscsi neutron-server[94136]: DEBUG neutron_lib.callbacks.manager [None req-0c71bbe9-9c0e-4f99-bd94-5b0e50dd2741 None None] Notify callbacks ['neutron.plugins.ml2.plugin.Ml2Plugin._port_provisioned-3621039'] for port, provisioning_complete {{(pid=94136) _notify_loop /usr/local/lib/python3.8/dist-packages/neutron_lib/callbacks/manager.py:192}}
Sep 14 23:05:09.852722 dv-cinder-760178-13-iscsi neutron-server[94134]: DEBUG neutron_lib.callbacks.manager [None req-93b1a1f3-6d7e-4a0f-bce5-40b052306ecc admin admin] Notify callbacks [] for subnet, before_delete {{(pid=94134) _notify_loop /usr/local/lib/python3.8/dist-packages/neutron_lib/callbacks/manager.py:192}}
Sep 14 23:05:09.921554 dv-cinder-760178-13-iscsi neutron-server[94134]: DEBUG neutron_lib.callbacks.manager [None req-93b1a1f3-6d7e-4a0f-bce5-40b052306ecc admin admin] Notify callbacks ['neutron.services.segments.plugin.Plugin._validate_auto_address_subnet_delete-13278731'] for subnet, precommit_delete_associations {{(pid=94134) _notify_loop /usr/local/lib/python3.8/dist-packages/neutron_lib/callbacks/manager.py:192}}
Sep 14 23:05:09.968834 dv-cinder-760178-13-iscsi neutron-server[94136]: DEBUG neutron.plugins.ml2.db [None req-e3cfa4a7-1e89-450d-9cbd-c52b8e37222f None None] For port f643576c-9bcf-4a3c-b150-0786fb9ecec0, host dv-cinder-760178-13-iscsi, cleared binding levels {{(pid=94136) clear_binding_levels /opt/stack/neutron/neutron/plugins/ml2/db.py:87}}
Sep 14 23:05:10.000121 dv-cinder-760178-13-iscsi neutron-server[94134]: DEBUG neutron.api.v2.base [None req-60ea58c4-e714-42bf-8675-2f6f0ea0b4b0 tempest-AttachVolumeShelveTestJSON-1782995137 tempest-AttachVolumeShelveTestJSON-1782995137-project] Request body: {'security_group_rule': {'security_group_id': '7295f2c9-12b9-42bd-9833-125490e50cbe', 'protocol': 'icmp', 'ethertype': 'IPv4', 'direction': 'ingress'}} {{(pid=94134) prepare_request_body /opt/stack/neutron/neutron/api/v2/base.py:730}}
Sep 14 23:05:10.003624 dv-cinder-760178-13-iscsi neutron-server[94135]: INFO neutron.wsgi [req-5c05efea-924e-413e-bcdc-42800a76254a req-a290be02-e486-4cd0-8ecd-64c18e4a38c0 tempest-AttachVolumeNegativeTest-171504557 tempest-AttachVolumeNegativeTest-171504557-project] 10.222.0.39 "GET /v2.0/security-groups?id=a2868f92-0908-412a-b45f-10a64ccd1724&fields=id&fields=name HTTP/1.1" status: 200 len: 286 time: 0.6792364
