Sep 10 05:13:30.940154 dv-cinder-760178-12-smb devstack@n-api.service[108753]: DEBUG oslo_concurrency.lockutils [None req-96f8c975-2241-4222-9e37-f2a8b799323a tempest-ServerRescueNegativeTestJSON-1062582551 tempest-ServerRescueNegativeTestJSON-1062582551-project] Lock "5d59a0f4-9048-42b1-81c7-39a285f48f33" acquired by "nova.context.set_target_cell.<locals>.get_or_set_cached_cell_and_set_connections" :: waited 0.000s {{(pid=108753) inner /usr/local/lib/python3.8/dist-packages/oslo_concurrency/lockutils.py:355}}
Sep 10 05:13:30.941357 dv-cinder-760178-12-smb devstack@n-api.service[108753]: DEBUG oslo_concurrency.lockutils [None req-96f8c975-2241-4222-9e37-f2a8b799323a tempest-ServerRescueNegativeTestJSON-1062582551 tempest-ServerRescueNegativeTestJSON-1062582551-project] Lock "5d59a0f4-9048-42b1-81c7-39a285f48f33" released by "nova.context.set_target_cell.<locals>.get_or_set_cached_cell_and_set_connections" :: held 0.001s {{(pid=108753) inner /usr/local/lib/python3.8/dist-packages/oslo_concurrency/lockutils.py:367}}
Sep 10 05:13:30.942408 dv-cinder-760178-12-smb devstack@n-api.service[108753]: DEBUG oslo_concurrency.lockutils [None req-96f8c975-2241-4222-9e37-f2a8b799323a tempest-ServerRescueNegativeTestJSON-1062582551 tempest-ServerRescueNegativeTestJSON-1062582551-project] Lock "5d59a0f4-9048-42b1-81c7-39a285f48f33" acquired by "nova.context.set_target_cell.<locals>.get_or_set_cached_cell_and_set_connections" :: waited 0.000s {{(pid=108753) inner /usr/local/lib/python3.8/dist-packages/oslo_concurrency/lockutils.py:355}}
Sep 10 05:13:30.943173 dv-cinder-760178-12-smb devstack@n-api.service[108753]: DEBUG oslo_concurrency.lockutils [None req-96f8c975-2241-4222-9e37-f2a8b799323a tempest-ServerRescueNegativeTestJSON-1062582551 tempest-ServerRescueNegativeTestJSON-1062582551-project] Lock "5d59a0f4-9048-42b1-81c7-39a285f48f33" released by "nova.context.set_target_cell.<locals>.get_or_set_cached_cell_and_set_connections" :: held 0.001s {{(pid=108753) inner /usr/local/lib/python3.8/dist-packages/oslo_concurrency/lockutils.py:367}}
Sep 10 05:13:30.955457 dv-cinder-760178-12-smb devstack@n-api.service[108752]: DEBUG nova.compute.api [None req-9700abfa-997b-44c9-9863-6d94746cc0e8 tempest-DeleteServersTestJSON-1468825270 tempest-DeleteServersTestJSON-1468825270-project] [instance: 140dcdf2-7b19-4eb1-8be0-3a11f255904c] Going to try to terminate instance {{(pid=108752) delete /opt/stack/nova/nova/compute/api.py:2612}}
Sep 10 05:13:31.107691 dv-cinder-760178-12-smb devstack@n-api.service[108753]: DEBUG nova.policy [None req-96f8c975-2241-4222-9e37-f2a8b799323a tempest-ServerRescueNegativeTestJSON-1062582551 tempest-ServerRescueNegativeTestJSON-1062582551-project] Policy check for os_compute_api:os-extended-server-attributes failed with credentials {'is_admin': False, 'user_id': 'cc4d19045fd443cb88e3fdc3d7459bd9', 'user_domain_id': 'default', 'system_scope': None, 'domain_id': None, 'project_id': '402ae37532ad4e429c2ca117fbcfa668', 'project_domain_id': 'default', 'roles': ['member', 'reader'], 'is_admin_project': True, 'service_user_id': None, 'service_user_domain_id': None, 'service_project_id': None, 'service_project_domain_id': None, 'service_roles': []} {{(pid=108753) authorize /opt/stack/nova/nova/policy.py:199}}
Sep 10 05:13:31.116540 dv-cinder-760178-12-smb devstack@n-api.service[108753]: INFO nova.api.openstack.requestlog [None req-96f8c975-2241-4222-9e37-f2a8b799323a tempest-ServerRescueNegativeTestJSON-1062582551 tempest-ServerRescueNegativeTestJSON-1062582551-project] 10.222.0.13 "GET /compute/v2.1/servers/fd8c60b4-d69a-4dc8-900b-e640922838cf" status: 200 len: 1523 microversion: 2.1 time: 0.192412
Sep 10 05:13:31.117214 dv-cinder-760178-12-smb devstack@n-api.service[108753]: [pid: 108753|app: 0|req: 79/144] 10.222.0.13 () {58 vars in 1236 bytes} [Fri Sep 10 05:13:30 2021] GET /compute/v2.1/servers/fd8c60b4-d69a-4dc8-900b-e640922838cf => generated 1523 bytes in 194 msecs (HTTP/1.1 200) 9 headers in 358 bytes (2 switches on core 0)
Sep 10 05:13:31.251172 dv-cinder-760178-12-smb devstack@n-api.service[108752]: INFO nova.api.openstack.requestlog [None req-9700abfa-997b-44c9-9863-6d94746cc0e8 tempest-DeleteServersTestJSON-1468825270 tempest-DeleteServersTestJSON-1468825270-project] 10.222.0.13 "DELETE /compute/v2.1/servers/140dcdf2-7b19-4eb1-8be0-3a11f255904c" status: 204 len: 0 microversion: 2.1 time: 0.339236
Sep 10 05:13:31.255090 dv-cinder-760178-12-smb devstack@n-api.service[108752]: [pid: 108752|app: 0|req: 66/145] 10.222.0.13 () {58 vars in 1239 bytes} [Fri Sep 10 05:13:30 2021] DELETE /compute/v2.1/servers/140dcdf2-7b19-4eb1-8be0-3a11f255904c => generated 0 bytes in 345 msecs (HTTP/1.1 204) 9 headers in 363 bytes (1 switches on core 0)
Sep 10 05:13:31.263252 dv-cinder-760178-12-smb devstack@n-api.service[108753]: DEBUG nova.api.openstack.wsgi [None req-466b174a-94f8-44a7-a8e7-140027d74abd tempest-DeleteServersTestJSON-1468825270 tempest-DeleteServersTestJSON-1468825270-project] Calling method '<bound method ServersController.show of <nova.api.openstack.compute.servers.ServersController object at 0x7f3f17e7a730>>' {{(pid=108753) _process_stack /opt/stack/nova/nova/api/openstack/wsgi.py:513}}
Sep 10 05:13:31.263938 dv-cinder-760178-12-smb devstack@n-api.service[108753]: DEBUG nova.compute.api [None req-466b174a-94f8-44a7-a8e7-140027d74abd tempest-DeleteServersTestJSON-1468825270 tempest-DeleteServersTestJSON-1468825270-project] [instance: 140dcdf2-7b19-4eb1-8be0-3a11f255904c] Fetching instance by UUID {{(pid=108753) get /opt/stack/nova/nova/compute/api.py:2863}}
Sep 10 05:13:31.272722 dv-cinder-760178-12-smb devstack@n-api.service[108753]: DEBUG oslo_concurrency.lockutils [None req-466b174a-94f8-44a7-a8e7-140027d74abd tempest-DeleteServersTestJSON-1468825270 tempest-DeleteServersTestJSON-1468825270-project] Lock "5d59a0f4-9048-42b1-81c7-39a285f48f33" acquired by "nova.context.set_target_cell.<locals>.get_or_set_cached_cell_and_set_connections" :: waited 0.000s {{(pid=108753) inner /usr/local/lib/python3.8/dist-packages/oslo_concurrency/lockutils.py:355}}
Sep 10 05:13:31.273164 dv-cinder-760178-12-smb devstack@n-api.service[108753]: DEBUG oslo_concurrency.lockutils [None req-466b174a-94f8-44a7-a8e7-140027d74abd tempest-DeleteServersTestJSON-1468825270 tempest-DeleteServersTestJSON-1468825270-project] Lock "5d59a0f4-9048-42b1-81c7-39a285f48f33" released by "nova.context.set_target_cell.<locals>.get_or_set_cached_cell_and_set_connections" :: held 0.001s {{(pid=108753) inner /usr/local/lib/python3.8/dist-packages/oslo_concurrency/lockutils.py:367}}
Sep 10 05:13:31.273927 dv-cinder-760178-12-smb devstack@n-api.service[108753]: DEBUG oslo_concurrency.lockutils [None req-466b174a-94f8-44a7-a8e7-140027d74abd tempest-DeleteServersTestJSON-1468825270 tempest-DeleteServersTestJSON-1468825270-project] Lock "5d59a0f4-9048-42b1-81c7-39a285f48f33" acquired by "nova.context.set_target_cell.<locals>.get_or_set_cached_cell_and_set_connections" :: waited 0.000s {{(pid=108753) inner /usr/local/lib/python3.8/dist-packages/oslo_concurrency/lockutils.py:355}}
Sep 10 05:13:31.274352 dv-cinder-760178-12-smb devstack@n-api.service[108753]: DEBUG oslo_concurrency.lockutils [None req-466b174a-94f8-44a7-a8e7-140027d74abd tempest-DeleteServersTestJSON-1468825270 tempest-DeleteServersTestJSON-1468825270-project] Lock "5d59a0f4-9048-42b1-81c7-39a285f48f33" released by "nova.context.set_target_cell.<locals>.get_or_set_cached_cell_and_set_connections" :: held 0.000s {{(pid=108753) inner /usr/local/lib/python3.8/dist-packages/oslo_concurrency/lockutils.py:367}}
Sep 10 05:13:31.343583 dv-cinder-760178-12-smb devstack@n-api.service[108752]: DEBUG nova.api.openstack.wsgi [None req-93bd8ff9-8994-466b-90d0-8434864ad0bc tempest-AttachVolumeTestJSON-37828690 tempest-AttachVolumeTestJSON-37828690-project] Action: 'action', calling method: <bound method ConsoleOutputController.get_console_output of <nova.api.openstack.compute.console_output.ConsoleOutputController object at 0x7f3f17ddedc0>>, body: {"os-getConsoleOutput": {}} {{(pid=108752) _process_stack /opt/stack/nova/nova/api/openstack/wsgi.py:511}}
Sep 10 05:13:31.344600 dv-cinder-760178-12-smb devstack@n-api.service[108752]: DEBUG nova.compute.api [None req-93bd8ff9-8994-466b-90d0-8434864ad0bc tempest-AttachVolumeTestJSON-37828690 tempest-AttachVolumeTestJSON-37828690-project] [instance: eef8dcd4-28dc-4786-8eec-c219b28728eb] Fetching instance by UUID {{(pid=108752) get /opt/stack/nova/nova/compute/api.py:2863}}
Sep 10 05:13:31.353970 dv-cinder-760178-12-smb devstack@n-api.service[108752]: DEBUG oslo_concurrency.lockutils [None req-93bd8ff9-8994-466b-90d0-8434864ad0bc tempest-AttachVolumeTestJSON-37828690 tempest-AttachVolumeTestJSON-37828690-project] Lock "5d59a0f4-9048-42b1-81c7-39a285f48f33" acquired by "nova.context.set_target_cell.<locals>.get_or_set_cached_cell_and_set_connections" :: waited 0.000s {{(pid=108752) inner /usr/local/lib/python3.8/dist-packages/oslo_concurrency/lockutils.py:355}}
Sep 10 05:13:31.353970 dv-cinder-760178-12-smb devstack@n-api.service[108752]: DEBUG oslo_concurrency.lockutils [None req-93bd8ff9-8994-466b-90d0-8434864ad0bc tempest-AttachVolumeTestJSON-37828690 tempest-AttachVolumeTestJSON-37828690-project] Lock "5d59a0f4-9048-42b1-81c7-39a285f48f33" released by "nova.context.set_target_cell.<locals>.get_or_set_cached_cell_and_set_connections" :: held 0.001s {{(pid=108752) inner /usr/local/lib/python3.8/dist-packages/oslo_concurrency/lockutils.py:367}}
Sep 10 05:13:31.353970 dv-cinder-760178-12-smb devstack@n-api.service[108752]: DEBUG oslo_concurrency.lockutils [None req-93bd8ff9-8994-466b-90d0-8434864ad0bc tempest-AttachVolumeTestJSON-37828690 tempest-AttachVolumeTestJSON-37828690-project] Lock "5d59a0f4-9048-42b1-81c7-39a285f48f33" acquired by "nova.context.set_target_cell.<locals>.get_or_set_cached_cell_and_set_connections" :: waited 0.000s {{(pid=108752) inner /usr/local/lib/python3.8/dist-packages/oslo_concurrency/lockutils.py:355}}
Sep 10 05:13:31.353970 dv-cinder-760178-12-smb devstack@n-api.service[108752]: DEBUG oslo_concurrency.lockutils [None req-93bd8ff9-8994-466b-90d0-8434864ad0bc tempest-AttachVolumeTestJSON-37828690 tempest-AttachVolumeTestJSON-37828690-project] Lock "5d59a0f4-9048-42b1-81c7-39a285f48f33" released by "nova.context.set_target_cell.<locals>.get_or_set_cached_cell_and_set_connections" :: held 0.000s {{(pid=108752) inner /usr/local/lib/python3.8/dist-packages/oslo_concurrency/lockutils.py:367}}
Sep 10 05:13:31.400677 dv-cinder-760178-12-smb devstack@n-api.service[108753]: DEBUG nova.policy [None req-466b174a-94f8-44a7-a8e7-140027d74abd tempest-DeleteServersTestJSON-1468825270 tempest-DeleteServersTestJSON-1468825270-project] Policy check for os_compute_api:os-extended-server-attributes failed with credentials {'is_admin': False, 'user_id': 'ba47f36686b047a4a6927f4a80ac3305', 'user_domain_id': 'default', 'system_scope': None, 'domain_id': None, 'project_id': 'e1a6fa1dcdfa4907aa8b7a8f111075a5', 'project_domain_id': 'default', 'roles': ['member', 'reader'], 'is_admin_project': True, 'service_user_id': None, 'service_user_domain_id': None, 'service_project_id': None, 'service_project_domain_id': None, 'service_roles': []} {{(pid=108753) authorize /opt/stack/nova/nova/policy.py:199}}
Sep 10 05:13:31.408520 dv-cinder-760178-12-smb devstack@n-api.service[108753]: INFO nova.api.openstack.requestlog [None req-466b174a-94f8-44a7-a8e7-140027d74abd tempest-DeleteServersTestJSON-1468825270 tempest-DeleteServersTestJSON-1468825270-project] 10.222.0.13 "GET /compute/v2.1/servers/140dcdf2-7b19-4eb1-8be0-3a11f255904c" status: 200 len: 1554 microversion: 2.1 time: 0.149018
Sep 10 05:13:31.409082 dv-cinder-760178-12-smb devstack@n-api.service[108753]: [pid: 108753|app: 0|req: 80/146] 10.222.0.13 () {58 vars in 1236 bytes} [Fri Sep 10 05:13:31 2021] GET /compute/v2.1/servers/140dcdf2-7b19-4eb1-8be0-3a11f255904c => generated 1554 bytes in 150 msecs (HTTP/1.1 200) 9 headers in 358 bytes (1 switches on core 0)
Sep 10 05:13:31.424396 dv-cinder-760178-12-smb devstack@n-api.service[108752]: INFO nova.api.openstack.requestlog [None req-93bd8ff9-8994-466b-90d0-8434864ad0bc tempest-AttachVolumeTestJSON-37828690 tempest-AttachVolumeTestJSON-37828690-project] 10.222.0.13 "POST /compute/v2.1/servers/eef8dcd4-28dc-4786-8eec-c219b28728eb/action" status: 200 len: 14 microversion: 2.1 time: 0.084766
Sep 10 05:13:31.425050 dv-cinder-760178-12-smb devstack@n-api.service[108752]: [pid: 108752|app: 0|req: 67/147] 10.222.0.13 () {60 vars in 1278 bytes} [Fri Sep 10 05:13:31 2021] POST /compute/v2.1/servers/eef8dcd4-28dc-4786-8eec-c219b28728eb/action => generated 14 bytes in 87 msecs (HTTP/1.1 200) 9 headers in 356 bytes (2 switches on core 0)
Sep 10 05:13:32.133681 dv-cinder-760178-12-smb devstack@n-api.service[108753]: DEBUG nova.api.openstack.wsgi [None req-d29b3db8-7667-4bb1-bd1b-c8c80b598632 tempest-ServerRescueNegativeTestJSON-1062582551 tempest-ServerRescueNegativeTestJSON-1062582551-project] Calling method '<bound method ServersController.show of <nova.api.openstack.compute.servers.ServersController object at 0x7f3f17e7a730>>' {{(pid=108753) _process_stack /opt/stack/nova/nova/api/openstack/wsgi.py:513}}
Sep 10 05:13:32.134305 dv-cinder-760178-12-smb devstack@n-api.service[108753]: DEBUG nova.compute.api [None req-d29b3db8-7667-4bb1-bd1b-c8c80b598632 tempest-ServerRescueNegativeTestJSON-1062582551 tempest-ServerRescueNegativeTestJSON-1062582551-project] [instance: fd8c60b4-d69a-4dc8-900b-e640922838cf] Fetching instance by UUID {{(pid=108753) get /opt/stack/nova/nova/compute/api.py:2863}}
Sep 10 05:13:32.141398 dv-cinder-760178-12-smb devstack@n-api.service[108753]: DEBUG oslo_concurrency.lockutils [None req-d29b3db8-7667-4bb1-bd1b-c8c80b598632 tempest-ServerRescueNegativeTestJSON-1062582551 tempest-ServerRescueNegativeTestJSON-1062582551-project] Lock "5d59a0f4-9048-42b1-81c7-39a285f48f33" acquired by "nova.context.set_target_cell.<locals>.get_or_set_cached_cell_and_set_connections" :: waited 0.000s {{(pid=108753) inner /usr/local/lib/python3.8/dist-packages/oslo_concurrency/lockutils.py:355}}
Sep 10 05:13:32.141892 dv-cinder-760178-12-smb devstack@n-api.service[108753]: DEBUG oslo_concurrency.lockutils [None req-d29b3db8-7667-4bb1-bd1b-c8c80b598632 tempest-ServerRescueNegativeTestJSON-1062582551 tempest-ServerRescueNegativeTestJSON-1062582551-project] Lock "5d59a0f4-9048-42b1-81c7-39a285f48f33" released by "nova.context.set_target_cell.<locals>.get_or_set_cached_cell_and_set_connections" :: held 0.001s {{(pid=108753) inner /usr/local/lib/python3.8/dist-packages/oslo_concurrency/lockutils.py:367}}
Sep 10 05:13:32.142707 dv-cinder-760178-12-smb devstack@n-api.service[108753]: DEBUG oslo_concurrency.lockutils [None req-d29b3db8-7667-4bb1-bd1b-c8c80b598632 tempest-ServerRescueNegativeTestJSON-1062582551 tempest-ServerRescueNegativeTestJSON-1062582551-project] Lock "5d59a0f4-9048-42b1-81c7-39a285f48f33" acquired by "nova.context.set_target_cell.<locals>.get_or_set_cached_cell_and_set_connections" :: waited 0.000s {{(pid=108753) inner /usr/local/lib/python3.8/dist-packages/oslo_concurrency/lockutils.py:355}}
Sep 10 05:13:32.143144 dv-cinder-760178-12-smb devstack@n-api.service[108753]: DEBUG oslo_concurrency.lockutils [None req-d29b3db8-7667-4bb1-bd1b-c8c80b598632 tempest-ServerRescueNegativeTestJSON-1062582551 tempest-ServerRescueNegativeTestJSON-1062582551-project] Lock "5d59a0f4-9048-42b1-81c7-39a285f48f33" released by "nova.context.set_target_cell.<locals>.get_or_set_cached_cell_and_set_connections" :: held 0.000s {{(pid=108753) inner /usr/local/lib/python3.8/dist-packages/oslo_concurrency/lockutils.py:367}}
Sep 10 05:13:32.273609 dv-cinder-760178-12-smb devstack@n-api.service[108753]: DEBUG nova.policy [None req-d29b3db8-7667-4bb1-bd1b-c8c80b598632 tempest-ServerRescueNegativeTestJSON-1062582551 tempest-ServerRescueNegativeTestJSON-1062582551-project] Policy check for os_compute_api:os-extended-server-attributes failed with credentials {'is_admin': False, 'user_id': 'cc4d19045fd443cb88e3fdc3d7459bd9', 'user_domain_id': 'default', 'system_scope': None, 'domain_id': None, 'project_id': '402ae37532ad4e429c2ca117fbcfa668', 'project_domain_id': 'default', 'roles': ['member', 'reader'], 'is_admin_project': True, 'service_user_id': None, 'service_user_domain_id': None, 'service_project_id': None, 'service_project_domain_id': None, 'service_roles': []} {{(pid=108753) authorize /opt/stack/nova/nova/policy.py:199}}
Sep 10 05:13:32.281032 dv-cinder-760178-12-smb devstack@n-api.service[108753]: INFO nova.api.openstack.requestlog [None req-d29b3db8-7667-4bb1-bd1b-c8c80b598632 tempest-ServerRescueNegativeTestJSON-1062582551 tempest-ServerRescueNegativeTestJSON-1062582551-project] 10.222.0.13 "GET /compute/v2.1/servers/fd8c60b4-d69a-4dc8-900b-e640922838cf" status: 200 len: 1523 microversion: 2.1 time: 0.151002
Sep 10 05:13:32.281885 dv-cinder-760178-12-smb devstack@n-api.service[108753]: [pid: 108753|app: 0|req: 81/148] 10.222.0.13 () {58 vars in 1236 bytes} [Fri Sep 10 05:13:32 2021] GET /compute/v2.1/servers/fd8c60b4-d69a-4dc8-900b-e640922838cf => generated 1523 bytes in 152 msecs (HTTP/1.1 200) 9 headers in 358 bytes (1 switches on core 0)
Sep 10 05:13:32.425790 dv-cinder-760178-12-smb devstack@n-api.service[108752]: DEBUG nova.api.openstack.wsgi [None req-5c2bd0bb-ac8d-4c17-ad12-6b093c7600f8 tempest-DeleteServersTestJSON-1468825270 tempest-DeleteServersTestJSON-1468825270-project] Calling method '<bound method ServersController.show of <nova.api.openstack.compute.servers.ServersController object at 0x7f3f17e7f9d0>>' {{(pid=108752) _process_stack /opt/stack/nova/nova/api/openstack/wsgi.py:513}}
Sep 10 05:13:32.426478 dv-cinder-760178-12-smb devstack@n-api.service[108752]: DEBUG nova.compute.api [None req-5c2bd0bb-ac8d-4c17-ad12-6b093c7600f8 tempest-DeleteServersTestJSON-1468825270 tempest-DeleteServersTestJSON-1468825270-project] [instance: 140dcdf2-7b19-4eb1-8be0-3a11f255904c] Fetching instance by UUID {{(pid=108752) get /opt/stack/nova/nova/compute/api.py:2863}}
Sep 10 05:13:32.433076 dv-cinder-760178-12-smb devstack@n-api.service[108752]: DEBUG oslo_concurrency.lockutils [None req-5c2bd0bb-ac8d-4c17-ad12-6b093c7600f8 tempest-DeleteServersTestJSON-1468825270 tempest-DeleteServersTestJSON-1468825270-project] Lock "5d59a0f4-9048-42b1-81c7-39a285f48f33" acquired by "nova.context.set_target_cell.<locals>.get_or_set_cached_cell_and_set_connections" :: waited 0.000s {{(pid=108752) inner /usr/local/lib/python3.8/dist-packages/oslo_concurrency/lockutils.py:355}}
Sep 10 05:13:32.433525 dv-cinder-760178-12-smb devstack@n-api.service[108752]: DEBUG oslo_concurrency.lockutils [None req-5c2bd0bb-ac8d-4c17-ad12-6b093c7600f8 tempest-DeleteServersTestJSON-1468825270 tempest-DeleteServersTestJSON-1468825270-project] Lock "5d59a0f4-9048-42b1-81c7-39a285f48f33" released by "nova.context.set_target_cell.<locals>.get_or_set_cached_cell_and_set_connections" :: held 0.001s {{(pid=108752) inner /usr/local/lib/python3.8/dist-packages/oslo_concurrency/lockutils.py:367}}
Sep 10 05:13:32.434292 dv-cinder-760178-12-smb devstack@n-api.service[108752]: DEBUG oslo_concurrency.lockutils [None req-5c2bd0bb-ac8d-4c17-ad12-6b093c7600f8 tempest-DeleteServersTestJSON-1468825270 tempest-DeleteServersTestJSON-1468825270-project] Lock "5d59a0f4-9048-42b1-81c7-39a285f48f33" acquired by "nova.context.set_target_cell.<locals>.get_or_set_cached_cell_and_set_connections" :: waited 0.000s {{(pid=108752) inner /usr/local/lib/python3.8/dist-packages/oslo_concurrency/lockutils.py:355}}
Sep 10 05:13:32.447111 dv-cinder-760178-12-smb devstack@n-api.service[108752]: DEBUG oslo_concurrency.lockutils [None req-5c2bd0bb-ac8d-4c17-ad12-6b093c7600f8 tempest-DeleteServersTestJSON-1468825270 tempest-DeleteServersTestJSON-1468825270-project] Lock "5d59a0f4-9048-42b1-81c7-39a285f48f33" released by "nova.context.set_target_cell.<locals>.get_or_set_cached_cell_and_set_connections" :: held 0.000s {{(pid=108752) inner /usr/local/lib/python3.8/dist-packages/oslo_concurrency/lockutils.py:367}}
Sep 10 05:13:32.447766 dv-cinder-760178-12-smb devstack@n-api.service[108753]: DEBUG nova.api.openstack.wsgi [None req-bf4482db-95b2-42b3-aed0-e3376f4d7668 tempest-AttachVolumeTestJSON-37828690 tempest-AttachVolumeTestJSON-37828690-project] Action: 'action', calling method: <bound method ConsoleOutputController.get_console_output of <nova.api.openstack.compute.console_output.ConsoleOutputController object at 0x7f3f17de10d0>>, body: {"os-getConsoleOutput": {}} {{(pid=108753) _process_stack /opt/stack/nova/nova/api/openstack/wsgi.py:511}}
Sep 10 05:13:32.448960 dv-cinder-760178-12-smb devstack@n-api.service[108753]: DEBUG nova.compute.api [None req-bf4482db-95b2-42b3-aed0-e3376f4d7668 tempest-AttachVolumeTestJSON-37828690 tempest-AttachVolumeTestJSON-37828690-project] [instance: eef8dcd4-28dc-4786-8eec-c219b28728eb] Fetching instance by UUID {{(pid=108753) get /opt/stack/nova/nova/compute/api.py:2863}}
Sep 10 05:13:32.455910 dv-cinder-760178-12-smb devstack@n-api.service[108753]: DEBUG oslo_concurrency.lockutils [None req-bf4482db-95b2-42b3-aed0-e3376f4d7668 tempest-AttachVolumeTestJSON-37828690 tempest-AttachVolumeTestJSON-37828690-project] Lock "5d59a0f4-9048-42b1-81c7-39a285f48f33" acquired by "nova.context.set_target_cell.<locals>.get_or_set_cached_cell_and_set_connections" :: waited 0.000s {{(pid=108753) inner /usr/local/lib/python3.8/dist-packages/oslo_concurrency/lockutils.py:355}}
Sep 10 05:13:32.456460 dv-cinder-760178-12-smb devstack@n-api.service[108753]: DEBUG oslo_concurrency.lockutils [None req-bf4482db-95b2-42b3-aed0-e3376f4d7668 tempest-AttachVolumeTestJSON-37828690 tempest-AttachVolumeTestJSON-37828690-project] Lock "5d59a0f4-9048-42b1-81c7-39a285f48f33" released by "nova.context.set_target_cell.<locals>.get_or_set_cached_cell_and_set_connections" :: held 0.001s {{(pid=108753) inner /usr/local/lib/python3.8/dist-packages/oslo_concurrency/lockutils.py:367}}
Sep 10 05:13:32.457327 dv-cinder-760178-12-smb devstack@n-api.service[108753]: DEBUG oslo_concurrency.lockutils [None req-bf4482db-95b2-42b3-aed0-e3376f4d7668 tempest-AttachVolumeTestJSON-37828690 tempest-AttachVolumeTestJSON-37828690-project] Lock "5d59a0f4-9048-42b1-81c7-39a285f48f33" acquired by "nova.context.set_target_cell.<locals>.get_or_set_cached_cell_and_set_connections" :: waited 0.000s {{(pid=108753) inner /usr/local/lib/python3.8/dist-packages/oslo_concurrency/lockutils.py:355}}
Sep 10 05:13:32.457862 dv-cinder-760178-12-smb devstack@n-api.service[108753]: DEBUG oslo_concurrency.lockutils [None req-bf4482db-95b2-42b3-aed0-e3376f4d7668 tempest-AttachVolumeTestJSON-37828690 tempest-AttachVolumeTestJSON-37828690-project] Lock "5d59a0f4-9048-42b1-81c7-39a285f48f33" released by "nova.context.set_target_cell.<locals>.get_or_set_cached_cell_and_set_connections" :: held 0.001s {{(pid=108753) inner /usr/local/lib/python3.8/dist-packages/oslo_concurrency/lockutils.py:367}}
Sep 10 05:13:32.534244 dv-cinder-760178-12-smb devstack@n-api.service[108753]: INFO nova.api.openstack.requestlog [None req-bf4482db-95b2-42b3-aed0-e3376f4d7668 tempest-AttachVolumeTestJSON-37828690 tempest-AttachVolumeTestJSON-37828690-project] 10.222.0.13 "POST /compute/v2.1/servers/eef8dcd4-28dc-4786-8eec-c219b28728eb/action" status: 200 len: 14 microversion: 2.1 time: 0.089169
Sep 10 05:13:32.534244 dv-cinder-760178-12-smb devstack@n-api.service[108753]: [pid: 108753|app: 0|req: 82/149] 10.222.0.13 () {60 vars in 1278 bytes} [Fri Sep 10 05:13:32 2021] POST /compute/v2.1/servers/eef8dcd4-28dc-4786-8eec-c219b28728eb/action => generated 14 bytes in 91 msecs (HTTP/1.1 200) 9 headers in 356 bytes (1 switches on core 0)
Sep 10 05:13:32.580491 dv-cinder-760178-12-smb devstack@n-api.service[108752]: DEBUG nova.policy [None req-5c2bd0bb-ac8d-4c17-ad12-6b093c7600f8 tempest-DeleteServersTestJSON-1468825270 tempest-DeleteServersTestJSON-1468825270-project] Policy check for os_compute_api:os-extended-server-attributes failed with credentials {'is_admin': False, 'user_id': 'ba47f36686b047a4a6927f4a80ac3305', 'user_domain_id': 'default', 'system_scope': None, 'domain_id': None, 'project_id': 'e1a6fa1dcdfa4907aa8b7a8f111075a5', 'project_domain_id': 'default', 'roles': ['member', 'reader'], 'is_admin_project': True, 'service_user_id': None, 'service_user_domain_id': None, 'service_project_id': None, 'service_project_domain_id': None, 'service_roles': []} {{(pid=108752) authorize /opt/stack/nova/nova/policy.py:199}}
Sep 10 05:13:32.588667 dv-cinder-760178-12-smb devstack@n-api.service[108752]: INFO nova.api.openstack.requestlog [None req-5c2bd0bb-ac8d-4c17-ad12-6b093c7600f8 tempest-DeleteServersTestJSON-1468825270 tempest-DeleteServersTestJSON-1468825270-project] 10.222.0.13 "GET /compute/v2.1/servers/140dcdf2-7b19-4eb1-8be0-3a11f255904c" status: 200 len: 1554 microversion: 2.1 time: 0.166965
Sep 10 05:13:32.589405 dv-cinder-760178-12-smb devstack@n-api.service[108752]: [pid: 108752|app: 0|req: 68/150] 10.222.0.13 () {58 vars in 1236 bytes} [Fri Sep 10 05:13:32 2021] GET /compute/v2.1/servers/140dcdf2-7b19-4eb1-8be0-3a11f255904c => generated 1554 bytes in 169 msecs (HTTP/1.1 200) 9 headers in 358 bytes (1 switches on core 0)
Sep 10 05:13:32.694845 dv-cinder-760178-12-smb devstack@n-api.service[108753]: DEBUG nova.api.openstack.wsgi [None req-1c747bf1-20a5-466e-aa86-a8e159c63350 tempest-AttachVolumeNegativeTest-1437790656 tempest-AttachVolumeNegativeTest-1437790656-project] Action: 'create', calling method: <bound method ServersController.create of <nova.api.openstack.compute.servers.ServersController object at 0x7f3f17ed8e20>>, body: {"server": {"name": "tempest-AttachVolumeNegativeTest-server-520844472", "imageRef": "98c8ad03-ca12-45f5-959f-43d32e30a6f6", "flavorRef": "452", "networks": [{"uuid": "47e3a854-fda5-4f5d-81d4-64f6838ba70f"}]}} {{(pid=108753) _process_stack /opt/stack/nova/nova/api/openstack/wsgi.py:511}}
Sep 10 05:13:32.747799 dv-cinder-760178-12-smb devstack@n-api.service[108753]: DEBUG nova.network.neutron [None req-1c747bf1-20a5-466e-aa86-a8e159c63350 tempest-AttachVolumeNegativeTest-1437790656 tempest-AttachVolumeNegativeTest-1437790656-project] validate_networks() for [('47e3a854-fda5-4f5d-81d4-64f6838ba70f', None, None, None, None, None)] {{(pid=108753) validate_networks /opt/stack/nova/nova/network/neutron.py:2475}}
Sep 10 05:13:33.117531 dv-cinder-760178-12-smb devstack@n-api.service[108753]: DEBUG nova.virt.hardware [None req-1c747bf1-20a5-466e-aa86-a8e159c63350 tempest-AttachVolumeNegativeTest-1437790656 tempest-AttachVolumeNegativeTest-1437790656-project] Flavor limits 0:0:0 {{(pid=108753) get_cpu_topology_constraints /opt/stack/nova/nova/virt/hardware.py:343}}
Sep 10 05:13:33.117934 dv-cinder-760178-12-smb devstack@n-api.service[108753]: DEBUG nova.virt.hardware [None req-1c747bf1-20a5-466e-aa86-a8e159c63350 tempest-AttachVolumeNegativeTest-1437790656 tempest-AttachVolumeNegativeTest-1437790656-project] Image limits 0:0:0 {{(pid=108753) get_cpu_topology_constraints /opt/stack/nova/nova/virt/hardware.py:347}}
Sep 10 05:13:33.118397 dv-cinder-760178-12-smb devstack@n-api.service[108753]: DEBUG nova.virt.hardware [None req-1c747bf1-20a5-466e-aa86-a8e159c63350 tempest-AttachVolumeNegativeTest-1437790656 tempest-AttachVolumeNegativeTest-1437790656-project] Flavor pref 0:0:0 {{(pid=108753) get_cpu_topology_constraints /opt/stack/nova/nova/virt/hardware.py:383}}
Sep 10 05:13:33.118825 dv-cinder-760178-12-smb devstack@n-api.service[108753]: DEBUG nova.virt.hardware [None req-1c747bf1-20a5-466e-aa86-a8e159c63350 tempest-AttachVolumeNegativeTest-1437790656 tempest-AttachVolumeNegativeTest-1437790656-project] Image pref 0:0:0 {{(pid=108753) get_cpu_topology_constraints /opt/stack/nova/nova/virt/hardware.py:387}}
Sep 10 05:13:33.119224 dv-cinder-760178-12-smb devstack@n-api.service[108753]: DEBUG nova.virt.hardware [None req-1c747bf1-20a5-466e-aa86-a8e159c63350 tempest-AttachVolumeNegativeTest-1437790656 tempest-AttachVolumeNegativeTest-1437790656-project] Chose sockets=0, cores=0, threads=0; limits were sockets=65536, cores=65536, threads=65536 {{(pid=108753) get_cpu_topology_constraints /opt/stack/nova/nova/virt/hardware.py:425}}
Sep 10 05:13:33.127991 dv-cinder-760178-12-smb devstack@n-api.service[108753]: DEBUG oslo_concurrency.lockutils [None req-1c747bf1-20a5-466e-aa86-a8e159c63350 tempest-AttachVolumeNegativeTest-1437790656 tempest-AttachVolumeNegativeTest-1437790656-project] Lock "00000000-0000-0000-0000-000000000000" acquired by "nova.context.set_target_cell.<locals>.get_or_set_cached_cell_and_set_connections" :: waited 0.000s {{(pid=108753) inner /usr/local/lib/python3.8/dist-packages/oslo_concurrency/lockutils.py:355}}
Sep 10 05:13:33.128432 dv-cinder-760178-12-smb devstack@n-api.service[108753]: DEBUG oslo_concurrency.lockutils [None req-1c747bf1-20a5-466e-aa86-a8e159c63350 tempest-AttachVolumeNegativeTest-1437790656 tempest-AttachVolumeNegativeTest-1437790656-project] Lock "00000000-0000-0000-0000-000000000000" released by "nova.context.set_target_cell.<locals>.get_or_set_cached_cell_and_set_connections" :: held 0.000s {{(pid=108753) inner /usr/local/lib/python3.8/dist-packages/oslo_concurrency/lockutils.py:367}}
Sep 10 05:13:33.129214 dv-cinder-760178-12-smb devstack@n-api.service[108753]: DEBUG oslo_concurrency.lockutils [None req-1c747bf1-20a5-466e-aa86-a8e159c63350 tempest-AttachVolumeNegativeTest-1437790656 tempest-AttachVolumeNegativeTest-1437790656-project] Lock "5d59a0f4-9048-42b1-81c7-39a285f48f33" acquired by "nova.context.set_target_cell.<locals>.get_or_set_cached_cell_and_set_connections" :: waited 0.000s {{(pid=108753) inner /usr/local/lib/python3.8/dist-packages/oslo_concurrency/lockutils.py:355}}
Sep 10 05:13:33.129641 dv-cinder-760178-12-smb devstack@n-api.service[108753]: DEBUG oslo_concurrency.lockutils [None req-1c747bf1-20a5-466e-aa86-a8e159c63350 tempest-AttachVolumeNegativeTest-1437790656 tempest-AttachVolumeNegativeTest-1437790656-project] Lock "5d59a0f4-9048-42b1-81c7-39a285f48f33" released by "nova.context.set_target_cell.<locals>.get_or_set_cached_cell_and_set_connections" :: held 0.000s {{(pid=108753) inner /usr/local/lib/python3.8/dist-packages/oslo_concurrency/lockutils.py:367}}
Sep 10 05:13:33.145560 dv-cinder-760178-12-smb devstack@n-api.service[108753]: DEBUG nova.quota [None req-1c747bf1-20a5-466e-aa86-a8e159c63350 tempest-AttachVolumeNegativeTest-1437790656 tempest-AttachVolumeNegativeTest-1437790656-project] Getting quotas for project ef8d4bc30da947eaadcd617c7def198d. Resources: {'instances', 'cores', 'ram'} {{(pid=108753) _get_quotas /opt/stack/nova/nova/quota.py:387}}
Sep 10 05:13:33.149519 dv-cinder-760178-12-smb devstack@n-api.service[108753]: DEBUG nova.quota [None req-1c747bf1-20a5-466e-aa86-a8e159c63350 tempest-AttachVolumeNegativeTest-1437790656 tempest-AttachVolumeNegativeTest-1437790656-project] Getting quotas for user 663eeea7f9934cd1a4dbab44e6f27f17 and project ef8d4bc30da947eaadcd617c7def198d. Resources: {'instances', 'cores', 'ram'} {{(pid=108753) _get_quotas /opt/stack/nova/nova/quota.py:377}}
Sep 10 05:13:33.160741 dv-cinder-760178-12-smb devstack@n-api.service[108753]: DEBUG nova.compute.api [None req-1c747bf1-20a5-466e-aa86-a8e159c63350 tempest-AttachVolumeNegativeTest-1437790656 tempest-AttachVolumeNegativeTest-1437790656-project] Going to run 1 instances... {{(pid=108753) _provision_instances /opt/stack/nova/nova/compute/api.py:1350}}
Sep 10 05:13:33.163398 dv-cinder-760178-12-smb devstack@n-api.service[108753]: DEBUG nova.compute.api [None req-1c747bf1-20a5-466e-aa86-a8e159c63350 tempest-AttachVolumeNegativeTest-1437790656 tempest-AttachVolumeNegativeTest-1437790656-project] [instance: 1328aa85-6932-4503-8ed2-a932fbe930d0] block_device_mapping [BlockDeviceMapping(attachment_id=<?>,boot_index=0,connection_info=None,created_at=<?>,delete_on_termination=True,deleted=<?>,deleted_at=<?>,destination_type='local',device_name=None,device_type='disk',disk_bus=None,guest_format=None,id=<?>,image_id='98c8ad03-ca12-45f5-959f-43d32e30a6f6',instance=<?>,instance_uuid=<?>,no_device=False,snapshot_id=None,source_type='image',tag=None,updated_at=<?>,uuid=<?>,volume_id=None,volume_size=None,volume_type=None)] {{(pid=108753) _bdm_validate_set_size_and_instance /opt/stack/nova/nova/compute/api.py:1757}}
Sep 10 05:13:33.261576 dv-cinder-760178-12-smb devstack@n-api.service[108753]: INFO nova.api.openstack.requestlog [None req-1c747bf1-20a5-466e-aa86-a8e159c63350 tempest-AttachVolumeNegativeTest-1437790656 tempest-AttachVolumeNegativeTest-1437790656-project] 10.222.0.13 "POST /compute/v2.1/servers" status: 202 len: 380 microversion: 2.1 time: 0.570913
Sep 10 05:13:33.262225 dv-cinder-760178-12-smb devstack@n-api.service[108753]: [pid: 108753|app: 0|req: 83/151] 10.222.0.13 () {60 vars in 1147 bytes} [Fri Sep 10 05:13:32 2021] POST /compute/v2.1/servers => generated 380 bytes in 572 msecs (HTTP/1.1 202) 10 headers in 451 bytes (2 switches on core 0)
Sep 10 05:13:33.272388 dv-cinder-760178-12-smb devstack@n-api.service[108752]: DEBUG nova.api.openstack.wsgi [None req-71a1a914-d86b-418a-9eb8-5b8062079508 tempest-AttachVolumeNegativeTest-1437790656 tempest-AttachVolumeNegativeTest-1437790656-project] Calling method '<bound method ServersController.show of <nova.api.openstack.compute.servers.ServersController object at 0x7f3f17e7f9d0>>' {{(pid=108752) _process_stack /opt/stack/nova/nova/api/openstack/wsgi.py:513}}
Sep 10 05:13:33.273241 dv-cinder-760178-12-smb devstack@n-api.service[108752]: DEBUG nova.compute.api [None req-71a1a914-d86b-418a-9eb8-5b8062079508 tempest-AttachVolumeNegativeTest-1437790656 tempest-AttachVolumeNegativeTest-1437790656-project] [instance: 1328aa85-6932-4503-8ed2-a932fbe930d0] Fetching instance by UUID {{(pid=108752) get /opt/stack/nova/nova/compute/api.py:2863}}
Sep 10 05:13:33.297316 dv-cinder-760178-12-smb devstack@n-api.service[108753]: DEBUG nova.api.openstack.wsgi [None req-d5894883-f037-4d12-a6f4-a67493840955 tempest-ServerRescueNegativeTestJSON-1062582551 tempest-ServerRescueNegativeTestJSON-1062582551-project] Calling method '<bound method ServersController.show of <nova.api.openstack.compute.servers.ServersController object at 0x7f3f17e7a730>>' {{(pid=108753) _process_stack /opt/stack/nova/nova/api/openstack/wsgi.py:513}}
Sep 10 05:13:33.297927 dv-cinder-760178-12-smb devstack@n-api.service[108753]: DEBUG nova.compute.api [None req-d5894883-f037-4d12-a6f4-a67493840955 tempest-ServerRescueNegativeTestJSON-1062582551 tempest-ServerRescueNegativeTestJSON-1062582551-project] [instance: fd8c60b4-d69a-4dc8-900b-e640922838cf] Fetching instance by UUID {{(pid=108753) get /opt/stack/nova/nova/compute/api.py:2863}}
Sep 10 05:13:33.310894 dv-cinder-760178-12-smb devstack@n-api.service[108753]: DEBUG oslo_concurrency.lockutils [None req-d5894883-f037-4d12-a6f4-a67493840955 tempest-ServerRescueNegativeTestJSON-1062582551 tempest-ServerRescueNegativeTestJSON-1062582551-project] Lock "5d59a0f4-9048-42b1-81c7-39a285f48f33" acquired by "nova.context.set_target_cell.<locals>.get_or_set_cached_cell_and_set_connections" :: waited 0.000s {{(pid=108753) inner /usr/local/lib/python3.8/dist-packages/oslo_concurrency/lockutils.py:355}}
Sep 10 05:13:33.311345 dv-cinder-760178-12-smb devstack@n-api.service[108753]: DEBUG oslo_concurrency.lockutils [None req-d5894883-f037-4d12-a6f4-a67493840955 tempest-ServerRescueNegativeTestJSON-1062582551 tempest-ServerRescueNegativeTestJSON-1062582551-project] Lock "5d59a0f4-9048-42b1-81c7-39a285f48f33" released by "nova.context.set_target_cell.<locals>.get_or_set_cached_cell_and_set_connections" :: held 0.001s {{(pid=108753) inner /usr/local/lib/python3.8/dist-packages/oslo_concurrency/lockutils.py:367}}
Sep 10 05:13:33.312122 dv-cinder-760178-12-smb devstack@n-api.service[108753]: DEBUG oslo_concurrency.lockutils [None req-d5894883-f037-4d12-a6f4-a67493840955 tempest-ServerRescueNegativeTestJSON-1062582551 tempest-ServerRescueNegativeTestJSON-1062582551-project] Lock "5d59a0f4-9048-42b1-81c7-39a285f48f33" acquired by "nova.context.set_target_cell.<locals>.get_or_set_cached_cell_and_set_connections" :: waited 0.000s {{(pid=108753) inner /usr/local/lib/python3.8/dist-packages/oslo_concurrency/lockutils.py:355}}
Sep 10 05:13:33.312604 dv-cinder-760178-12-smb devstack@n-api.service[108753]: DEBUG oslo_concurrency.lockutils [None req-d5894883-f037-4d12-a6f4-a67493840955 tempest-ServerRescueNegativeTestJSON-1062582551 tempest-ServerRescueNegativeTestJSON-1062582551-project] Lock "5d59a0f4-9048-42b1-81c7-39a285f48f33" released by "nova.context.set_target_cell.<locals>.get_or_set_cached_cell_and_set_connections" :: held 0.000s {{(pid=108753) inner /usr/local/lib/python3.8/dist-packages/oslo_concurrency/lockutils.py:367}}
Sep 10 05:13:33.349541 dv-cinder-760178-12-smb devstack@n-api.service[108752]: DEBUG nova.policy [None req-71a1a914-d86b-418a-9eb8-5b8062079508 tempest-AttachVolumeNegativeTest-1437790656 tempest-AttachVolumeNegativeTest-1437790656-project] Policy check for os_compute_api:os-extended-server-attributes failed with credentials {'is_admin': False, 'user_id': '663eeea7f9934cd1a4dbab44e6f27f17', 'user_domain_id': 'default', 'system_scope': None, 'domain_id': None, 'project_id': 'ef8d4bc30da947eaadcd617c7def198d', 'project_domain_id': 'default', 'roles': ['member', 'reader'], 'is_admin_project': True, 'service_user_id': None, 'service_user_domain_id': None, 'service_project_id': None, 'service_project_domain_id': None, 'service_roles': []} {{(pid=108752) authorize /opt/stack/nova/nova/policy.py:199}}
Sep 10 05:13:33.356394 dv-cinder-760178-12-smb devstack@n-api.service[108752]: INFO nova.api.openstack.requestlog [None req-71a1a914-d86b-418a-9eb8-5b8062079508 tempest-AttachVolumeNegativeTest-1437790656 tempest-AttachVolumeNegativeTest-1437790656-project] 10.222.0.13 "GET /compute/v2.1/servers/1328aa85-6932-4503-8ed2-a932fbe930d0" status: 200 len: 1217 microversion: 2.1 time: 0.087971
Sep 10 05:13:33.368324 dv-cinder-760178-12-smb devstack@n-api.service[108752]: [pid: 108752|app: 0|req: 69/152] 10.222.0.13 () {58 vars in 1236 bytes} [Fri Sep 10 05:13:33 2021] GET /compute/v2.1/servers/1328aa85-6932-4503-8ed2-a932fbe930d0 => generated 1217 bytes in 99 msecs (HTTP/1.1 200) 9 headers in 358 bytes (1 switches on core 0)
Sep 10 05:13:33.472759 dv-cinder-760178-12-smb devstack@n-api.service[108753]: DEBUG nova.policy [None req-d5894883-f037-4d12-a6f4-a67493840955 tempest-ServerRescueNegativeTestJSON-1062582551 tempest-ServerRescueNegativeTestJSON-1062582551-project] Policy check for os_compute_api:os-extended-server-attributes failed with credentials {'is_admin': False, 'user_id': 'cc4d19045fd443cb88e3fdc3d7459bd9', 'user_domain_id': 'default', 'system_scope': None, 'domain_id': None, 'project_id': '402ae37532ad4e429c2ca117fbcfa668', 'project_domain_id': 'default', 'roles': ['member', 'reader'], 'is_admin_project': True, 'service_user_id': None, 'service_user_domain_id': None, 'service_project_id': None, 'service_project_domain_id': None, 'service_roles': []} {{(pid=108753) authorize /opt/stack/nova/nova/policy.py:199}}
Sep 10 05:13:33.481248 dv-cinder-760178-12-smb devstack@n-api.service[108753]: INFO nova.api.openstack.requestlog [None req-d5894883-f037-4d12-a6f4-a67493840955 tempest-ServerRescueNegativeTestJSON-1062582551 tempest-ServerRescueNegativeTestJSON-1062582551-project] 10.222.0.13 "GET /compute/v2.1/servers/fd8c60b4-d69a-4dc8-900b-e640922838cf" status: 200 len: 1523 microversion: 2.1 time: 0.187966
Sep 10 05:13:33.481933 dv-cinder-760178-12-smb devstack@n-api.service[108753]: [pid: 108753|app: 0|req: 84/153] 10.222.0.13 () {58 vars in 1236 bytes} [Fri Sep 10 05:13:33 2021] GET /compute/v2.1/servers/fd8c60b4-d69a-4dc8-900b-e640922838cf => generated 1523 bytes in 189 msecs (HTTP/1.1 200) 9 headers in 358 bytes (2 switches on core 0)
Sep 10 05:13:33.542810 dv-cinder-760178-12-smb devstack@n-api.service[108752]: DEBUG nova.api.openstack.wsgi [None req-0c893aad-39fe-4d68-a623-95c73b43c310 tempest-AttachVolumeTestJSON-37828690 tempest-AttachVolumeTestJSON-37828690-project] Action: 'action', calling method: <bound method ConsoleOutputController.get_console_output of <nova.api.openstack.compute.console_output.ConsoleOutputController object at 0x7f3f17ddedc0>>, body: {"os-getConsoleOutput": {}} {{(pid=108752) _process_stack /opt/stack/nova/nova/api/openstack/wsgi.py:511}}
Sep 10 05:13:33.544262 dv-cinder-760178-12-smb devstack@n-api.service[108752]: DEBUG nova.compute.api [None req-0c893aad-39fe-4d68-a623-95c73b43c310 tempest-AttachVolumeTestJSON-37828690 tempest-AttachVolumeTestJSON-37828690-project] [instance: eef8dcd4-28dc-4786-8eec-c219b28728eb] Fetching instance by UUID {{(pid=108752) get /opt/stack/nova/nova/compute/api.py:2863}}
Sep 10 05:13:33.550917 dv-cinder-760178-12-smb devstack@n-api.service[108752]: DEBUG oslo_concurrency.lockutils [None req-0c893aad-39fe-4d68-a623-95c73b43c310 tempest-AttachVolumeTestJSON-37828690 tempest-AttachVolumeTestJSON-37828690-project] Lock "5d59a0f4-9048-42b1-81c7-39a285f48f33" acquired by "nova.context.set_target_cell.<locals>.get_or_set_cached_cell_and_set_connections" :: waited 0.000s {{(pid=108752) inner /usr/local/lib/python3.8/dist-packages/oslo_concurrency/lockutils.py:355}}
Sep 10 05:13:33.551367 dv-cinder-760178-12-smb devstack@n-api.service[108752]: DEBUG oslo_concurrency.lockutils [None req-0c893aad-39fe-4d68-a623-95c73b43c310 tempest-AttachVolumeTestJSON-37828690 tempest-AttachVolumeTestJSON-37828690-project] Lock "5d59a0f4-9048-42b1-81c7-39a285f48f33" released by "nova.context.set_target_cell.<locals>.get_or_set_cached_cell_and_set_connections" :: held 0.001s {{(pid=108752) inner /usr/local/lib/python3.8/dist-packages/oslo_concurrency/lockutils.py:367}}
Sep 10 05:13:33.552135 dv-cinder-760178-12-smb devstack@n-api.service[108752]: DEBUG oslo_concurrency.lockutils [None req-0c893aad-39fe-4d68-a623-95c73b43c310 tempest-AttachVolumeTestJSON-37828690 tempest-AttachVolumeTestJSON-37828690-project] Lock "5d59a0f4-9048-42b1-81c7-39a285f48f33" acquired by "nova.context.set_target_cell.<locals>.get_or_set_cached_cell_and_set_connections" :: waited 0.000s {{(pid=108752) inner /usr/local/lib/python3.8/dist-packages/oslo_concurrency/lockutils.py:355}}
Sep 10 05:13:33.552568 dv-cinder-760178-12-smb devstack@n-api.service[108752]: DEBUG oslo_concurrency.lockutils [None req-0c893aad-39fe-4d68-a623-95c73b43c310 tempest-AttachVolumeTestJSON-37828690 tempest-AttachVolumeTestJSON-37828690-project] Lock "5d59a0f4-9048-42b1-81c7-39a285f48f33" released by "nova.context.set_target_cell.<locals>.get_or_set_cached_cell_and_set_connections" :: held 0.000s {{(pid=108752) inner /usr/local/lib/python3.8/dist-packages/oslo_concurrency/lockutils.py:367}}
Sep 10 05:13:33.605746 dv-cinder-760178-12-smb devstack@n-api.service[108753]: DEBUG nova.api.openstack.wsgi [None req-fad22b14-3cb3-4975-9071-f696813c9e9d tempest-DeleteServersTestJSON-1468825270 tempest-DeleteServersTestJSON-1468825270-project] Calling method '<bound method ServersController.show of <nova.api.openstack.compute.servers.ServersController object at 0x7f3f17e7a730>>' {{(pid=108753) _process_stack /opt/stack/nova/nova/api/openstack/wsgi.py:513}}
Sep 10 05:13:33.606554 dv-cinder-760178-12-smb devstack@n-api.service[108753]: DEBUG nova.compute.api [None req-fad22b14-3cb3-4975-9071-f696813c9e9d tempest-DeleteServersTestJSON-1468825270 tempest-DeleteServersTestJSON-1468825270-project] [instance: 140dcdf2-7b19-4eb1-8be0-3a11f255904c] Fetching instance by UUID {{(pid=108753) get /opt/stack/nova/nova/compute/api.py:2863}}
Sep 10 05:13:33.612377 dv-cinder-760178-12-smb devstack@n-api.service[108753]: DEBUG oslo_concurrency.lockutils [None req-fad22b14-3cb3-4975-9071-f696813c9e9d tempest-DeleteServersTestJSON-1468825270 tempest-DeleteServersTestJSON-1468825270-project] Lock "5d59a0f4-9048-42b1-81c7-39a285f48f33" acquired by "nova.context.set_target_cell.<locals>.get_or_set_cached_cell_and_set_connections" :: waited 0.000s {{(pid=108753) inner /usr/local/lib/python3.8/dist-packages/oslo_concurrency/lockutils.py:355}}
Sep 10 05:13:33.613000 dv-cinder-760178-12-smb devstack@n-api.service[108753]: DEBUG oslo_concurrency.lockutils [None req-fad22b14-3cb3-4975-9071-f696813c9e9d tempest-DeleteServersTestJSON-1468825270 tempest-DeleteServersTestJSON-1468825270-project] Lock "5d59a0f4-9048-42b1-81c7-39a285f48f33" released by "nova.context.set_target_cell.<locals>.get_or_set_cached_cell_and_set_connections" :: held 0.001s {{(pid=108753) inner /usr/local/lib/python3.8/dist-packages/oslo_concurrency/lockutils.py:367}}
Sep 10 05:13:33.613769 dv-cinder-760178-12-smb devstack@n-api.service[108753]: DEBUG oslo_concurrency.lockutils [None req-fad22b14-3cb3-4975-9071-f696813c9e9d tempest-DeleteServersTestJSON-1468825270 tempest-DeleteServersTestJSON-1468825270-project] Lock "5d59a0f4-9048-42b1-81c7-39a285f48f33" acquired by "nova.context.set_target_cell.<locals>.get_or_set_cached_cell_and_set_connections" :: waited 0.000s {{(pid=108753) inner /usr/local/lib/python3.8/dist-packages/oslo_concurrency/lockutils.py:355}}
Sep 10 05:13:33.614197 dv-cinder-760178-12-smb devstack@n-api.service[108753]: DEBUG oslo_concurrency.lockutils [None req-fad22b14-3cb3-4975-9071-f696813c9e9d tempest-DeleteServersTestJSON-1468825270 tempest-DeleteServersTestJSON-1468825270-project] Lock "5d59a0f4-9048-42b1-81c7-39a285f48f33" released by "nova.context.set_target_cell.<locals>.get_or_set_cached_cell_and_set_connections" :: held 0.000s {{(pid=108753) inner /usr/local/lib/python3.8/dist-packages/oslo_concurrency/lockutils.py:367}}
Sep 10 05:13:33.623386 dv-cinder-760178-12-smb devstack@n-api.service[108752]: INFO nova.api.openstack.requestlog [None req-0c893aad-39fe-4d68-a623-95c73b43c310 tempest-AttachVolumeTestJSON-37828690 tempest-AttachVolumeTestJSON-37828690-project] 10.222.0.13 "POST /compute/v2.1/servers/eef8dcd4-28dc-4786-8eec-c219b28728eb/action" status: 200 len: 14 microversion: 2.1 time: 0.084110
Sep 10 05:13:33.626584 dv-cinder-760178-12-smb devstack@n-api.service[108752]: [pid: 108752|app: 0|req: 70/154] 10.222.0.13 () {60 vars in 1278 bytes} [Fri Sep 10 05:13:33 2021] POST /compute/v2.1/servers/eef8dcd4-28dc-4786-8eec-c219b28728eb/action => generated 14 bytes in 86 msecs (HTTP/1.1 200) 9 headers in 356 bytes (1 switches on core 0)
Sep 10 05:13:33.767763 dv-cinder-760178-12-smb devstack@n-api.service[108753]: DEBUG nova.policy [None req-fad22b14-3cb3-4975-9071-f696813c9e9d tempest-DeleteServersTestJSON-1468825270 tempest-DeleteServersTestJSON-1468825270-project] Policy check for os_compute_api:os-extended-server-attributes failed with credentials {'is_admin': False, 'user_id': 'ba47f36686b047a4a6927f4a80ac3305', 'user_domain_id': 'default', 'system_scope': None, 'domain_id': None, 'project_id': 'e1a6fa1dcdfa4907aa8b7a8f111075a5', 'project_domain_id': 'default', 'roles': ['member', 'reader'], 'is_admin_project': True, 'service_user_id': None, 'service_user_domain_id': None, 'service_project_id': None, 'service_project_domain_id': None, 'service_roles': []} {{(pid=108753) authorize /opt/stack/nova/nova/policy.py:199}}
Sep 10 05:13:33.776388 dv-cinder-760178-12-smb devstack@n-api.service[108753]: INFO nova.api.openstack.requestlog [None req-fad22b14-3cb3-4975-9071-f696813c9e9d tempest-DeleteServersTestJSON-1468825270 tempest-DeleteServersTestJSON-1468825270-project] 10.222.0.13 "GET /compute/v2.1/servers/140dcdf2-7b19-4eb1-8be0-3a11f255904c" status: 200 len: 1554 microversion: 2.1 time: 0.174174
Sep 10 05:13:33.777514 dv-cinder-760178-12-smb devstack@n-api.service[108753]: [pid: 108753|app: 0|req: 85/155] 10.222.0.13 () {58 vars in 1236 bytes} [Fri Sep 10 05:13:33 2021] GET /compute/v2.1/servers/140dcdf2-7b19-4eb1-8be0-3a11f255904c => generated 1554 bytes in 176 msecs (HTTP/1.1 200) 9 headers in 358 bytes (1 switches on core 0)
Sep 10 05:13:34.035372 dv-cinder-760178-12-smb devstack@n-api.service[108752]: DEBUG nova.api.openstack.wsgi [req-36b94271-1c30-47f0-97a9-2a945a9c66c5 req-5fa586f2-1095-457f-ab83-0e608af5c15e service nova] Action: 'create', calling method: <bound method ServerExternalEventsController.create of <nova.api.openstack.compute.server_external_events.ServerExternalEventsController object at 0x7f3f17f8fd00>>, body: {"events": [{"server_uuid": "140dcdf2-7b19-4eb1-8be0-3a11f255904c", "name": "network-vif-deleted", "tag": "3a6ca679-fbe8-410c-820a-3f67a408143c"}]} {{(pid=108752) _process_stack /opt/stack/nova/nova/api/openstack/wsgi.py:511}}
Sep 10 05:13:34.036828 dv-cinder-760178-12-smb devstack@n-api.service[108752]: /usr/local/lib/python3.8/dist-packages/oslo_policy/policy.py:1064: UserWarning: Policy os_compute_api:os-server-external-events:create failed scope check. The token used to make the request was project scoped but the policy requires ['system'] scope. This behavior may change in the future where using the intended scope is required
Sep 10 05:13:34.036828 dv-cinder-760178-12-smb devstack@n-api.service[108752]:   warnings.warn(msg)
Sep 10 05:13:34.043671 dv-cinder-760178-12-smb devstack@n-api.service[108752]: DEBUG oslo_concurrency.lockutils [req-36b94271-1c30-47f0-97a9-2a945a9c66c5 req-5fa586f2-1095-457f-ab83-0e608af5c15e service nova] Lock "5d59a0f4-9048-42b1-81c7-39a285f48f33" acquired by "nova.context.set_target_cell.<locals>.get_or_set_cached_cell_and_set_connections" :: waited 0.000s {{(pid=108752) inner /usr/local/lib/python3.8/dist-packages/oslo_concurrency/lockutils.py:355}}
Sep 10 05:13:34.044134 dv-cinder-760178-12-smb devstack@n-api.service[108752]: DEBUG oslo_concurrency.lockutils [req-36b94271-1c30-47f0-97a9-2a945a9c66c5 req-5fa586f2-1095-457f-ab83-0e608af5c15e service nova] Lock "5d59a0f4-9048-42b1-81c7-39a285f48f33" released by "nova.context.set_target_cell.<locals>.get_or_set_cached_cell_and_set_connections" :: held 0.000s {{(pid=108752) inner /usr/local/lib/python3.8/dist-packages/oslo_concurrency/lockutils.py:367}}
