Sep 07 14:23:54.815113 dv-cinder-760153-9-smb devstack@n-api.service[108107]: DEBUG oslo_concurrency.lockutils [None req-d9a521d9-0679-44d5-bcfd-b932cdbc879e tempest-VolumesActionsTest-209226520 tempest-VolumesActionsTest-209226520-project] Lock "52398662-9eec-4fe5-8969-271f55f7fd9b" acquired by "nova.context.set_target_cell..get_or_set_cached_cell_and_set_connections" :: waited 0.000s {{(pid=108107) inner /usr/local/lib/python3.8/dist-packages/oslo_concurrency/lockutils.py:355}}
Sep 07 14:23:54.816404 dv-cinder-760153-9-smb devstack@n-api.service[108107]: DEBUG oslo_concurrency.lockutils [None req-d9a521d9-0679-44d5-bcfd-b932cdbc879e tempest-VolumesActionsTest-209226520 tempest-VolumesActionsTest-209226520-project] Lock "52398662-9eec-4fe5-8969-271f55f7fd9b" released by "nova.context.set_target_cell..get_or_set_cached_cell_and_set_connections" :: held 0.001s {{(pid=108107) inner /usr/local/lib/python3.8/dist-packages/oslo_concurrency/lockutils.py:367}}
Sep 07 14:23:54.837925 dv-cinder-760153-9-smb devstack@n-api.service[108106]: DEBUG nova.policy [None req-fef12692-419d-4c12-8bf9-32bc49ef2cc3 tempest-ServerRescueNegativeTestJSON-616165611 tempest-ServerRescueNegativeTestJSON-616165611-project] Policy check for os_compute_api:os-extended-server-attributes failed with credentials {'is_admin': False, 'user_id': '3a2e83365f064c9d8eabfc37a4253305', 'user_domain_id': 'default', 'system_scope': None, 'domain_id': None, 'project_id': '06934539135b4314bfda865699063c45', 'project_domain_id': 'default', 'roles': ['reader', 'member'], 'is_admin_project': True, 'service_user_id': None, 'service_user_domain_id': None, 'service_project_id': None, 'service_project_domain_id': None, 'service_roles': []} {{(pid=108106) authorize /opt/stack/nova/nova/policy.py:199}}
Sep 07 14:23:54.848905 dv-cinder-760153-9-smb devstack@n-api.service[108106]: INFO nova.api.openstack.requestlog [None req-fef12692-419d-4c12-8bf9-32bc49ef2cc3 tempest-ServerRescueNegativeTestJSON-616165611 tempest-ServerRescueNegativeTestJSON-616165611-project] 10.222.0.72 "GET /compute/v2.1/servers/04807666-d0a6-40f5-8998-114d7403d4d4" status: 200 len: 1522 microversion: 2.1 time: 0.220811
Sep 07 14:23:54.858582 dv-cinder-760153-9-smb devstack@n-api.service[108106]: [pid: 108106|app: 0|req: 80/151] 10.222.0.72 () {58 vars in 1236 bytes} [Tue Sep 7 14:23:54 2021] GET /compute/v2.1/servers/04807666-d0a6-40f5-8998-114d7403d4d4 => generated 1522 bytes in 222 msecs (HTTP/1.1 200) 9 headers in 358 bytes (1 switches on core 0)
Sep 07 14:23:55.100141 dv-cinder-760153-9-smb devstack@n-api.service[108106]: DEBUG nova.api.openstack.wsgi [None req-23852723-a779-45ff-b8f3-30e24196b48c tempest-AttachVolumeNegativeTest-1486836628 tempest-AttachVolumeNegativeTest-1486836628-project] Calling method '>' {{(pid=108106) _process_stack /opt/stack/nova/nova/api/openstack/wsgi.py:513}}
Sep 07 14:23:55.100750 dv-cinder-760153-9-smb devstack@n-api.service[108106]: DEBUG nova.compute.api [None req-23852723-a779-45ff-b8f3-30e24196b48c tempest-AttachVolumeNegativeTest-1486836628 tempest-AttachVolumeNegativeTest-1486836628-project] [instance: 96db85a8-e87d-49e0-b3b5-8ca68a13ed8b] Fetching instance by UUID {{(pid=108106) get /opt/stack/nova/nova/compute/api.py:2863}}
Sep 07 14:23:55.106763 dv-cinder-760153-9-smb devstack@n-api.service[108107]: DEBUG nova.policy [None req-d9a521d9-0679-44d5-bcfd-b932cdbc879e tempest-VolumesActionsTest-209226520 tempest-VolumesActionsTest-209226520-project] Policy check for os_compute_api:os-extended-server-attributes failed with credentials {'is_admin': False, 'user_id': '969889743f8944ef9e83342082f1bf0b', 'user_domain_id': 'default', 'system_scope': None, 'domain_id': None, 'project_id': '87860d0900c64109ad3f3d1d5e0c6422', 'project_domain_id': 'default', 'roles': ['reader', 'member'], 'is_admin_project': True, 'service_user_id': None, 'service_user_domain_id': None, 'service_project_id': None, 'service_project_domain_id': None, 'service_roles': []} {{(pid=108107) authorize /opt/stack/nova/nova/policy.py:199}}
Sep 07 14:23:55.107563 dv-cinder-760153-9-smb devstack@n-api.service[108106]: DEBUG oslo_concurrency.lockutils [None req-23852723-a779-45ff-b8f3-30e24196b48c tempest-AttachVolumeNegativeTest-1486836628 tempest-AttachVolumeNegativeTest-1486836628-project] Lock "52398662-9eec-4fe5-8969-271f55f7fd9b" acquired by "nova.context.set_target_cell..get_or_set_cached_cell_and_set_connections" :: waited 0.000s {{(pid=108106) inner /usr/local/lib/python3.8/dist-packages/oslo_concurrency/lockutils.py:355}}
Sep 07 14:23:55.108180 dv-cinder-760153-9-smb devstack@n-api.service[108106]: DEBUG oslo_concurrency.lockutils [None req-23852723-a779-45ff-b8f3-30e24196b48c tempest-AttachVolumeNegativeTest-1486836628 tempest-AttachVolumeNegativeTest-1486836628-project] Lock "52398662-9eec-4fe5-8969-271f55f7fd9b" released by "nova.context.set_target_cell..get_or_set_cached_cell_and_set_connections" :: held 0.001s {{(pid=108106) inner /usr/local/lib/python3.8/dist-packages/oslo_concurrency/lockutils.py:367}}
Sep 07 14:23:55.109200 dv-cinder-760153-9-smb devstack@n-api.service[108106]: DEBUG oslo_concurrency.lockutils [None req-23852723-a779-45ff-b8f3-30e24196b48c tempest-AttachVolumeNegativeTest-1486836628 tempest-AttachVolumeNegativeTest-1486836628-project] Lock "52398662-9eec-4fe5-8969-271f55f7fd9b" acquired by "nova.context.set_target_cell..get_or_set_cached_cell_and_set_connections" :: waited 0.000s {{(pid=108106) inner /usr/local/lib/python3.8/dist-packages/oslo_concurrency/lockutils.py:355}}
Sep 07 14:23:55.109768 dv-cinder-760153-9-smb devstack@n-api.service[108106]: DEBUG oslo_concurrency.lockutils [None req-23852723-a779-45ff-b8f3-30e24196b48c tempest-AttachVolumeNegativeTest-1486836628 tempest-AttachVolumeNegativeTest-1486836628-project] Lock "52398662-9eec-4fe5-8969-271f55f7fd9b" released by "nova.context.set_target_cell..get_or_set_cached_cell_and_set_connections" :: held 0.001s {{(pid=108106) inner /usr/local/lib/python3.8/dist-packages/oslo_concurrency/lockutils.py:367}}
Sep 07 14:23:55.114023 dv-cinder-760153-9-smb devstack@n-api.service[108107]: INFO nova.api.openstack.requestlog [None req-d9a521d9-0679-44d5-bcfd-b932cdbc879e tempest-VolumesActionsTest-209226520 tempest-VolumesActionsTest-209226520-project] 10.222.0.72 "GET /compute/v2.1/servers/c03c8ab9-77ca-43ad-9dde-fe9b3e5a47d9" status: 200 len: 1313 microversion: 2.1 time: 0.321917
Sep 07 14:23:55.121918 dv-cinder-760153-9-smb devstack@n-api.service[108107]: [pid: 108107|app: 0|req: 72/152] 10.222.0.72 () {58 vars in 1236 bytes} [Tue Sep 7 14:23:54 2021] GET /compute/v2.1/servers/c03c8ab9-77ca-43ad-9dde-fe9b3e5a47d9 => generated 1313 bytes in 324 msecs (HTTP/1.1 200) 9 headers in 358 bytes (1 switches on core 0)
Sep 07 14:23:55.242561 dv-cinder-760153-9-smb devstack@n-api.service[108106]: DEBUG nova.policy [None req-23852723-a779-45ff-b8f3-30e24196b48c tempest-AttachVolumeNegativeTest-1486836628 tempest-AttachVolumeNegativeTest-1486836628-project] Policy check for os_compute_api:os-extended-server-attributes failed with credentials {'is_admin': False, 'user_id': 'fc3a21c0ddce4776abb73b9a2295e96b', 'user_domain_id': 'default', 'system_scope': None, 'domain_id': None, 'project_id': '4e5f310c3e6349d09408c14a01386089', 'project_domain_id': 'default', 'roles': ['reader', 'member'], 'is_admin_project': True, 'service_user_id': None, 'service_user_domain_id': None, 'service_project_id': None, 'service_project_domain_id': None, 'service_roles': []} {{(pid=108106) authorize /opt/stack/nova/nova/policy.py:199}}
Sep 07 14:23:55.250901 dv-cinder-760153-9-smb devstack@n-api.service[108106]: INFO nova.api.openstack.requestlog [None req-23852723-a779-45ff-b8f3-30e24196b48c tempest-AttachVolumeNegativeTest-1486836628 tempest-AttachVolumeNegativeTest-1486836628-project] 10.222.0.72 "GET /compute/v2.1/servers/96db85a8-e87d-49e0-b3b5-8ca68a13ed8b" status: 200 len: 1317 microversion: 2.1 time: 0.154453
Sep 07 14:23:55.251478 dv-cinder-760153-9-smb devstack@n-api.service[108106]: [pid: 108106|app: 0|req: 81/153] 10.222.0.72 () {58 vars in 1236 bytes} [Tue Sep 7 14:23:55 2021] GET /compute/v2.1/servers/96db85a8-e87d-49e0-b3b5-8ca68a13ed8b => generated 1317 bytes in 156 msecs (HTTP/1.1 200) 9 headers in 358 bytes (1 switches on core 0)
Sep 07 14:23:55.271340 dv-cinder-760153-9-smb devstack@n-api.service[108107]: DEBUG nova.api.openstack.wsgi [None req-b252198a-c812-44b0-91be-5ff08895fd5b tempest-VolumesGetTestJSON-1894590523 tempest-VolumesGetTestJSON-1894590523-project] Action: 'create', calling method: .version_select at 0x7f13f32964c0>, body: {"volume": {"size": 1, "display_name": "tempest-VolumesGetTestJSON-Volume-1064662294", "metadata": {"Type": "work"}}} {{(pid=108107) _process_stack /opt/stack/nova/nova/api/openstack/wsgi.py:511}}
Sep 07 14:23:55.356914 dv-cinder-760153-9-smb devstack@n-api.service[108106]: DEBUG nova.api.openstack.wsgi [None req-3499f32e-8189-4566-8149-1f6a7f56bc75 tempest-AttachVolumeShelveTestJSON-638829393 tempest-AttachVolumeShelveTestJSON-638829393-project] Action: 'action', calling method: >, body: {"os-getConsoleOutput": {}} {{(pid=108106) _process_stack /opt/stack/nova/nova/api/openstack/wsgi.py:511}}
Sep 07 14:23:55.358432 dv-cinder-760153-9-smb devstack@n-api.service[108106]: DEBUG nova.compute.api [None req-3499f32e-8189-4566-8149-1f6a7f56bc75 tempest-AttachVolumeShelveTestJSON-638829393 tempest-AttachVolumeShelveTestJSON-638829393-project] [instance: 20d7128c-8715-466a-8516-01f655965629] Fetching instance by UUID {{(pid=108106) get /opt/stack/nova/nova/compute/api.py:2863}}
Sep 07 14:23:55.364782 dv-cinder-760153-9-smb devstack@n-api.service[108106]: DEBUG oslo_concurrency.lockutils [None req-3499f32e-8189-4566-8149-1f6a7f56bc75 tempest-AttachVolumeShelveTestJSON-638829393 tempest-AttachVolumeShelveTestJSON-638829393-project] Lock "52398662-9eec-4fe5-8969-271f55f7fd9b" acquired by "nova.context.set_target_cell..get_or_set_cached_cell_and_set_connections" :: waited 0.000s {{(pid=108106) inner /usr/local/lib/python3.8/dist-packages/oslo_concurrency/lockutils.py:355}}
Sep 07 14:23:55.365312 dv-cinder-760153-9-smb devstack@n-api.service[108106]: DEBUG oslo_concurrency.lockutils [None req-3499f32e-8189-4566-8149-1f6a7f56bc75 tempest-AttachVolumeShelveTestJSON-638829393 tempest-AttachVolumeShelveTestJSON-638829393-project] Lock "52398662-9eec-4fe5-8969-271f55f7fd9b" released by "nova.context.set_target_cell..get_or_set_cached_cell_and_set_connections" :: held 0.001s {{(pid=108106) inner /usr/local/lib/python3.8/dist-packages/oslo_concurrency/lockutils.py:367}}
Sep 07 14:23:55.366257 dv-cinder-760153-9-smb devstack@n-api.service[108106]: DEBUG oslo_concurrency.lockutils [None req-3499f32e-8189-4566-8149-1f6a7f56bc75 tempest-AttachVolumeShelveTestJSON-638829393 tempest-AttachVolumeShelveTestJSON-638829393-project] Lock "52398662-9eec-4fe5-8969-271f55f7fd9b" acquired by "nova.context.set_target_cell..get_or_set_cached_cell_and_set_connections" :: waited 0.000s {{(pid=108106) inner /usr/local/lib/python3.8/dist-packages/oslo_concurrency/lockutils.py:355}}
Sep 07 14:23:55.366690 dv-cinder-760153-9-smb devstack@n-api.service[108106]: DEBUG oslo_concurrency.lockutils [None req-3499f32e-8189-4566-8149-1f6a7f56bc75 tempest-AttachVolumeShelveTestJSON-638829393 tempest-AttachVolumeShelveTestJSON-638829393-project] Lock "52398662-9eec-4fe5-8969-271f55f7fd9b" released by "nova.context.set_target_cell..get_or_set_cached_cell_and_set_connections" :: held 0.000s {{(pid=108106) inner /usr/local/lib/python3.8/dist-packages/oslo_concurrency/lockutils.py:367}}
Sep 07 14:23:55.438381 dv-cinder-760153-9-smb devstack@n-api.service[108106]: INFO nova.api.openstack.requestlog [None req-3499f32e-8189-4566-8149-1f6a7f56bc75 tempest-AttachVolumeShelveTestJSON-638829393 tempest-AttachVolumeShelveTestJSON-638829393-project] 10.222.0.72 "POST /compute/v2.1/servers/20d7128c-8715-466a-8516-01f655965629/action" status: 200 len: 14 microversion: 2.20 time: 0.085610
Sep 07 14:23:55.439006 dv-cinder-760153-9-smb devstack@n-api.service[108106]: [pid: 108106|app: 0|req: 82/154] 10.222.0.72 () {62 vars in 1319 bytes} [Tue Sep 7 14:23:55 2021] POST /compute/v2.1/servers/20d7128c-8715-466a-8516-01f655965629/action => generated 14 bytes in 87 msecs (HTTP/1.1 200) 9 headers in 358 bytes (2 switches on core 0)
Sep 07 14:23:55.634030 dv-cinder-760153-9-smb devstack@n-api.service[108107]: INFO nova.api.openstack.requestlog [None req-b252198a-c812-44b0-91be-5ff08895fd5b tempest-VolumesGetTestJSON-1894590523 tempest-VolumesGetTestJSON-1894590523-project] 10.222.0.72 "POST /compute/v2.1/os-volumes" status: 200 len: 353 microversion: 2.1 time: 0.484311
Sep 07 14:23:55.635069 dv-cinder-760153-9-smb devstack@n-api.service[108107]: [pid: 108107|app: 0|req: 73/155] 10.222.0.72 () {60 vars in 1156 bytes} [Tue Sep 7 14:23:55 2021] POST /compute/v2.1/os-volumes => generated 353 bytes in 486 msecs (HTTP/1.1 200) 10 headers in 448 bytes (2 switches on core 0)
Sep 07 14:23:55.647008 dv-cinder-760153-9-smb devstack@n-api.service[108106]: DEBUG nova.api.openstack.wsgi [None req-bc83716e-e590-4638-945d-bcfb5f3d6a97 tempest-VolumesGetTestJSON-1894590523 tempest-VolumesGetTestJSON-1894590523-project] Calling method '.version_select at 0x7f13f2a81af0>' {{(pid=108106) _process_stack /opt/stack/nova/nova/api/openstack/wsgi.py:513}}
Sep 07 14:23:55.705907 dv-cinder-760153-9-smb devstack@n-api.service[108106]: INFO nova.api.openstack.requestlog [None req-bc83716e-e590-4638-945d-bcfb5f3d6a97 tempest-VolumesGetTestJSON-1894590523 tempest-VolumesGetTestJSON-1894590523-project] 10.222.0.72 "GET /compute/v2.1/os-volumes/508428a5-d5e4-4391-b97e-83b33a2116c3" status: 200 len: 353 microversion: 2.1 time: 0.063159
Sep 07 14:23:55.706471 dv-cinder-760153-9-smb devstack@n-api.service[108106]: [pid: 108106|app: 0|req: 83/156] 10.222.0.72 () {58 vars in 1245 bytes} [Tue Sep 7 14:23:55 2021] GET /compute/v2.1/os-volumes/508428a5-d5e4-4391-b97e-83b33a2116c3 => generated 353 bytes in 65 msecs (HTTP/1.1 200) 9 headers in 357 bytes (1 switches on core 0)
Sep 07 14:23:55.865470 dv-cinder-760153-9-smb devstack@n-api.service[108107]: DEBUG nova.api.openstack.wsgi [None req-e4227995-7949-45cb-b088-b7b05facc54f tempest-ServerRescueNegativeTestJSON-616165611 tempest-ServerRescueNegativeTestJSON-616165611-project] Calling method '>' {{(pid=108107) _process_stack /opt/stack/nova/nova/api/openstack/wsgi.py:513}}
Sep 07 14:23:55.866248 dv-cinder-760153-9-smb devstack@n-api.service[108107]: DEBUG nova.compute.api [None req-e4227995-7949-45cb-b088-b7b05facc54f tempest-ServerRescueNegativeTestJSON-616165611 tempest-ServerRescueNegativeTestJSON-616165611-project] [instance: 04807666-d0a6-40f5-8998-114d7403d4d4] Fetching instance by UUID {{(pid=108107) get /opt/stack/nova/nova/compute/api.py:2863}}
Sep 07 14:23:55.873224 dv-cinder-760153-9-smb devstack@n-api.service[108107]: DEBUG oslo_concurrency.lockutils [None req-e4227995-7949-45cb-b088-b7b05facc54f tempest-ServerRescueNegativeTestJSON-616165611 tempest-ServerRescueNegativeTestJSON-616165611-project] Lock "52398662-9eec-4fe5-8969-271f55f7fd9b" acquired by "nova.context.set_target_cell..get_or_set_cached_cell_and_set_connections" :: waited 0.000s {{(pid=108107) inner /usr/local/lib/python3.8/dist-packages/oslo_concurrency/lockutils.py:355}}
Sep 07 14:23:55.873669 dv-cinder-760153-9-smb devstack@n-api.service[108107]: DEBUG oslo_concurrency.lockutils [None req-e4227995-7949-45cb-b088-b7b05facc54f tempest-ServerRescueNegativeTestJSON-616165611 tempest-ServerRescueNegativeTestJSON-616165611-project] Lock "52398662-9eec-4fe5-8969-271f55f7fd9b" released by "nova.context.set_target_cell..get_or_set_cached_cell_and_set_connections" :: held 0.001s {{(pid=108107) inner /usr/local/lib/python3.8/dist-packages/oslo_concurrency/lockutils.py:367}}
Sep 07 14:23:55.874455 dv-cinder-760153-9-smb devstack@n-api.service[108107]: DEBUG oslo_concurrency.lockutils [None req-e4227995-7949-45cb-b088-b7b05facc54f tempest-ServerRescueNegativeTestJSON-616165611 tempest-ServerRescueNegativeTestJSON-616165611-project] Lock "52398662-9eec-4fe5-8969-271f55f7fd9b" acquired by "nova.context.set_target_cell..get_or_set_cached_cell_and_set_connections" :: waited 0.000s {{(pid=108107) inner /usr/local/lib/python3.8/dist-packages/oslo_concurrency/lockutils.py:355}}
Sep 07 14:23:55.874885 dv-cinder-760153-9-smb devstack@n-api.service[108107]: DEBUG oslo_concurrency.lockutils [None req-e4227995-7949-45cb-b088-b7b05facc54f tempest-ServerRescueNegativeTestJSON-616165611 tempest-ServerRescueNegativeTestJSON-616165611-project] Lock "52398662-9eec-4fe5-8969-271f55f7fd9b" released by "nova.context.set_target_cell..get_or_set_cached_cell_and_set_connections" :: held 0.000s {{(pid=108107) inner /usr/local/lib/python3.8/dist-packages/oslo_concurrency/lockutils.py:367}}
Sep 07 14:23:56.132691 dv-cinder-760153-9-smb devstack@n-api.service[108106]: DEBUG nova.api.openstack.wsgi [None req-165c1b50-e4cc-424a-b2ca-b7155189c3f1 tempest-VolumesActionsTest-209226520 tempest-VolumesActionsTest-209226520-project] Calling method '>' {{(pid=108106) _process_stack /opt/stack/nova/nova/api/openstack/wsgi.py:513}}
Sep 07 14:23:56.133425 dv-cinder-760153-9-smb devstack@n-api.service[108106]: DEBUG nova.compute.api [None req-165c1b50-e4cc-424a-b2ca-b7155189c3f1 tempest-VolumesActionsTest-209226520 tempest-VolumesActionsTest-209226520-project] [instance: c03c8ab9-77ca-43ad-9dde-fe9b3e5a47d9] Fetching instance by UUID {{(pid=108106) get /opt/stack/nova/nova/compute/api.py:2863}}
Sep 07 14:23:56.141474 dv-cinder-760153-9-smb devstack@n-api.service[108106]: DEBUG oslo_concurrency.lockutils [None req-165c1b50-e4cc-424a-b2ca-b7155189c3f1 tempest-VolumesActionsTest-209226520 tempest-VolumesActionsTest-209226520-project] Lock "52398662-9eec-4fe5-8969-271f55f7fd9b" acquired by "nova.context.set_target_cell..get_or_set_cached_cell_and_set_connections" :: waited 0.000s {{(pid=108106) inner /usr/local/lib/python3.8/dist-packages/oslo_concurrency/lockutils.py:355}}
Sep 07 14:23:56.141920 dv-cinder-760153-9-smb devstack@n-api.service[108106]: DEBUG oslo_concurrency.lockutils [None req-165c1b50-e4cc-424a-b2ca-b7155189c3f1 tempest-VolumesActionsTest-209226520 tempest-VolumesActionsTest-209226520-project] Lock "52398662-9eec-4fe5-8969-271f55f7fd9b" released by "nova.context.set_target_cell..get_or_set_cached_cell_and_set_connections" :: held 0.001s {{(pid=108106) inner /usr/local/lib/python3.8/dist-packages/oslo_concurrency/lockutils.py:367}}
Sep 07 14:23:56.143143 dv-cinder-760153-9-smb devstack@n-api.service[108106]: DEBUG oslo_concurrency.lockutils [None req-165c1b50-e4cc-424a-b2ca-b7155189c3f1 tempest-VolumesActionsTest-209226520 tempest-VolumesActionsTest-209226520-project] Lock "52398662-9eec-4fe5-8969-271f55f7fd9b" acquired by "nova.context.set_target_cell..get_or_set_cached_cell_and_set_connections" :: waited 0.000s {{(pid=108106) inner /usr/local/lib/python3.8/dist-packages/oslo_concurrency/lockutils.py:355}}
Sep 07 14:23:56.145435 dv-cinder-760153-9-smb devstack@n-api.service[108106]: DEBUG oslo_concurrency.lockutils [None req-165c1b50-e4cc-424a-b2ca-b7155189c3f1 tempest-VolumesActionsTest-209226520 tempest-VolumesActionsTest-209226520-project] Lock "52398662-9eec-4fe5-8969-271f55f7fd9b" released by "nova.context.set_target_cell..get_or_set_cached_cell_and_set_connections" :: held 0.000s {{(pid=108106) inner /usr/local/lib/python3.8/dist-packages/oslo_concurrency/lockutils.py:367}}
Sep 07 14:23:56.273280 dv-cinder-760153-9-smb devstack@n-api.service[108107]: DEBUG nova.policy [None req-e4227995-7949-45cb-b088-b7b05facc54f tempest-ServerRescueNegativeTestJSON-616165611 tempest-ServerRescueNegativeTestJSON-616165611-project] Policy check for os_compute_api:os-extended-server-attributes failed with credentials {'is_admin': False, 'user_id': '3a2e83365f064c9d8eabfc37a4253305', 'user_domain_id': 'default', 'system_scope': None, 'domain_id': None, 'project_id': '06934539135b4314bfda865699063c45', 'project_domain_id': 'default', 'roles': ['reader', 'member'], 'is_admin_project': True, 'service_user_id': None, 'service_user_domain_id': None, 'service_project_id': None, 'service_project_domain_id': None, 'service_roles': []} {{(pid=108107) authorize /opt/stack/nova/nova/policy.py:199}}
Sep 07 14:23:56.300785 dv-cinder-760153-9-smb devstack@n-api.service[108107]: INFO nova.api.openstack.requestlog [None req-e4227995-7949-45cb-b088-b7b05facc54f tempest-ServerRescueNegativeTestJSON-616165611 tempest-ServerRescueNegativeTestJSON-616165611-project] 10.222.0.72 "GET /compute/v2.1/servers/04807666-d0a6-40f5-8998-114d7403d4d4" status: 200 len: 1522 microversion: 2.1 time: 0.438743
Sep 07 14:23:56.301367 dv-cinder-760153-9-smb devstack@n-api.service[108107]: [pid: 108107|app: 0|req: 74/157] 10.222.0.72 () {58 vars in 1236 bytes} [Tue Sep 7 14:23:55 2021] GET /compute/v2.1/servers/04807666-d0a6-40f5-8998-114d7403d4d4 => generated 1522 bytes in 440 msecs (HTTP/1.1 200) 9 headers in 358 bytes (1 switches on core 0)
Sep 07 14:23:56.311800 dv-cinder-760153-9-smb devstack@n-api.service[108106]: DEBUG nova.policy [None req-165c1b50-e4cc-424a-b2ca-b7155189c3f1 tempest-VolumesActionsTest-209226520 tempest-VolumesActionsTest-209226520-project] Policy check for os_compute_api:os-extended-server-attributes failed with credentials {'is_admin': False, 'user_id': '969889743f8944ef9e83342082f1bf0b', 'user_domain_id': 'default', 'system_scope': None, 'domain_id': None, 'project_id': '87860d0900c64109ad3f3d1d5e0c6422', 'project_domain_id': 'default', 'roles': ['reader', 'member'], 'is_admin_project': True, 'service_user_id': None, 'service_user_domain_id': None, 'service_project_id': None, 'service_project_domain_id': None, 'service_roles': []} {{(pid=108106) authorize /opt/stack/nova/nova/policy.py:199}}
Sep 07 14:23:56.315662 dv-cinder-760153-9-smb devstack@n-api.service[108106]: INFO nova.api.openstack.requestlog [None req-165c1b50-e4cc-424a-b2ca-b7155189c3f1 tempest-VolumesActionsTest-209226520 tempest-VolumesActionsTest-209226520-project] 10.222.0.72 "GET /compute/v2.1/servers/c03c8ab9-77ca-43ad-9dde-fe9b3e5a47d9" status: 200 len: 1313 microversion: 2.1 time: 0.188790
Sep 07 14:23:56.316415 dv-cinder-760153-9-smb devstack@n-api.service[108106]: [pid: 108106|app: 0|req: 84/158] 10.222.0.72 () {58 vars in 1236 bytes} [Tue Sep 7 14:23:56 2021] GET /compute/v2.1/servers/c03c8ab9-77ca-43ad-9dde-fe9b3e5a47d9 => generated 1313 bytes in 190 msecs (HTTP/1.1 200) 9 headers in 358 bytes (2 switches on core 0)
Sep 07 14:23:56.321806 dv-cinder-760153-9-smb devstack@n-api.service[108107]: DEBUG nova.api.openstack.wsgi [None req-3b570363-6aad-4c55-aceb-a6e7de8ace13 tempest-AttachVolumeNegativeTest-1486836628 tempest-AttachVolumeNegativeTest-1486836628-project] Calling method '>' {{(pid=108107) _process_stack /opt/stack/nova/nova/api/openstack/wsgi.py:513}}
Sep 07 14:23:56.324115 dv-cinder-760153-9-smb devstack@n-api.service[108107]: DEBUG nova.compute.api [None req-3b570363-6aad-4c55-aceb-a6e7de8ace13 tempest-AttachVolumeNegativeTest-1486836628 tempest-AttachVolumeNegativeTest-1486836628-project] [instance: 96db85a8-e87d-49e0-b3b5-8ca68a13ed8b] Fetching instance by UUID {{(pid=108107) get /opt/stack/nova/nova/compute/api.py:2863}}
Sep 07 14:23:56.333894 dv-cinder-760153-9-smb devstack@n-api.service[108107]: DEBUG oslo_concurrency.lockutils [None req-3b570363-6aad-4c55-aceb-a6e7de8ace13 tempest-AttachVolumeNegativeTest-1486836628 tempest-AttachVolumeNegativeTest-1486836628-project] Lock "52398662-9eec-4fe5-8969-271f55f7fd9b" acquired by "nova.context.set_target_cell..get_or_set_cached_cell_and_set_connections" :: waited 0.000s {{(pid=108107) inner /usr/local/lib/python3.8/dist-packages/oslo_concurrency/lockutils.py:355}}
Sep 07 14:23:56.334376 dv-cinder-760153-9-smb devstack@n-api.service[108107]: DEBUG oslo_concurrency.lockutils [None req-3b570363-6aad-4c55-aceb-a6e7de8ace13 tempest-AttachVolumeNegativeTest-1486836628 tempest-AttachVolumeNegativeTest-1486836628-project] Lock "52398662-9eec-4fe5-8969-271f55f7fd9b" released by "nova.context.set_target_cell..get_or_set_cached_cell_and_set_connections" :: held 0.001s {{(pid=108107) inner /usr/local/lib/python3.8/dist-packages/oslo_concurrency/lockutils.py:367}}
Sep 07 14:23:56.335197 dv-cinder-760153-9-smb devstack@n-api.service[108107]: DEBUG oslo_concurrency.lockutils [None req-3b570363-6aad-4c55-aceb-a6e7de8ace13 tempest-AttachVolumeNegativeTest-1486836628 tempest-AttachVolumeNegativeTest-1486836628-project] Lock "52398662-9eec-4fe5-8969-271f55f7fd9b" acquired by "nova.context.set_target_cell..get_or_set_cached_cell_and_set_connections" :: waited 0.000s {{(pid=108107) inner /usr/local/lib/python3.8/dist-packages/oslo_concurrency/lockutils.py:355}}
Sep 07 14:23:56.335870 dv-cinder-760153-9-smb devstack@n-api.service[108107]: DEBUG oslo_concurrency.lockutils [None req-3b570363-6aad-4c55-aceb-a6e7de8ace13 tempest-AttachVolumeNegativeTest-1486836628 tempest-AttachVolumeNegativeTest-1486836628-project] Lock "52398662-9eec-4fe5-8969-271f55f7fd9b" released by "nova.context.set_target_cell..get_or_set_cached_cell_and_set_connections" :: held 0.001s {{(pid=108107) inner /usr/local/lib/python3.8/dist-packages/oslo_concurrency/lockutils.py:367}}
Sep 07 14:23:56.451328 dv-cinder-760153-9-smb devstack@n-api.service[108106]: DEBUG nova.api.openstack.wsgi [None req-8969ba77-3ef2-4c8e-b447-2ce12c1e2d08 tempest-AttachVolumeShelveTestJSON-638829393 tempest-AttachVolumeShelveTestJSON-638829393-project] Action: 'action', calling method: >, body: {"os-getConsoleOutput": {}} {{(pid=108106) _process_stack /opt/stack/nova/nova/api/openstack/wsgi.py:511}}
Sep 07 14:23:56.454001 dv-cinder-760153-9-smb devstack@n-api.service[108106]: DEBUG nova.compute.api [None req-8969ba77-3ef2-4c8e-b447-2ce12c1e2d08 tempest-AttachVolumeShelveTestJSON-638829393 tempest-AttachVolumeShelveTestJSON-638829393-project] [instance: 20d7128c-8715-466a-8516-01f655965629] Fetching instance by UUID {{(pid=108106) get /opt/stack/nova/nova/compute/api.py:2863}}
Sep 07 14:23:56.463130 dv-cinder-760153-9-smb devstack@n-api.service[108106]: DEBUG oslo_concurrency.lockutils [None req-8969ba77-3ef2-4c8e-b447-2ce12c1e2d08 tempest-AttachVolumeShelveTestJSON-638829393 tempest-AttachVolumeShelveTestJSON-638829393-project] Lock "52398662-9eec-4fe5-8969-271f55f7fd9b" acquired by "nova.context.set_target_cell..get_or_set_cached_cell_and_set_connections" :: waited 0.000s {{(pid=108106) inner /usr/local/lib/python3.8/dist-packages/oslo_concurrency/lockutils.py:355}}
Sep 07 14:23:56.463637 dv-cinder-760153-9-smb devstack@n-api.service[108106]: DEBUG oslo_concurrency.lockutils [None req-8969ba77-3ef2-4c8e-b447-2ce12c1e2d08 tempest-AttachVolumeShelveTestJSON-638829393 tempest-AttachVolumeShelveTestJSON-638829393-project] Lock "52398662-9eec-4fe5-8969-271f55f7fd9b" released by "nova.context.set_target_cell..get_or_set_cached_cell_and_set_connections" :: held 0.001s {{(pid=108106) inner /usr/local/lib/python3.8/dist-packages/oslo_concurrency/lockutils.py:367}}
Sep 07 14:23:56.464521 dv-cinder-760153-9-smb devstack@n-api.service[108106]: DEBUG oslo_concurrency.lockutils [None req-8969ba77-3ef2-4c8e-b447-2ce12c1e2d08 tempest-AttachVolumeShelveTestJSON-638829393 tempest-AttachVolumeShelveTestJSON-638829393-project] Lock "52398662-9eec-4fe5-8969-271f55f7fd9b" acquired by "nova.context.set_target_cell..get_or_set_cached_cell_and_set_connections" :: waited 0.000s {{(pid=108106) inner /usr/local/lib/python3.8/dist-packages/oslo_concurrency/lockutils.py:355}}
Sep 07 14:23:56.464955 dv-cinder-760153-9-smb devstack@n-api.service[108106]: DEBUG oslo_concurrency.lockutils [None req-8969ba77-3ef2-4c8e-b447-2ce12c1e2d08 tempest-AttachVolumeShelveTestJSON-638829393 tempest-AttachVolumeShelveTestJSON-638829393-project] Lock "52398662-9eec-4fe5-8969-271f55f7fd9b" released by "nova.context.set_target_cell..get_or_set_cached_cell_and_set_connections" :: held 0.000s {{(pid=108106) inner /usr/local/lib/python3.8/dist-packages/oslo_concurrency/lockutils.py:367}}
Sep 07 14:23:56.530169 dv-cinder-760153-9-smb devstack@n-api.service[108107]: DEBUG nova.policy [None req-3b570363-6aad-4c55-aceb-a6e7de8ace13 tempest-AttachVolumeNegativeTest-1486836628 tempest-AttachVolumeNegativeTest-1486836628-project] Policy check for os_compute_api:os-extended-server-attributes failed with credentials {'is_admin': False, 'user_id': 'fc3a21c0ddce4776abb73b9a2295e96b', 'user_domain_id': 'default', 'system_scope': None, 'domain_id': None, 'project_id': '4e5f310c3e6349d09408c14a01386089', 'project_domain_id': 'default', 'roles': ['reader', 'member'], 'is_admin_project': True, 'service_user_id': None, 'service_user_domain_id': None, 'service_project_id': None, 'service_project_domain_id': None, 'service_roles': []} {{(pid=108107) authorize /opt/stack/nova/nova/policy.py:199}}
Sep 07 14:23:56.540547 dv-cinder-760153-9-smb devstack@n-api.service[108107]: INFO nova.api.openstack.requestlog [None req-3b570363-6aad-4c55-aceb-a6e7de8ace13 tempest-AttachVolumeNegativeTest-1486836628 tempest-AttachVolumeNegativeTest-1486836628-project] 10.222.0.72 "GET /compute/v2.1/servers/96db85a8-e87d-49e0-b3b5-8ca68a13ed8b" status: 200 len: 1317 microversion: 2.1 time: 0.221706
Sep 07 14:23:56.541411 dv-cinder-760153-9-smb devstack@n-api.service[108107]: [pid: 108107|app: 0|req: 75/159] 10.222.0.72 () {58 vars in 1236 bytes} [Tue Sep 7 14:23:56 2021] GET /compute/v2.1/servers/96db85a8-e87d-49e0-b3b5-8ca68a13ed8b => generated 1317 bytes in 225 msecs (HTTP/1.1 200) 9 headers in 358 bytes (1 switches on core 0)
Sep 07 14:23:56.556197 dv-cinder-760153-9-smb devstack@n-api.service[108106]: INFO nova.api.openstack.requestlog [None req-8969ba77-3ef2-4c8e-b447-2ce12c1e2d08 tempest-AttachVolumeShelveTestJSON-638829393 tempest-AttachVolumeShelveTestJSON-638829393-project] 10.222.0.72 "POST /compute/v2.1/servers/20d7128c-8715-466a-8516-01f655965629/action" status: 200 len: 14 microversion: 2.20 time: 0.110096
Sep 07 14:23:56.560807 dv-cinder-760153-9-smb devstack@n-api.service[108106]: [pid: 108106|app: 0|req: 85/160] 10.222.0.72 () {62 vars in 1319 bytes} [Tue Sep 7 14:23:56 2021] POST /compute/v2.1/servers/20d7128c-8715-466a-8516-01f655965629/action => generated 14 bytes in 113 msecs (HTTP/1.1 200) 9 headers in 358 bytes (1 switches on core 0)
Sep 07 14:23:56.718460 dv-cinder-760153-9-smb devstack@n-api.service[108107]: DEBUG nova.api.openstack.wsgi [None req-4cd449e4-37e6-4e22-9902-4399d3b13cf1 tempest-VolumesGetTestJSON-1894590523 tempest-VolumesGetTestJSON-1894590523-project] Calling method '.version_select at 0x7f13f3305670>' {{(pid=108107) _process_stack /opt/stack/nova/nova/api/openstack/wsgi.py:513}}
Sep 07 14:23:56.774142 dv-cinder-760153-9-smb devstack@n-api.service[108107]: INFO nova.api.openstack.requestlog [None req-4cd449e4-37e6-4e22-9902-4399d3b13cf1 tempest-VolumesGetTestJSON-1894590523 tempest-VolumesGetTestJSON-1894590523-project] 10.222.0.72 "GET /compute/v2.1/os-volumes/508428a5-d5e4-4391-b97e-83b33a2116c3" status: 200 len: 354 microversion: 2.1 time: 0.059787
Sep 07 14:23:56.774867 dv-cinder-760153-9-smb devstack@n-api.service[108107]: [pid: 108107|app: 0|req: 76/161] 10.222.0.72 () {58 vars in 1245 bytes} [Tue Sep 7 14:23:56 2021] GET /compute/v2.1/os-volumes/508428a5-d5e4-4391-b97e-83b33a2116c3 => generated 354 bytes in 61 msecs (HTTP/1.1 200) 9 headers in 357 bytes (1 switches on core 0)
Sep 07 14:23:56.786623 dv-cinder-760153-9-smb devstack@n-api.service[108106]: DEBUG nova.api.openstack.wsgi [None req-bce6ab83-10d5-4543-b08a-9831be6a03d1 tempest-VolumesGetTestJSON-1894590523 tempest-VolumesGetTestJSON-1894590523-project] Calling method '.version_select at 0x7f13f2abe1f0>' {{(pid=108106) _process_stack /opt/stack/nova/nova/api/openstack/wsgi.py:513}}
Sep 07 14:23:56.848674 dv-cinder-760153-9-smb devstack@n-api.service[108106]: INFO nova.api.openstack.requestlog [None req-bce6ab83-10d5-4543-b08a-9831be6a03d1 tempest-VolumesGetTestJSON-1894590523 tempest-VolumesGetTestJSON-1894590523-project] 10.222.0.72 "GET /compute/v2.1/os-volumes/508428a5-d5e4-4391-b97e-83b33a2116c3" status: 200 len: 354 microversion: 2.1 time: 0.066267
Sep 07 14:23:56.849281 dv-cinder-760153-9-smb devstack@n-api.service[108106]: [pid: 108106|app: 0|req: 86/162] 10.222.0.72 () {58 vars in 1245 bytes} [Tue Sep 7 14:23:56 2021] GET /compute/v2.1/os-volumes/508428a5-d5e4-4391-b97e-83b33a2116c3 => generated 354 bytes in 68 msecs (HTTP/1.1 200) 9 headers in 357 bytes (1 switches on core 0)
Sep 07 14:23:56.867493 dv-cinder-760153-9-smb devstack@n-api.service[108107]: DEBUG nova.api.openstack.wsgi [None req-a5ab9904-2cfc-43d1-acc5-9c59126fb81d tempest-VolumesGetTestJSON-1894590523 tempest-VolumesGetTestJSON-1894590523-project] Calling method '.version_select at 0x7f13f32aa700>' {{(pid=108107) _process_stack /opt/stack/nova/nova/api/openstack/wsgi.py:513}}
Sep 07 14:23:56.938506 dv-cinder-760153-9-smb devstack@n-api.service[108107]: INFO nova.api.openstack.requestlog [None req-a5ab9904-2cfc-43d1-acc5-9c59126fb81d tempest-VolumesGetTestJSON-1894590523 tempest-VolumesGetTestJSON-1894590523-project] 10.222.0.72 "DELETE /compute/v2.1/os-volumes/508428a5-d5e4-4391-b97e-83b33a2116c3" status: 202 len: 0 microversion: 2.1 time: 0.075376
Sep 07 14:23:56.939076 dv-cinder-760153-9-smb devstack@n-api.service[108107]: [pid: 108107|app: 0|req: 77/163] 10.222.0.72 () {58 vars in 1248 bytes} [Tue Sep 7 14:23:56 2021] DELETE /compute/v2.1/os-volumes/508428a5-d5e4-4391-b97e-83b33a2116c3 => generated 0 bytes in 77 msecs (HTTP/1.1 202) 9 headers in 361 bytes (1 switches on core 0)
Sep 07 14:23:56.947381 dv-cinder-760153-9-smb devstack@n-api.service[108106]: DEBUG nova.api.openstack.wsgi [None req-06001a0e-91fa-4b64-8556-e3907f6a78b2 tempest-VolumesGetTestJSON-1894590523 tempest-VolumesGetTestJSON-1894590523-project] Calling method '.version_select at 0x7f13f2a81af0>' {{(pid=108106) _process_stack /opt/stack/nova/nova/api/openstack/wsgi.py:513}}
Sep 07 14:23:57.001581 dv-cinder-760153-9-smb devstack@n-api.service[108106]: INFO nova.api.openstack.requestlog [None req-06001a0e-91fa-4b64-8556-e3907f6a78b2 tempest-VolumesGetTestJSON-1894590523 tempest-VolumesGetTestJSON-1894590523-project] 10.222.0.72 "GET /compute/v2.1/os-volumes/508428a5-d5e4-4391-b97e-83b33a2116c3" status: 200 len: 353 microversion: 2.1 time: 0.057357
Sep 07 14:23:57.002133 dv-cinder-760153-9-smb devstack@n-api.service[108106]: [pid: 108106|app: 0|req: 87/164] 10.222.0.72 () {58 vars in 1245 bytes} [Tue Sep 7 14:23:56 2021] GET /compute/v2.1/os-volumes/508428a5-d5e4-4391-b97e-83b33a2116c3 => generated 353 bytes in 59 msecs (HTTP/1.1 200) 9 headers in 357 bytes (1 switches on core 0)
Sep 07 14:23:57.319331 dv-cinder-760153-9-smb devstack@n-api.service[108107]: DEBUG nova.api.openstack.wsgi [None req-dfb71df4-b888-4951-8b62-54ab9bf281ba tempest-ServerRescueNegativeTestJSON-616165611 tempest-ServerRescueNegativeTestJSON-616165611-project] Calling method '>' {{(pid=108107) _process_stack /opt/stack/nova/nova/api/openstack/wsgi.py:513}}
Sep 07 14:23:57.319784 dv-cinder-760153-9-smb devstack@n-api.service[108107]: DEBUG nova.compute.api [None req-dfb71df4-b888-4951-8b62-54ab9bf281ba tempest-ServerRescueNegativeTestJSON-616165611 tempest-ServerRescueNegativeTestJSON-616165611-project] [instance: 04807666-d0a6-40f5-8998-114d7403d4d4] Fetching instance by UUID {{(pid=108107) get /opt/stack/nova/nova/compute/api.py:2863}}
Sep 07 14:23:57.329305 dv-cinder-760153-9-smb devstack@n-api.service[108107]: DEBUG oslo_concurrency.lockutils [None req-dfb71df4-b888-4951-8b62-54ab9bf281ba tempest-ServerRescueNegativeTestJSON-616165611 tempest-ServerRescueNegativeTestJSON-616165611-project] Lock "52398662-9eec-4fe5-8969-271f55f7fd9b" acquired by "nova.context.set_target_cell..get_or_set_cached_cell_and_set_connections" :: waited 0.000s {{(pid=108107) inner /usr/local/lib/python3.8/dist-packages/oslo_concurrency/lockutils.py:355}}
Sep 07 14:23:57.329661 dv-cinder-760153-9-smb devstack@n-api.service[108107]: DEBUG oslo_concurrency.lockutils [None req-dfb71df4-b888-4951-8b62-54ab9bf281ba tempest-ServerRescueNegativeTestJSON-616165611 tempest-ServerRescueNegativeTestJSON-616165611-project] Lock "52398662-9eec-4fe5-8969-271f55f7fd9b" released by "nova.context.set_target_cell..get_or_set_cached_cell_and_set_connections" :: held 0.001s {{(pid=108107) inner /usr/local/lib/python3.8/dist-packages/oslo_concurrency/lockutils.py:367}}
Sep 07 14:23:57.330429 dv-cinder-760153-9-smb devstack@n-api.service[108107]: DEBUG oslo_concurrency.lockutils [None req-dfb71df4-b888-4951-8b62-54ab9bf281ba tempest-ServerRescueNegativeTestJSON-616165611 tempest-ServerRescueNegativeTestJSON-616165611-project] Lock "52398662-9eec-4fe5-8969-271f55f7fd9b" acquired by "nova.context.set_target_cell..get_or_set_cached_cell_and_set_connections" :: waited 0.000s {{(pid=108107) inner /usr/local/lib/python3.8/dist-packages/oslo_concurrency/lockutils.py:355}}
Sep 07 14:23:57.330887 dv-cinder-760153-9-smb devstack@n-api.service[108107]: DEBUG oslo_concurrency.lockutils [None req-dfb71df4-b888-4951-8b62-54ab9bf281ba tempest-ServerRescueNegativeTestJSON-616165611 tempest-ServerRescueNegativeTestJSON-616165611-project] Lock "52398662-9eec-4fe5-8969-271f55f7fd9b" released by "nova.context.set_target_cell..get_or_set_cached_cell_and_set_connections" :: held 0.000s {{(pid=108107) inner /usr/local/lib/python3.8/dist-packages/oslo_concurrency/lockutils.py:367}}
Sep 07 14:23:57.333517 dv-cinder-760153-9-smb devstack@n-api.service[108106]: DEBUG nova.api.openstack.wsgi [None req-f5fcddf4-d38a-4ba4-863d-97050c5dacaa tempest-VolumesActionsTest-209226520 tempest-VolumesActionsTest-209226520-project] Calling method '>' {{(pid=108106) _process_stack /opt/stack/nova/nova/api/openstack/wsgi.py:513}}
Sep 07 14:23:57.334345 dv-cinder-760153-9-smb devstack@n-api.service[108106]: DEBUG nova.compute.api [None req-f5fcddf4-d38a-4ba4-863d-97050c5dacaa tempest-VolumesActionsTest-209226520 tempest-VolumesActionsTest-209226520-project] [instance: c03c8ab9-77ca-43ad-9dde-fe9b3e5a47d9] Fetching instance by UUID {{(pid=108106) get /opt/stack/nova/nova/compute/api.py:2863}}
Sep 07 14:23:57.342031 dv-cinder-760153-9-smb devstack@n-api.service[108106]: DEBUG oslo_concurrency.lockutils [None req-f5fcddf4-d38a-4ba4-863d-97050c5dacaa tempest-VolumesActionsTest-209226520 tempest-VolumesActionsTest-209226520-project] Lock "52398662-9eec-4fe5-8969-271f55f7fd9b" acquired by "nova.context.set_target_cell..get_or_set_cached_cell_and_set_connections" :: waited 0.000s {{(pid=108106) inner /usr/local/lib/python3.8/dist-packages/oslo_concurrency/lockutils.py:355}}
Sep 07 14:23:57.342474 dv-cinder-760153-9-smb devstack@n-api.service[108106]: DEBUG oslo_concurrency.lockutils [None req-f5fcddf4-d38a-4ba4-863d-97050c5dacaa tempest-VolumesActionsTest-209226520 tempest-VolumesActionsTest-209226520-project] Lock "52398662-9eec-4fe5-8969-271f55f7fd9b" released by "nova.context.set_target_cell..get_or_set_cached_cell_and_set_connections" :: held 0.001s {{(pid=108106) inner /usr/local/lib/python3.8/dist-packages/oslo_concurrency/lockutils.py:367}}
Sep 07 14:23:57.343235 dv-cinder-760153-9-smb devstack@n-api.service[108106]: DEBUG oslo_concurrency.lockutils [None req-f5fcddf4-d38a-4ba4-863d-97050c5dacaa tempest-VolumesActionsTest-209226520 tempest-VolumesActionsTest-209226520-project] Lock "52398662-9eec-4fe5-8969-271f55f7fd9b" acquired by "nova.context.set_target_cell..get_or_set_cached_cell_and_set_connections" :: waited 0.000s {{(pid=108106) inner /usr/local/lib/python3.8/dist-packages/oslo_concurrency/lockutils.py:355}}
Sep 07 14:23:57.343712 dv-cinder-760153-9-smb devstack@n-api.service[108106]: DEBUG oslo_concurrency.lockutils [None req-f5fcddf4-d38a-4ba4-863d-97050c5dacaa tempest-VolumesActionsTest-209226520 tempest-VolumesActionsTest-209226520-project] Lock "52398662-9eec-4fe5-8969-271f55f7fd9b" released by "nova.context.set_target_cell..get_or_set_cached_cell_and_set_connections" :: held 0.000s {{(pid=108106) inner /usr/local/lib/python3.8/dist-packages/oslo_concurrency/lockutils.py:367}}
Sep 07 14:23:57.502390 dv-cinder-760153-9-smb devstack@n-api.service[108106]: DEBUG nova.policy [None req-f5fcddf4-d38a-4ba4-863d-97050c5dacaa tempest-VolumesActionsTest-209226520 tempest-VolumesActionsTest-209226520-project] Policy check for os_compute_api:os-extended-server-attributes failed with credentials {'is_admin': False, 'user_id': '969889743f8944ef9e83342082f1bf0b', 'user_domain_id': 'default', 'system_scope': None, 'domain_id': None, 'project_id': '87860d0900c64109ad3f3d1d5e0c6422', 'project_domain_id': 'default', 'roles': ['reader', 'member'], 'is_admin_project': True, 'service_user_id': None, 'service_user_domain_id': None, 'service_project_id': None, 'service_project_domain_id': None, 'service_roles': []} {{(pid=108106) authorize /opt/stack/nova/nova/policy.py:199}}
Sep 07 14:23:57.506602 dv-cinder-760153-9-smb devstack@n-api.service[108107]: DEBUG nova.policy [None req-dfb71df4-b888-4951-8b62-54ab9bf281ba tempest-ServerRescueNegativeTestJSON-616165611 tempest-ServerRescueNegativeTestJSON-616165611-project] Policy check for os_compute_api:os-extended-server-attributes failed with credentials {'is_admin': False, 'user_id': '3a2e83365f064c9d8eabfc37a4253305', 'user_domain_id': 'default', 'system_scope': None, 'domain_id': None, 'project_id': '06934539135b4314bfda865699063c45', 'project_domain_id': 'default', 'roles': ['reader', 'member'], 'is_admin_project': True, 'service_user_id': None, 'service_user_domain_id': None, 'service_project_id': None, 'service_project_domain_id': None, 'service_roles': []} {{(pid=108107) authorize /opt/stack/nova/nova/policy.py:199}}
Sep 07 14:23:57.510919 dv-cinder-760153-9-smb devstack@n-api.service[108106]: INFO nova.api.openstack.requestlog [None req-f5fcddf4-d38a-4ba4-863d-97050c5dacaa tempest-VolumesActionsTest-209226520 tempest-VolumesActionsTest-209226520-project] 10.222.0.72 "GET /compute/v2.1/servers/c03c8ab9-77ca-43ad-9dde-fe9b3e5a47d9" status: 200 len: 1313 microversion: 2.1 time: 0.181976
Sep 07 14:23:57.512843 dv-cinder-760153-9-smb devstack@n-api.service[108106]: [pid: 108106|app: 0|req: 88/165] 10.222.0.72 () {58 vars in 1236 bytes} [Tue Sep 7 14:23:57 2021] GET /compute/v2.1/servers/c03c8ab9-77ca-43ad-9dde-fe9b3e5a47d9 => generated 1313 bytes in 184 msecs (HTTP/1.1 200) 9 headers in 358 bytes (1 switches on core 0)
Sep 07 14:23:57.515725 dv-cinder-760153-9-smb devstack@n-api.service[108107]: INFO nova.api.openstack.requestlog [None req-dfb71df4-b888-4951-8b62-54ab9bf281ba tempest-ServerRescueNegativeTestJSON-616165611 tempest-ServerRescueNegativeTestJSON-616165611-project] 10.222.0.72 "GET /compute/v2.1/servers/04807666-d0a6-40f5-8998-114d7403d4d4" status: 200 len: 1522 microversion: 2.1 time: 0.200353
Sep 07 14:23:57.516534 dv-cinder-760153-9-smb devstack@n-api.service[108107]: [pid: 108107|app: 0|req: 78/166] 10.222.0.72 () {58 vars in 1236 bytes} [Tue Sep 7 14:23:57 2021] GET /compute/v2.1/servers/04807666-d0a6-40f5-8998-114d7403d4d4 => generated 1522 bytes in 202 msecs (HTTP/1.1 200) 9 headers in 358 bytes (1 switches on core 0)
Sep 07 14:23:57.559506 dv-cinder-760153-9-smb devstack@n-api.service[108106]: DEBUG nova.api.openstack.wsgi [None req-9443310f-58c7-417f-b506-548ec7ffff01 tempest-AttachVolumeNegativeTest-1486836628 tempest-AttachVolumeNegativeTest-1486836628-project] Calling method '>' {{(pid=108106) _process_stack /opt/stack/nova/nova/api/openstack/wsgi.py:513}}
Sep 07 14:23:57.560436 dv-cinder-760153-9-smb devstack@n-api.service[108106]: DEBUG nova.compute.api [None req-9443310f-58c7-417f-b506-548ec7ffff01 tempest-AttachVolumeNegativeTest-1486836628 tempest-AttachVolumeNegativeTest-1486836628-project] [instance: 96db85a8-e87d-49e0-b3b5-8ca68a13ed8b] Fetching instance by UUID {{(pid=108106) get /opt/stack/nova/nova/compute/api.py:2863}}
Sep 07 14:23:57.568054 dv-cinder-760153-9-smb devstack@n-api.service[108106]: DEBUG oslo_concurrency.lockutils [None req-9443310f-58c7-417f-b506-548ec7ffff01 tempest-AttachVolumeNegativeTest-1486836628 tempest-AttachVolumeNegativeTest-1486836628-project] Lock "52398662-9eec-4fe5-8969-271f55f7fd9b" acquired by "nova.context.set_target_cell..get_or_set_cached_cell_and_set_connections" :: waited 0.000s {{(pid=108106) inner /usr/local/lib/python3.8/dist-packages/oslo_concurrency/lockutils.py:355}}
Sep 07 14:23:57.568502 dv-cinder-760153-9-smb devstack@n-api.service[108106]: DEBUG oslo_concurrency.lockutils [None req-9443310f-58c7-417f-b506-548ec7ffff01 tempest-AttachVolumeNegativeTest-1486836628 tempest-AttachVolumeNegativeTest-1486836628-project] Lock "52398662-9eec-4fe5-8969-271f55f7fd9b" released by "nova.context.set_target_cell..get_or_set_cached_cell_and_set_connections" :: held 0.001s {{(pid=108106) inner /usr/local/lib/python3.8/dist-packages/oslo_concurrency/lockutils.py:367}}
Sep 07 14:23:57.569328 dv-cinder-760153-9-smb devstack@n-api.service[108106]: DEBUG oslo_concurrency.lockutils [None req-9443310f-58c7-417f-b506-548ec7ffff01 tempest-AttachVolumeNegativeTest-1486836628 tempest-AttachVolumeNegativeTest-1486836628-project] Lock "52398662-9eec-4fe5-8969-271f55f7fd9b" acquired by "nova.context.set_target_cell..get_or_set_cached_cell_and_set_connections" :: waited 0.000s {{(pid=108106) inner /usr/local/lib/python3.8/dist-packages/oslo_concurrency/lockutils.py:355}}
Sep 07 14:23:57.569584 dv-cinder-760153-9-smb devstack@n-api.service[108107]: DEBUG nova.api.openstack.wsgi [None req-5955bad9-4bd5-426a-9ac0-8bc686cdc666 tempest-AttachVolumeShelveTestJSON-638829393 tempest-AttachVolumeShelveTestJSON-638829393-project] Action: 'action', calling method: >, body: {"os-getConsoleOutput": {}} {{(pid=108107) _process_stack /opt/stack/nova/nova/api/openstack/wsgi.py:511}}
Sep 07 14:23:57.570092 dv-cinder-760153-9-smb devstack@n-api.service[108106]: DEBUG oslo_concurrency.lockutils [None req-9443310f-58c7-417f-b506-548ec7ffff01 tempest-AttachVolumeNegativeTest-1486836628 tempest-AttachVolumeNegativeTest-1486836628-project] Lock "52398662-9eec-4fe5-8969-271f55f7fd9b" released by "nova.context.set_target_cell..get_or_set_cached_cell_and_set_connections" :: held 0.001s {{(pid=108106) inner /usr/local/lib/python3.8/dist-packages/oslo_concurrency/lockutils.py:367}}
Sep 07 14:23:57.570960 dv-cinder-760153-9-smb devstack@n-api.service[108107]: DEBUG nova.compute.api [None req-5955bad9-4bd5-426a-9ac0-8bc686cdc666 tempest-AttachVolumeShelveTestJSON-638829393 tempest-AttachVolumeShelveTestJSON-638829393-project] [instance: 20d7128c-8715-466a-8516-01f655965629] Fetching instance by UUID {{(pid=108107) get /opt/stack/nova/nova/compute/api.py:2863}}
Sep 07 14:23:57.583228 dv-cinder-760153-9-smb devstack@n-api.service[108107]: DEBUG oslo_concurrency.lockutils [None req-5955bad9-4bd5-426a-9ac0-8bc686cdc666 tempest-AttachVolumeShelveTestJSON-638829393 tempest-AttachVolumeShelveTestJSON-638829393-project] Lock "52398662-9eec-4fe5-8969-271f55f7fd9b" acquired by "nova.context.set_target_cell..get_or_set_cached_cell_and_set_connections" :: waited 0.000s {{(pid=108107) inner /usr/local/lib/python3.8/dist-packages/oslo_concurrency/lockutils.py:355}}
Sep 07 14:23:57.594374 dv-cinder-760153-9-smb devstack@n-api.service[108107]: DEBUG oslo_concurrency.lockutils [None req-5955bad9-4bd5-426a-9ac0-8bc686cdc666 tempest-AttachVolumeShelveTestJSON-638829393 tempest-AttachVolumeShelveTestJSON-638829393-project] Lock "52398662-9eec-4fe5-8969-271f55f7fd9b" released by "nova.context.set_target_cell..get_or_set_cached_cell_and_set_connections" :: held 0.001s {{(pid=108107) inner /usr/local/lib/python3.8/dist-packages/oslo_concurrency/lockutils.py:367}}
Sep 07 14:23:57.595798 dv-cinder-760153-9-smb devstack@n-api.service[108107]: DEBUG oslo_concurrency.lockutils [None req-5955bad9-4bd5-426a-9ac0-8bc686cdc666 tempest-AttachVolumeShelveTestJSON-638829393 tempest-AttachVolumeShelveTestJSON-638829393-project] Lock "52398662-9eec-4fe5-8969-271f55f7fd9b" acquired by "nova.context.set_target_cell..get_or_set_cached_cell_and_set_connections" :: waited 0.000s {{(pid=108107) inner /usr/local/lib/python3.8/dist-packages/oslo_concurrency/lockutils.py:355}}
Sep 07 14:23:57.596708 dv-cinder-760153-9-smb devstack@n-api.service[108107]: DEBUG oslo_concurrency.lockutils [None req-5955bad9-4bd5-426a-9ac0-8bc686cdc666 tempest-AttachVolumeShelveTestJSON-638829393 tempest-AttachVolumeShelveTestJSON-638829393-project] Lock "52398662-9eec-4fe5-8969-271f55f7fd9b" released by "nova.context.set_target_cell..get_or_set_cached_cell_and_set_connections" :: held 0.001s {{(pid=108107) inner /usr/local/lib/python3.8/dist-packages/oslo_concurrency/lockutils.py:367}}
Sep 07 14:23:57.682849 dv-cinder-760153-9-smb devstack@n-api.service[108107]: INFO nova.api.openstack.requestlog [None req-5955bad9-4bd5-426a-9ac0-8bc686cdc666 tempest-AttachVolumeShelveTestJSON-638829393 tempest-AttachVolumeShelveTestJSON-638829393-project] 10.222.0.72 "POST /compute/v2.1/servers/20d7128c-8715-466a-8516-01f655965629/action" status: 200 len: 14 microversion: 2.20 time: 0.118001
Sep 07 14:23:57.683506 dv-cinder-760153-9-smb devstack@n-api.service[108107]: [pid: 108107|app: 0|req: 79/167] 10.222.0.72 () {62 vars in 1319 bytes} [Tue Sep 7 14:23:57 2021] POST /compute/v2.1/servers/20d7128c-8715-466a-8516-01f655965629/action => generated 14 bytes in 120 msecs (HTTP/1.1 200) 9 headers in 358 bytes (2 switches on core 0)
Sep 07 14:23:57.738957 dv-cinder-760153-9-smb devstack@n-api.service[108107]: DEBUG nova.api.openstack.wsgi [req-36248a81-4c64-4545-ba68-1717e3c542e9 req-48026f32-d029-4fb2-aa49-6bce3390e9fb service nova] Action: 'create', calling method: >, body: {"events": [{"server_uuid": "c03c8ab9-77ca-43ad-9dde-fe9b3e5a47d9", "name": "network-vif-plugged", "status": "completed", "tag": "ce3471e8-716e-4226-af79-ed61e1ebda47"}]} {{(pid=108107) _process_stack /opt/stack/nova/nova/api/openstack/wsgi.py:511}}
