Sep 07 14:23:36.999965 dv-cinder-760153-9-smb devstack@c-api.service[100690]: /usr/local/lib/python3.8/dist-packages/oslo_context/context.py:105: DeprecationWarning: Policy enforcement is depending on the value of is_admin. This key is deprecated. Please update your policy file to use the standard policy values.
Sep 07 14:23:36.999965 dv-cinder-760153-9-smb devstack@c-api.service[100690]: warnings.warn('Policy enforcement is depending on the value of '
Sep 07 14:23:37.003561 dv-cinder-760153-9-smb devstack@c-api.service[100691]: INFO cinder.api.openstack.wsgi [None req-a0777fe5-bf89-49e6-a1f8-4db679109375 tempest-GroupSnapshotsTest-565616951 tempest-GroupSnapshotsTest-565616951-project] http://10.222.0.72/volume/v3/6486c063b1ca449185637f6907aa3a89/volumes/8e9e4c8e-8b9d-4924-8777-bc8136484112 returned with HTTP 200
Sep 07 14:23:37.009667 dv-cinder-760153-9-smb devstack@c-api.service[100691]: [pid: 100691|app: 0|req: 107/212] 10.222.0.72 () {60 vars in 1366 bytes} [Tue Sep 7 14:23:36 2021] GET /volume/v3/6486c063b1ca449185637f6907aa3a89/volumes/8e9e4c8e-8b9d-4924-8777-bc8136484112 => generated 1001 bytes in 112 msecs (HTTP/1.1 200) 7 headers in 287 bytes (1 switches on core 0)
Sep 07 14:23:37.028712 dv-cinder-760153-9-smb devstack@c-api.service[100691]: INFO cinder.api.openstack.wsgi [None req-5fc793d6-3fea-49da-9407-f8d49b027648 tempest-GroupSnapshotsTest-565616951 tempest-GroupSnapshotsTest-565616951-project] POST http://10.222.0.72/volume/v3/6486c063b1ca449185637f6907aa3a89/volumes
Sep 07 14:23:37.031529 dv-cinder-760153-9-smb devstack@c-api.service[100691]: /usr/local/lib/python3.8/dist-packages/webob/acceptparse.py:1047: DeprecationWarning: The behavior of AcceptValidHeader.best_match is currently being maintained for backward compatibility, but it will be deprecated in the future, as it does not conform to the RFC.
Sep 07 14:23:37.031529 dv-cinder-760153-9-smb devstack@c-api.service[100691]: warnings.warn(
Sep 07 14:23:37.031529 dv-cinder-760153-9-smb devstack@c-api.service[100691]: DEBUG cinder.api.openstack.wsgi [None req-5fc793d6-3fea-49da-9407-f8d49b027648 tempest-GroupSnapshotsTest-565616951 tempest-GroupSnapshotsTest-565616951-project] Action: 'create', calling method: create, body: {"volume": {"volume_type": "77fdc0c6-1a61-4abc-914f-e57bdb8ba97f", "group_id": "b9c6ef50-9ecd-4039-bd18-8972aa05eed0", "size": 1, "name": "tempest-GroupSnapshotsTest-Volume-1179013999"}} {{(pid=100691) _process_stack /opt/stack/cinder/cinder/api/openstack/wsgi.py:854}}
Sep 07 14:23:37.032472 dv-cinder-760153-9-smb devstack@c-api.service[100691]: DEBUG cinder.api.v3.volumes [None req-5fc793d6-3fea-49da-9407-f8d49b027648 tempest-GroupSnapshotsTest-565616951 tempest-GroupSnapshotsTest-565616951-project] Create volume request body: {'volume': {'volume_type': '77fdc0c6-1a61-4abc-914f-e57bdb8ba97f', 'group_id': 'b9c6ef50-9ecd-4039-bd18-8972aa05eed0', 'size': 1, 'name': 'tempest-GroupSnapshotsTest-Volume-1179013999'}} {{(pid=100691) create /opt/stack/cinder/cinder/api/v3/volumes.py:298}}
Sep 07 14:23:37.036630 dv-cinder-760153-9-smb devstack@c-api.service[100690]: INFO cinder.api.openstack.wsgi [None req-5842e648-45c0-464e-8280-c78e6e84ab0e tempest-VolumeTypesExtraSpecsTest-1458035256 tempest-VolumeTypesExtraSpecsTest-1458035256-project-admin] http://10.222.0.72/volume/v3/7cea5fb06c9b4674bafe0b8c6880e602/types returned with HTTP 200
Sep 07 14:23:37.037924 dv-cinder-760153-9-smb devstack@c-api.service[100690]: [pid: 100690|app: 0|req: 106/213] 10.222.0.72 () {60 vars in 1229 bytes} [Tue Sep 7 14:23:36 2021] POST /volume/v3/7cea5fb06c9b4674bafe0b8c6880e602/types => generated 231 bytes in 168 msecs (HTTP/1.1 200) 7 headers in 285 bytes (1 switches on core 0)
Sep 07 14:23:37.044412 dv-cinder-760153-9-smb devstack@c-api.service[100690]: INFO cinder.api.openstack.wsgi [None req-99167339-859f-47fb-b088-c30962f8c616 tempest-SnapshotsActionsTest-346899677 tempest-SnapshotsActionsTest-346899677-project] GET http://10.222.0.72/volume/v3/78efd79634b247e791e4a9c4b83c24da/snapshots/563ef172-b2ac-46d5-890f-99a1c02ab1a6
Sep 07 14:23:37.046154 dv-cinder-760153-9-smb devstack@c-api.service[100690]: DEBUG cinder.api.openstack.wsgi [None req-99167339-859f-47fb-b088-c30962f8c616 tempest-SnapshotsActionsTest-346899677 tempest-SnapshotsActionsTest-346899677-project] Empty body provided in request {{(pid=100690) get_body /opt/stack/cinder/cinder/api/openstack/wsgi.py:703}}
Sep 07 14:23:37.046897 dv-cinder-760153-9-smb devstack@c-api.service[100690]: DEBUG cinder.api.openstack.wsgi [None req-99167339-859f-47fb-b088-c30962f8c616 tempest-SnapshotsActionsTest-346899677 tempest-SnapshotsActionsTest-346899677-project] Calling method 'show' {{(pid=100690) _process_stack /opt/stack/cinder/cinder/api/openstack/wsgi.py:856}}
Sep 07 14:23:37.056856 dv-cinder-760153-9-smb devstack@c-api.service[100691]: /usr/local/lib/python3.8/dist-packages/oslo_context/context.py:105: DeprecationWarning: Policy enforcement is depending on the value of is_admin. This key is deprecated. Please update your policy file to use the standard policy values.
Sep 07 14:23:37.056856 dv-cinder-760153-9-smb devstack@c-api.service[100691]: warnings.warn('Policy enforcement is depending on the value of '
Sep 07 14:23:37.057873 dv-cinder-760153-9-smb devstack@c-api.service[100691]: INFO cinder.api.v3.volumes [None req-5fc793d6-3fea-49da-9407-f8d49b027648 tempest-GroupSnapshotsTest-565616951 tempest-GroupSnapshotsTest-565616951-project] Create volume of 1 GB
Sep 07 14:23:37.061979 dv-cinder-760153-9-smb devstack@c-api.service[100690]: /usr/local/lib/python3.8/dist-packages/oslo_context/context.py:105: DeprecationWarning: Policy enforcement is depending on the value of is_admin. This key is deprecated. Please update your policy file to use the standard policy values.
Sep 07 14:23:37.061979 dv-cinder-760153-9-smb devstack@c-api.service[100690]: warnings.warn('Policy enforcement is depending on the value of '
Sep 07 14:23:37.062998 dv-cinder-760153-9-smb devstack@c-api.service[100690]: INFO cinder.volume.api [None req-99167339-859f-47fb-b088-c30962f8c616 tempest-SnapshotsActionsTest-346899677 tempest-SnapshotsActionsTest-346899677-project] Snapshot retrieved successfully.
Sep 07 14:23:37.065006 dv-cinder-760153-9-smb devstack@c-api.service[100690]: INFO cinder.api.openstack.wsgi [None req-99167339-859f-47fb-b088-c30962f8c616 tempest-SnapshotsActionsTest-346899677 tempest-SnapshotsActionsTest-346899677-project] http://10.222.0.72/volume/v3/78efd79634b247e791e4a9c4b83c24da/snapshots/563ef172-b2ac-46d5-890f-99a1c02ab1a6 returned with HTTP 200
Sep 07 14:23:37.072362 dv-cinder-760153-9-smb devstack@c-api.service[100690]: [pid: 100690|app: 0|req: 107/214] 10.222.0.72 () {58 vars in 1331 bytes} [Tue Sep 7 14:23:37 2021] GET /volume/v3/78efd79634b247e791e4a9c4b83c24da/snapshots/563ef172-b2ac-46d5-890f-99a1c02ab1a6 => generated 569 bytes in 34 msecs (HTTP/1.1 200) 7 headers in 285 bytes (1 switches on core 0)
Sep 07 14:23:37.079209 dv-cinder-760153-9-smb devstack@c-api.service[100690]: INFO cinder.api.openstack.wsgi [None req-b670c781-c6e4-46a9-8798-139b7794113d tempest-VolumeTypesExtraSpecsTest-1458035256 tempest-VolumeTypesExtraSpecsTest-1458035256-project-admin] POST http://10.222.0.72/volume/v3/7cea5fb06c9b4674bafe0b8c6880e602/types/f290d364-b05d-4d14-b591-98f4f6d52e15/extra_specs
Sep 07 14:23:37.079774 dv-cinder-760153-9-smb devstack@c-api.service[100690]: /usr/local/lib/python3.8/dist-packages/webob/acceptparse.py:1047: DeprecationWarning: The behavior of AcceptValidHeader.best_match is currently being maintained for backward compatibility, but it will be deprecated in the future, as it does not conform to the RFC.
Sep 07 14:23:37.079774 dv-cinder-760153-9-smb devstack@c-api.service[100690]: warnings.warn(
Sep 07 14:23:37.080329 dv-cinder-760153-9-smb devstack@c-api.service[100690]: DEBUG cinder.api.openstack.wsgi [None req-b670c781-c6e4-46a9-8798-139b7794113d tempest-VolumeTypesExtraSpecsTest-1458035256 tempest-VolumeTypesExtraSpecsTest-1458035256-project-admin] Action: 'create', calling method: create, body: {"extra_specs": {"spec3": "val1"}} {{(pid=100690) _process_stack /opt/stack/cinder/cinder/api/openstack/wsgi.py:854}}
Sep 07 14:23:37.089027 dv-cinder-760153-9-smb devstack@c-api.service[100691]: INFO cinder.volume.api [None req-5fc793d6-3fea-49da-9407-f8d49b027648 tempest-GroupSnapshotsTest-565616951 tempest-GroupSnapshotsTest-565616951-project] Availability Zones retrieved successfully.
Sep 07 14:23:37.114901 dv-cinder-760153-9-smb devstack@c-api.service[100691]: DEBUG cinder.volume.api [None req-5fc793d6-3fea-49da-9407-f8d49b027648 tempest-GroupSnapshotsTest-565616951 tempest-GroupSnapshotsTest-565616951-project] Flow 'volume_create_api' (6a5226a7-4928-4399-beab-aa85c9715769) transitioned into state 'RUNNING' from state 'PENDING' {{(pid=100691) _flow_receiver /usr/local/lib/python3.8/dist-packages/taskflow/listeners/logging.py:141}}
Sep 07 14:23:37.117708 dv-cinder-760153-9-smb devstack@c-api.service[100691]: DEBUG cinder.volume.api [None req-5fc793d6-3fea-49da-9407-f8d49b027648 tempest-GroupSnapshotsTest-565616951 tempest-GroupSnapshotsTest-565616951-project] Task 'cinder.volume.flows.api.create_volume.ExtractVolumeRequestTask;volume:create' (2f8ef95a-c408-4145-9107-fe0fa7409c16) transitioned into state 'RUNNING' from state 'PENDING' {{(pid=100691) _task_receiver /usr/local/lib/python3.8/dist-packages/taskflow/listeners/logging.py:190}}
Sep 07 14:23:37.127147 dv-cinder-760153-9-smb devstack@c-api.service[100691]: /usr/local/lib/python3.8/dist-packages/oslo_context/context.py:105: DeprecationWarning: Policy enforcement is depending on the value of is_admin. This key is deprecated. Please update your policy file to use the standard policy values.
Sep 07 14:23:37.127147 dv-cinder-760153-9-smb devstack@c-api.service[100691]: warnings.warn('Policy enforcement is depending on the value of '
Sep 07 14:23:37.127755 dv-cinder-760153-9-smb devstack@c-api.service[100691]: DEBUG cinder.volume.flows.api.create_volume [None req-5fc793d6-3fea-49da-9407-f8d49b027648 tempest-GroupSnapshotsTest-565616951 tempest-GroupSnapshotsTest-565616951-project] Validating volume size '1' using validate_int {{(pid=100691) _extract_size /opt/stack/cinder/cinder/volume/flows/api/create_volume.py:225}}
Sep 07 14:23:37.148841 dv-cinder-760153-9-smb devstack@c-api.service[100690]: INFO cinder.api.openstack.wsgi [None req-b670c781-c6e4-46a9-8798-139b7794113d tempest-VolumeTypesExtraSpecsTest-1458035256 tempest-VolumeTypesExtraSpecsTest-1458035256-project-admin] http://10.222.0.72/volume/v3/7cea5fb06c9b4674bafe0b8c6880e602/types/f290d364-b05d-4d14-b591-98f4f6d52e15/extra_specs returned with HTTP 200
Sep 07 14:23:37.150274 dv-cinder-760153-9-smb devstack@c-api.service[100690]: [pid: 100690|app: 0|req: 108/215] 10.222.0.72 () {60 vars in 1376 bytes} [Tue Sep 7 14:23:37 2021] POST /volume/v3/7cea5fb06c9b4674bafe0b8c6880e602/types/f290d364-b05d-4d14-b591-98f4f6d52e15/extra_specs => generated 34 bytes in 77 msecs (HTTP/1.1 200) 7 headers in 284 bytes (1 switches on core 0)
Sep 07 14:23:37.155132 dv-cinder-760153-9-smb devstack@c-api.service[100690]: INFO cinder.api.openstack.wsgi [None req-cb10fa11-f7a6-4fa2-b5c8-6bacd51f9a1f tempest-SnapshotsActionsTest-1760064578 tempest-SnapshotsActionsTest-1760064578-project-admin] POST http://10.222.0.72/volume/v3/9a29a1f8b1bc425e8ac25543179df6dc/snapshots/563ef172-b2ac-46d5-890f-99a1c02ab1a6/action
Sep 07 14:23:37.155990 dv-cinder-760153-9-smb devstack@c-api.service[100690]: DEBUG cinder.api.openstack.wsgi [None req-cb10fa11-f7a6-4fa2-b5c8-6bacd51f9a1f tempest-SnapshotsActionsTest-1760064578 tempest-SnapshotsActionsTest-1760064578-project-admin] Action body: b'{"os-reset_status": {"status": "error_deleting"}}' {{(pid=100690) get_method /opt/stack/cinder/cinder/api/openstack/wsgi.py:971}}
Sep 07 14:23:37.156399 dv-cinder-760153-9-smb devstack@c-api.service[100690]: DEBUG cinder.api.openstack.wsgi [None req-cb10fa11-f7a6-4fa2-b5c8-6bacd51f9a1f tempest-SnapshotsActionsTest-1760064578 tempest-SnapshotsActionsTest-1760064578-project-admin] Action: 'action', calling method: _reset_status, body: {"os-reset_status": {"status": "error_deleting"}} {{(pid=100690) _process_stack /opt/stack/cinder/cinder/api/openstack/wsgi.py:854}}
Sep 07 14:23:37.157593 dv-cinder-760153-9-smb devstack@c-api.service[100690]: DEBUG cinder.api.contrib.admin_actions [None req-cb10fa11-f7a6-4fa2-b5c8-6bacd51f9a1f tempest-SnapshotsActionsTest-1760064578 tempest-SnapshotsActionsTest-1760064578-project-admin] Updating snapshot '563ef172-b2ac-46d5-890f-99a1c02ab1a6' with '{'status': 'error_deleting'}' {{(pid=100690) _reset_status /opt/stack/cinder/cinder/api/contrib/admin_actions.py:100}}
Sep 07 14:23:37.166230 dv-cinder-760153-9-smb devstack@c-api.service[100691]: DEBUG cinder.volume.api [None req-5fc793d6-3fea-49da-9407-f8d49b027648 tempest-GroupSnapshotsTest-565616951 tempest-GroupSnapshotsTest-565616951-project] Task 'cinder.volume.flows.api.create_volume.ExtractVolumeRequestTask;volume:create' (2f8ef95a-c408-4145-9107-fe0fa7409c16) transitioned into state 'SUCCESS' from state 'RUNNING' with result '{'size': 1, 'snapshot_id': None, 'source_volid': None, 'volume_type': VolumeType(created_at=2021-09-07T14:23:34Z,deleted=False,deleted_at=None,description=None,extra_specs={},id=77fdc0c6-1a61-4abc-914f-e57bdb8ba97f,is_public=True,name='tempest-GroupSnapshotsTest-volume-type-1756987635',projects=[],qos_specs=,qos_specs_id=None,updated_at=None), 'volume_type_id': '77fdc0c6-1a61-4abc-914f-e57bdb8ba97f', 'encryption_key_id': None, 'qos_specs': None, 'consistencygroup_id': None, 'cgsnapshot_id': None, 'group_id': 'b9c6ef50-9ecd-4039-bd18-8972aa05eed0', 'replication_status': 'disabled', 'refresh_az': False, 'backup_id': None, 'multiattach': False, 'availability_zones': ['nova']}' {{(pid=100691) _task_receiver /usr/local/lib/python3.8/dist-packages/taskflow/listeners/logging.py:178}}
Sep 07 14:23:37.168192 dv-cinder-760153-9-smb devstack@c-api.service[100691]: DEBUG cinder.volume.api [None req-5fc793d6-3fea-49da-9407-f8d49b027648 tempest-GroupSnapshotsTest-565616951 tempest-GroupSnapshotsTest-565616951-project] Task 'cinder.volume.flows.api.create_volume.QuotaReserveTask;volume:create' (05ab27ea-f92c-4040-aa11-9f314af4dc68) transitioned into state 'RUNNING' from state 'PENDING' {{(pid=100691) _task_receiver /usr/local/lib/python3.8/dist-packages/taskflow/listeners/logging.py:190}}
Sep 07 14:23:37.181356 dv-cinder-760153-9-smb devstack@c-api.service[100690]: /usr/local/lib/python3.8/dist-packages/oslo_context/context.py:105: DeprecationWarning: Policy enforcement is depending on the value of is_admin. This key is deprecated. Please update your policy file to use the standard policy values.
Sep 07 14:23:37.181356 dv-cinder-760153-9-smb devstack@c-api.service[100690]: warnings.warn('Policy enforcement is depending on the value of '
Sep 07 14:23:37.214673 dv-cinder-760153-9-smb devstack@c-api.service[100690]: INFO cinder.api.openstack.wsgi [None req-cb10fa11-f7a6-4fa2-b5c8-6bacd51f9a1f tempest-SnapshotsActionsTest-1760064578 tempest-SnapshotsActionsTest-1760064578-project-admin] http://10.222.0.72/volume/v3/9a29a1f8b1bc425e8ac25543179df6dc/snapshots/563ef172-b2ac-46d5-890f-99a1c02ab1a6/action returned with HTTP 202
Sep 07 14:23:37.215854 dv-cinder-760153-9-smb devstack@c-api.service[100690]: [pid: 100690|app: 0|req: 109/216] 10.222.0.72 () {60 vars in 1373 bytes} [Tue Sep 7 14:23:37 2021] POST /volume/v3/9a29a1f8b1bc425e8ac25543179df6dc/snapshots/563ef172-b2ac-46d5-890f-99a1c02ab1a6/action => generated 0 bytes in 65 msecs (HTTP/1.1 202) 7 headers in 289 bytes (1 switches on core 0)
Sep 07 14:23:37.223773 dv-cinder-760153-9-smb devstack@c-api.service[100690]: INFO cinder.api.openstack.wsgi [None req-8dec7ce2-406d-4dd2-b70d-3d7ed5c7433a tempest-VolumeTypesExtraSpecsTest-1458035256 tempest-VolumeTypesExtraSpecsTest-1458035256-project-admin] GET http://10.222.0.72/volume/v3/7cea5fb06c9b4674bafe0b8c6880e602/types/f290d364-b05d-4d14-b591-98f4f6d52e15/extra_specs/spec3
Sep 07 14:23:37.224793 dv-cinder-760153-9-smb devstack@c-api.service[100690]: DEBUG cinder.api.openstack.wsgi [None req-8dec7ce2-406d-4dd2-b70d-3d7ed5c7433a tempest-VolumeTypesExtraSpecsTest-1458035256 tempest-VolumeTypesExtraSpecsTest-1458035256-project-admin] Empty body provided in request {{(pid=100690) get_body /opt/stack/cinder/cinder/api/openstack/wsgi.py:703}}
Sep 07 14:23:37.224965 dv-cinder-760153-9-smb devstack@c-api.service[100690]: /usr/local/lib/python3.8/dist-packages/webob/acceptparse.py:1047: DeprecationWarning: The behavior of AcceptValidHeader.best_match is currently being maintained for backward compatibility, but it will be deprecated in the future, as it does not conform to the RFC.
Sep 07 14:23:37.224965 dv-cinder-760153-9-smb devstack@c-api.service[100690]: warnings.warn(
Sep 07 14:23:37.225368 dv-cinder-760153-9-smb devstack@c-api.service[100690]: DEBUG cinder.api.openstack.wsgi [None req-8dec7ce2-406d-4dd2-b70d-3d7ed5c7433a tempest-VolumeTypesExtraSpecsTest-1458035256 tempest-VolumeTypesExtraSpecsTest-1458035256-project-admin] Calling method 'show' {{(pid=100690) _process_stack /opt/stack/cinder/cinder/api/openstack/wsgi.py:856}}
Sep 07 14:23:37.226054 dv-cinder-760153-9-smb devstack@c-api.service[100690]: /usr/local/lib/python3.8/dist-packages/oslo_context/context.py:105: DeprecationWarning: Policy enforcement is depending on the value of is_admin. This key is deprecated. Please update your policy file to use the standard policy values.
Sep 07 14:23:37.226054 dv-cinder-760153-9-smb devstack@c-api.service[100690]: warnings.warn('Policy enforcement is depending on the value of '
Sep 07 14:23:37.240152 dv-cinder-760153-9-smb devstack@c-api.service[100691]: DEBUG cinder.quota [None req-5fc793d6-3fea-49da-9407-f8d49b027648 tempest-GroupSnapshotsTest-565616951 tempest-GroupSnapshotsTest-565616951-project] Created reservations ['914e287b-bff3-427f-b876-0cc1d15ad075', '902027f1-8b24-43b5-bdde-f32699c9ae2e', 'ae57eaa5-42b8-4752-94c0-ddf2fcb62994', '32389e2c-c6b5-404f-991b-649f9557dda9'] {{(pid=100691) reserve /opt/stack/cinder/cinder/quota.py:755}}
Sep 07 14:23:37.240891 dv-cinder-760153-9-smb devstack@c-api.service[100690]: INFO cinder.api.openstack.wsgi [None req-8dec7ce2-406d-4dd2-b70d-3d7ed5c7433a tempest-VolumeTypesExtraSpecsTest-1458035256 tempest-VolumeTypesExtraSpecsTest-1458035256-project-admin] http://10.222.0.72/volume/v3/7cea5fb06c9b4674bafe0b8c6880e602/types/f290d364-b05d-4d14-b591-98f4f6d52e15/extra_specs/spec3 returned with HTTP 200
Sep 07 14:23:37.242009 dv-cinder-760153-9-smb devstack@c-api.service[100690]: [pid: 100690|app: 0|req: 110/217] 10.222.0.72 () {58 vars in 1373 bytes} [Tue Sep 7 14:23:37 2021] GET /volume/v3/7cea5fb06c9b4674bafe0b8c6880e602/types/f290d364-b05d-4d14-b591-98f4f6d52e15/extra_specs/spec3 => generated 17 bytes in 26 msecs (HTTP/1.1 200) 7 headers in 284 bytes (1 switches on core 0)
Sep 07 14:23:37.242159 dv-cinder-760153-9-smb devstack@c-api.service[100691]: DEBUG cinder.volume.api [None req-5fc793d6-3fea-49da-9407-f8d49b027648 tempest-GroupSnapshotsTest-565616951 tempest-GroupSnapshotsTest-565616951-project] Task 'cinder.volume.flows.api.create_volume.QuotaReserveTask;volume:create' (05ab27ea-f92c-4040-aa11-9f314af4dc68) transitioned into state 'SUCCESS' from state 'RUNNING' with result '{'reservations': ['914e287b-bff3-427f-b876-0cc1d15ad075', '902027f1-8b24-43b5-bdde-f32699c9ae2e', 'ae57eaa5-42b8-4752-94c0-ddf2fcb62994', '32389e2c-c6b5-404f-991b-649f9557dda9']}' {{(pid=100691) _task_receiver /usr/local/lib/python3.8/dist-packages/taskflow/listeners/logging.py:178}}
Sep 07 14:23:37.246458 dv-cinder-760153-9-smb devstack@c-api.service[100690]: INFO cinder.api.openstack.wsgi [None req-0c37a283-db52-4084-92dd-9992b4d36801 tempest-SnapshotsActionsTest-346899677 tempest-SnapshotsActionsTest-346899677-project] GET http://10.222.0.72/volume/v3/78efd79634b247e791e4a9c4b83c24da/snapshots/563ef172-b2ac-46d5-890f-99a1c02ab1a6
Sep 07 14:23:37.247119 dv-cinder-760153-9-smb devstack@c-api.service[100690]: DEBUG cinder.api.openstack.wsgi [None req-0c37a283-db52-4084-92dd-9992b4d36801 tempest-SnapshotsActionsTest-346899677 tempest-SnapshotsActionsTest-346899677-project] Empty body provided in request {{(pid=100690) get_body /opt/stack/cinder/cinder/api/openstack/wsgi.py:703}}
Sep 07 14:23:37.248205 dv-cinder-760153-9-smb devstack@c-api.service[100690]: DEBUG cinder.api.openstack.wsgi [None req-0c37a283-db52-4084-92dd-9992b4d36801 tempest-SnapshotsActionsTest-346899677 tempest-SnapshotsActionsTest-346899677-project] Calling method 'show' {{(pid=100690) _process_stack /opt/stack/cinder/cinder/api/openstack/wsgi.py:856}}
Sep 07 14:23:37.249597 dv-cinder-760153-9-smb devstack@c-api.service[100691]: DEBUG cinder.volume.api [None req-5fc793d6-3fea-49da-9407-f8d49b027648 tempest-GroupSnapshotsTest-565616951 tempest-GroupSnapshotsTest-565616951-project] Task 'cinder.volume.flows.api.create_volume.EntryCreateTask;volume:create' (00d9c6fd-7a3b-40ef-b31c-128a787c99e1) transitioned into state 'RUNNING' from state 'PENDING' {{(pid=100691) _task_receiver /usr/local/lib/python3.8/dist-packages/taskflow/listeners/logging.py:190}}
Sep 07 14:23:37.259573 dv-cinder-760153-9-smb devstack@c-api.service[100690]: /usr/local/lib/python3.8/dist-packages/oslo_context/context.py:105: DeprecationWarning: Policy enforcement is depending on the value of is_admin. This key is deprecated. Please update your policy file to use the standard policy values.
Sep 07 14:23:37.259573 dv-cinder-760153-9-smb devstack@c-api.service[100690]: warnings.warn('Policy enforcement is depending on the value of '
Sep 07 14:23:37.260856 dv-cinder-760153-9-smb devstack@c-api.service[100690]: INFO cinder.volume.api [None req-0c37a283-db52-4084-92dd-9992b4d36801 tempest-SnapshotsActionsTest-346899677 tempest-SnapshotsActionsTest-346899677-project] Snapshot retrieved successfully.
Sep 07 14:23:37.264184 dv-cinder-760153-9-smb devstack@c-api.service[100690]: INFO cinder.api.openstack.wsgi [None req-0c37a283-db52-4084-92dd-9992b4d36801 tempest-SnapshotsActionsTest-346899677 tempest-SnapshotsActionsTest-346899677-project] http://10.222.0.72/volume/v3/78efd79634b247e791e4a9c4b83c24da/snapshots/563ef172-b2ac-46d5-890f-99a1c02ab1a6 returned with HTTP 200
Sep 07 14:23:37.265056 dv-cinder-760153-9-smb devstack@c-api.service[100690]: [pid: 100690|app: 0|req: 111/218] 10.222.0.72 () {58 vars in 1331 bytes} [Tue Sep 7 14:23:37 2021] GET /volume/v3/78efd79634b247e791e4a9c4b83c24da/snapshots/563ef172-b2ac-46d5-890f-99a1c02ab1a6 => generated 574 bytes in 22 msecs (HTTP/1.1 200) 7 headers in 285 bytes (1 switches on core 0)
Sep 07 14:23:37.275322 dv-cinder-760153-9-smb devstack@c-api.service[100690]: INFO cinder.api.openstack.wsgi [None req-9912a8f8-fb81-4d7b-8a63-66e6d012bfe0 tempest-VolumeTypesExtraSpecsTest-1458035256 tempest-VolumeTypesExtraSpecsTest-1458035256-project-admin] DELETE http://10.222.0.72/volume/v3/7cea5fb06c9b4674bafe0b8c6880e602/types/f290d364-b05d-4d14-b591-98f4f6d52e15/extra_specs/spec3
Sep 07 14:23:37.275917 dv-cinder-760153-9-smb devstack@c-api.service[100690]: DEBUG cinder.api.openstack.wsgi [None req-9912a8f8-fb81-4d7b-8a63-66e6d012bfe0 tempest-VolumeTypesExtraSpecsTest-1458035256 tempest-VolumeTypesExtraSpecsTest-1458035256-project-admin] Empty body provided in request {{(pid=100690) get_body /opt/stack/cinder/cinder/api/openstack/wsgi.py:703}}
Sep 07 14:23:37.276085 dv-cinder-760153-9-smb devstack@c-api.service[100690]: /usr/local/lib/python3.8/dist-packages/webob/acceptparse.py:1047: DeprecationWarning: The behavior of AcceptValidHeader.best_match is currently being maintained for backward compatibility, but it will be deprecated in the future, as it does not conform to the RFC.
Sep 07 14:23:37.276085 dv-cinder-760153-9-smb devstack@c-api.service[100690]: warnings.warn(
Sep 07 14:23:37.276732 dv-cinder-760153-9-smb devstack@c-api.service[100690]: DEBUG cinder.api.openstack.wsgi [None req-9912a8f8-fb81-4d7b-8a63-66e6d012bfe0 tempest-VolumeTypesExtraSpecsTest-1458035256 tempest-VolumeTypesExtraSpecsTest-1458035256-project-admin] Calling method 'delete' {{(pid=100690) _process_stack /opt/stack/cinder/cinder/api/openstack/wsgi.py:856}}
Sep 07 14:23:37.283707 dv-cinder-760153-9-smb devstack@c-api.service[100691]: DEBUG cinder.volume.api [None req-5fc793d6-3fea-49da-9407-f8d49b027648 tempest-GroupSnapshotsTest-565616951 tempest-GroupSnapshotsTest-565616951-project] Task 'cinder.volume.flows.api.create_volume.EntryCreateTask;volume:create' (00d9c6fd-7a3b-40ef-b31c-128a787c99e1) transitioned into state 'SUCCESS' from state 'RUNNING' with result '{'volume_id': '5a2eb205-d092-4eaf-9398-54b69f8da64a', 'volume_properties': VolumeProperties(attach_status='detached',availability_zone='nova',cgsnapshot_id=None,consistencygroup_id=None,display_description=None,display_name='tempest-GroupSnapshotsTest-Volume-1179013999',encryption_key_id=None,group_id=b9c6ef50-9ecd-4039-bd18-8972aa05eed0,group_type_id=,metadata={},multiattach=False,project_id='6486c063b1ca449185637f6907aa3a89',qos_specs=None,replication_status=,reservations=['914e287b-bff3-427f-b876-0cc1d15ad075','902027f1-8b24-43b5-bdde-f32699c9ae2e','ae57eaa5-42b8-4752-94c0-ddf2fcb62994','32389e2c-c6b5-404f-991b-649f9557dda9'],size=1,snapshot_id=None,source_replicaid=,source_volid=None,status='creating',user_id='917d090cc86544b1bd6807d8eb51a26f',volume_type_id=77fdc0c6-1a61-4abc-914f-e57bdb8ba97f), 'volume': Volume(_name_id=None,admin_metadata=,attach_status='detached',availability_zone='nova',bootable=False,cluster=,cluster_name=None,consistencygroup=,consistencygroup_id=None,created_at=2021-09-07T14:23:37Z,deleted=False,deleted_at=None,display_description=None,display_name='tempest-GroupSnapshotsTest-Volume-1179013999',ec2_id=None,encryption_key_id=None,glance_metadata=,group=,group_id=b9c6ef50-9ecd-4039-bd18-8972aa05eed0,host=None,id=5a2eb205-d092-4eaf-9398-54b69f8da64a,launched_at=None,metadata={},migration_status=None,multiattach=False,previous_status=None,project_id='6486c063b1ca449185637f6907aa3a89',provider_auth=None,provider_geometry=None,provider_id=None,provider_location=None,replication_driver_data=None,replication_extended_status=None,replication_status=None,scheduled_at=None,service_uuid=None,shared_targets=True,size=1,snapshot_id=None,snapshots=,source_volid=None,status='creating',terminated_at=None,updated_at=None,use_quota=True,user_id='917d090cc86544b1bd6807d8eb51a26f',volume_attachment=,volume_type=VolumeType(77fdc0c6-1a61-4abc-914f-e57bdb8ba97f),volume_type_id=77fdc0c6-1a61-4abc-914f-e57bdb8ba97f)}' {{(pid=100691) _task_receiver /usr/local/lib/python3.8/dist-packages/taskflow/listeners/logging.py:178}}
Sep 07 14:23:37.287207 dv-cinder-760153-9-smb devstack@c-api.service[100691]: DEBUG cinder.volume.api [None req-5fc793d6-3fea-49da-9407-f8d49b027648 tempest-GroupSnapshotsTest-565616951 tempest-GroupSnapshotsTest-565616951-project] Task 'cinder.volume.flows.api.create_volume.QuotaCommitTask;volume:create' (925c5042-7c40-47e4-a0c1-3c86c0b065db) transitioned into state 'RUNNING' from state 'PENDING' {{(pid=100691) _task_receiver /usr/local/lib/python3.8/dist-packages/taskflow/listeners/logging.py:190}}
Sep 07 14:23:37.341704 dv-cinder-760153-9-smb devstack@c-api.service[100691]: DEBUG cinder.volume.api [None req-5fc793d6-3fea-49da-9407-f8d49b027648 tempest-GroupSnapshotsTest-565616951 tempest-GroupSnapshotsTest-565616951-project] Task 'cinder.volume.flows.api.create_volume.QuotaCommitTask;volume:create' (925c5042-7c40-47e4-a0c1-3c86c0b065db) transitioned into state 'SUCCESS' from state 'RUNNING' with result '{'volume_properties': VolumeProperties(attach_status='detached',availability_zone='nova',cgsnapshot_id=None,consistencygroup_id=None,display_description=None,display_name='tempest-GroupSnapshotsTest-Volume-1179013999',encryption_key_id=None,group_id=b9c6ef50-9ecd-4039-bd18-8972aa05eed0,group_type_id=,metadata={},multiattach=False,project_id='6486c063b1ca449185637f6907aa3a89',qos_specs=None,replication_status=,reservations=['914e287b-bff3-427f-b876-0cc1d15ad075','902027f1-8b24-43b5-bdde-f32699c9ae2e','ae57eaa5-42b8-4752-94c0-ddf2fcb62994','32389e2c-c6b5-404f-991b-649f9557dda9'],size=1,snapshot_id=None,source_replicaid=,source_volid=None,status='creating',user_id='917d090cc86544b1bd6807d8eb51a26f',volume_type_id=77fdc0c6-1a61-4abc-914f-e57bdb8ba97f)}' {{(pid=100691) _task_receiver /usr/local/lib/python3.8/dist-packages/taskflow/listeners/logging.py:178}}
Sep 07 14:23:37.343656 dv-cinder-760153-9-smb devstack@c-api.service[100691]: DEBUG cinder.volume.api [None req-5fc793d6-3fea-49da-9407-f8d49b027648 tempest-GroupSnapshotsTest-565616951 tempest-GroupSnapshotsTest-565616951-project] Task 'cinder.volume.flows.api.create_volume.VolumeCastTask;volume:create' (f7498808-219e-475e-a084-3b9508d2be4b) transitioned into state 'RUNNING' from state 'PENDING' {{(pid=100691) _task_receiver /usr/local/lib/python3.8/dist-packages/taskflow/listeners/logging.py:190}}
Sep 07 14:23:37.366958 dv-cinder-760153-9-smb devstack@c-api.service[100690]: INFO cinder.api.openstack.wsgi [None req-9912a8f8-fb81-4d7b-8a63-66e6d012bfe0 tempest-VolumeTypesExtraSpecsTest-1458035256 tempest-VolumeTypesExtraSpecsTest-1458035256-project-admin] http://10.222.0.72/volume/v3/7cea5fb06c9b4674bafe0b8c6880e602/types/f290d364-b05d-4d14-b591-98f4f6d52e15/extra_specs/spec3 returned with HTTP 202
Sep 07 14:23:37.372586 dv-cinder-760153-9-smb devstack@c-api.service[100690]: [pid: 100690|app: 0|req: 112/219] 10.222.0.72 () {58 vars in 1376 bytes} [Tue Sep 7 14:23:37 2021] DELETE /volume/v3/7cea5fb06c9b4674bafe0b8c6880e602/types/f290d364-b05d-4d14-b591-98f4f6d52e15/extra_specs/spec3 => generated 0 bytes in 107 msecs (HTTP/1.1 202) 7 headers in 289 bytes (1 switches on core 0)
Sep 07 14:23:37.393721 dv-cinder-760153-9-smb devstack@c-api.service[100690]: INFO cinder.api.openstack.wsgi [None req-7d451863-7202-468d-bd15-f2020a2db606 tempest-SnapshotsActionsTest-1760064578 tempest-SnapshotsActionsTest-1760064578-project-admin] POST http://10.222.0.72/volume/v3/9a29a1f8b1bc425e8ac25543179df6dc/snapshots/563ef172-b2ac-46d5-890f-99a1c02ab1a6/action
Sep 07 14:23:37.394161 dv-cinder-760153-9-smb devstack@c-api.service[100691]: DEBUG cinder.volume.api [None req-5fc793d6-3fea-49da-9407-f8d49b027648 tempest-GroupSnapshotsTest-565616951 tempest-GroupSnapshotsTest-565616951-project] Task 'cinder.volume.flows.api.create_volume.VolumeCastTask;volume:create' (f7498808-219e-475e-a084-3b9508d2be4b) transitioned into state 'SUCCESS' from state 'RUNNING' with result 'None' {{(pid=100691) _task_receiver /usr/local/lib/python3.8/dist-packages/taskflow/listeners/logging.py:178}}
Sep 07 14:23:37.396277 dv-cinder-760153-9-smb devstack@c-api.service[100690]: DEBUG cinder.api.openstack.wsgi [None req-7d451863-7202-468d-bd15-f2020a2db606 tempest-SnapshotsActionsTest-1760064578 tempest-SnapshotsActionsTest-1760064578-project-admin] Action body: b'{"os-force_delete": {}}' {{(pid=100690) get_method /opt/stack/cinder/cinder/api/openstack/wsgi.py:971}}
Sep 07 14:23:37.396807 dv-cinder-760153-9-smb devstack@c-api.service[100690]: DEBUG cinder.api.openstack.wsgi [None req-7d451863-7202-468d-bd15-f2020a2db606 tempest-SnapshotsActionsTest-1760064578 tempest-SnapshotsActionsTest-1760064578-project-admin] Action: 'action', calling method: _force_delete, body: {"os-force_delete": {}} {{(pid=100690) _process_stack /opt/stack/cinder/cinder/api/openstack/wsgi.py:854}}
Sep 07 14:23:37.398628 dv-cinder-760153-9-smb devstack@c-api.service[100691]: DEBUG cinder.volume.api [None req-5fc793d6-3fea-49da-9407-f8d49b027648 tempest-GroupSnapshotsTest-565616951 tempest-GroupSnapshotsTest-565616951-project] Flow 'volume_create_api' (6a5226a7-4928-4399-beab-aa85c9715769) transitioned into state 'SUCCESS' from state 'RUNNING' {{(pid=100691) _flow_receiver /usr/local/lib/python3.8/dist-packages/taskflow/listeners/logging.py:141}}
Sep 07 14:23:37.406684 dv-cinder-760153-9-smb devstack@c-api.service[100691]: INFO cinder.volume.api [None req-5fc793d6-3fea-49da-9407-f8d49b027648 tempest-GroupSnapshotsTest-565616951 tempest-GroupSnapshotsTest-565616951-project] Create volume request issued successfully.
Sep 07 14:23:37.419074 dv-cinder-760153-9-smb devstack@c-api.service[100690]: /usr/local/lib/python3.8/dist-packages/oslo_context/context.py:105: DeprecationWarning: Policy enforcement is depending on the value of is_admin. This key is deprecated. Please update your policy file to use the standard policy values.
Sep 07 14:23:37.419074 dv-cinder-760153-9-smb devstack@c-api.service[100690]: warnings.warn('Policy enforcement is depending on the value of '
Sep 07 14:23:37.420220 dv-cinder-760153-9-smb devstack@c-api.service[100690]: INFO cinder.volume.api [None req-7d451863-7202-468d-bd15-f2020a2db606 tempest-SnapshotsActionsTest-1760064578 tempest-SnapshotsActionsTest-1760064578-project-admin] Snapshot retrieved successfully.
Sep 07 14:23:37.438441 dv-cinder-760153-9-smb devstack@c-api.service[100691]: WARNING stevedore.named [None req-5fc793d6-3fea-49da-9407-f8d49b027648 tempest-GroupSnapshotsTest-565616951 tempest-GroupSnapshotsTest-565616951-project] Could not load cinder.keymgr.conf_key_mgr.ConfKeyManager
Sep 07 14:23:37.439427 dv-cinder-760153-9-smb devstack@c-api.service[100691]: WARNING castellan.key_manager [None req-5fc793d6-3fea-49da-9407-f8d49b027648 tempest-GroupSnapshotsTest-565616951 tempest-GroupSnapshotsTest-565616951-project] Deprecation Warning : cinder.keymgr.conf_key_mgr.ConfKeyManager is not a stevedore based driver, trying to load it as a class: stevedore.exception.NoMatches: No 'castellan.drivers' driver found, looking for 'cinder.keymgr.conf_key_mgr.ConfKeyManager'
Sep 07 14:23:37.452363 dv-cinder-760153-9-smb devstack@c-api.service[100691]: DEBUG oslo_db.sqlalchemy.engines [None req-5fc793d6-3fea-49da-9407-f8d49b027648 tempest-GroupSnapshotsTest-565616951 tempest-GroupSnapshotsTest-565616951-project] MySQL server mode set to STRICT_TRANS_TABLES,STRICT_ALL_TABLES,NO_ZERO_IN_DATE,NO_ZERO_DATE,ERROR_FOR_DIVISION_BY_ZERO,TRADITIONAL,NO_ENGINE_SUBSTITUTION {{(pid=100691) _check_effective_sql_mode /usr/local/lib/python3.8/dist-packages/oslo_db/sqlalchemy/engines.py:314}}
Sep 07 14:23:37.468949 dv-cinder-760153-9-smb devstack@c-api.service[100691]: /usr/local/lib/python3.8/dist-packages/oslo_context/context.py:105: DeprecationWarning: Policy enforcement is depending on the value of is_admin. This key is deprecated. Please update your policy file to use the standard policy values.
Sep 07 14:23:37.468949 dv-cinder-760153-9-smb devstack@c-api.service[100691]: warnings.warn('Policy enforcement is depending on the value of '
Sep 07 14:23:37.487197 dv-cinder-760153-9-smb devstack@c-api.service[100690]: INFO cinder.volume.api [None req-7d451863-7202-468d-bd15-f2020a2db606 tempest-SnapshotsActionsTest-1760064578 tempest-SnapshotsActionsTest-1760064578-project-admin] Snapshot delete request issued successfully.
Sep 07 14:23:37.487701 dv-cinder-760153-9-smb devstack@c-api.service[100690]: INFO cinder.api.openstack.wsgi [None req-7d451863-7202-468d-bd15-f2020a2db606 tempest-SnapshotsActionsTest-1760064578 tempest-SnapshotsActionsTest-1760064578-project-admin] http://10.222.0.72/volume/v3/9a29a1f8b1bc425e8ac25543179df6dc/snapshots/563ef172-b2ac-46d5-890f-99a1c02ab1a6/action returned with HTTP 202
Sep 07 14:23:37.488656 dv-cinder-760153-9-smb devstack@c-api.service[100690]: [pid: 100690|app: 0|req: 113/220] 10.222.0.72 () {60 vars in 1373 bytes} [Tue Sep 7 14:23:37 2021] POST /volume/v3/9a29a1f8b1bc425e8ac25543179df6dc/snapshots/563ef172-b2ac-46d5-890f-99a1c02ab1a6/action => generated 0 bytes in 115 msecs (HTTP/1.1 202) 7 headers in 289 bytes (1 switches on core 0)
Sep 07 14:23:37.490985 dv-cinder-760153-9-smb devstack@c-api.service[100691]: INFO cinder.api.openstack.wsgi [None req-5fc793d6-3fea-49da-9407-f8d49b027648 tempest-GroupSnapshotsTest-565616951 tempest-GroupSnapshotsTest-565616951-project] http://10.222.0.72/volume/v3/6486c063b1ca449185637f6907aa3a89/volumes returned with HTTP 202
Sep 07 14:23:37.498269 dv-cinder-760153-9-smb devstack@c-api.service[100691]: [pid: 100691|app: 0|req: 108/221] 10.222.0.72 () {62 vars in 1277 bytes} [Tue Sep 7 14:23:37 2021] POST /volume/v3/6486c063b1ca449185637f6907aa3a89/volumes => generated 908 bytes in 483 msecs (HTTP/1.1 202) 7 headers in 292 bytes (1 switches on core 0)
Sep 07 14:23:37.503906 dv-cinder-760153-9-smb devstack@c-api.service[100690]: INFO cinder.api.openstack.wsgi [None req-0675c352-2851-4777-acb4-4d7b8e9e23a6 tempest-VolumeTypesExtraSpecsTest-1458035256 tempest-VolumeTypesExtraSpecsTest-1458035256-project-admin] GET http://10.222.0.72/volume/v3/7cea5fb06c9b4674bafe0b8c6880e602/types/f290d364-b05d-4d14-b591-98f4f6d52e15/extra_specs/spec3
Sep 07 14:23:37.505267 dv-cinder-760153-9-smb devstack@c-api.service[100690]: DEBUG cinder.api.openstack.wsgi [None req-0675c352-2851-4777-acb4-4d7b8e9e23a6 tempest-VolumeTypesExtraSpecsTest-1458035256 tempest-VolumeTypesExtraSpecsTest-1458035256-project-admin] Empty body provided in request {{(pid=100690) get_body /opt/stack/cinder/cinder/api/openstack/wsgi.py:703}}
Sep 07 14:23:37.505620 dv-cinder-760153-9-smb devstack@c-api.service[100690]: /usr/local/lib/python3.8/dist-packages/webob/acceptparse.py:1047: DeprecationWarning: The behavior of AcceptValidHeader.best_match is currently being maintained for backward compatibility, but it will be deprecated in the future, as it does not conform to the RFC.
Sep 07 14:23:37.505620 dv-cinder-760153-9-smb devstack@c-api.service[100690]: warnings.warn(
Sep 07 14:23:37.507972 dv-cinder-760153-9-smb devstack@c-api.service[100690]: DEBUG cinder.api.openstack.wsgi [None req-0675c352-2851-4777-acb4-4d7b8e9e23a6 tempest-VolumeTypesExtraSpecsTest-1458035256 tempest-VolumeTypesExtraSpecsTest-1458035256-project-admin] Calling method 'show' {{(pid=100690) _process_stack /opt/stack/cinder/cinder/api/openstack/wsgi.py:856}}
Sep 07 14:23:37.508888 dv-cinder-760153-9-smb devstack@c-api.service[100690]: /usr/local/lib/python3.8/dist-packages/oslo_context/context.py:105: DeprecationWarning: Policy enforcement is depending on the value of is_admin. This key is deprecated. Please update your policy file to use the standard policy values.
Sep 07 14:23:37.508888 dv-cinder-760153-9-smb devstack@c-api.service[100690]: warnings.warn('Policy enforcement is depending on the value of '
Sep 07 14:23:37.515923 dv-cinder-760153-9-smb devstack@c-api.service[100691]: INFO cinder.api.openstack.wsgi [None req-5e175693-72bd-44c8-9b03-cf3acc639591 tempest-SnapshotsActionsTest-346899677 tempest-SnapshotsActionsTest-346899677-project] GET http://10.222.0.72/volume/v3/78efd79634b247e791e4a9c4b83c24da/snapshots/563ef172-b2ac-46d5-890f-99a1c02ab1a6
Sep 07 14:23:37.516775 dv-cinder-760153-9-smb devstack@c-api.service[100691]: DEBUG cinder.api.openstack.wsgi [None req-5e175693-72bd-44c8-9b03-cf3acc639591 tempest-SnapshotsActionsTest-346899677 tempest-SnapshotsActionsTest-346899677-project] Empty body provided in request {{(pid=100691) get_body /opt/stack/cinder/cinder/api/openstack/wsgi.py:703}}
Sep 07 14:23:37.517132 dv-cinder-760153-9-smb devstack@c-api.service[100691]: /usr/local/lib/python3.8/dist-packages/webob/acceptparse.py:1047: DeprecationWarning: The behavior of AcceptValidHeader.best_match is currently being maintained for backward compatibility, but it will be deprecated in the future, as it does not conform to the RFC.
Sep 07 14:23:37.517132 dv-cinder-760153-9-smb devstack@c-api.service[100691]: warnings.warn(
Sep 07 14:23:37.521348 dv-cinder-760153-9-smb devstack@c-api.service[100691]: DEBUG cinder.api.openstack.wsgi [None req-5e175693-72bd-44c8-9b03-cf3acc639591 tempest-SnapshotsActionsTest-346899677 tempest-SnapshotsActionsTest-346899677-project] Calling method 'show' {{(pid=100691) _process_stack /opt/stack/cinder/cinder/api/openstack/wsgi.py:856}}
Sep 07 14:23:37.546758 dv-cinder-760153-9-smb devstack@c-api.service[100691]: /usr/local/lib/python3.8/dist-packages/oslo_context/context.py:105: DeprecationWarning: Policy enforcement is depending on the value of is_admin. This key is deprecated. Please update your policy file to use the standard policy values.
Sep 07 14:23:37.546758 dv-cinder-760153-9-smb devstack@c-api.service[100691]: warnings.warn('Policy enforcement is depending on the value of '
Sep 07 14:23:37.547179 dv-cinder-760153-9-smb devstack@c-api.service[100690]: INFO cinder.api.openstack.wsgi [None req-0675c352-2851-4777-acb4-4d7b8e9e23a6 tempest-VolumeTypesExtraSpecsTest-1458035256 tempest-VolumeTypesExtraSpecsTest-1458035256-project-admin] http://10.222.0.72/volume/v3/7cea5fb06c9b4674bafe0b8c6880e602/types/f290d364-b05d-4d14-b591-98f4f6d52e15/extra_specs/spec3 returned with HTTP 404
Sep 07 14:23:37.548243 dv-cinder-760153-9-smb devstack@c-api.service[100691]: INFO cinder.volume.api [None req-5e175693-72bd-44c8-9b03-cf3acc639591 tempest-SnapshotsActionsTest-346899677 tempest-SnapshotsActionsTest-346899677-project] Snapshot retrieved successfully.
Sep 07 14:23:37.550359 dv-cinder-760153-9-smb devstack@c-api.service[100691]: INFO cinder.api.openstack.wsgi [None req-5e175693-72bd-44c8-9b03-cf3acc639591 tempest-SnapshotsActionsTest-346899677 tempest-SnapshotsActionsTest-346899677-project] http://10.222.0.72/volume/v3/78efd79634b247e791e4a9c4b83c24da/snapshots/563ef172-b2ac-46d5-890f-99a1c02ab1a6 returned with HTTP 200
Sep 07 14:23:37.551508 dv-cinder-760153-9-smb devstack@c-api.service[100691]: [pid: 100691|app: 0|req: 109/222] 10.222.0.72 () {58 vars in 1331 bytes} [Tue Sep 7 14:23:37 2021] GET /volume/v3/78efd79634b247e791e4a9c4b83c24da/snapshots/563ef172-b2ac-46d5-890f-99a1c02ab1a6 => generated 568 bytes in 50 msecs (HTTP/1.1 200) 7 headers in 285 bytes (1 switches on core 0)
Sep 07 14:23:37.552607 dv-cinder-760153-9-smb devstack@c-api.service[100690]: [pid: 100690|app: 0|req: 114/223] 10.222.0.72 () {58 vars in 1373 bytes} [Tue Sep 7 14:23:37 2021] GET /volume/v3/7cea5fb06c9b4674bafe0b8c6880e602/types/f290d364-b05d-4d14-b591-98f4f6d52e15/extra_specs/spec3 => generated 129 bytes in 63 msecs (HTTP/1.1 404) 7 headers in 292 bytes (1 switches on core 0)
Sep 07 14:23:37.561215 dv-cinder-760153-9-smb devstack@c-api.service[100691]: INFO cinder.api.openstack.wsgi [None req-8b265a81-6392-4de3-9db1-8f395ff2df95 tempest-GroupSnapshotsTest-565616951 tempest-GroupSnapshotsTest-565616951-project] GET http://10.222.0.72/volume/v3/6486c063b1ca449185637f6907aa3a89/volumes/5a2eb205-d092-4eaf-9398-54b69f8da64a
Sep 07 14:23:37.562136 dv-cinder-760153-9-smb devstack@c-api.service[100691]: DEBUG cinder.api.openstack.wsgi [None req-8b265a81-6392-4de3-9db1-8f395ff2df95 tempest-GroupSnapshotsTest-565616951 tempest-GroupSnapshotsTest-565616951-project] Empty body provided in request {{(pid=100691) get_body /opt/stack/cinder/cinder/api/openstack/wsgi.py:703}}
Sep 07 14:23:37.562400 dv-cinder-760153-9-smb devstack@c-api.service[100691]: /usr/local/lib/python3.8/dist-packages/webob/acceptparse.py:1047: DeprecationWarning: The behavior of AcceptValidHeader.best_match is currently being maintained for backward compatibility, but it will be deprecated in the future, as it does not conform to the RFC.
Sep 07 14:23:37.562400 dv-cinder-760153-9-smb devstack@c-api.service[100691]: warnings.warn(
Sep 07 14:23:37.563206 dv-cinder-760153-9-smb devstack@c-api.service[100691]: DEBUG cinder.api.openstack.wsgi [None req-8b265a81-6392-4de3-9db1-8f395ff2df95 tempest-GroupSnapshotsTest-565616951 tempest-GroupSnapshotsTest-565616951-project] Calling method 'show' {{(pid=100691) _process_stack /opt/stack/cinder/cinder/api/openstack/wsgi.py:856}}
Sep 07 14:23:37.575220 dv-cinder-760153-9-smb devstack@c-api.service[100690]: INFO cinder.api.openstack.wsgi [None req-2f2b0415-ad0a-4cbe-be9e-2be214af0bb3 tempest-VolumeTypesExtraSpecsTest-1458035256 tempest-VolumeTypesExtraSpecsTest-1458035256-project-admin] POST http://10.222.0.72/volume/v3/7cea5fb06c9b4674bafe0b8c6880e602/types/f290d364-b05d-4d14-b591-98f4f6d52e15/extra_specs
Sep 07 14:23:37.576027 dv-cinder-760153-9-smb devstack@c-api.service[100690]: DEBUG cinder.api.openstack.wsgi [None req-2f2b0415-ad0a-4cbe-be9e-2be214af0bb3 tempest-VolumeTypesExtraSpecsTest-1458035256 tempest-VolumeTypesExtraSpecsTest-1458035256-project-admin] Action: 'create', calling method: create, body: {"extra_specs": {"spec1": "val1"}} {{(pid=100690) _process_stack /opt/stack/cinder/cinder/api/openstack/wsgi.py:854}}
Sep 07 14:23:37.582039 dv-cinder-760153-9-smb devstack@c-api.service[100691]: /usr/local/lib/python3.8/dist-packages/oslo_context/context.py:105: DeprecationWarning: Policy enforcement is depending on the value of is_admin. This key is deprecated. Please update your policy file to use the standard policy values.
Sep 07 14:23:37.582039 dv-cinder-760153-9-smb devstack@c-api.service[100691]: warnings.warn('Policy enforcement is depending on the value of '
Sep 07 14:23:37.595143 dv-cinder-760153-9-smb devstack@c-api.service[100691]: INFO cinder.volume.api [None req-8b265a81-6392-4de3-9db1-8f395ff2df95 tempest-GroupSnapshotsTest-565616951 tempest-GroupSnapshotsTest-565616951-project] Volume info retrieved successfully.
Sep 07 14:23:37.614946 dv-cinder-760153-9-smb devstack@c-api.service[100691]: WARNING stevedore.named [None req-8b265a81-6392-4de3-9db1-8f395ff2df95 tempest-GroupSnapshotsTest-565616951 tempest-GroupSnapshotsTest-565616951-project] Could not load cinder.keymgr.conf_key_mgr.ConfKeyManager
Sep 07 14:23:37.615359 dv-cinder-760153-9-smb devstack@c-api.service[100691]: WARNING castellan.key_manager [None req-8b265a81-6392-4de3-9db1-8f395ff2df95 tempest-GroupSnapshotsTest-565616951 tempest-GroupSnapshotsTest-565616951-project] Deprecation Warning : cinder.keymgr.conf_key_mgr.ConfKeyManager is not a stevedore based driver, trying to load it as a class: stevedore.exception.NoMatches: No 'castellan.drivers' driver found, looking for 'cinder.keymgr.conf_key_mgr.ConfKeyManager'
Sep 07 14:23:37.631000 dv-cinder-760153-9-smb devstack@c-api.service[100691]: DEBUG oslo_db.sqlalchemy.engines [None req-8b265a81-6392-4de3-9db1-8f395ff2df95 tempest-GroupSnapshotsTest-565616951 tempest-GroupSnapshotsTest-565616951-project] MySQL server mode set to STRICT_TRANS_TABLES,STRICT_ALL_TABLES,NO_ZERO_IN_DATE,NO_ZERO_DATE,ERROR_FOR_DIVISION_BY_ZERO,TRADITIONAL,NO_ENGINE_SUBSTITUTION {{(pid=100691) _check_effective_sql_mode /usr/local/lib/python3.8/dist-packages/oslo_db/sqlalchemy/engines.py:314}}
Sep 07 14:23:37.644465 dv-cinder-760153-9-smb devstack@c-api.service[100691]: /usr/local/lib/python3.8/dist-packages/oslo_context/context.py:105: DeprecationWarning: Policy enforcement is depending on the value of is_admin. This key is deprecated. Please update your policy file to use the standard policy values.
Sep 07 14:23:37.644465 dv-cinder-760153-9-smb devstack@c-api.service[100691]: warnings.warn('Policy enforcement is depending on the value of '
Sep 07 14:23:37.672581 dv-cinder-760153-9-smb devstack@c-api.service[100690]: INFO cinder.api.openstack.wsgi [None req-2f2b0415-ad0a-4cbe-be9e-2be214af0bb3 tempest-VolumeTypesExtraSpecsTest-1458035256 tempest-VolumeTypesExtraSpecsTest-1458035256-project-admin] http://10.222.0.72/volume/v3/7cea5fb06c9b4674bafe0b8c6880e602/types/f290d364-b05d-4d14-b591-98f4f6d52e15/extra_specs returned with HTTP 200
Sep 07 14:23:37.674820 dv-cinder-760153-9-smb devstack@c-api.service[100690]: [pid: 100690|app: 0|req: 115/224] 10.222.0.72 () {60 vars in 1376 bytes} [Tue Sep 7 14:23:37 2021] POST /volume/v3/7cea5fb06c9b4674bafe0b8c6880e602/types/f290d364-b05d-4d14-b591-98f4f6d52e15/extra_specs => generated 34 bytes in 117 msecs (HTTP/1.1 200) 7 headers in 284 bytes (1 switches on core 0)
Sep 07 14:23:37.678247 dv-cinder-760153-9-smb devstack@c-api.service[100691]: INFO cinder.api.openstack.wsgi [None req-8b265a81-6392-4de3-9db1-8f395ff2df95 tempest-GroupSnapshotsTest-565616951 tempest-GroupSnapshotsTest-565616951-project] http://10.222.0.72/volume/v3/6486c063b1ca449185637f6907aa3a89/volumes/5a2eb205-d092-4eaf-9398-54b69f8da64a returned with HTTP 200
Sep 07 14:23:37.686626 dv-cinder-760153-9-smb devstack@c-api.service[100691]: [pid: 100691|app: 0|req: 110/225] 10.222.0.72 () {60 vars in 1366 bytes} [Tue Sep 7 14:23:37 2021] GET /volume/v3/6486c063b1ca449185637f6907aa3a89/volumes/5a2eb205-d092-4eaf-9398-54b69f8da64a => generated 1000 bytes in 134 msecs (HTTP/1.1 200) 7 headers in 287 bytes (1 switches on core 0)
Sep 07 14:23:37.687492 dv-cinder-760153-9-smb devstack@c-api.service[100690]: INFO cinder.api.openstack.wsgi [None req-753956bd-e7f2-4732-a83c-57a6ba77c10b tempest-VolumeTypesExtraSpecsTest-1458035256 tempest-VolumeTypesExtraSpecsTest-1458035256-project-admin] GET http://10.222.0.72/volume/v3/7cea5fb06c9b4674bafe0b8c6880e602/types/f290d364-b05d-4d14-b591-98f4f6d52e15/extra_specs
Sep 07 14:23:37.688401 dv-cinder-760153-9-smb devstack@c-api.service[100690]: DEBUG cinder.api.openstack.wsgi [None req-753956bd-e7f2-4732-a83c-57a6ba77c10b tempest-VolumeTypesExtraSpecsTest-1458035256 tempest-VolumeTypesExtraSpecsTest-1458035256-project-admin] Empty body provided in request {{(pid=100690) get_body /opt/stack/cinder/cinder/api/openstack/wsgi.py:703}}
Sep 07 14:23:37.689182 dv-cinder-760153-9-smb devstack@c-api.service[100690]: DEBUG cinder.api.openstack.wsgi [None req-753956bd-e7f2-4732-a83c-57a6ba77c10b tempest-VolumeTypesExtraSpecsTest-1458035256 tempest-VolumeTypesExtraSpecsTest-1458035256-project-admin] Calling method 'index' {{(pid=100690) _process_stack /opt/stack/cinder/cinder/api/openstack/wsgi.py:856}}
Sep 07 14:23:37.712927 dv-cinder-760153-9-smb devstack@c-api.service[100690]: INFO cinder.api.openstack.wsgi [None req-753956bd-e7f2-4732-a83c-57a6ba77c10b tempest-VolumeTypesExtraSpecsTest-1458035256 tempest-VolumeTypesExtraSpecsTest-1458035256-project-admin] http://10.222.0.72/volume/v3/7cea5fb06c9b4674bafe0b8c6880e602/types/f290d364-b05d-4d14-b591-98f4f6d52e15/extra_specs returned with HTTP 200
