Sep 07 14:23:56.366188 dv-cinder-760153-9-smb devstack@c-api.service[100690]: DEBUG cinder.api.v3.groups [None req-91de209c-5785-4328-a65d-0463392fa482 tempest-GroupsTest-1891866777 tempest-GroupsTest-1891866777-project] delete called for group 4b74875a-b7e8-4b56-85e1-2ac514d6a8d9 {{(pid=100690) _delete /opt/stack/cinder/cinder/api/v3/groups.py:117}}
Sep 07 14:23:56.366554 dv-cinder-760153-9-smb devstack@c-api.service[100690]: INFO cinder.api.v3.groups [None req-91de209c-5785-4328-a65d-0463392fa482 tempest-GroupsTest-1891866777 tempest-GroupsTest-1891866777-project] Delete group with id: 4b74875a-b7e8-4b56-85e1-2ac514d6a8d9
Sep 07 14:23:56.373862 dv-cinder-760153-9-smb devstack@c-api.service[100690]: /usr/local/lib/python3.8/dist-packages/oslo_context/context.py:105: DeprecationWarning: Policy enforcement is depending on the value of is_admin. This key is deprecated. Please update your policy file to use the standard policy values.
Sep 07 14:23:56.373862 dv-cinder-760153-9-smb devstack@c-api.service[100690]: warnings.warn('Policy enforcement is depending on the value of '
Sep 07 14:23:56.375100 dv-cinder-760153-9-smb devstack@c-api.service[100691]: DEBUG cinder.volume.api [None req-1cdf2c8d-d9b6-4a98-bac5-eb39347803ee tempest-VolumesListAdminTestJSON-842261104 tempest-VolumesListAdminTestJSON-842261104-project] Task 'cinder.volume.flows.api.create_volume.EntryCreateTask;volume:create' (87c995ba-c861-4063-b776-2e257b0dcbe9) transitioned into state 'SUCCESS' from state 'RUNNING' with result '{'volume_id': '9e1b6946-709e-4869-b150-8deb495a68b7', 'volume_properties': VolumeProperties(attach_status='detached',availability_zone='nova',cgsnapshot_id=None,consistencygroup_id=None,display_description=None,display_name='tempest-VolumesListAdminTestJSON-Volume-1321762587',encryption_key_id=None,group_id=None,group_type_id=,metadata={},multiattach=False,project_id='7b500569d14b4d98ba1d954e4873981d',qos_specs=None,replication_status=,reservations=['b0b0bacf-a9f0-4947-a8ba-c55a0c9e3209','c74a118a-187e-453a-bbbc-4e51a9ef083c','fcc03ef8-57c7-4be5-b5b4-1b7d367dd4c9','f5e7b762-498f-46c2-9172-4c4d1a20355c'],size=1,snapshot_id=None,source_replicaid=,source_volid=None,status='creating',user_id='34d12cc6e2cc4bf6869d8051da4914a6',volume_type_id=ceb932fb-57d3-4fde-9fa0-90234ab550d1), 'volume': Volume(_name_id=None,admin_metadata=,attach_status='detached',availability_zone='nova',bootable=False,cluster=,cluster_name=None,consistencygroup=,consistencygroup_id=None,created_at=2021-09-07T14:23:56Z,deleted=False,deleted_at=None,display_description=None,display_name='tempest-VolumesListAdminTestJSON-Volume-1321762587',ec2_id=None,encryption_key_id=None,glance_metadata=,group=,group_id=None,host=None,id=9e1b6946-709e-4869-b150-8deb495a68b7,launched_at=None,metadata={},migration_status=None,multiattach=False,previous_status=None,project_id='7b500569d14b4d98ba1d954e4873981d',provider_auth=None,provider_geometry=None,provider_id=None,provider_location=None,replication_driver_data=None,replication_extended_status=None,replication_status=None,scheduled_at=None,service_uuid=None,shared_targets=True,size=1,snapshot_id=None,snapshots=,source_volid=None,status='creating',terminated_at=None,updated_at=None,use_quota=True,user_id='34d12cc6e2cc4bf6869d8051da4914a6',volume_attachment=,volume_type=VolumeType(ceb932fb-57d3-4fde-9fa0-90234ab550d1),volume_type_id=ceb932fb-57d3-4fde-9fa0-90234ab550d1)}' {{(pid=100691) _task_receiver /usr/local/lib/python3.8/dist-packages/taskflow/listeners/logging.py:178}}
Sep 07 14:23:56.377907 dv-cinder-760153-9-smb devstack@c-api.service[100691]: DEBUG cinder.volume.api [None req-1cdf2c8d-d9b6-4a98-bac5-eb39347803ee tempest-VolumesListAdminTestJSON-842261104 tempest-VolumesListAdminTestJSON-842261104-project] Task 'cinder.volume.flows.api.create_volume.QuotaCommitTask;volume:create' (9b9e2c18-2b08-4e04-8dd7-6f1a43ac828d) transitioned into state 'RUNNING' from state 'PENDING' {{(pid=100691) _task_receiver /usr/local/lib/python3.8/dist-packages/taskflow/listeners/logging.py:190}}
Sep 07 14:23:56.411838 dv-cinder-760153-9-smb devstack@c-api.service[100691]: DEBUG cinder.volume.api [None req-1cdf2c8d-d9b6-4a98-bac5-eb39347803ee tempest-VolumesListAdminTestJSON-842261104 tempest-VolumesListAdminTestJSON-842261104-project] Task 'cinder.volume.flows.api.create_volume.QuotaCommitTask;volume:create' (9b9e2c18-2b08-4e04-8dd7-6f1a43ac828d) transitioned into state 'SUCCESS' from state 'RUNNING' with result '{'volume_properties': VolumeProperties(attach_status='detached',availability_zone='nova',cgsnapshot_id=None,consistencygroup_id=None,display_description=None,display_name='tempest-VolumesListAdminTestJSON-Volume-1321762587',encryption_key_id=None,group_id=None,group_type_id=,metadata={},multiattach=False,project_id='7b500569d14b4d98ba1d954e4873981d',qos_specs=None,replication_status=,reservations=['b0b0bacf-a9f0-4947-a8ba-c55a0c9e3209','c74a118a-187e-453a-bbbc-4e51a9ef083c','fcc03ef8-57c7-4be5-b5b4-1b7d367dd4c9','f5e7b762-498f-46c2-9172-4c4d1a20355c'],size=1,snapshot_id=None,source_replicaid=,source_volid=None,status='creating',user_id='34d12cc6e2cc4bf6869d8051da4914a6',volume_type_id=ceb932fb-57d3-4fde-9fa0-90234ab550d1)}' {{(pid=100691) _task_receiver /usr/local/lib/python3.8/dist-packages/taskflow/listeners/logging.py:178}}
Sep 07 14:23:56.414790 dv-cinder-760153-9-smb devstack@c-api.service[100691]: DEBUG cinder.volume.api [None req-1cdf2c8d-d9b6-4a98-bac5-eb39347803ee tempest-VolumesListAdminTestJSON-842261104 tempest-VolumesListAdminTestJSON-842261104-project] Task 'cinder.volume.flows.api.create_volume.VolumeCastTask;volume:create' (f2a09aa2-823d-4bec-b606-094bcb9ab2d5) transitioned into state 'RUNNING' from state 'PENDING' {{(pid=100691) _task_receiver /usr/local/lib/python3.8/dist-packages/taskflow/listeners/logging.py:190}}
Sep 07 14:23:56.439971 dv-cinder-760153-9-smb devstack@c-api.service[100691]: DEBUG cinder.volume.api [None req-1cdf2c8d-d9b6-4a98-bac5-eb39347803ee tempest-VolumesListAdminTestJSON-842261104 tempest-VolumesListAdminTestJSON-842261104-project] Task 'cinder.volume.flows.api.create_volume.VolumeCastTask;volume:create' (f2a09aa2-823d-4bec-b606-094bcb9ab2d5) transitioned into state 'SUCCESS' from state 'RUNNING' with result 'None' {{(pid=100691) _task_receiver /usr/local/lib/python3.8/dist-packages/taskflow/listeners/logging.py:178}}
Sep 07 14:23:56.446194 dv-cinder-760153-9-smb devstack@c-api.service[100691]: DEBUG cinder.volume.api [None req-1cdf2c8d-d9b6-4a98-bac5-eb39347803ee tempest-VolumesListAdminTestJSON-842261104 tempest-VolumesListAdminTestJSON-842261104-project] Flow 'volume_create_api' (c277cae2-d60d-4233-be45-fc485e6b67ba) transitioned into state 'SUCCESS' from state 'RUNNING' {{(pid=100691) _flow_receiver /usr/local/lib/python3.8/dist-packages/taskflow/listeners/logging.py:141}}
Sep 07 14:23:56.446923 dv-cinder-760153-9-smb devstack@c-api.service[100691]: INFO cinder.volume.api [None req-1cdf2c8d-d9b6-4a98-bac5-eb39347803ee tempest-VolumesListAdminTestJSON-842261104 tempest-VolumesListAdminTestJSON-842261104-project] Create volume request issued successfully.
Sep 07 14:23:56.459102 dv-cinder-760153-9-smb devstack@c-api.service[100691]: INFO cinder.api.openstack.wsgi [None req-1cdf2c8d-d9b6-4a98-bac5-eb39347803ee tempest-VolumesListAdminTestJSON-842261104 tempest-VolumesListAdminTestJSON-842261104-project] http://10.222.0.72/volume/v3/7b500569d14b4d98ba1d954e4873981d/volumes returned with HTTP 202
Sep 07 14:23:56.460369 dv-cinder-760153-9-smb devstack@c-api.service[100691]: [pid: 100691|app: 0|req: 209/425] 10.222.0.72 () {60 vars in 1235 bytes} [Tue Sep 7 14:23:56 2021] POST /volume/v3/7b500569d14b4d98ba1d954e4873981d/volumes => generated 824 bytes in 380 msecs (HTTP/1.1 202) 7 headers in 291 bytes (1 switches on core 0)
Sep 07 14:23:56.475917 dv-cinder-760153-9-smb devstack@c-api.service[100691]: INFO cinder.api.openstack.wsgi [None req-e464d56c-7262-4e86-93cc-56c2437ff3a6 tempest-VolumesListAdminTestJSON-842261104 tempest-VolumesListAdminTestJSON-842261104-project] GET http://10.222.0.72/volume/v3/7b500569d14b4d98ba1d954e4873981d/volumes/9e1b6946-709e-4869-b150-8deb495a68b7
Sep 07 14:23:56.476369 dv-cinder-760153-9-smb devstack@c-api.service[100691]: DEBUG cinder.api.openstack.wsgi [None req-e464d56c-7262-4e86-93cc-56c2437ff3a6 tempest-VolumesListAdminTestJSON-842261104 tempest-VolumesListAdminTestJSON-842261104-project] Empty body provided in request {{(pid=100691) get_body /opt/stack/cinder/cinder/api/openstack/wsgi.py:703}}
Sep 07 14:23:56.476581 dv-cinder-760153-9-smb devstack@c-api.service[100691]: /usr/local/lib/python3.8/dist-packages/webob/acceptparse.py:1047: DeprecationWarning: The behavior of AcceptValidHeader.best_match is currently being maintained for backward compatibility, but it will be deprecated in the future, as it does not conform to the RFC.
Sep 07 14:23:56.476581 dv-cinder-760153-9-smb devstack@c-api.service[100691]: warnings.warn(
Sep 07 14:23:56.476860 dv-cinder-760153-9-smb devstack@c-api.service[100691]: DEBUG cinder.api.openstack.wsgi [None req-e464d56c-7262-4e86-93cc-56c2437ff3a6 tempest-VolumesListAdminTestJSON-842261104 tempest-VolumesListAdminTestJSON-842261104-project] Calling method 'show' {{(pid=100691) _process_stack /opt/stack/cinder/cinder/api/openstack/wsgi.py:856}}
Sep 07 14:23:56.490163 dv-cinder-760153-9-smb devstack@c-api.service[100690]: INFO cinder.api.openstack.wsgi [None req-91de209c-5785-4328-a65d-0463392fa482 tempest-GroupsTest-1891866777 tempest-GroupsTest-1891866777-project] http://10.222.0.72/volume/v3/33765c13fc1246a88ee89be653418235/groups/4b74875a-b7e8-4b56-85e1-2ac514d6a8d9/action returned with HTTP 202
Sep 07 14:23:56.494354 dv-cinder-760153-9-smb devstack@c-api.service[100690]: [pid: 100690|app: 0|req: 217/426] 10.222.0.72 () {62 vars in 1405 bytes} [Tue Sep 7 14:23:56 2021] POST /volume/v3/33765c13fc1246a88ee89be653418235/groups/4b74875a-b7e8-4b56-85e1-2ac514d6a8d9/action => generated 0 bytes in 133 msecs (HTTP/1.1 202) 6 headers in 234 bytes (2 switches on core 0)
Sep 07 14:23:56.500314 dv-cinder-760153-9-smb devstack@c-api.service[100690]: INFO cinder.api.openstack.wsgi [None req-ccab6a4f-f71c-4efd-b740-a568c145a0ab tempest-GroupsTest-1891866777 tempest-GroupsTest-1891866777-project] GET http://10.222.0.72/volume/v3/33765c13fc1246a88ee89be653418235/volumes/3c78e7fe-233a-4e3f-8fbe-5a1619569386
Sep 07 14:23:56.501975 dv-cinder-760153-9-smb devstack@c-api.service[100690]: DEBUG cinder.api.openstack.wsgi [None req-ccab6a4f-f71c-4efd-b740-a568c145a0ab tempest-GroupsTest-1891866777 tempest-GroupsTest-1891866777-project] Empty body provided in request {{(pid=100690) get_body /opt/stack/cinder/cinder/api/openstack/wsgi.py:703}}
Sep 07 14:23:56.502154 dv-cinder-760153-9-smb devstack@c-api.service[100690]: /usr/local/lib/python3.8/dist-packages/webob/acceptparse.py:1047: DeprecationWarning: The behavior of AcceptValidHeader.best_match is currently being maintained for backward compatibility, but it will be deprecated in the future, as it does not conform to the RFC.
Sep 07 14:23:56.502154 dv-cinder-760153-9-smb devstack@c-api.service[100690]: warnings.warn(
Sep 07 14:23:56.502478 dv-cinder-760153-9-smb devstack@c-api.service[100690]: DEBUG cinder.api.openstack.wsgi [None req-ccab6a4f-f71c-4efd-b740-a568c145a0ab tempest-GroupsTest-1891866777 tempest-GroupsTest-1891866777-project] Calling method 'show' {{(pid=100690) _process_stack /opt/stack/cinder/cinder/api/openstack/wsgi.py:856}}
Sep 07 14:23:56.515625 dv-cinder-760153-9-smb devstack@c-api.service[100691]: /usr/local/lib/python3.8/dist-packages/oslo_context/context.py:105: DeprecationWarning: Policy enforcement is depending on the value of is_admin. This key is deprecated. Please update your policy file to use the standard policy values.
Sep 07 14:23:56.515625 dv-cinder-760153-9-smb devstack@c-api.service[100691]: warnings.warn('Policy enforcement is depending on the value of '
Sep 07 14:23:56.525156 dv-cinder-760153-9-smb devstack@c-api.service[100691]: INFO cinder.volume.api [None req-e464d56c-7262-4e86-93cc-56c2437ff3a6 tempest-VolumesListAdminTestJSON-842261104 tempest-VolumesListAdminTestJSON-842261104-project] Volume info retrieved successfully.
Sep 07 14:23:56.526977 dv-cinder-760153-9-smb devstack@c-api.service[100690]: /usr/local/lib/python3.8/dist-packages/oslo_context/context.py:105: DeprecationWarning: Policy enforcement is depending on the value of is_admin. This key is deprecated. Please update your policy file to use the standard policy values.
Sep 07 14:23:56.526977 dv-cinder-760153-9-smb devstack@c-api.service[100690]: warnings.warn('Policy enforcement is depending on the value of '
Sep 07 14:23:56.543013 dv-cinder-760153-9-smb devstack@c-api.service[100691]: INFO cinder.api.openstack.wsgi [None req-e464d56c-7262-4e86-93cc-56c2437ff3a6 tempest-VolumesListAdminTestJSON-842261104 tempest-VolumesListAdminTestJSON-842261104-project] http://10.222.0.72/volume/v3/7b500569d14b4d98ba1d954e4873981d/volumes/9e1b6946-709e-4869-b150-8deb495a68b7 returned with HTTP 200
Sep 07 14:23:56.551476 dv-cinder-760153-9-smb devstack@c-api.service[100690]: INFO cinder.volume.api [None req-ccab6a4f-f71c-4efd-b740-a568c145a0ab tempest-GroupsTest-1891866777 tempest-GroupsTest-1891866777-project] Volume info retrieved successfully.
Sep 07 14:23:56.551635 dv-cinder-760153-9-smb devstack@c-api.service[100691]: [pid: 100691|app: 0|req: 210/427] 10.222.0.72 () {58 vars in 1325 bytes} [Tue Sep 7 14:23:56 2021] GET /volume/v3/7b500569d14b4d98ba1d954e4873981d/volumes/9e1b6946-709e-4869-b150-8deb495a68b7 => generated 892 bytes in 74 msecs (HTTP/1.1 200) 7 headers in 285 bytes (2 switches on core 0)
Sep 07 14:23:56.555299 dv-cinder-760153-9-smb devstack@c-api.service[100690]: WARNING stevedore.named [None req-ccab6a4f-f71c-4efd-b740-a568c145a0ab tempest-GroupsTest-1891866777 tempest-GroupsTest-1891866777-project] Could not load cinder.keymgr.conf_key_mgr.ConfKeyManager
Sep 07 14:23:56.555723 dv-cinder-760153-9-smb devstack@c-api.service[100690]: WARNING castellan.key_manager [None req-ccab6a4f-f71c-4efd-b740-a568c145a0ab tempest-GroupsTest-1891866777 tempest-GroupsTest-1891866777-project] Deprecation Warning : cinder.keymgr.conf_key_mgr.ConfKeyManager is not a stevedore based driver, trying to load it as a class: stevedore.exception.NoMatches: No 'castellan.drivers' driver found, looking for 'cinder.keymgr.conf_key_mgr.ConfKeyManager'
Sep 07 14:23:56.566672 dv-cinder-760153-9-smb devstack@c-api.service[100690]: DEBUG oslo_db.sqlalchemy.engines [None req-ccab6a4f-f71c-4efd-b740-a568c145a0ab tempest-GroupsTest-1891866777 tempest-GroupsTest-1891866777-project] MySQL server mode set to STRICT_TRANS_TABLES,STRICT_ALL_TABLES,NO_ZERO_IN_DATE,NO_ZERO_DATE,ERROR_FOR_DIVISION_BY_ZERO,TRADITIONAL,NO_ENGINE_SUBSTITUTION {{(pid=100690) _check_effective_sql_mode /usr/local/lib/python3.8/dist-packages/oslo_db/sqlalchemy/engines.py:314}}
Sep 07 14:23:56.574808 dv-cinder-760153-9-smb devstack@c-api.service[100690]: /usr/local/lib/python3.8/dist-packages/oslo_context/context.py:105: DeprecationWarning: Policy enforcement is depending on the value of is_admin. This key is deprecated. Please update your policy file to use the standard policy values.
Sep 07 14:23:56.574808 dv-cinder-760153-9-smb devstack@c-api.service[100690]: warnings.warn('Policy enforcement is depending on the value of '
Sep 07 14:23:56.589047 dv-cinder-760153-9-smb devstack@c-api.service[100690]: INFO cinder.api.openstack.wsgi [None req-ccab6a4f-f71c-4efd-b740-a568c145a0ab tempest-GroupsTest-1891866777 tempest-GroupsTest-1891866777-project] http://10.222.0.72/volume/v3/33765c13fc1246a88ee89be653418235/volumes/3c78e7fe-233a-4e3f-8fbe-5a1619569386 returned with HTTP 200
Sep 07 14:23:56.589779 dv-cinder-760153-9-smb devstack@c-api.service[100690]: [pid: 100690|app: 0|req: 218/428] 10.222.0.72 () {60 vars in 1366 bytes} [Tue Sep 7 14:23:56 2021] GET /volume/v3/33765c13fc1246a88ee89be653418235/volumes/3c78e7fe-233a-4e3f-8fbe-5a1619569386 => generated 982 bytes in 95 msecs (HTTP/1.1 200) 7 headers in 286 bytes (2 switches on core 0)
Sep 07 14:23:56.731554 dv-cinder-760153-9-smb devstack@c-api.service[100691]: INFO cinder.api.openstack.wsgi [req-4cd449e4-37e6-4e22-9902-4399d3b13cf1 req-964b0734-3c7e-441a-87b3-09baf3136922 tempest-VolumesGetTestJSON-1894590523 tempest-VolumesGetTestJSON-1894590523-project] GET http://10.222.0.72/volume/v3/cbdad819889e47d1abe2d3a51d9938f7/volumes/508428a5-d5e4-4391-b97e-83b33a2116c3
Sep 07 14:23:56.732092 dv-cinder-760153-9-smb devstack@c-api.service[100691]: DEBUG cinder.api.openstack.wsgi [req-4cd449e4-37e6-4e22-9902-4399d3b13cf1 req-964b0734-3c7e-441a-87b3-09baf3136922 tempest-VolumesGetTestJSON-1894590523 tempest-VolumesGetTestJSON-1894590523-project] Empty body provided in request {{(pid=100691) get_body /opt/stack/cinder/cinder/api/openstack/wsgi.py:703}}
Sep 07 14:23:56.732334 dv-cinder-760153-9-smb devstack@c-api.service[100691]: /usr/local/lib/python3.8/dist-packages/webob/acceptparse.py:1047: DeprecationWarning: The behavior of AcceptValidHeader.best_match is currently being maintained for backward compatibility, but it will be deprecated in the future, as it does not conform to the RFC.
Sep 07 14:23:56.732334 dv-cinder-760153-9-smb devstack@c-api.service[100691]: warnings.warn(
Sep 07 14:23:56.732790 dv-cinder-760153-9-smb devstack@c-api.service[100691]: DEBUG cinder.api.openstack.wsgi [req-4cd449e4-37e6-4e22-9902-4399d3b13cf1 req-964b0734-3c7e-441a-87b3-09baf3136922 tempest-VolumesGetTestJSON-1894590523 tempest-VolumesGetTestJSON-1894590523-project] Calling method 'show' {{(pid=100691) _process_stack /opt/stack/cinder/cinder/api/openstack/wsgi.py:856}}
Sep 07 14:23:56.748147 dv-cinder-760153-9-smb devstack@c-api.service[100691]: /usr/local/lib/python3.8/dist-packages/oslo_context/context.py:105: DeprecationWarning: Policy enforcement is depending on the value of is_admin. This key is deprecated. Please update your policy file to use the standard policy values.
Sep 07 14:23:56.748147 dv-cinder-760153-9-smb devstack@c-api.service[100691]: warnings.warn('Policy enforcement is depending on the value of '
Sep 07 14:23:56.756196 dv-cinder-760153-9-smb devstack@c-api.service[100691]: INFO cinder.volume.api [req-4cd449e4-37e6-4e22-9902-4399d3b13cf1 req-964b0734-3c7e-441a-87b3-09baf3136922 tempest-VolumesGetTestJSON-1894590523 tempest-VolumesGetTestJSON-1894590523-project] Volume info retrieved successfully.
Sep 07 14:23:56.770731 dv-cinder-760153-9-smb devstack@c-api.service[100691]: INFO cinder.api.openstack.wsgi [req-4cd449e4-37e6-4e22-9902-4399d3b13cf1 req-964b0734-3c7e-441a-87b3-09baf3136922 tempest-VolumesGetTestJSON-1894590523 tempest-VolumesGetTestJSON-1894590523-project] http://10.222.0.72/volume/v3/cbdad819889e47d1abe2d3a51d9938f7/volumes/508428a5-d5e4-4391-b97e-83b33a2116c3 returned with HTTP 200
Sep 07 14:23:56.771509 dv-cinder-760153-9-smb devstack@c-api.service[100691]: [pid: 100691|app: 0|req: 211/429] 10.222.0.72 () {60 vars in 1579 bytes} [Tue Sep 7 14:23:56 2021] GET /volume/v3/cbdad819889e47d1abe2d3a51d9938f7/volumes/508428a5-d5e4-4391-b97e-83b33a2116c3 => generated 925 bytes in 45 msecs (HTTP/1.1 200) 7 headers in 285 bytes (1 switches on core 0)
Sep 07 14:23:56.800854 dv-cinder-760153-9-smb devstack@c-api.service[100690]: INFO cinder.api.openstack.wsgi [req-bce6ab83-10d5-4543-b08a-9831be6a03d1 req-882825b2-ff77-48f8-a226-7e4e1e5c012d tempest-VolumesGetTestJSON-1894590523 tempest-VolumesGetTestJSON-1894590523-project] GET http://10.222.0.72/volume/v3/cbdad819889e47d1abe2d3a51d9938f7/volumes/508428a5-d5e4-4391-b97e-83b33a2116c3
Sep 07 14:23:56.801288 dv-cinder-760153-9-smb devstack@c-api.service[100690]: DEBUG cinder.api.openstack.wsgi [req-bce6ab83-10d5-4543-b08a-9831be6a03d1 req-882825b2-ff77-48f8-a226-7e4e1e5c012d tempest-VolumesGetTestJSON-1894590523 tempest-VolumesGetTestJSON-1894590523-project] Empty body provided in request {{(pid=100690) get_body /opt/stack/cinder/cinder/api/openstack/wsgi.py:703}}
Sep 07 14:23:56.801439 dv-cinder-760153-9-smb devstack@c-api.service[100690]: /usr/local/lib/python3.8/dist-packages/webob/acceptparse.py:1047: DeprecationWarning: The behavior of AcceptValidHeader.best_match is currently being maintained for backward compatibility, but it will be deprecated in the future, as it does not conform to the RFC.
Sep 07 14:23:56.801439 dv-cinder-760153-9-smb devstack@c-api.service[100690]: warnings.warn(
Sep 07 14:23:56.801752 dv-cinder-760153-9-smb devstack@c-api.service[100690]: DEBUG cinder.api.openstack.wsgi [req-bce6ab83-10d5-4543-b08a-9831be6a03d1 req-882825b2-ff77-48f8-a226-7e4e1e5c012d tempest-VolumesGetTestJSON-1894590523 tempest-VolumesGetTestJSON-1894590523-project] Calling method 'show' {{(pid=100690) _process_stack /opt/stack/cinder/cinder/api/openstack/wsgi.py:856}}
Sep 07 14:23:56.817762 dv-cinder-760153-9-smb devstack@c-api.service[100690]: /usr/local/lib/python3.8/dist-packages/oslo_context/context.py:105: DeprecationWarning: Policy enforcement is depending on the value of is_admin. This key is deprecated. Please update your policy file to use the standard policy values.
Sep 07 14:23:56.817762 dv-cinder-760153-9-smb devstack@c-api.service[100690]: warnings.warn('Policy enforcement is depending on the value of '
Sep 07 14:23:56.826367 dv-cinder-760153-9-smb devstack@c-api.service[100690]: INFO cinder.volume.api [req-bce6ab83-10d5-4543-b08a-9831be6a03d1 req-882825b2-ff77-48f8-a226-7e4e1e5c012d tempest-VolumesGetTestJSON-1894590523 tempest-VolumesGetTestJSON-1894590523-project] Volume info retrieved successfully.
Sep 07 14:23:56.845033 dv-cinder-760153-9-smb devstack@c-api.service[100690]: INFO cinder.api.openstack.wsgi [req-bce6ab83-10d5-4543-b08a-9831be6a03d1 req-882825b2-ff77-48f8-a226-7e4e1e5c012d tempest-VolumesGetTestJSON-1894590523 tempest-VolumesGetTestJSON-1894590523-project] http://10.222.0.72/volume/v3/cbdad819889e47d1abe2d3a51d9938f7/volumes/508428a5-d5e4-4391-b97e-83b33a2116c3 returned with HTTP 200
Sep 07 14:23:56.845806 dv-cinder-760153-9-smb devstack@c-api.service[100690]: [pid: 100690|app: 0|req: 219/430] 10.222.0.72 () {60 vars in 1579 bytes} [Tue Sep 7 14:23:56 2021] GET /volume/v3/cbdad819889e47d1abe2d3a51d9938f7/volumes/508428a5-d5e4-4391-b97e-83b33a2116c3 => generated 925 bytes in 49 msecs (HTTP/1.1 200) 7 headers in 285 bytes (1 switches on core 0)
Sep 07 14:23:56.880295 dv-cinder-760153-9-smb devstack@c-api.service[100691]: INFO cinder.api.openstack.wsgi [req-a5ab9904-2cfc-43d1-acc5-9c59126fb81d req-d053d195-a5b9-4af1-adf2-1ab9327cd8b4 tempest-VolumesGetTestJSON-1894590523 tempest-VolumesGetTestJSON-1894590523-project] DELETE http://10.222.0.72/volume/v3/cbdad819889e47d1abe2d3a51d9938f7/volumes/508428a5-d5e4-4391-b97e-83b33a2116c3
Sep 07 14:23:56.880954 dv-cinder-760153-9-smb devstack@c-api.service[100691]: DEBUG cinder.api.openstack.wsgi [req-a5ab9904-2cfc-43d1-acc5-9c59126fb81d req-d053d195-a5b9-4af1-adf2-1ab9327cd8b4 tempest-VolumesGetTestJSON-1894590523 tempest-VolumesGetTestJSON-1894590523-project] Empty body provided in request {{(pid=100691) get_body /opt/stack/cinder/cinder/api/openstack/wsgi.py:703}}
Sep 07 14:23:56.881182 dv-cinder-760153-9-smb devstack@c-api.service[100691]: /usr/local/lib/python3.8/dist-packages/webob/acceptparse.py:1047: DeprecationWarning: The behavior of AcceptValidHeader.best_match is currently being maintained for backward compatibility, but it will be deprecated in the future, as it does not conform to the RFC.
Sep 07 14:23:56.881182 dv-cinder-760153-9-smb devstack@c-api.service[100691]: warnings.warn(
Sep 07 14:23:56.881643 dv-cinder-760153-9-smb devstack@c-api.service[100691]: DEBUG cinder.api.openstack.wsgi [req-a5ab9904-2cfc-43d1-acc5-9c59126fb81d req-d053d195-a5b9-4af1-adf2-1ab9327cd8b4 tempest-VolumesGetTestJSON-1894590523 tempest-VolumesGetTestJSON-1894590523-project] Calling method 'delete' {{(pid=100691) _process_stack /opt/stack/cinder/cinder/api/openstack/wsgi.py:856}}
Sep 07 14:23:56.882318 dv-cinder-760153-9-smb devstack@c-api.service[100691]: INFO cinder.api.v3.volumes [req-a5ab9904-2cfc-43d1-acc5-9c59126fb81d req-d053d195-a5b9-4af1-adf2-1ab9327cd8b4 tempest-VolumesGetTestJSON-1894590523 tempest-VolumesGetTestJSON-1894590523-project] Delete volume with id: 508428a5-d5e4-4391-b97e-83b33a2116c3
Sep 07 14:23:56.896622 dv-cinder-760153-9-smb devstack@c-api.service[100691]: /usr/local/lib/python3.8/dist-packages/oslo_context/context.py:105: DeprecationWarning: Policy enforcement is depending on the value of is_admin. This key is deprecated. Please update your policy file to use the standard policy values.
Sep 07 14:23:56.896622 dv-cinder-760153-9-smb devstack@c-api.service[100691]: warnings.warn('Policy enforcement is depending on the value of '
Sep 07 14:23:56.897871 dv-cinder-760153-9-smb devstack@c-api.service[100691]: INFO cinder.volume.api [req-a5ab9904-2cfc-43d1-acc5-9c59126fb81d req-d053d195-a5b9-4af1-adf2-1ab9327cd8b4 tempest-VolumesGetTestJSON-1894590523 tempest-VolumesGetTestJSON-1894590523-project] Volume info retrieved successfully.
Sep 07 14:23:56.934467 dv-cinder-760153-9-smb devstack@c-api.service[100691]: INFO cinder.volume.api [req-a5ab9904-2cfc-43d1-acc5-9c59126fb81d req-d053d195-a5b9-4af1-adf2-1ab9327cd8b4 tempest-VolumesGetTestJSON-1894590523 tempest-VolumesGetTestJSON-1894590523-project] Delete volume request issued successfully.
Sep 07 14:23:56.934932 dv-cinder-760153-9-smb devstack@c-api.service[100691]: INFO cinder.api.openstack.wsgi [req-a5ab9904-2cfc-43d1-acc5-9c59126fb81d req-d053d195-a5b9-4af1-adf2-1ab9327cd8b4 tempest-VolumesGetTestJSON-1894590523 tempest-VolumesGetTestJSON-1894590523-project] http://10.222.0.72/volume/v3/cbdad819889e47d1abe2d3a51d9938f7/volumes/508428a5-d5e4-4391-b97e-83b33a2116c3 returned with HTTP 202
Sep 07 14:23:56.935757 dv-cinder-760153-9-smb devstack@c-api.service[100691]: [pid: 100691|app: 0|req: 212/431] 10.222.0.72 () {62 vars in 1601 bytes} [Tue Sep 7 14:23:56 2021] DELETE /volume/v3/cbdad819889e47d1abe2d3a51d9938f7/volumes/508428a5-d5e4-4391-b97e-83b33a2116c3 => generated 0 bytes in 60 msecs (HTTP/1.1 202) 6 headers in 233 bytes (1 switches on core 0)
Sep 07 14:23:56.961078 dv-cinder-760153-9-smb devstack@c-api.service[100690]: INFO cinder.api.openstack.wsgi [req-06001a0e-91fa-4b64-8556-e3907f6a78b2 req-41bb03da-6e0b-4806-8bf9-5ab28da25e32 tempest-VolumesGetTestJSON-1894590523 tempest-VolumesGetTestJSON-1894590523-project] GET http://10.222.0.72/volume/v3/cbdad819889e47d1abe2d3a51d9938f7/volumes/508428a5-d5e4-4391-b97e-83b33a2116c3
Sep 07 14:23:56.961659 dv-cinder-760153-9-smb devstack@c-api.service[100690]: DEBUG cinder.api.openstack.wsgi [req-06001a0e-91fa-4b64-8556-e3907f6a78b2 req-41bb03da-6e0b-4806-8bf9-5ab28da25e32 tempest-VolumesGetTestJSON-1894590523 tempest-VolumesGetTestJSON-1894590523-project] Empty body provided in request {{(pid=100690) get_body /opt/stack/cinder/cinder/api/openstack/wsgi.py:703}}
Sep 07 14:23:56.961908 dv-cinder-760153-9-smb devstack@c-api.service[100690]: /usr/local/lib/python3.8/dist-packages/webob/acceptparse.py:1047: DeprecationWarning: The behavior of AcceptValidHeader.best_match is currently being maintained for backward compatibility, but it will be deprecated in the future, as it does not conform to the RFC.
Sep 07 14:23:56.961908 dv-cinder-760153-9-smb devstack@c-api.service[100690]: warnings.warn(
Sep 07 14:23:56.962225 dv-cinder-760153-9-smb devstack@c-api.service[100690]: DEBUG cinder.api.openstack.wsgi [req-06001a0e-91fa-4b64-8556-e3907f6a78b2 req-41bb03da-6e0b-4806-8bf9-5ab28da25e32 tempest-VolumesGetTestJSON-1894590523 tempest-VolumesGetTestJSON-1894590523-project] Calling method 'show' {{(pid=100690) _process_stack /opt/stack/cinder/cinder/api/openstack/wsgi.py:856}}
Sep 07 14:23:56.975886 dv-cinder-760153-9-smb devstack@c-api.service[100690]: /usr/local/lib/python3.8/dist-packages/oslo_context/context.py:105: DeprecationWarning: Policy enforcement is depending on the value of is_admin. This key is deprecated. Please update your policy file to use the standard policy values.
Sep 07 14:23:56.975886 dv-cinder-760153-9-smb devstack@c-api.service[100690]: warnings.warn('Policy enforcement is depending on the value of '
Sep 07 14:23:56.984287 dv-cinder-760153-9-smb devstack@c-api.service[100690]: INFO cinder.volume.api [req-06001a0e-91fa-4b64-8556-e3907f6a78b2 req-41bb03da-6e0b-4806-8bf9-5ab28da25e32 tempest-VolumesGetTestJSON-1894590523 tempest-VolumesGetTestJSON-1894590523-project] Volume info retrieved successfully.
Sep 07 14:23:56.997927 dv-cinder-760153-9-smb devstack@c-api.service[100690]: INFO cinder.api.openstack.wsgi [req-06001a0e-91fa-4b64-8556-e3907f6a78b2 req-41bb03da-6e0b-4806-8bf9-5ab28da25e32 tempest-VolumesGetTestJSON-1894590523 tempest-VolumesGetTestJSON-1894590523-project] http://10.222.0.72/volume/v3/cbdad819889e47d1abe2d3a51d9938f7/volumes/508428a5-d5e4-4391-b97e-83b33a2116c3 returned with HTTP 200
Sep 07 14:23:56.998742 dv-cinder-760153-9-smb devstack@c-api.service[100690]: [pid: 100690|app: 0|req: 220/432] 10.222.0.72 () {60 vars in 1579 bytes} [Tue Sep 7 14:23:56 2021] GET /volume/v3/cbdad819889e47d1abe2d3a51d9938f7/volumes/508428a5-d5e4-4391-b97e-83b33a2116c3 => generated 924 bytes in 42 msecs (HTTP/1.1 200) 7 headers in 285 bytes (1 switches on core 0)
Sep 07 14:23:57.559978 dv-cinder-760153-9-smb devstack@c-api.service[100691]: INFO cinder.api.openstack.wsgi [None req-ce44bf08-c84d-4832-8927-9540011ac313 tempest-VolumesListAdminTestJSON-842261104 tempest-VolumesListAdminTestJSON-842261104-project] GET http://10.222.0.72/volume/v3/7b500569d14b4d98ba1d954e4873981d/volumes/9e1b6946-709e-4869-b150-8deb495a68b7
Sep 07 14:23:57.560594 dv-cinder-760153-9-smb devstack@c-api.service[100691]: DEBUG cinder.api.openstack.wsgi [None req-ce44bf08-c84d-4832-8927-9540011ac313 tempest-VolumesListAdminTestJSON-842261104 tempest-VolumesListAdminTestJSON-842261104-project] Empty body provided in request {{(pid=100691) get_body /opt/stack/cinder/cinder/api/openstack/wsgi.py:703}}
Sep 07 14:23:57.560847 dv-cinder-760153-9-smb devstack@c-api.service[100691]: /usr/local/lib/python3.8/dist-packages/webob/acceptparse.py:1047: DeprecationWarning: The behavior of AcceptValidHeader.best_match is currently being maintained for backward compatibility, but it will be deprecated in the future, as it does not conform to the RFC.
Sep 07 14:23:57.560847 dv-cinder-760153-9-smb devstack@c-api.service[100691]: warnings.warn(
Sep 07 14:23:57.561298 dv-cinder-760153-9-smb devstack@c-api.service[100691]: DEBUG cinder.api.openstack.wsgi [None req-ce44bf08-c84d-4832-8927-9540011ac313 tempest-VolumesListAdminTestJSON-842261104 tempest-VolumesListAdminTestJSON-842261104-project] Calling method 'show' {{(pid=100691) _process_stack /opt/stack/cinder/cinder/api/openstack/wsgi.py:856}}
Sep 07 14:23:57.593538 dv-cinder-760153-9-smb devstack@c-api.service[100691]: /usr/local/lib/python3.8/dist-packages/oslo_context/context.py:105: DeprecationWarning: Policy enforcement is depending on the value of is_admin. This key is deprecated. Please update your policy file to use the standard policy values.
Sep 07 14:23:57.593538 dv-cinder-760153-9-smb devstack@c-api.service[100691]: warnings.warn('Policy enforcement is depending on the value of '
Sep 07 14:23:57.607315 dv-cinder-760153-9-smb devstack@c-api.service[100690]: INFO cinder.api.openstack.wsgi [None req-f5eaf34b-1095-420f-99f1-8403666608c6 tempest-GroupsTest-1891866777 tempest-GroupsTest-1891866777-project] GET http://10.222.0.72/volume/v3/33765c13fc1246a88ee89be653418235/volumes/3c78e7fe-233a-4e3f-8fbe-5a1619569386
Sep 07 14:23:57.607951 dv-cinder-760153-9-smb devstack@c-api.service[100690]: DEBUG cinder.api.openstack.wsgi [None req-f5eaf34b-1095-420f-99f1-8403666608c6 tempest-GroupsTest-1891866777 tempest-GroupsTest-1891866777-project] Empty body provided in request {{(pid=100690) get_body /opt/stack/cinder/cinder/api/openstack/wsgi.py:703}}
Sep 07 14:23:57.608485 dv-cinder-760153-9-smb devstack@c-api.service[100690]: /usr/local/lib/python3.8/dist-packages/webob/acceptparse.py:1047: DeprecationWarning: The behavior of AcceptValidHeader.best_match is currently being maintained for backward compatibility, but it will be deprecated in the future, as it does not conform to the RFC.
Sep 07 14:23:57.608485 dv-cinder-760153-9-smb devstack@c-api.service[100690]: warnings.warn(
Sep 07 14:23:57.608912 dv-cinder-760153-9-smb devstack@c-api.service[100690]: DEBUG cinder.api.openstack.wsgi [None req-f5eaf34b-1095-420f-99f1-8403666608c6 tempest-GroupsTest-1891866777 tempest-GroupsTest-1891866777-project] Calling method 'show' {{(pid=100690) _process_stack /opt/stack/cinder/cinder/api/openstack/wsgi.py:856}}
Sep 07 14:23:57.615130 dv-cinder-760153-9-smb devstack@c-api.service[100691]: INFO cinder.volume.api [None req-ce44bf08-c84d-4832-8927-9540011ac313 tempest-VolumesListAdminTestJSON-842261104 tempest-VolumesListAdminTestJSON-842261104-project] Volume info retrieved successfully.
Sep 07 14:23:57.640604 dv-cinder-760153-9-smb devstack@c-api.service[100690]: INFO cinder.api.openstack.wsgi [None req-f5eaf34b-1095-420f-99f1-8403666608c6 tempest-GroupsTest-1891866777 tempest-GroupsTest-1891866777-project] http://10.222.0.72/volume/v3/33765c13fc1246a88ee89be653418235/volumes/3c78e7fe-233a-4e3f-8fbe-5a1619569386 returned with HTTP 404
Sep 07 14:23:57.640745 dv-cinder-760153-9-smb devstack@c-api.service[100691]: INFO cinder.api.openstack.wsgi [None req-ce44bf08-c84d-4832-8927-9540011ac313 tempest-VolumesListAdminTestJSON-842261104 tempest-VolumesListAdminTestJSON-842261104-project] http://10.222.0.72/volume/v3/7b500569d14b4d98ba1d954e4873981d/volumes/9e1b6946-709e-4869-b150-8deb495a68b7 returned with HTTP 200
Sep 07 14:23:57.643054 dv-cinder-760153-9-smb devstack@c-api.service[100690]: [pid: 100690|app: 0|req: 221/433] 10.222.0.72 () {60 vars in 1366 bytes} [Tue Sep 7 14:23:57 2021] GET /volume/v3/33765c13fc1246a88ee89be653418235/volumes/3c78e7fe-233a-4e3f-8fbe-5a1619569386 => generated 109 bytes in 42 msecs (HTTP/1.1 404) 7 headers in 293 bytes (1 switches on core 0)
Sep 07 14:23:57.651640 dv-cinder-760153-9-smb devstack@c-api.service[100691]: [pid: 100691|app: 0|req: 213/434] 10.222.0.72 () {58 vars in 1325 bytes} [Tue Sep 7 14:23:57 2021] GET /volume/v3/7b500569d14b4d98ba1d954e4873981d/volumes/9e1b6946-709e-4869-b150-8deb495a68b7 => generated 917 bytes in 92 msecs (HTTP/1.1 200) 7 headers in 285 bytes (1 switches on core 0)
Sep 07 14:23:57.652912 dv-cinder-760153-9-smb devstack@c-api.service[100690]: INFO cinder.api.openstack.wsgi [None req-7678b5a9-2766-4dc9-bed1-348b93957604 tempest-GroupsTest-1891866777 tempest-GroupsTest-1891866777-project] GET http://10.222.0.72/volume/v3/33765c13fc1246a88ee89be653418235/volumes/87027196-c703-4e85-b7b0-20f37117730d
Sep 07 14:23:57.654322 dv-cinder-760153-9-smb devstack@c-api.service[100690]: DEBUG cinder.api.openstack.wsgi [None req-7678b5a9-2766-4dc9-bed1-348b93957604 tempest-GroupsTest-1891866777 tempest-GroupsTest-1891866777-project] Empty body provided in request {{(pid=100690) get_body /opt/stack/cinder/cinder/api/openstack/wsgi.py:703}}
Sep 07 14:23:57.658302 dv-cinder-760153-9-smb devstack@c-api.service[100691]: INFO cinder.api.openstack.wsgi [None req-62420cc0-08e6-44fa-9a53-8b3b5013d4f5 tempest-VolumesListAdminTestJSON-842261104 tempest-VolumesListAdminTestJSON-842261104-project] GET http://10.222.0.72/volume/v3/7b500569d14b4d98ba1d954e4873981d/volumes/9e1b6946-709e-4869-b150-8deb495a68b7
Sep 07 14:23:57.658607 dv-cinder-760153-9-smb devstack@c-api.service[100690]: DEBUG cinder.api.openstack.wsgi [None req-7678b5a9-2766-4dc9-bed1-348b93957604 tempest-GroupsTest-1891866777 tempest-GroupsTest-1891866777-project] Calling method 'show' {{(pid=100690) _process_stack /opt/stack/cinder/cinder/api/openstack/wsgi.py:856}}
Sep 07 14:23:57.659124 dv-cinder-760153-9-smb devstack@c-api.service[100691]: DEBUG cinder.api.openstack.wsgi [None req-62420cc0-08e6-44fa-9a53-8b3b5013d4f5 tempest-VolumesListAdminTestJSON-842261104 tempest-VolumesListAdminTestJSON-842261104-project] Empty body provided in request {{(pid=100691) get_body /opt/stack/cinder/cinder/api/openstack/wsgi.py:703}}
Sep 07 14:23:57.659465 dv-cinder-760153-9-smb devstack@c-api.service[100691]: /usr/local/lib/python3.8/dist-packages/webob/acceptparse.py:1047: DeprecationWarning: The behavior of AcceptValidHeader.best_match is currently being maintained for backward compatibility, but it will be deprecated in the future, as it does not conform to the RFC.
Sep 07 14:23:57.659465 dv-cinder-760153-9-smb devstack@c-api.service[100691]: warnings.warn(
Sep 07 14:23:57.659993 dv-cinder-760153-9-smb devstack@c-api.service[100691]: DEBUG cinder.api.openstack.wsgi [None req-62420cc0-08e6-44fa-9a53-8b3b5013d4f5 tempest-VolumesListAdminTestJSON-842261104 tempest-VolumesListAdminTestJSON-842261104-project] Calling method 'show' {{(pid=100691) _process_stack /opt/stack/cinder/cinder/api/openstack/wsgi.py:856}}
Sep 07 14:23:57.674514 dv-cinder-760153-9-smb devstack@c-api.service[100691]: /usr/local/lib/python3.8/dist-packages/oslo_context/context.py:105: DeprecationWarning: Policy enforcement is depending on the value of is_admin. This key is deprecated. Please update your policy file to use the standard policy values.
Sep 07 14:23:57.674514 dv-cinder-760153-9-smb devstack@c-api.service[100691]: warnings.warn('Policy enforcement is depending on the value of '
Sep 07 14:23:57.676223 dv-cinder-760153-9-smb devstack@c-api.service[100690]: INFO cinder.api.openstack.wsgi [None req-7678b5a9-2766-4dc9-bed1-348b93957604 tempest-GroupsTest-1891866777 tempest-GroupsTest-1891866777-project] http://10.222.0.72/volume/v3/33765c13fc1246a88ee89be653418235/volumes/87027196-c703-4e85-b7b0-20f37117730d returned with HTTP 404
Sep 07 14:23:57.679717 dv-cinder-760153-9-smb devstack@c-api.service[100690]: [pid: 100690|app: 0|req: 222/435] 10.222.0.72 () {60 vars in 1366 bytes} [Tue Sep 7 14:23:57 2021] GET /volume/v3/33765c13fc1246a88ee89be653418235/volumes/87027196-c703-4e85-b7b0-20f37117730d => generated 109 bytes in 29 msecs (HTTP/1.1 404) 7 headers in 293 bytes (1 switches on core 0)
Sep 07 14:23:57.683157 dv-cinder-760153-9-smb devstack@c-api.service[100691]: INFO cinder.volume.api [None req-62420cc0-08e6-44fa-9a53-8b3b5013d4f5 tempest-VolumesListAdminTestJSON-842261104 tempest-VolumesListAdminTestJSON-842261104-project] Volume info retrieved successfully.
Sep 07 14:23:57.696170 dv-cinder-760153-9-smb devstack@c-api.service[100690]: INFO cinder.api.openstack.wsgi [None req-7ce0a830-3a5a-496a-b32f-42199e6ec4bd tempest-GroupsTest-1891866777 tempest-GroupsTest-1891866777-project] GET http://10.222.0.72/volume/v3/33765c13fc1246a88ee89be653418235/groups/4b74875a-b7e8-4b56-85e1-2ac514d6a8d9
Sep 07 14:23:57.700176 dv-cinder-760153-9-smb devstack@c-api.service[100690]: DEBUG cinder.api.openstack.wsgi [None req-7ce0a830-3a5a-496a-b32f-42199e6ec4bd tempest-GroupsTest-1891866777 tempest-GroupsTest-1891866777-project] Empty body provided in request {{(pid=100690) get_body /opt/stack/cinder/cinder/api/openstack/wsgi.py:703}}
Sep 07 14:23:57.703349 dv-cinder-760153-9-smb devstack@c-api.service[100691]: INFO cinder.api.openstack.wsgi [None req-62420cc0-08e6-44fa-9a53-8b3b5013d4f5 tempest-VolumesListAdminTestJSON-842261104 tempest-VolumesListAdminTestJSON-842261104-project] http://10.222.0.72/volume/v3/7b500569d14b4d98ba1d954e4873981d/volumes/9e1b6946-709e-4869-b150-8deb495a68b7 returned with HTTP 200
Sep 07 14:23:57.703524 dv-cinder-760153-9-smb devstack@c-api.service[100690]: DEBUG cinder.api.openstack.wsgi [None req-7ce0a830-3a5a-496a-b32f-42199e6ec4bd tempest-GroupsTest-1891866777 tempest-GroupsTest-1891866777-project] Calling method 'version_select' {{(pid=100690) _process_stack /opt/stack/cinder/cinder/api/openstack/wsgi.py:856}}
Sep 07 14:23:57.704394 dv-cinder-760153-9-smb devstack@c-api.service[100691]: [pid: 100691|app: 0|req: 214/436] 10.222.0.72 () {58 vars in 1325 bytes} [Tue Sep 7 14:23:57 2021] GET /volume/v3/7b500569d14b4d98ba1d954e4873981d/volumes/9e1b6946-709e-4869-b150-8deb495a68b7 => generated 917 bytes in 50 msecs (HTTP/1.1 200) 7 headers in 285 bytes (1 switches on core 0)
Sep 07 14:23:57.713979 dv-cinder-760153-9-smb devstack@c-api.service[100690]: DEBUG cinder.api.v3.groups [None req-7ce0a830-3a5a-496a-b32f-42199e6ec4bd tempest-GroupsTest-1891866777 tempest-GroupsTest-1891866777-project] show called for member 4b74875a-b7e8-4b56-85e1-2ac514d6a8d9 {{(pid=100690) show /opt/stack/cinder/cinder/api/v3/groups.py:58}}
Sep 07 14:23:57.718846 dv-cinder-760153-9-smb devstack@c-api.service[100691]: INFO cinder.api.openstack.wsgi [None req-b92862ac-228a-4acd-99f5-e6ae693a2464 tempest-VolumesListAdminTestJSON-842261104 tempest-VolumesListAdminTestJSON-842261104-project] POST http://10.222.0.72/volume/v3/7b500569d14b4d98ba1d954e4873981d/volumes
Sep 07 14:23:57.719381 dv-cinder-760153-9-smb devstack@c-api.service[100691]: /usr/local/lib/python3.8/dist-packages/webob/acceptparse.py:1047: DeprecationWarning: The behavior of AcceptValidHeader.best_match is currently being maintained for backward compatibility, but it will be deprecated in the future, as it does not conform to the RFC.
Sep 07 14:23:57.719381 dv-cinder-760153-9-smb devstack@c-api.service[100691]: warnings.warn(
Sep 07 14:23:57.720050 dv-cinder-760153-9-smb devstack@c-api.service[100691]: DEBUG cinder.api.openstack.wsgi [None req-b92862ac-228a-4acd-99f5-e6ae693a2464 tempest-VolumesListAdminTestJSON-842261104 tempest-VolumesListAdminTestJSON-842261104-project] Action: 'create', calling method: create, body: {"volume": {"size": 1, "name": "tempest-VolumesListAdminTestJSON-Volume-1624400257"}} {{(pid=100691) _process_stack /opt/stack/cinder/cinder/api/openstack/wsgi.py:854}}
Sep 07 14:23:57.721322 dv-cinder-760153-9-smb devstack@c-api.service[100691]: DEBUG cinder.api.v3.volumes [None req-b92862ac-228a-4acd-99f5-e6ae693a2464 tempest-VolumesListAdminTestJSON-842261104 tempest-VolumesListAdminTestJSON-842261104-project] Create volume request body: {'volume': {'size': 1, 'name': 'tempest-VolumesListAdminTestJSON-Volume-1624400257'}} {{(pid=100691) create /opt/stack/cinder/cinder/api/v3/volumes.py:298}}
Sep 07 14:23:57.721976 dv-cinder-760153-9-smb devstack@c-api.service[100691]: INFO cinder.api.v3.volumes [None req-b92862ac-228a-4acd-99f5-e6ae693a2464 tempest-VolumesListAdminTestJSON-842261104 tempest-VolumesListAdminTestJSON-842261104-project] Create volume of 1 GB
Sep 07 14:23:57.724798 dv-cinder-760153-9-smb devstack@c-api.service[100690]: INFO cinder.api.openstack.wsgi [None req-7ce0a830-3a5a-496a-b32f-42199e6ec4bd tempest-GroupsTest-1891866777 tempest-GroupsTest-1891866777-project] http://10.222.0.72/volume/v3/33765c13fc1246a88ee89be653418235/groups/4b74875a-b7e8-4b56-85e1-2ac514d6a8d9 returned with HTTP 404
Sep 07 14:23:57.726050 dv-cinder-760153-9-smb devstack@c-api.service[100690]: [pid: 100690|app: 0|req: 223/437] 10.222.0.72 () {60 vars in 1363 bytes} [Tue Sep 7 14:23:57 2021] GET /volume/v3/33765c13fc1246a88ee89be653418235/groups/4b74875a-b7e8-4b56-85e1-2ac514d6a8d9 => generated 108 bytes in 39 msecs (HTTP/1.1 404) 7 headers in 293 bytes (1 switches on core 0)
Sep 07 14:23:57.729975 dv-cinder-760153-9-smb devstack@c-api.service[100691]: INFO cinder.volume.api [None req-b92862ac-228a-4acd-99f5-e6ae693a2464 tempest-VolumesListAdminTestJSON-842261104 tempest-VolumesListAdminTestJSON-842261104-project] Availability Zones retrieved successfully.
Sep 07 14:23:57.742221 dv-cinder-760153-9-smb devstack@c-api.service[100690]: INFO cinder.api.openstack.wsgi [None req-aa0c080b-0725-4f3a-84fa-847969ef075e tempest-GroupsTest-1301049665 tempest-GroupsTest-1301049665-project-admin] DELETE http://10.222.0.72/volume/v3/0b6170b7bd9348a2bf4113dc19fa7922/group_types/4347867c-ef93-4813-9942-cdab286f9000
Sep 07 14:23:57.742726 dv-cinder-760153-9-smb devstack@c-api.service[100690]: DEBUG cinder.api.openstack.wsgi [None req-aa0c080b-0725-4f3a-84fa-847969ef075e tempest-GroupsTest-1301049665 tempest-GroupsTest-1301049665-project-admin] Empty body provided in request {{(pid=100690) get_body /opt/stack/cinder/cinder/api/openstack/wsgi.py:703}}
Sep 07 14:23:57.743142 dv-cinder-760153-9-smb devstack@c-api.service[100690]: DEBUG cinder.api.openstack.wsgi [None req-aa0c080b-0725-4f3a-84fa-847969ef075e tempest-GroupsTest-1301049665 tempest-GroupsTest-1301049665-project-admin] Calling method 'version_select' {{(pid=100690) _process_stack /opt/stack/cinder/cinder/api/openstack/wsgi.py:856}}
Sep 07 14:23:57.753553 dv-cinder-760153-9-smb devstack@c-api.service[100691]: DEBUG cinder.volume.api [None req-b92862ac-228a-4acd-99f5-e6ae693a2464 tempest-VolumesListAdminTestJSON-842261104 tempest-VolumesListAdminTestJSON-842261104-project] Flow 'volume_create_api' (bf779c88-d917-4557-b76f-b5e21a6f9f35) transitioned into state 'RUNNING' from state 'PENDING' {{(pid=100691) _flow_receiver /usr/local/lib/python3.8/dist-packages/taskflow/listeners/logging.py:141}}
Sep 07 14:23:57.756392 dv-cinder-760153-9-smb devstack@c-api.service[100691]: DEBUG cinder.volume.api [None req-b92862ac-228a-4acd-99f5-e6ae693a2464 tempest-VolumesListAdminTestJSON-842261104 tempest-VolumesListAdminTestJSON-842261104-project] Task 'cinder.volume.flows.api.create_volume.ExtractVolumeRequestTask;volume:create' (a7583d0c-3bd1-4e2a-9e5b-8db2780ebcd5) transitioned into state 'RUNNING' from state 'PENDING' {{(pid=100691) _task_receiver /usr/local/lib/python3.8/dist-packages/taskflow/listeners/logging.py:190}}
Sep 07 14:23:57.758560 dv-cinder-760153-9-smb devstack@c-api.service[100691]: DEBUG cinder.volume.flows.api.create_volume [None req-b92862ac-228a-4acd-99f5-e6ae693a2464 tempest-VolumesListAdminTestJSON-842261104 tempest-VolumesListAdminTestJSON-842261104-project] Validating volume size '1' using validate_int {{(pid=100691) _extract_size /opt/stack/cinder/cinder/volume/flows/api/create_volume.py:225}}
Sep 07 14:23:57.797385 dv-cinder-760153-9-smb devstack@c-api.service[100690]: INFO cinder.api.openstack.wsgi [None req-aa0c080b-0725-4f3a-84fa-847969ef075e tempest-GroupsTest-1301049665 tempest-GroupsTest-1301049665-project-admin] http://10.222.0.72/volume/v3/0b6170b7bd9348a2bf4113dc19fa7922/group_types/4347867c-ef93-4813-9942-cdab286f9000 returned with HTTP 202
Sep 07 14:23:57.798291 dv-cinder-760153-9-smb devstack@c-api.service[100690]: [pid: 100690|app: 0|req: 224/438] 10.222.0.72 () {60 vars in 1381 bytes} [Tue Sep 7 14:23:57 2021] DELETE /volume/v3/0b6170b7bd9348a2bf4113dc19fa7922/group_types/4347867c-ef93-4813-9942-cdab286f9000 => generated 0 bytes in 64 msecs (HTTP/1.1 202) 6 headers in 234 bytes (1 switches on core 0)
Sep 07 14:23:57.801819 dv-cinder-760153-9-smb devstack@c-api.service[100691]: DEBUG cinder.volume.api [None req-b92862ac-228a-4acd-99f5-e6ae693a2464 tempest-VolumesListAdminTestJSON-842261104 tempest-VolumesListAdminTestJSON-842261104-project] Task 'cinder.volume.flows.api.create_volume.ExtractVolumeRequestTask;volume:create' (a7583d0c-3bd1-4e2a-9e5b-8db2780ebcd5) transitioned into state 'SUCCESS' from state 'RUNNING' with result '{'size': 1, 'snapshot_id': None, 'source_volid': None, 'volume_type': VolumeType(created_at=2021-09-07T14:13:29Z,deleted=False,deleted_at=None,description='Default Volume Type',extra_specs={},id=ceb932fb-57d3-4fde-9fa0-90234ab550d1,is_public=True,name='__DEFAULT__',projects=[],qos_specs=,qos_specs_id=None,updated_at=2021-09-07T14:13:29Z), 'volume_type_id': 'ceb932fb-57d3-4fde-9fa0-90234ab550d1', 'encryption_key_id': None, 'qos_specs': None, 'consistencygroup_id': None, 'cgsnapshot_id': None, 'group_id': None, 'replication_status': 'disabled', 'refresh_az': False, 'backup_id': None, 'multiattach': False, 'availability_zones': ['nova']}' {{(pid=100691) _task_receiver /usr/local/lib/python3.8/dist-packages/taskflow/listeners/logging.py:178}}
Sep 07 14:23:57.807424 dv-cinder-760153-9-smb devstack@c-api.service[100690]: INFO cinder.api.openstack.wsgi [None req-f95d3d48-1b10-43ad-a93f-cffe197a3933 tempest-GroupsTest-1891866777 tempest-GroupsTest-1891866777-project] DELETE http://10.222.0.72/volume/v3/33765c13fc1246a88ee89be653418235/volumes/3c78e7fe-233a-4e3f-8fbe-5a1619569386
Sep 07 14:23:57.808008 dv-cinder-760153-9-smb devstack@c-api.service[100690]: DEBUG cinder.api.openstack.wsgi [None req-f95d3d48-1b10-43ad-a93f-cffe197a3933 tempest-GroupsTest-1891866777 tempest-GroupsTest-1891866777-project] Empty body provided in request {{(pid=100690) get_body /opt/stack/cinder/cinder/api/openstack/wsgi.py:703}}
Sep 07 14:23:57.808550 dv-cinder-760153-9-smb devstack@c-api.service[100690]: DEBUG cinder.api.openstack.wsgi [None req-f95d3d48-1b10-43ad-a93f-cffe197a3933 tempest-GroupsTest-1891866777 tempest-GroupsTest-1891866777-project] Calling method 'delete' {{(pid=100690) _process_stack /opt/stack/cinder/cinder/api/openstack/wsgi.py:856}}
Sep 07 14:23:57.809652 dv-cinder-760153-9-smb devstack@c-api.service[100690]: INFO cinder.api.v3.volumes [None req-f95d3d48-1b10-43ad-a93f-cffe197a3933 tempest-GroupsTest-1891866777 tempest-GroupsTest-1891866777-project] Delete volume with id: 3c78e7fe-233a-4e3f-8fbe-5a1619569386
Sep 07 14:23:57.812759 dv-cinder-760153-9-smb devstack@c-api.service[100691]: DEBUG cinder.volume.api [None req-b92862ac-228a-4acd-99f5-e6ae693a2464 tempest-VolumesListAdminTestJSON-842261104 tempest-VolumesListAdminTestJSON-842261104-project] Task 'cinder.volume.flows.api.create_volume.QuotaReserveTask;volume:create' (eee96a9a-e281-4afa-b686-687c19c3c36a) transitioned into state 'RUNNING' from state 'PENDING' {{(pid=100691) _task_receiver /usr/local/lib/python3.8/dist-packages/taskflow/listeners/logging.py:190}}
Sep 07 14:23:57.827980 dv-cinder-760153-9-smb devstack@c-api.service[100690]: INFO cinder.api.openstack.wsgi [None req-f95d3d48-1b10-43ad-a93f-cffe197a3933 tempest-GroupsTest-1891866777 tempest-GroupsTest-1891866777-project] http://10.222.0.72/volume/v3/33765c13fc1246a88ee89be653418235/volumes/3c78e7fe-233a-4e3f-8fbe-5a1619569386 returned with HTTP 404
