Sep 07 16:00:12.504250 dv-cinder-760152-6-smb devstack@c-api.service[100849]: INFO cinder.api.openstack.wsgi [None req-ac518bf6-f072-4e75-a7a6-fea753851f64 tempest-GroupSnapshotsTest-1863984394 tempest-GroupSnapshotsTest-1863984394-project-admin] DELETE http://10.222.0.74/volume/v3/5831dc28e1a44679a0332d6738a78f06/group_types/38ae1eee-4b5b-410a-975f-3cbd8f7a0d09
Sep 07 16:00:12.504751 dv-cinder-760152-6-smb devstack@c-api.service[100849]: DEBUG cinder.api.openstack.wsgi [None req-ac518bf6-f072-4e75-a7a6-fea753851f64 tempest-GroupSnapshotsTest-1863984394 tempest-GroupSnapshotsTest-1863984394-project-admin] Empty body provided in request {{(pid=100849) get_body /opt/stack/cinder/cinder/api/openstack/wsgi.py:703}}
Sep 07 16:00:12.505171 dv-cinder-760152-6-smb devstack@c-api.service[100849]: DEBUG cinder.api.openstack.wsgi [None req-ac518bf6-f072-4e75-a7a6-fea753851f64 tempest-GroupSnapshotsTest-1863984394 tempest-GroupSnapshotsTest-1863984394-project-admin] Calling method 'version_select' {{(pid=100849) _process_stack /opt/stack/cinder/cinder/api/openstack/wsgi.py:856}}
Sep 07 16:00:12.505846 dv-cinder-760152-6-smb devstack@c-api.service[100849]: /usr/local/lib/python3.8/dist-packages/oslo_context/context.py:105: DeprecationWarning: Policy enforcement is depending on the value of is_admin. This key is deprecated. Please update your policy file to use the standard policy values.
Sep 07 16:00:12.505846 dv-cinder-760152-6-smb devstack@c-api.service[100849]: warnings.warn('Policy enforcement is depending on the value of '
Sep 07 16:00:12.527805 dv-cinder-760152-6-smb devstack@c-api.service[100849]: INFO cinder.api.openstack.wsgi [None req-ac518bf6-f072-4e75-a7a6-fea753851f64 tempest-GroupSnapshotsTest-1863984394 tempest-GroupSnapshotsTest-1863984394-project-admin] http://10.222.0.74/volume/v3/5831dc28e1a44679a0332d6738a78f06/group_types/38ae1eee-4b5b-410a-975f-3cbd8f7a0d09 returned with HTTP 202
Sep 07 16:00:12.529109 dv-cinder-760152-6-smb devstack@c-api.service[100849]: [pid: 100849|app: 0|req: 190/373] 10.222.0.74 () {60 vars in 1381 bytes} [Tue Sep 7 16:00:12 2021] DELETE /volume/v3/5831dc28e1a44679a0332d6738a78f06/group_types/38ae1eee-4b5b-410a-975f-3cbd8f7a0d09 => generated 0 bytes in 29 msecs (HTTP/1.1 202) 6 headers in 234 bytes (1 switches on core 0)
Sep 07 16:00:12.538228 dv-cinder-760152-6-smb devstack@c-api.service[100850]: INFO cinder.api.openstack.wsgi [None req-51b89cb3-1b4a-4792-a8dd-f3202f14f8c7 tempest-GroupSnapshotsTest-1692967117 tempest-GroupSnapshotsTest-1692967117-project] DELETE http://10.222.0.74/volume/v3/17b0af99e61b4f12b15234e083ceee98/volumes/def3cbfe-9fab-40a4-97cd-7a1a59b3dcc0
Sep 07 16:00:12.538750 dv-cinder-760152-6-smb devstack@c-api.service[100850]: DEBUG cinder.api.openstack.wsgi [None req-51b89cb3-1b4a-4792-a8dd-f3202f14f8c7 tempest-GroupSnapshotsTest-1692967117 tempest-GroupSnapshotsTest-1692967117-project] Empty body provided in request {{(pid=100850) get_body /opt/stack/cinder/cinder/api/openstack/wsgi.py:703}}
Sep 07 16:00:12.539241 dv-cinder-760152-6-smb devstack@c-api.service[100850]: DEBUG cinder.api.openstack.wsgi [None req-51b89cb3-1b4a-4792-a8dd-f3202f14f8c7 tempest-GroupSnapshotsTest-1692967117 tempest-GroupSnapshotsTest-1692967117-project] Calling method 'delete' {{(pid=100850) _process_stack /opt/stack/cinder/cinder/api/openstack/wsgi.py:856}}
Sep 07 16:00:12.539712 dv-cinder-760152-6-smb devstack@c-api.service[100850]: INFO cinder.api.v3.volumes [None req-51b89cb3-1b4a-4792-a8dd-f3202f14f8c7 tempest-GroupSnapshotsTest-1692967117 tempest-GroupSnapshotsTest-1692967117-project] Delete volume with id: def3cbfe-9fab-40a4-97cd-7a1a59b3dcc0
Sep 07 16:00:12.550961 dv-cinder-760152-6-smb devstack@c-api.service[100850]: INFO cinder.api.openstack.wsgi [None req-51b89cb3-1b4a-4792-a8dd-f3202f14f8c7 tempest-GroupSnapshotsTest-1692967117 tempest-GroupSnapshotsTest-1692967117-project] http://10.222.0.74/volume/v3/17b0af99e61b4f12b15234e083ceee98/volumes/def3cbfe-9fab-40a4-97cd-7a1a59b3dcc0 returned with HTTP 404
Sep 07 16:00:12.552060 dv-cinder-760152-6-smb devstack@c-api.service[100850]: [pid: 100850|app: 0|req: 184/374] 10.222.0.74 () {58 vars in 1328 bytes} [Tue Sep 7 16:00:12 2021] DELETE /volume/v3/17b0af99e61b4f12b15234e083ceee98/volumes/def3cbfe-9fab-40a4-97cd-7a1a59b3dcc0 => generated 109 bytes in 17 msecs (HTTP/1.1 404) 7 headers in 292 bytes (1 switches on core 0)
Sep 07 16:00:12.559145 dv-cinder-760152-6-smb devstack@c-api.service[100849]: INFO cinder.api.openstack.wsgi [None req-31a71021-9a39-4df3-a750-6d3eaaff6e52 tempest-GroupSnapshotsTest-1863984394 tempest-GroupSnapshotsTest-1863984394-project-admin] DELETE http://10.222.0.74/volume/v3/5831dc28e1a44679a0332d6738a78f06/types/c08e9c89-3681-4e2b-8040-fb28fb84df35
Sep 07 16:00:12.559595 dv-cinder-760152-6-smb devstack@c-api.service[100849]: DEBUG cinder.api.openstack.wsgi [None req-31a71021-9a39-4df3-a750-6d3eaaff6e52 tempest-GroupSnapshotsTest-1863984394 tempest-GroupSnapshotsTest-1863984394-project-admin] Empty body provided in request {{(pid=100849) get_body /opt/stack/cinder/cinder/api/openstack/wsgi.py:703}}
Sep 07 16:00:12.560039 dv-cinder-760152-6-smb devstack@c-api.service[100849]: DEBUG cinder.api.openstack.wsgi [None req-31a71021-9a39-4df3-a750-6d3eaaff6e52 tempest-GroupSnapshotsTest-1863984394 tempest-GroupSnapshotsTest-1863984394-project-admin] Calling method '_delete' {{(pid=100849) _process_stack /opt/stack/cinder/cinder/api/openstack/wsgi.py:856}}
Sep 07 16:00:12.620307 dv-cinder-760152-6-smb devstack@c-api.service[100849]: INFO cinder.api.openstack.wsgi [None req-31a71021-9a39-4df3-a750-6d3eaaff6e52 tempest-GroupSnapshotsTest-1863984394 tempest-GroupSnapshotsTest-1863984394-project-admin] http://10.222.0.74/volume/v3/5831dc28e1a44679a0332d6738a78f06/types/c08e9c89-3681-4e2b-8040-fb28fb84df35 returned with HTTP 202
Sep 07 16:00:12.621737 dv-cinder-760152-6-smb devstack@c-api.service[100849]: [pid: 100849|app: 0|req: 191/375] 10.222.0.74 () {58 vars in 1322 bytes} [Tue Sep 7 16:00:12 2021] DELETE /volume/v3/5831dc28e1a44679a0332d6738a78f06/types/c08e9c89-3681-4e2b-8040-fb28fb84df35 => generated 0 bytes in 66 msecs (HTTP/1.1 202) 6 headers in 233 bytes (2 switches on core 0)
Sep 07 16:00:12.631989 dv-cinder-760152-6-smb devstack@c-api.service[100850]: INFO cinder.api.openstack.wsgi [None req-ddcada70-66e8-408a-9b57-7fd11da8ab07 tempest-GroupSnapshotsTest-1863984394 tempest-GroupSnapshotsTest-1863984394-project-admin] GET http://10.222.0.74/volume/v3/5831dc28e1a44679a0332d6738a78f06/types/c08e9c89-3681-4e2b-8040-fb28fb84df35
Sep 07 16:00:12.632448 dv-cinder-760152-6-smb devstack@c-api.service[100850]: DEBUG cinder.api.openstack.wsgi [None req-ddcada70-66e8-408a-9b57-7fd11da8ab07 tempest-GroupSnapshotsTest-1863984394 tempest-GroupSnapshotsTest-1863984394-project-admin] Empty body provided in request {{(pid=100850) get_body /opt/stack/cinder/cinder/api/openstack/wsgi.py:703}}
Sep 07 16:00:12.632868 dv-cinder-760152-6-smb devstack@c-api.service[100850]: DEBUG cinder.api.openstack.wsgi [None req-ddcada70-66e8-408a-9b57-7fd11da8ab07 tempest-GroupSnapshotsTest-1863984394 tempest-GroupSnapshotsTest-1863984394-project-admin] Calling method 'show' {{(pid=100850) _process_stack /opt/stack/cinder/cinder/api/openstack/wsgi.py:856}}
Sep 07 16:00:12.638159 dv-cinder-760152-6-smb devstack@c-api.service[100850]: INFO cinder.api.openstack.wsgi [None req-ddcada70-66e8-408a-9b57-7fd11da8ab07 tempest-GroupSnapshotsTest-1863984394 tempest-GroupSnapshotsTest-1863984394-project-admin] http://10.222.0.74/volume/v3/5831dc28e1a44679a0332d6738a78f06/types/c08e9c89-3681-4e2b-8040-fb28fb84df35 returned with HTTP 404
Sep 07 16:00:12.639913 dv-cinder-760152-6-smb devstack@c-api.service[100850]: [pid: 100850|app: 0|req: 185/376] 10.222.0.74 () {58 vars in 1319 bytes} [Tue Sep 7 16:00:12 2021] GET /volume/v3/5831dc28e1a44679a0332d6738a78f06/types/c08e9c89-3681-4e2b-8040-fb28fb84df35 => generated 114 bytes in 14 msecs (HTTP/1.1 404) 7 headers in 292 bytes (2 switches on core 0)
Sep 07 16:00:12.648116 dv-cinder-760152-6-smb devstack@c-api.service[100849]: INFO cinder.api.openstack.wsgi [None req-b28a7761-d395-47ed-8037-33c42d23450b tempest-GroupSnapshotsTest-1692967117 tempest-GroupSnapshotsTest-1692967117-project] DELETE http://10.222.0.74/volume/v3/17b0af99e61b4f12b15234e083ceee98/volumes/d5384b2c-4fbe-4309-a9b9-f0cb8eec6707
Sep 07 16:00:12.648765 dv-cinder-760152-6-smb devstack@c-api.service[100849]: DEBUG cinder.api.openstack.wsgi [None req-b28a7761-d395-47ed-8037-33c42d23450b tempest-GroupSnapshotsTest-1692967117 tempest-GroupSnapshotsTest-1692967117-project] Empty body provided in request {{(pid=100849) get_body /opt/stack/cinder/cinder/api/openstack/wsgi.py:703}}
Sep 07 16:00:12.649392 dv-cinder-760152-6-smb devstack@c-api.service[100849]: DEBUG cinder.api.openstack.wsgi [None req-b28a7761-d395-47ed-8037-33c42d23450b tempest-GroupSnapshotsTest-1692967117 tempest-GroupSnapshotsTest-1692967117-project] Calling method 'delete' {{(pid=100849) _process_stack /opt/stack/cinder/cinder/api/openstack/wsgi.py:856}}
Sep 07 16:00:12.649953 dv-cinder-760152-6-smb devstack@c-api.service[100849]: INFO cinder.api.v3.volumes [None req-b28a7761-d395-47ed-8037-33c42d23450b tempest-GroupSnapshotsTest-1692967117 tempest-GroupSnapshotsTest-1692967117-project] Delete volume with id: d5384b2c-4fbe-4309-a9b9-f0cb8eec6707
Sep 07 16:00:12.662574 dv-cinder-760152-6-smb devstack@c-api.service[100849]: INFO cinder.api.openstack.wsgi [None req-b28a7761-d395-47ed-8037-33c42d23450b tempest-GroupSnapshotsTest-1692967117 tempest-GroupSnapshotsTest-1692967117-project] http://10.222.0.74/volume/v3/17b0af99e61b4f12b15234e083ceee98/volumes/d5384b2c-4fbe-4309-a9b9-f0cb8eec6707 returned with HTTP 404
Sep 07 16:00:12.666910 dv-cinder-760152-6-smb devstack@c-api.service[100849]: [pid: 100849|app: 0|req: 192/377] 10.222.0.74 () {58 vars in 1328 bytes} [Tue Sep 7 16:00:12 2021] DELETE /volume/v3/17b0af99e61b4f12b15234e083ceee98/volumes/d5384b2c-4fbe-4309-a9b9-f0cb8eec6707 => generated 109 bytes in 20 msecs (HTTP/1.1 404) 7 headers in 292 bytes (1 switches on core 0)
Sep 07 16:00:12.673076 dv-cinder-760152-6-smb devstack@c-api.service[100850]: INFO cinder.api.openstack.wsgi [None req-0058e25f-ae18-401a-941f-8e8821ef83b1 tempest-GroupSnapshotsTest-1692967117 tempest-GroupSnapshotsTest-1692967117-project] DELETE http://10.222.0.74/volume/v3/17b0af99e61b4f12b15234e083ceee98/volumes/8a7312b6-c0b9-4858-a9de-326ba0e24f6e
Sep 07 16:00:12.673942 dv-cinder-760152-6-smb devstack@c-api.service[100850]: DEBUG cinder.api.openstack.wsgi [None req-0058e25f-ae18-401a-941f-8e8821ef83b1 tempest-GroupSnapshotsTest-1692967117 tempest-GroupSnapshotsTest-1692967117-project] Empty body provided in request {{(pid=100850) get_body /opt/stack/cinder/cinder/api/openstack/wsgi.py:703}}
Sep 07 16:00:12.674300 dv-cinder-760152-6-smb devstack@c-api.service[100850]: DEBUG cinder.api.openstack.wsgi [None req-0058e25f-ae18-401a-941f-8e8821ef83b1 tempest-GroupSnapshotsTest-1692967117 tempest-GroupSnapshotsTest-1692967117-project] Calling method 'delete' {{(pid=100850) _process_stack /opt/stack/cinder/cinder/api/openstack/wsgi.py:856}}
Sep 07 16:00:12.674824 dv-cinder-760152-6-smb devstack@c-api.service[100850]: INFO cinder.api.v3.volumes [None req-0058e25f-ae18-401a-941f-8e8821ef83b1 tempest-GroupSnapshotsTest-1692967117 tempest-GroupSnapshotsTest-1692967117-project] Delete volume with id: 8a7312b6-c0b9-4858-a9de-326ba0e24f6e
Sep 07 16:00:12.685824 dv-cinder-760152-6-smb devstack@c-api.service[100850]: INFO cinder.api.openstack.wsgi [None req-0058e25f-ae18-401a-941f-8e8821ef83b1 tempest-GroupSnapshotsTest-1692967117 tempest-GroupSnapshotsTest-1692967117-project] http://10.222.0.74/volume/v3/17b0af99e61b4f12b15234e083ceee98/volumes/8a7312b6-c0b9-4858-a9de-326ba0e24f6e returned with HTTP 404
Sep 07 16:00:12.687099 dv-cinder-760152-6-smb devstack@c-api.service[100850]: [pid: 100850|app: 0|req: 186/378] 10.222.0.74 () {58 vars in 1328 bytes} [Tue Sep 7 16:00:12 2021] DELETE /volume/v3/17b0af99e61b4f12b15234e083ceee98/volumes/8a7312b6-c0b9-4858-a9de-326ba0e24f6e => generated 109 bytes in 19 msecs (HTTP/1.1 404) 7 headers in 292 bytes (1 switches on core 0)
Sep 07 16:00:12.695051 dv-cinder-760152-6-smb devstack@c-api.service[100849]: INFO cinder.api.openstack.wsgi [None req-38fb2ebb-ab80-4a0f-b8f0-1b8df7791897 tempest-GroupSnapshotsTest-1863984394 tempest-GroupSnapshotsTest-1863984394-project-admin] DELETE http://10.222.0.74/volume/v3/5831dc28e1a44679a0332d6738a78f06/types/91426c83-34d6-4814-b085-2c3d4c244021
Sep 07 16:00:12.695638 dv-cinder-760152-6-smb devstack@c-api.service[100849]: DEBUG cinder.api.openstack.wsgi [None req-38fb2ebb-ab80-4a0f-b8f0-1b8df7791897 tempest-GroupSnapshotsTest-1863984394 tempest-GroupSnapshotsTest-1863984394-project-admin] Empty body provided in request {{(pid=100849) get_body /opt/stack/cinder/cinder/api/openstack/wsgi.py:703}}
Sep 07 16:00:12.696161 dv-cinder-760152-6-smb devstack@c-api.service[100849]: DEBUG cinder.api.openstack.wsgi [None req-38fb2ebb-ab80-4a0f-b8f0-1b8df7791897 tempest-GroupSnapshotsTest-1863984394 tempest-GroupSnapshotsTest-1863984394-project-admin] Calling method '_delete' {{(pid=100849) _process_stack /opt/stack/cinder/cinder/api/openstack/wsgi.py:856}}
Sep 07 16:00:12.744513 dv-cinder-760152-6-smb devstack@c-api.service[100849]: INFO cinder.api.openstack.wsgi [None req-38fb2ebb-ab80-4a0f-b8f0-1b8df7791897 tempest-GroupSnapshotsTest-1863984394 tempest-GroupSnapshotsTest-1863984394-project-admin] http://10.222.0.74/volume/v3/5831dc28e1a44679a0332d6738a78f06/types/91426c83-34d6-4814-b085-2c3d4c244021 returned with HTTP 202
Sep 07 16:00:12.748528 dv-cinder-760152-6-smb devstack@c-api.service[100849]: [pid: 100849|app: 0|req: 193/379] 10.222.0.74 () {58 vars in 1322 bytes} [Tue Sep 7 16:00:12 2021] DELETE /volume/v3/5831dc28e1a44679a0332d6738a78f06/types/91426c83-34d6-4814-b085-2c3d4c244021 => generated 0 bytes in 55 msecs (HTTP/1.1 202) 6 headers in 233 bytes (1 switches on core 0)
Sep 07 16:00:12.752658 dv-cinder-760152-6-smb devstack@c-api.service[100850]: INFO cinder.api.openstack.wsgi [None req-a5db8d82-6b22-48f4-b031-a1ce50db8860 tempest-GroupSnapshotsTest-1863984394 tempest-GroupSnapshotsTest-1863984394-project-admin] GET http://10.222.0.74/volume/v3/5831dc28e1a44679a0332d6738a78f06/types/91426c83-34d6-4814-b085-2c3d4c244021
Sep 07 16:00:12.753084 dv-cinder-760152-6-smb devstack@c-api.service[100850]: DEBUG cinder.api.openstack.wsgi [None req-a5db8d82-6b22-48f4-b031-a1ce50db8860 tempest-GroupSnapshotsTest-1863984394 tempest-GroupSnapshotsTest-1863984394-project-admin] Empty body provided in request {{(pid=100850) get_body /opt/stack/cinder/cinder/api/openstack/wsgi.py:703}}
Sep 07 16:00:12.753637 dv-cinder-760152-6-smb devstack@c-api.service[100850]: DEBUG cinder.api.openstack.wsgi [None req-a5db8d82-6b22-48f4-b031-a1ce50db8860 tempest-GroupSnapshotsTest-1863984394 tempest-GroupSnapshotsTest-1863984394-project-admin] Calling method 'show' {{(pid=100850) _process_stack /opt/stack/cinder/cinder/api/openstack/wsgi.py:856}}
Sep 07 16:00:12.758821 dv-cinder-760152-6-smb devstack@c-api.service[100850]: INFO cinder.api.openstack.wsgi [None req-a5db8d82-6b22-48f4-b031-a1ce50db8860 tempest-GroupSnapshotsTest-1863984394 tempest-GroupSnapshotsTest-1863984394-project-admin] http://10.222.0.74/volume/v3/5831dc28e1a44679a0332d6738a78f06/types/91426c83-34d6-4814-b085-2c3d4c244021 returned with HTTP 404
Sep 07 16:00:12.760086 dv-cinder-760152-6-smb devstack@c-api.service[100850]: [pid: 100850|app: 0|req: 187/380] 10.222.0.74 () {58 vars in 1319 bytes} [Tue Sep 7 16:00:12 2021] GET /volume/v3/5831dc28e1a44679a0332d6738a78f06/types/91426c83-34d6-4814-b085-2c3d4c244021 => generated 114 bytes in 11 msecs (HTTP/1.1 404) 7 headers in 292 bytes (1 switches on core 0)
Sep 07 16:00:12.767216 dv-cinder-760152-6-smb devstack@c-api.service[100849]: INFO cinder.api.openstack.wsgi [None req-b6c420a6-fb6d-408e-b30a-ef714921d46a tempest-GroupSnapshotsTest-1692967117 tempest-GroupSnapshotsTest-1692967117-project] DELETE http://10.222.0.74/volume/v3/17b0af99e61b4f12b15234e083ceee98/volumes/da0e7376-4616-48d9-baf5-924b24058d6a
Sep 07 16:00:12.767913 dv-cinder-760152-6-smb devstack@c-api.service[100849]: DEBUG cinder.api.openstack.wsgi [None req-b6c420a6-fb6d-408e-b30a-ef714921d46a tempest-GroupSnapshotsTest-1692967117 tempest-GroupSnapshotsTest-1692967117-project] Empty body provided in request {{(pid=100849) get_body /opt/stack/cinder/cinder/api/openstack/wsgi.py:703}}
Sep 07 16:00:12.768490 dv-cinder-760152-6-smb devstack@c-api.service[100849]: DEBUG cinder.api.openstack.wsgi [None req-b6c420a6-fb6d-408e-b30a-ef714921d46a tempest-GroupSnapshotsTest-1692967117 tempest-GroupSnapshotsTest-1692967117-project] Calling method 'delete' {{(pid=100849) _process_stack /opt/stack/cinder/cinder/api/openstack/wsgi.py:856}}
Sep 07 16:00:12.769049 dv-cinder-760152-6-smb devstack@c-api.service[100849]: INFO cinder.api.v3.volumes [None req-b6c420a6-fb6d-408e-b30a-ef714921d46a tempest-GroupSnapshotsTest-1692967117 tempest-GroupSnapshotsTest-1692967117-project] Delete volume with id: da0e7376-4616-48d9-baf5-924b24058d6a
Sep 07 16:00:12.782642 dv-cinder-760152-6-smb devstack@c-api.service[100849]: INFO cinder.api.openstack.wsgi [None req-b6c420a6-fb6d-408e-b30a-ef714921d46a tempest-GroupSnapshotsTest-1692967117 tempest-GroupSnapshotsTest-1692967117-project] http://10.222.0.74/volume/v3/17b0af99e61b4f12b15234e083ceee98/volumes/da0e7376-4616-48d9-baf5-924b24058d6a returned with HTTP 404
Sep 07 16:00:12.786541 dv-cinder-760152-6-smb devstack@c-api.service[100849]: [pid: 100849|app: 0|req: 194/381] 10.222.0.74 () {58 vars in 1328 bytes} [Tue Sep 7 16:00:12 2021] DELETE /volume/v3/17b0af99e61b4f12b15234e083ceee98/volumes/da0e7376-4616-48d9-baf5-924b24058d6a => generated 109 bytes in 20 msecs (HTTP/1.1 404) 7 headers in 292 bytes (2 switches on core 0)
Sep 07 16:00:12.791131 dv-cinder-760152-6-smb devstack@c-api.service[100850]: INFO cinder.api.openstack.wsgi [None req-a663e7ff-9b33-477a-98f4-090065e9547c tempest-GroupSnapshotsTest-1863984394 tempest-GroupSnapshotsTest-1863984394-project-admin] DELETE http://10.222.0.74/volume/v3/5831dc28e1a44679a0332d6738a78f06/types/5c8b4a7a-92da-4d88-833a-5d97ae80c41d
Sep 07 16:00:12.792275 dv-cinder-760152-6-smb devstack@c-api.service[100850]: DEBUG cinder.api.openstack.wsgi [None req-a663e7ff-9b33-477a-98f4-090065e9547c tempest-GroupSnapshotsTest-1863984394 tempest-GroupSnapshotsTest-1863984394-project-admin] Empty body provided in request {{(pid=100850) get_body /opt/stack/cinder/cinder/api/openstack/wsgi.py:703}}
Sep 07 16:00:12.792728 dv-cinder-760152-6-smb devstack@c-api.service[100850]: DEBUG cinder.api.openstack.wsgi [None req-a663e7ff-9b33-477a-98f4-090065e9547c tempest-GroupSnapshotsTest-1863984394 tempest-GroupSnapshotsTest-1863984394-project-admin] Calling method '_delete' {{(pid=100850) _process_stack /opt/stack/cinder/cinder/api/openstack/wsgi.py:856}}
Sep 07 16:00:12.839800 dv-cinder-760152-6-smb devstack@c-api.service[100850]: INFO cinder.api.openstack.wsgi [None req-a663e7ff-9b33-477a-98f4-090065e9547c tempest-GroupSnapshotsTest-1863984394 tempest-GroupSnapshotsTest-1863984394-project-admin] http://10.222.0.74/volume/v3/5831dc28e1a44679a0332d6738a78f06/types/5c8b4a7a-92da-4d88-833a-5d97ae80c41d returned with HTTP 202
Sep 07 16:00:12.840763 dv-cinder-760152-6-smb devstack@c-api.service[100850]: [pid: 100850|app: 0|req: 188/382] 10.222.0.74 () {58 vars in 1322 bytes} [Tue Sep 7 16:00:12 2021] DELETE /volume/v3/5831dc28e1a44679a0332d6738a78f06/types/5c8b4a7a-92da-4d88-833a-5d97ae80c41d => generated 0 bytes in 53 msecs (HTTP/1.1 202) 6 headers in 233 bytes (1 switches on core 0)
Sep 07 16:00:12.848202 dv-cinder-760152-6-smb devstack@c-api.service[100849]: INFO cinder.api.openstack.wsgi [None req-6fd89d12-3173-457f-be57-4ff6786070cf tempest-GroupSnapshotsTest-1863984394 tempest-GroupSnapshotsTest-1863984394-project-admin] GET http://10.222.0.74/volume/v3/5831dc28e1a44679a0332d6738a78f06/types/5c8b4a7a-92da-4d88-833a-5d97ae80c41d
Sep 07 16:00:12.848885 dv-cinder-760152-6-smb devstack@c-api.service[100849]: DEBUG cinder.api.openstack.wsgi [None req-6fd89d12-3173-457f-be57-4ff6786070cf tempest-GroupSnapshotsTest-1863984394 tempest-GroupSnapshotsTest-1863984394-project-admin] Empty body provided in request {{(pid=100849) get_body /opt/stack/cinder/cinder/api/openstack/wsgi.py:703}}
Sep 07 16:00:12.849305 dv-cinder-760152-6-smb devstack@c-api.service[100849]: DEBUG cinder.api.openstack.wsgi [None req-6fd89d12-3173-457f-be57-4ff6786070cf tempest-GroupSnapshotsTest-1863984394 tempest-GroupSnapshotsTest-1863984394-project-admin] Calling method 'show' {{(pid=100849) _process_stack /opt/stack/cinder/cinder/api/openstack/wsgi.py:856}}
Sep 07 16:00:12.854184 dv-cinder-760152-6-smb devstack@c-api.service[100849]: INFO cinder.api.openstack.wsgi [None req-6fd89d12-3173-457f-be57-4ff6786070cf tempest-GroupSnapshotsTest-1863984394 tempest-GroupSnapshotsTest-1863984394-project-admin] http://10.222.0.74/volume/v3/5831dc28e1a44679a0332d6738a78f06/types/5c8b4a7a-92da-4d88-833a-5d97ae80c41d returned with HTTP 404
Sep 07 16:00:12.855273 dv-cinder-760152-6-smb devstack@c-api.service[100849]: [pid: 100849|app: 0|req: 195/383] 10.222.0.74 () {58 vars in 1319 bytes} [Tue Sep 7 16:00:12 2021] GET /volume/v3/5831dc28e1a44679a0332d6738a78f06/types/5c8b4a7a-92da-4d88-833a-5d97ae80c41d => generated 114 bytes in 11 msecs (HTTP/1.1 404) 7 headers in 292 bytes (2 switches on core 0)
Sep 07 16:00:12.984166 dv-cinder-760152-6-smb devstack@c-api.service[100850]: INFO cinder.api.openstack.wsgi [None req-6bce30f0-0659-4822-b292-e2e2f2ebb1c0 tempest-VolumesDeleteCascade-2009183404 tempest-VolumesDeleteCascade-2009183404-project] GET http://10.222.0.74/volume/v3/826292580b784fd9a6062aa03ede5a13/snapshots/feaab9e7-779d-439a-a3b9-18ad28657463
Sep 07 16:00:12.984752 dv-cinder-760152-6-smb devstack@c-api.service[100850]: DEBUG cinder.api.openstack.wsgi [None req-6bce30f0-0659-4822-b292-e2e2f2ebb1c0 tempest-VolumesDeleteCascade-2009183404 tempest-VolumesDeleteCascade-2009183404-project] Empty body provided in request {{(pid=100850) get_body /opt/stack/cinder/cinder/api/openstack/wsgi.py:703}}
Sep 07 16:00:12.985305 dv-cinder-760152-6-smb devstack@c-api.service[100850]: DEBUG cinder.api.openstack.wsgi [None req-6bce30f0-0659-4822-b292-e2e2f2ebb1c0 tempest-VolumesDeleteCascade-2009183404 tempest-VolumesDeleteCascade-2009183404-project] Calling method 'show' {{(pid=100850) _process_stack /opt/stack/cinder/cinder/api/openstack/wsgi.py:856}}
Sep 07 16:00:13.001081 dv-cinder-760152-6-smb devstack@c-api.service[100850]: /usr/local/lib/python3.8/dist-packages/oslo_context/context.py:105: DeprecationWarning: Policy enforcement is depending on the value of is_admin. This key is deprecated. Please update your policy file to use the standard policy values.
Sep 07 16:00:13.001081 dv-cinder-760152-6-smb devstack@c-api.service[100850]: warnings.warn('Policy enforcement is depending on the value of '
Sep 07 16:00:13.002182 dv-cinder-760152-6-smb devstack@c-api.service[100850]: INFO cinder.volume.api [None req-6bce30f0-0659-4822-b292-e2e2f2ebb1c0 tempest-VolumesDeleteCascade-2009183404 tempest-VolumesDeleteCascade-2009183404-project] Snapshot retrieved successfully.
Sep 07 16:00:13.008146 dv-cinder-760152-6-smb devstack@c-api.service[100850]: INFO cinder.api.openstack.wsgi [None req-6bce30f0-0659-4822-b292-e2e2f2ebb1c0 tempest-VolumesDeleteCascade-2009183404 tempest-VolumesDeleteCascade-2009183404-project] http://10.222.0.74/volume/v3/826292580b784fd9a6062aa03ede5a13/snapshots/feaab9e7-779d-439a-a3b9-18ad28657463 returned with HTTP 200
Sep 07 16:00:13.016786 dv-cinder-760152-6-smb devstack@c-api.service[100850]: [pid: 100850|app: 0|req: 189/384] 10.222.0.74 () {58 vars in 1331 bytes} [Tue Sep 7 16:00:12 2021] GET /volume/v3/826292580b784fd9a6062aa03ede5a13/snapshots/feaab9e7-779d-439a-a3b9-18ad28657463 => generated 532 bytes in 37 msecs (HTTP/1.1 200) 7 headers in 285 bytes (1 switches on core 0)
Sep 07 16:00:13.021002 dv-cinder-760152-6-smb devstack@c-api.service[100849]: INFO cinder.api.openstack.wsgi [None req-306d3315-7bd0-46eb-8319-705499528241 tempest-VolumesDeleteCascade-2009183404 tempest-VolumesDeleteCascade-2009183404-project] POST http://10.222.0.74/volume/v3/826292580b784fd9a6062aa03ede5a13/volumes
Sep 07 16:00:13.022131 dv-cinder-760152-6-smb devstack@c-api.service[100849]: DEBUG cinder.api.openstack.wsgi [None req-306d3315-7bd0-46eb-8319-705499528241 tempest-VolumesDeleteCascade-2009183404 tempest-VolumesDeleteCascade-2009183404-project] Action: 'create', calling method: create, body: {"volume": {"snapshot_id": "feaab9e7-779d-439a-a3b9-18ad28657463", "size": 1, "name": "tempest-VolumesDeleteCascade-Volume-361629568"}} {{(pid=100849) _process_stack /opt/stack/cinder/cinder/api/openstack/wsgi.py:854}}
Sep 07 16:00:13.024168 dv-cinder-760152-6-smb devstack@c-api.service[100849]: DEBUG cinder.api.v3.volumes [None req-306d3315-7bd0-46eb-8319-705499528241 tempest-VolumesDeleteCascade-2009183404 tempest-VolumesDeleteCascade-2009183404-project] Create volume request body: {'volume': {'snapshot_id': 'feaab9e7-779d-439a-a3b9-18ad28657463', 'size': 1, 'name': 'tempest-VolumesDeleteCascade-Volume-361629568'}} {{(pid=100849) create /opt/stack/cinder/cinder/api/v3/volumes.py:298}}
Sep 07 16:00:13.045819 dv-cinder-760152-6-smb devstack@c-api.service[100849]: /usr/local/lib/python3.8/dist-packages/oslo_context/context.py:105: DeprecationWarning: Policy enforcement is depending on the value of is_admin. This key is deprecated. Please update your policy file to use the standard policy values.
Sep 07 16:00:13.045819 dv-cinder-760152-6-smb devstack@c-api.service[100849]: warnings.warn('Policy enforcement is depending on the value of '
Sep 07 16:00:13.049059 dv-cinder-760152-6-smb devstack@c-api.service[100849]: INFO cinder.volume.api [None req-306d3315-7bd0-46eb-8319-705499528241 tempest-VolumesDeleteCascade-2009183404 tempest-VolumesDeleteCascade-2009183404-project] Snapshot retrieved successfully.
Sep 07 16:00:13.051343 dv-cinder-760152-6-smb devstack@c-api.service[100849]: INFO cinder.api.v3.volumes [None req-306d3315-7bd0-46eb-8319-705499528241 tempest-VolumesDeleteCascade-2009183404 tempest-VolumesDeleteCascade-2009183404-project] Create volume of 1 GB
Sep 07 16:00:13.066230 dv-cinder-760152-6-smb devstack@c-api.service[100849]: INFO cinder.volume.api [None req-306d3315-7bd0-46eb-8319-705499528241 tempest-VolumesDeleteCascade-2009183404 tempest-VolumesDeleteCascade-2009183404-project] Availability Zones retrieved successfully.
Sep 07 16:00:13.106301 dv-cinder-760152-6-smb devstack@c-api.service[100849]: DEBUG cinder.volume.api [None req-306d3315-7bd0-46eb-8319-705499528241 tempest-VolumesDeleteCascade-2009183404 tempest-VolumesDeleteCascade-2009183404-project] Flow 'volume_create_api' (4fac525c-669f-415a-a914-0d4b5432d76f) transitioned into state 'RUNNING' from state 'PENDING' {{(pid=100849) _flow_receiver /usr/local/lib/python3.8/dist-packages/taskflow/listeners/logging.py:141}}
Sep 07 16:00:13.109305 dv-cinder-760152-6-smb devstack@c-api.service[100850]: INFO cinder.api.openstack.wsgi [req-22f31844-eac6-4e59-b6a7-e84f6136d3e0 req-3c975c94-48a1-4cdf-81bd-b9b5c0c970bd tempest-VolumesSnapshotsTestJSON-1814968771 tempest-VolumesSnapshotsTestJSON-1814968771-project] GET http://10.222.0.74/volume/v3/f9444a2870114129b80d19c746d50432/volumes/af52b886-42a1-4e17-89c7-8c92a283096f
Sep 07 16:00:13.110380 dv-cinder-760152-6-smb devstack@c-api.service[100850]: DEBUG cinder.api.openstack.wsgi [req-22f31844-eac6-4e59-b6a7-e84f6136d3e0 req-3c975c94-48a1-4cdf-81bd-b9b5c0c970bd tempest-VolumesSnapshotsTestJSON-1814968771 tempest-VolumesSnapshotsTestJSON-1814968771-project] Empty body provided in request {{(pid=100850) get_body /opt/stack/cinder/cinder/api/openstack/wsgi.py:703}}
Sep 07 16:00:13.110751 dv-cinder-760152-6-smb devstack@c-api.service[100850]: /usr/local/lib/python3.8/dist-packages/webob/acceptparse.py:1047: DeprecationWarning: The behavior of AcceptValidHeader.best_match is currently being maintained for backward compatibility, but it will be deprecated in the future, as it does not conform to the RFC.
Sep 07 16:00:13.110751 dv-cinder-760152-6-smb devstack@c-api.service[100850]: warnings.warn(
Sep 07 16:00:13.111356 dv-cinder-760152-6-smb devstack@c-api.service[100850]: DEBUG cinder.api.openstack.wsgi [req-22f31844-eac6-4e59-b6a7-e84f6136d3e0 req-3c975c94-48a1-4cdf-81bd-b9b5c0c970bd tempest-VolumesSnapshotsTestJSON-1814968771 tempest-VolumesSnapshotsTestJSON-1814968771-project] Calling method 'show' {{(pid=100850) _process_stack /opt/stack/cinder/cinder/api/openstack/wsgi.py:856}}
Sep 07 16:00:13.113268 dv-cinder-760152-6-smb devstack@c-api.service[100849]: DEBUG cinder.volume.api [None req-306d3315-7bd0-46eb-8319-705499528241 tempest-VolumesDeleteCascade-2009183404 tempest-VolumesDeleteCascade-2009183404-project] Task 'cinder.volume.flows.api.create_volume.ExtractVolumeRequestTask;volume:create' (faed6511-5fb6-4b71-a615-0baf8b432769) transitioned into state 'RUNNING' from state 'PENDING' {{(pid=100849) _task_receiver /usr/local/lib/python3.8/dist-packages/taskflow/listeners/logging.py:190}}
Sep 07 16:00:13.115324 dv-cinder-760152-6-smb devstack@c-api.service[100849]: DEBUG cinder.volume.flows.api.create_volume [None req-306d3315-7bd0-46eb-8319-705499528241 tempest-VolumesDeleteCascade-2009183404 tempest-VolumesDeleteCascade-2009183404-project] Validating volume size '1' using validate_int, validate_snap_size {{(pid=100849) _extract_size /opt/stack/cinder/cinder/volume/flows/api/create_volume.py:225}}
Sep 07 16:00:13.132125 dv-cinder-760152-6-smb devstack@c-api.service[100850]: INFO cinder.api.openstack.wsgi [req-22f31844-eac6-4e59-b6a7-e84f6136d3e0 req-3c975c94-48a1-4cdf-81bd-b9b5c0c970bd tempest-VolumesSnapshotsTestJSON-1814968771 tempest-VolumesSnapshotsTestJSON-1814968771-project] http://10.222.0.74/volume/v3/f9444a2870114129b80d19c746d50432/volumes/af52b886-42a1-4e17-89c7-8c92a283096f returned with HTTP 404
Sep 07 16:00:13.136360 dv-cinder-760152-6-smb devstack@c-api.service[100850]: [pid: 100850|app: 0|req: 190/385] 10.222.0.74 () {60 vars in 1579 bytes} [Tue Sep 7 16:00:13 2021] GET /volume/v3/f9444a2870114129b80d19c746d50432/volumes/af52b886-42a1-4e17-89c7-8c92a283096f => generated 109 bytes in 32 msecs (HTTP/1.1 404) 7 headers in 292 bytes (2 switches on core 0)
Sep 07 16:00:13.187293 dv-cinder-760152-6-smb devstack@c-api.service[100850]: INFO cinder.api.openstack.wsgi [req-ca044d56-8e9f-483b-b074-30305804d193 req-d043d867-1820-44f2-a866-25a61d9edcd8 tempest-VolumesSnapshotsTestJSON-1814968771 tempest-VolumesSnapshotsTestJSON-1814968771-project] DELETE http://10.222.0.74/volume/v3/f9444a2870114129b80d19c746d50432/volumes/af52b886-42a1-4e17-89c7-8c92a283096f
Sep 07 16:00:13.187691 dv-cinder-760152-6-smb devstack@c-api.service[100850]: DEBUG cinder.api.openstack.wsgi [req-ca044d56-8e9f-483b-b074-30305804d193 req-d043d867-1820-44f2-a866-25a61d9edcd8 tempest-VolumesSnapshotsTestJSON-1814968771 tempest-VolumesSnapshotsTestJSON-1814968771-project] Empty body provided in request {{(pid=100850) get_body /opt/stack/cinder/cinder/api/openstack/wsgi.py:703}}
Sep 07 16:00:13.188119 dv-cinder-760152-6-smb devstack@c-api.service[100850]: DEBUG cinder.api.openstack.wsgi [req-ca044d56-8e9f-483b-b074-30305804d193 req-d043d867-1820-44f2-a866-25a61d9edcd8 tempest-VolumesSnapshotsTestJSON-1814968771 tempest-VolumesSnapshotsTestJSON-1814968771-project] Calling method 'delete' {{(pid=100850) _process_stack /opt/stack/cinder/cinder/api/openstack/wsgi.py:856}}
Sep 07 16:00:13.188678 dv-cinder-760152-6-smb devstack@c-api.service[100850]: INFO cinder.api.v3.volumes [req-ca044d56-8e9f-483b-b074-30305804d193 req-d043d867-1820-44f2-a866-25a61d9edcd8 tempest-VolumesSnapshotsTestJSON-1814968771 tempest-VolumesSnapshotsTestJSON-1814968771-project] Delete volume with id: af52b886-42a1-4e17-89c7-8c92a283096f
Sep 07 16:00:13.212103 dv-cinder-760152-6-smb devstack@c-api.service[100850]: INFO cinder.api.openstack.wsgi [req-ca044d56-8e9f-483b-b074-30305804d193 req-d043d867-1820-44f2-a866-25a61d9edcd8 tempest-VolumesSnapshotsTestJSON-1814968771 tempest-VolumesSnapshotsTestJSON-1814968771-project] http://10.222.0.74/volume/v3/f9444a2870114129b80d19c746d50432/volumes/af52b886-42a1-4e17-89c7-8c92a283096f returned with HTTP 404
Sep 07 16:00:13.213551 dv-cinder-760152-6-smb devstack@c-api.service[100850]: [pid: 100850|app: 0|req: 191/386] 10.222.0.74 () {62 vars in 1601 bytes} [Tue Sep 7 16:00:13 2021] DELETE /volume/v3/f9444a2870114129b80d19c746d50432/volumes/af52b886-42a1-4e17-89c7-8c92a283096f => generated 109 bytes in 33 msecs (HTTP/1.1 404) 7 headers in 292 bytes (2 switches on core 0)
Sep 07 16:00:13.255317 dv-cinder-760152-6-smb devstack@c-api.service[100849]: DEBUG cinder.volume.api [None req-306d3315-7bd0-46eb-8319-705499528241 tempest-VolumesDeleteCascade-2009183404 tempest-VolumesDeleteCascade-2009183404-project] Task 'cinder.volume.flows.api.create_volume.ExtractVolumeRequestTask;volume:create' (faed6511-5fb6-4b71-a615-0baf8b432769) transitioned into state 'SUCCESS' from state 'RUNNING' with result '{'size': 1, 'snapshot_id': 'feaab9e7-779d-439a-a3b9-18ad28657463', 'source_volid': None, 'volume_type': VolumeType(created_at=2021-09-07T15:49:28Z,deleted=False,deleted_at=None,description='Default Volume Type',extra_specs={},id=8fafba7c-cc37-4ca3-9f66-d4e0bb94abe7,is_public=True,name='__DEFAULT__',projects=[],qos_specs=,qos_specs_id=None,updated_at=2021-09-07T15:49:28Z), 'volume_type_id': '8fafba7c-cc37-4ca3-9f66-d4e0bb94abe7', 'encryption_key_id': None, 'qos_specs': None, 'consistencygroup_id': None, 'cgsnapshot_id': None, 'group_id': None, 'replication_status': 'disabled', 'refresh_az': False, 'backup_id': None, 'multiattach': False, 'availability_zones': ['nova']}' {{(pid=100849) _task_receiver /usr/local/lib/python3.8/dist-packages/taskflow/listeners/logging.py:178}}
Sep 07 16:00:13.256129 dv-cinder-760152-6-smb devstack@c-api.service[100850]: INFO cinder.api.openstack.wsgi [req-9837fc7a-ecc8-466c-b839-8f13d287e162 req-eb6a2f25-b2ec-4c45-a03b-cabfe00b6d47 tempest-VolumesSnapshotsTestJSON-1814968771 tempest-VolumesSnapshotsTestJSON-1814968771-project] GET http://10.222.0.74/volume/v3/f9444a2870114129b80d19c746d50432/volumes/af52b886-42a1-4e17-89c7-8c92a283096f
Sep 07 16:00:13.256701 dv-cinder-760152-6-smb devstack@c-api.service[100850]: DEBUG cinder.api.openstack.wsgi [req-9837fc7a-ecc8-466c-b839-8f13d287e162 req-eb6a2f25-b2ec-4c45-a03b-cabfe00b6d47 tempest-VolumesSnapshotsTestJSON-1814968771 tempest-VolumesSnapshotsTestJSON-1814968771-project] Empty body provided in request {{(pid=100850) get_body /opt/stack/cinder/cinder/api/openstack/wsgi.py:703}}
Sep 07 16:00:13.257556 dv-cinder-760152-6-smb devstack@c-api.service[100850]: DEBUG cinder.api.openstack.wsgi [req-9837fc7a-ecc8-466c-b839-8f13d287e162 req-eb6a2f25-b2ec-4c45-a03b-cabfe00b6d47 tempest-VolumesSnapshotsTestJSON-1814968771 tempest-VolumesSnapshotsTestJSON-1814968771-project] Calling method 'show' {{(pid=100850) _process_stack /opt/stack/cinder/cinder/api/openstack/wsgi.py:856}}
Sep 07 16:00:13.267751 dv-cinder-760152-6-smb devstack@c-api.service[100849]: DEBUG cinder.volume.api [None req-306d3315-7bd0-46eb-8319-705499528241 tempest-VolumesDeleteCascade-2009183404 tempest-VolumesDeleteCascade-2009183404-project] Task 'cinder.volume.flows.api.create_volume.QuotaReserveTask;volume:create' (97a99e93-a1eb-45da-926a-57689ea7286b) transitioned into state 'RUNNING' from state 'PENDING' {{(pid=100849) _task_receiver /usr/local/lib/python3.8/dist-packages/taskflow/listeners/logging.py:190}}
Sep 07 16:00:13.284840 dv-cinder-760152-6-smb devstack@c-api.service[100850]: INFO cinder.api.openstack.wsgi [req-9837fc7a-ecc8-466c-b839-8f13d287e162 req-eb6a2f25-b2ec-4c45-a03b-cabfe00b6d47 tempest-VolumesSnapshotsTestJSON-1814968771 tempest-VolumesSnapshotsTestJSON-1814968771-project] http://10.222.0.74/volume/v3/f9444a2870114129b80d19c746d50432/volumes/af52b886-42a1-4e17-89c7-8c92a283096f returned with HTTP 404
Sep 07 16:00:13.285827 dv-cinder-760152-6-smb devstack@c-api.service[100850]: [pid: 100850|app: 0|req: 192/387] 10.222.0.74 () {60 vars in 1579 bytes} [Tue Sep 7 16:00:13 2021] GET /volume/v3/f9444a2870114129b80d19c746d50432/volumes/af52b886-42a1-4e17-89c7-8c92a283096f => generated 109 bytes in 34 msecs (HTTP/1.1 404) 7 headers in 292 bytes (2 switches on core 0)
Sep 07 16:00:13.297867 dv-cinder-760152-6-smb devstack@c-api.service[100850]: INFO cinder.api.openstack.wsgi [None req-7ba1d938-50c4-42a3-99c8-6554e572bbfa tempest-VolumesActionsTest-2052516350 tempest-VolumesActionsTest-2052516350-project] GET http://10.222.0.74/volume/v3/ba043db12fe8409fbbad40157f7d3c15/volumes/36aa540f-8fae-459a-a50b-9e2c999a0354
Sep 07 16:00:13.302503 dv-cinder-760152-6-smb devstack@c-api.service[100850]: DEBUG cinder.api.openstack.wsgi [None req-7ba1d938-50c4-42a3-99c8-6554e572bbfa tempest-VolumesActionsTest-2052516350 tempest-VolumesActionsTest-2052516350-project] Empty body provided in request {{(pid=100850) get_body /opt/stack/cinder/cinder/api/openstack/wsgi.py:703}}
Sep 07 16:00:13.303288 dv-cinder-760152-6-smb devstack@c-api.service[100850]: DEBUG cinder.api.openstack.wsgi [None req-7ba1d938-50c4-42a3-99c8-6554e572bbfa tempest-VolumesActionsTest-2052516350 tempest-VolumesActionsTest-2052516350-project] Calling method 'show' {{(pid=100850) _process_stack /opt/stack/cinder/cinder/api/openstack/wsgi.py:856}}
Sep 07 16:00:13.344424 dv-cinder-760152-6-smb devstack@c-api.service[100850]: /usr/local/lib/python3.8/dist-packages/oslo_context/context.py:105: DeprecationWarning: Policy enforcement is depending on the value of is_admin. This key is deprecated. Please update your policy file to use the standard policy values.
Sep 07 16:00:13.344424 dv-cinder-760152-6-smb devstack@c-api.service[100850]: warnings.warn('Policy enforcement is depending on the value of '
Sep 07 16:00:13.355299 dv-cinder-760152-6-smb devstack@c-api.service[100850]: INFO cinder.volume.api [None req-7ba1d938-50c4-42a3-99c8-6554e572bbfa tempest-VolumesActionsTest-2052516350 tempest-VolumesActionsTest-2052516350-project] Volume info retrieved successfully.
Sep 07 16:00:13.376727 dv-cinder-760152-6-smb devstack@c-api.service[100849]: DEBUG cinder.quota [None req-306d3315-7bd0-46eb-8319-705499528241 tempest-VolumesDeleteCascade-2009183404 tempest-VolumesDeleteCascade-2009183404-project] Created reservations ['8c44a9fe-efed-4ae4-8806-e19a8c79d25a', 'd62d2072-5605-4626-931e-907b31fcaca5', '5a29ed76-3e69-472a-b807-be964ace6284', 'd2faa29c-d9a1-4282-83f6-a5b29fb00630'] {{(pid=100849) reserve /opt/stack/cinder/cinder/quota.py:755}}
Sep 07 16:00:13.378075 dv-cinder-760152-6-smb devstack@c-api.service[100850]: INFO cinder.api.openstack.wsgi [None req-7ba1d938-50c4-42a3-99c8-6554e572bbfa tempest-VolumesActionsTest-2052516350 tempest-VolumesActionsTest-2052516350-project] http://10.222.0.74/volume/v3/ba043db12fe8409fbbad40157f7d3c15/volumes/36aa540f-8fae-459a-a50b-9e2c999a0354 returned with HTTP 200
Sep 07 16:00:13.379058 dv-cinder-760152-6-smb devstack@c-api.service[100849]: DEBUG cinder.volume.api [None req-306d3315-7bd0-46eb-8319-705499528241 tempest-VolumesDeleteCascade-2009183404 tempest-VolumesDeleteCascade-2009183404-project] Task 'cinder.volume.flows.api.create_volume.QuotaReserveTask;volume:create' (97a99e93-a1eb-45da-926a-57689ea7286b) transitioned into state 'SUCCESS' from state 'RUNNING' with result '{'reservations': ['8c44a9fe-efed-4ae4-8806-e19a8c79d25a', 'd62d2072-5605-4626-931e-907b31fcaca5', '5a29ed76-3e69-472a-b807-be964ace6284', 'd2faa29c-d9a1-4282-83f6-a5b29fb00630']}' {{(pid=100849) _task_receiver /usr/local/lib/python3.8/dist-packages/taskflow/listeners/logging.py:178}}
Sep 07 16:00:13.379470 dv-cinder-760152-6-smb devstack@c-api.service[100850]: [pid: 100850|app: 0|req: 193/388] 10.222.0.74 () {58 vars in 1325 bytes} [Tue Sep 7 16:00:13 2021] GET /volume/v3/ba043db12fe8409fbbad40157f7d3c15/volumes/36aa540f-8fae-459a-a50b-9e2c999a0354 => generated 911 bytes in 90 msecs (HTTP/1.1 200) 7 headers in 285 bytes (1 switches on core 0)
Sep 07 16:00:13.395270 dv-cinder-760152-6-smb devstack@c-api.service[100849]: DEBUG cinder.volume.api [None req-306d3315-7bd0-46eb-8319-705499528241 tempest-VolumesDeleteCascade-2009183404 tempest-VolumesDeleteCascade-2009183404-project] Task 'cinder.volume.flows.api.create_volume.EntryCreateTask;volume:create' (a2ce1354-f9f1-444f-8157-cb0b4b741d3b) transitioned into state 'RUNNING' from state 'PENDING' {{(pid=100849) _task_receiver /usr/local/lib/python3.8/dist-packages/taskflow/listeners/logging.py:190}}
Sep 07 16:00:13.397699 dv-cinder-760152-6-smb devstack@c-api.service[100850]: INFO cinder.api.openstack.wsgi [None req-641bb538-96ca-4887-8dba-1f55d3967f65 tempest-VolumesActionsTest-2052516350 tempest-VolumesActionsTest-2052516350-project] POST http://10.222.0.74/volume/v3/ba043db12fe8409fbbad40157f7d3c15/volumes/36aa540f-8fae-459a-a50b-9e2c999a0354/action
Sep 07 16:00:13.399184 dv-cinder-760152-6-smb devstack@c-api.service[100850]: /usr/local/lib/python3.8/dist-packages/webob/acceptparse.py:1047: DeprecationWarning: The behavior of AcceptValidHeader.best_match is currently being maintained for backward compatibility, but it will be deprecated in the future, as it does not conform to the RFC.
Sep 07 16:00:13.399184 dv-cinder-760152-6-smb devstack@c-api.service[100850]: warnings.warn(
Sep 07 16:00:13.399822 dv-cinder-760152-6-smb devstack@c-api.service[100850]: DEBUG cinder.api.openstack.wsgi [None req-641bb538-96ca-4887-8dba-1f55d3967f65 tempest-VolumesActionsTest-2052516350 tempest-VolumesActionsTest-2052516350-project] Action body: b'{"os-attach": {"instance_uuid": "b8ef5cba-341c-4c04-9fd4-3ba698ab7ee8", "mountpoint": "/dev/sdb"}}' {{(pid=100850) get_method /opt/stack/cinder/cinder/api/openstack/wsgi.py:971}}
Sep 07 16:00:13.400664 dv-cinder-760152-6-smb devstack@c-api.service[100850]: DEBUG cinder.api.openstack.wsgi [None req-641bb538-96ca-4887-8dba-1f55d3967f65 tempest-VolumesActionsTest-2052516350 tempest-VolumesActionsTest-2052516350-project] Action: 'action', calling method: _attach, body: {"os-attach": {"instance_uuid": "b8ef5cba-341c-4c04-9fd4-3ba698ab7ee8", "mountpoint": "/dev/sdb"}} {{(pid=100850) _process_stack /opt/stack/cinder/cinder/api/openstack/wsgi.py:854}}
Sep 07 16:00:13.424625 dv-cinder-760152-6-smb devstack@c-api.service[100850]: /usr/local/lib/python3.8/dist-packages/oslo_context/context.py:105: DeprecationWarning: Policy enforcement is depending on the value of is_admin. This key is deprecated. Please update your policy file to use the standard policy values.
Sep 07 16:00:13.424625 dv-cinder-760152-6-smb devstack@c-api.service[100850]: warnings.warn('Policy enforcement is depending on the value of '
Sep 07 16:00:13.427193 dv-cinder-760152-6-smb devstack@c-api.service[100850]: INFO cinder.volume.api [None req-641bb538-96ca-4887-8dba-1f55d3967f65 tempest-VolumesActionsTest-2052516350 tempest-VolumesActionsTest-2052516350-project] Volume info retrieved successfully.
Sep 07 16:00:13.451000 dv-cinder-760152-6-smb devstack@c-api.service[100850]: INFO cinder.volume.api [None req-641bb538-96ca-4887-8dba-1f55d3967f65 tempest-VolumesActionsTest-2052516350 tempest-VolumesActionsTest-2052516350-project] Update volume admin metadata completed successfully.
Sep 07 16:00:13.457792 dv-cinder-760152-6-smb devstack@c-api.service[100849]: DEBUG cinder.volume.api [None req-306d3315-7bd0-46eb-8319-705499528241 tempest-VolumesDeleteCascade-2009183404 tempest-VolumesDeleteCascade-2009183404-project] Task 'cinder.volume.flows.api.create_volume.EntryCreateTask;volume:create' (a2ce1354-f9f1-444f-8157-cb0b4b741d3b) transitioned into state 'SUCCESS' from state 'RUNNING' with result '{'volume_id': '86e30545-c2b8-44ff-a389-c5093249a1fe', 'volume_properties': VolumeProperties(attach_status='detached',availability_zone='nova',cgsnapshot_id=None,consistencygroup_id=None,display_description=None,display_name='tempest-VolumesDeleteCascade-Volume-361629568',encryption_key_id=None,group_id=None,group_type_id=,metadata={},multiattach=False,project_id='826292580b784fd9a6062aa03ede5a13',qos_specs=None,replication_status=,reservations=['8c44a9fe-efed-4ae4-8806-e19a8c79d25a','d62d2072-5605-4626-931e-907b31fcaca5','5a29ed76-3e69-472a-b807-be964ace6284','d2faa29c-d9a1-4282-83f6-a5b29fb00630'],size=1,snapshot_id=feaab9e7-779d-439a-a3b9-18ad28657463,source_replicaid=,source_volid=None,status='creating',user_id='1b65e1a0e108486dbfebc7b82350302e',volume_type_id=8fafba7c-cc37-4ca3-9f66-d4e0bb94abe7), 'volume': Volume(_name_id=None,admin_metadata=,attach_status='detached',availability_zone='nova',bootable=False,cluster=,cluster_name=None,consistencygroup=,consistencygroup_id=None,created_at=2021-09-07T16:00:13Z,deleted=False,deleted_at=None,display_description=None,display_name='tempest-VolumesDeleteCascade-Volume-361629568',ec2_id=None,encryption_key_id=None,glance_metadata=,group=,group_id=None,host=None,id=86e30545-c2b8-44ff-a389-c5093249a1fe,launched_at=None,metadata={},migration_status=None,multiattach=False,previous_status=None,project_id='826292580b784fd9a6062aa03ede5a13',provider_auth=None,provider_geometry=None,provider_id=None,provider_location=None,replication_driver_data=None,replication_extended_status=None,replication_status=None,scheduled_at=None,service_uuid=None,shared_targets=True,size=1,snapshot_id=feaab9e7-779d-439a-a3b9-18ad28657463,snapshots=,source_volid=None,status='creating',terminated_at=None,updated_at=None,use_quota=True,user_id='1b65e1a0e108486dbfebc7b82350302e',volume_attachment=,volume_type=VolumeType(8fafba7c-cc37-4ca3-9f66-d4e0bb94abe7),volume_type_id=8fafba7c-cc37-4ca3-9f66-d4e0bb94abe7)}' {{(pid=100849) _task_receiver /usr/local/lib/python3.8/dist-packages/taskflow/listeners/logging.py:178}}
Sep 07 16:00:13.460534 dv-cinder-760152-6-smb devstack@c-api.service[100849]: DEBUG cinder.volume.api [None req-306d3315-7bd0-46eb-8319-705499528241 tempest-VolumesDeleteCascade-2009183404 tempest-VolumesDeleteCascade-2009183404-project] Task 'cinder.volume.flows.api.create_volume.QuotaCommitTask;volume:create' (ed5875f8-9f47-416f-bdec-c014e231bdeb) transitioned into state 'RUNNING' from state 'PENDING' {{(pid=100849) _task_receiver /usr/local/lib/python3.8/dist-packages/taskflow/listeners/logging.py:190}}
Sep 07 16:00:13.513097 dv-cinder-760152-6-smb devstack@c-api.service[100849]: DEBUG cinder.volume.api [None req-306d3315-7bd0-46eb-8319-705499528241 tempest-VolumesDeleteCascade-2009183404 tempest-VolumesDeleteCascade-2009183404-project] Task 'cinder.volume.flows.api.create_volume.QuotaCommitTask;volume:create' (ed5875f8-9f47-416f-bdec-c014e231bdeb) transitioned into state 'SUCCESS' from state 'RUNNING' with result '{'volume_properties': VolumeProperties(attach_status='detached',availability_zone='nova',cgsnapshot_id=None,consistencygroup_id=None,display_description=None,display_name='tempest-VolumesDeleteCascade-Volume-361629568',encryption_key_id=None,group_id=None,group_type_id=,metadata={},multiattach=False,project_id='826292580b784fd9a6062aa03ede5a13',qos_specs=None,replication_status=,reservations=['8c44a9fe-efed-4ae4-8806-e19a8c79d25a','d62d2072-5605-4626-931e-907b31fcaca5','5a29ed76-3e69-472a-b807-be964ace6284','d2faa29c-d9a1-4282-83f6-a5b29fb00630'],size=1,snapshot_id=feaab9e7-779d-439a-a3b9-18ad28657463,source_replicaid=,source_volid=None,status='creating',user_id='1b65e1a0e108486dbfebc7b82350302e',volume_type_id=8fafba7c-cc37-4ca3-9f66-d4e0bb94abe7)}' {{(pid=100849) _task_receiver /usr/local/lib/python3.8/dist-packages/taskflow/listeners/logging.py:178}}
Sep 07 16:00:13.517263 dv-cinder-760152-6-smb devstack@c-api.service[100849]: DEBUG cinder.volume.api [None req-306d3315-7bd0-46eb-8319-705499528241 tempest-VolumesDeleteCascade-2009183404 tempest-VolumesDeleteCascade-2009183404-project] Task 'cinder.volume.flows.api.create_volume.VolumeCastTask;volume:create' (2ec13415-1d71-41e7-83d3-c08fedfaa52d) transitioned into state 'RUNNING' from state 'PENDING' {{(pid=100849) _task_receiver /usr/local/lib/python3.8/dist-packages/taskflow/listeners/logging.py:190}}
Sep 07 16:00:13.574986 dv-cinder-760152-6-smb devstack@c-api.service[100849]: DEBUG cinder.volume.api [None req-306d3315-7bd0-46eb-8319-705499528241 tempest-VolumesDeleteCascade-2009183404 tempest-VolumesDeleteCascade-2009183404-project] Task 'cinder.volume.flows.api.create_volume.VolumeCastTask;volume:create' (2ec13415-1d71-41e7-83d3-c08fedfaa52d) transitioned into state 'SUCCESS' from state 'RUNNING' with result 'None' {{(pid=100849) _task_receiver /usr/local/lib/python3.8/dist-packages/taskflow/listeners/logging.py:178}}
Sep 07 16:00:13.578168 dv-cinder-760152-6-smb devstack@c-api.service[100849]: DEBUG cinder.volume.api [None req-306d3315-7bd0-46eb-8319-705499528241 tempest-VolumesDeleteCascade-2009183404 tempest-VolumesDeleteCascade-2009183404-project] Flow 'volume_create_api' (4fac525c-669f-415a-a914-0d4b5432d76f) transitioned into state 'SUCCESS' from state 'RUNNING' {{(pid=100849) _flow_receiver /usr/local/lib/python3.8/dist-packages/taskflow/listeners/logging.py:141}}
Sep 07 16:00:13.580242 dv-cinder-760152-6-smb devstack@c-api.service[100849]: INFO cinder.volume.api [None req-306d3315-7bd0-46eb-8319-705499528241 tempest-VolumesDeleteCascade-2009183404 tempest-VolumesDeleteCascade-2009183404-project] Create volume request issued successfully.
Sep 07 16:00:13.589580 dv-cinder-760152-6-smb devstack@c-api.service[100849]: INFO cinder.api.openstack.wsgi [None req-306d3315-7bd0-46eb-8319-705499528241 tempest-VolumesDeleteCascade-2009183404 tempest-VolumesDeleteCascade-2009183404-project] http://10.222.0.74/volume/v3/826292580b784fd9a6062aa03ede5a13/volumes returned with HTTP 202
