Sep 07 15:59:24.641281 dv-cinder-760152-6-smb devstack@c-api.service[100849]: [pid: 100849|app: 0|req: 40/79] 10.222.0.74 () {58 vars in 1325 bytes} [Tue Sep 7 15:59:24 2021] GET /volume/v3/78498596f4f6417c97ee96ae6d2abbae/volumes/dcd070af-d983-489c-9415-ad51d5eec9e1 => generated 109 bytes in 58 msecs (HTTP/1.1 404) 7 headers in 292 bytes (1 switches on core 0)
Sep 07 15:59:24.763150 dv-cinder-760152-6-smb devstack@c-api.service[100850]: /usr/local/lib/python3.8/dist-packages/oslo_context/context.py:105: DeprecationWarning: Policy enforcement is depending on the value of is_admin. This key is deprecated. Please update your policy file to use the standard policy values.
Sep 07 15:59:24.763150 dv-cinder-760152-6-smb devstack@c-api.service[100850]: warnings.warn('Policy enforcement is depending on the value of '
Sep 07 15:59:24.786730 dv-cinder-760152-6-smb devstack@c-api.service[100850]: INFO cinder.volume.api [None req-35334722-cc7e-45eb-a79f-e0b2513b5fd6 tempest-GroupsTest-788942964 tempest-GroupsTest-788942964-project] Volume info retrieved successfully.
Sep 07 15:59:24.812042 dv-cinder-760152-6-smb devstack@c-api.service[100850]: WARNING stevedore.named [None req-35334722-cc7e-45eb-a79f-e0b2513b5fd6 tempest-GroupsTest-788942964 tempest-GroupsTest-788942964-project] Could not load cinder.keymgr.conf_key_mgr.ConfKeyManager
Sep 07 15:59:24.813214 dv-cinder-760152-6-smb devstack@c-api.service[100850]: WARNING castellan.key_manager [None req-35334722-cc7e-45eb-a79f-e0b2513b5fd6 tempest-GroupsTest-788942964 tempest-GroupsTest-788942964-project] Deprecation Warning : cinder.keymgr.conf_key_mgr.ConfKeyManager is not a stevedore based driver, trying to load it as a class: stevedore.exception.NoMatches: No 'castellan.drivers' driver found, looking for 'cinder.keymgr.conf_key_mgr.ConfKeyManager'
Sep 07 15:59:24.828525 dv-cinder-760152-6-smb devstack@c-api.service[100850]: DEBUG oslo_db.sqlalchemy.engines [None req-35334722-cc7e-45eb-a79f-e0b2513b5fd6 tempest-GroupsTest-788942964 tempest-GroupsTest-788942964-project] MySQL server mode set to STRICT_TRANS_TABLES,STRICT_ALL_TABLES,NO_ZERO_IN_DATE,NO_ZERO_DATE,ERROR_FOR_DIVISION_BY_ZERO,TRADITIONAL,NO_ENGINE_SUBSTITUTION {{(pid=100850) _check_effective_sql_mode /usr/local/lib/python3.8/dist-packages/oslo_db/sqlalchemy/engines.py:314}}
Sep 07 15:59:24.846335 dv-cinder-760152-6-smb devstack@c-api.service[100850]: /usr/local/lib/python3.8/dist-packages/oslo_context/context.py:105: DeprecationWarning: Policy enforcement is depending on the value of is_admin. This key is deprecated. Please update your policy file to use the standard policy values.
Sep 07 15:59:24.846335 dv-cinder-760152-6-smb devstack@c-api.service[100850]: warnings.warn('Policy enforcement is depending on the value of '
Sep 07 15:59:24.896045 dv-cinder-760152-6-smb devstack@c-api.service[100850]: INFO cinder.api.openstack.wsgi [None req-35334722-cc7e-45eb-a79f-e0b2513b5fd6 tempest-GroupsTest-788942964 tempest-GroupsTest-788942964-project] http://10.222.0.74/volume/v3/191d77b3eb4d46faa2edcf163dd9f0ab/volumes/2b11e704-be7c-47ab-8cdc-79d57dd0e0bb returned with HTTP 200
Sep 07 15:59:24.898344 dv-cinder-760152-6-smb devstack@c-api.service[100850]: [pid: 100850|app: 0|req: 40/80] 10.222.0.74 () {60 vars in 1366 bytes} [Tue Sep 7 15:59:24 2021] GET /volume/v3/191d77b3eb4d46faa2edcf163dd9f0ab/volumes/2b11e704-be7c-47ab-8cdc-79d57dd0e0bb => generated 984 bytes in 625 msecs (HTTP/1.1 200) 7 headers in 286 bytes (1 switches on core 0)
Sep 07 15:59:24.912679 dv-cinder-760152-6-smb devstack@c-api.service[100850]: INFO cinder.api.openstack.wsgi [None req-71a30f06-a2c6-4bec-9394-86431e48d7ad tempest-GroupsTest-788942964 tempest-GroupsTest-788942964-project] POST http://10.222.0.74/volume/v3/191d77b3eb4d46faa2edcf163dd9f0ab/volumes
Sep 07 15:59:24.913763 dv-cinder-760152-6-smb devstack@c-api.service[100850]: /usr/local/lib/python3.8/dist-packages/webob/acceptparse.py:1047: DeprecationWarning: The behavior of AcceptValidHeader.best_match is currently being maintained for backward compatibility, but it will be deprecated in the future, as it does not conform to the RFC.
Sep 07 15:59:24.913763 dv-cinder-760152-6-smb devstack@c-api.service[100850]: warnings.warn(
Sep 07 15:59:24.916231 dv-cinder-760152-6-smb devstack@c-api.service[100850]: DEBUG cinder.api.openstack.wsgi [None req-71a30f06-a2c6-4bec-9394-86431e48d7ad tempest-GroupsTest-788942964 tempest-GroupsTest-788942964-project] Action: 'create', calling method: create, body: {"volume": {"volume_type": "ff209cc4-8824-4321-a22d-011fdb55613f", "group_id": "79f6e2f5-5296-4af8-bdde-0210b7e8e4fa", "size": 1, "name": "tempest-GroupsTest-Volume-576474093"}} {{(pid=100850) _process_stack /opt/stack/cinder/cinder/api/openstack/wsgi.py:854}}
Sep 07 15:59:24.917680 dv-cinder-760152-6-smb devstack@c-api.service[100850]: DEBUG cinder.api.v3.volumes [None req-71a30f06-a2c6-4bec-9394-86431e48d7ad tempest-GroupsTest-788942964 tempest-GroupsTest-788942964-project] Create volume request body: {'volume': {'volume_type': 'ff209cc4-8824-4321-a22d-011fdb55613f', 'group_id': '79f6e2f5-5296-4af8-bdde-0210b7e8e4fa', 'size': 1, 'name': 'tempest-GroupsTest-Volume-576474093'}} {{(pid=100850) create /opt/stack/cinder/cinder/api/v3/volumes.py:298}}
Sep 07 15:59:24.950292 dv-cinder-760152-6-smb devstack@c-api.service[100850]: /usr/local/lib/python3.8/dist-packages/oslo_context/context.py:105: DeprecationWarning: Policy enforcement is depending on the value of is_admin. This key is deprecated. Please update your policy file to use the standard policy values.
Sep 07 15:59:24.950292 dv-cinder-760152-6-smb devstack@c-api.service[100850]: warnings.warn('Policy enforcement is depending on the value of '
Sep 07 15:59:24.950292 dv-cinder-760152-6-smb devstack@c-api.service[100850]: INFO cinder.api.v3.volumes [None req-71a30f06-a2c6-4bec-9394-86431e48d7ad tempest-GroupsTest-788942964 tempest-GroupsTest-788942964-project] Create volume of 1 GB
Sep 07 15:59:24.986645 dv-cinder-760152-6-smb devstack@c-api.service[100850]: INFO cinder.volume.api [None req-71a30f06-a2c6-4bec-9394-86431e48d7ad tempest-GroupsTest-788942964 tempest-GroupsTest-788942964-project] Availability Zones retrieved successfully.
Sep 07 15:59:25.022781 dv-cinder-760152-6-smb devstack@c-api.service[100850]: DEBUG cinder.volume.api [None req-71a30f06-a2c6-4bec-9394-86431e48d7ad tempest-GroupsTest-788942964 tempest-GroupsTest-788942964-project] Flow 'volume_create_api' (17e97b44-bad8-4580-b896-86543fe35084) transitioned into state 'RUNNING' from state 'PENDING' {{(pid=100850) _flow_receiver /usr/local/lib/python3.8/dist-packages/taskflow/listeners/logging.py:141}}
Sep 07 15:59:25.027511 dv-cinder-760152-6-smb devstack@c-api.service[100850]: DEBUG cinder.volume.api [None req-71a30f06-a2c6-4bec-9394-86431e48d7ad tempest-GroupsTest-788942964 tempest-GroupsTest-788942964-project] Task 'cinder.volume.flows.api.create_volume.ExtractVolumeRequestTask;volume:create' (cca5606a-d406-4d39-8f12-efae62c24dfa) transitioned into state 'RUNNING' from state 'PENDING' {{(pid=100850) _task_receiver /usr/local/lib/python3.8/dist-packages/taskflow/listeners/logging.py:190}}
Sep 07 15:59:25.029637 dv-cinder-760152-6-smb devstack@c-api.service[100850]: /usr/local/lib/python3.8/dist-packages/oslo_context/context.py:105: DeprecationWarning: Policy enforcement is depending on the value of is_admin. This key is deprecated. Please update your policy file to use the standard policy values.
Sep 07 15:59:25.029637 dv-cinder-760152-6-smb devstack@c-api.service[100850]: warnings.warn('Policy enforcement is depending on the value of '
Sep 07 15:59:25.030237 dv-cinder-760152-6-smb devstack@c-api.service[100850]: DEBUG cinder.volume.flows.api.create_volume [None req-71a30f06-a2c6-4bec-9394-86431e48d7ad tempest-GroupsTest-788942964 tempest-GroupsTest-788942964-project] Validating volume size '1' using validate_int {{(pid=100850) _extract_size /opt/stack/cinder/cinder/volume/flows/api/create_volume.py:225}}
Sep 07 15:59:25.114278 dv-cinder-760152-6-smb devstack@c-api.service[100850]: DEBUG cinder.volume.api [None req-71a30f06-a2c6-4bec-9394-86431e48d7ad tempest-GroupsTest-788942964 tempest-GroupsTest-788942964-project] Task 'cinder.volume.flows.api.create_volume.ExtractVolumeRequestTask;volume:create' (cca5606a-d406-4d39-8f12-efae62c24dfa) transitioned into state 'SUCCESS' from state 'RUNNING' with result '{'size': 1, 'snapshot_id': None, 'source_volid': None, 'volume_type': VolumeType(created_at=2021-09-07T15:59:21Z,deleted=False,deleted_at=None,description=None,extra_specs={},id=ff209cc4-8824-4321-a22d-011fdb55613f,is_public=True,name='tempest-GroupsTest-volume-type-1983900038',projects=[],qos_specs=,qos_specs_id=None,updated_at=None), 'volume_type_id': 'ff209cc4-8824-4321-a22d-011fdb55613f', 'encryption_key_id': None, 'qos_specs': None, 'consistencygroup_id': None, 'cgsnapshot_id': None, 'group_id': '79f6e2f5-5296-4af8-bdde-0210b7e8e4fa', 'replication_status': 'disabled', 'refresh_az': False, 'backup_id': None, 'multiattach': False, 'availability_zones': ['nova']}' {{(pid=100850) _task_receiver /usr/local/lib/python3.8/dist-packages/taskflow/listeners/logging.py:178}}
Sep 07 15:59:25.119542 dv-cinder-760152-6-smb devstack@c-api.service[100850]: DEBUG cinder.volume.api [None req-71a30f06-a2c6-4bec-9394-86431e48d7ad tempest-GroupsTest-788942964 tempest-GroupsTest-788942964-project] Task 'cinder.volume.flows.api.create_volume.QuotaReserveTask;volume:create' (ce1f8ddc-3591-4c08-9413-a1a07ebf80b7) transitioned into state 'RUNNING' from state 'PENDING' {{(pid=100850) _task_receiver /usr/local/lib/python3.8/dist-packages/taskflow/listeners/logging.py:190}}
Sep 07 15:59:25.212114 dv-cinder-760152-6-smb devstack@c-api.service[100850]: WARNING cinder.quota [None req-71a30f06-a2c6-4bec-9394-86431e48d7ad tempest-GroupsTest-788942964 tempest-GroupsTest-788942964-project] Deprecated: Default quota for resource: volumes_tempest-GroupsTest-volume-type-1983900038 is set by the default quota flag: quota_volumes_tempest-GroupsTest-volume-type-1983900038, it is now deprecated. Please use the default quota class for default quota.
Sep 07 15:59:25.212935 dv-cinder-760152-6-smb devstack@c-api.service[100850]: WARNING cinder.quota [None req-71a30f06-a2c6-4bec-9394-86431e48d7ad tempest-GroupsTest-788942964 tempest-GroupsTest-788942964-project] Deprecated: Default quota for resource: gigabytes_tempest-GroupsTest-volume-type-1983900038 is set by the default quota flag: quota_gigabytes_tempest-GroupsTest-volume-type-1983900038, it is now deprecated. Please use the default quota class for default quota.
Sep 07 15:59:25.226443 dv-cinder-760152-6-smb devstack@c-api.service[100849]: INFO cinder.api.openstack.wsgi [None req-37418055-8fbd-43e4-b511-01770cd59fc1 tempest-VolumeManageAdminTest-56982288 tempest-VolumeManageAdminTest-56982288-project-admin] GET http://10.222.0.74/volume/v3/c2ba037f88144b468de205bf9b34b308/volumes/068663b8-7518-4fa8-ae9d-4b6e5f24d6c2
Sep 07 15:59:25.226912 dv-cinder-760152-6-smb devstack@c-api.service[100849]: DEBUG cinder.api.openstack.wsgi [None req-37418055-8fbd-43e4-b511-01770cd59fc1 tempest-VolumeManageAdminTest-56982288 tempest-VolumeManageAdminTest-56982288-project-admin] Empty body provided in request {{(pid=100849) get_body /opt/stack/cinder/cinder/api/openstack/wsgi.py:703}}
Sep 07 15:59:25.227511 dv-cinder-760152-6-smb devstack@c-api.service[100849]: DEBUG cinder.api.openstack.wsgi [None req-37418055-8fbd-43e4-b511-01770cd59fc1 tempest-VolumeManageAdminTest-56982288 tempest-VolumeManageAdminTest-56982288-project-admin] Calling method 'show' {{(pid=100849) _process_stack /opt/stack/cinder/cinder/api/openstack/wsgi.py:856}}
Sep 07 15:59:25.269447 dv-cinder-760152-6-smb devstack@c-api.service[100850]: DEBUG cinder.quota [None req-71a30f06-a2c6-4bec-9394-86431e48d7ad tempest-GroupsTest-788942964 tempest-GroupsTest-788942964-project] Created reservations ['97914213-1cfb-4ea9-8a6c-0beefe812442', '03f01c69-fa9f-4d76-b54e-c6dfa91a2136', 'a6c1146b-0736-4830-8f27-46ef3f6c3581', '1b28274b-6245-47ff-869e-582eddc867fd'] {{(pid=100850) reserve /opt/stack/cinder/cinder/quota.py:755}}
Sep 07 15:59:25.278163 dv-cinder-760152-6-smb devstack@c-api.service[100850]: DEBUG cinder.volume.api [None req-71a30f06-a2c6-4bec-9394-86431e48d7ad tempest-GroupsTest-788942964 tempest-GroupsTest-788942964-project] Task 'cinder.volume.flows.api.create_volume.QuotaReserveTask;volume:create' (ce1f8ddc-3591-4c08-9413-a1a07ebf80b7) transitioned into state 'SUCCESS' from state 'RUNNING' with result '{'reservations': ['97914213-1cfb-4ea9-8a6c-0beefe812442', '03f01c69-fa9f-4d76-b54e-c6dfa91a2136', 'a6c1146b-0736-4830-8f27-46ef3f6c3581', '1b28274b-6245-47ff-869e-582eddc867fd']}' {{(pid=100850) _task_receiver /usr/local/lib/python3.8/dist-packages/taskflow/listeners/logging.py:178}}
Sep 07 15:59:25.291907 dv-cinder-760152-6-smb devstack@c-api.service[100850]: DEBUG cinder.volume.api [None req-71a30f06-a2c6-4bec-9394-86431e48d7ad tempest-GroupsTest-788942964 tempest-GroupsTest-788942964-project] Task 'cinder.volume.flows.api.create_volume.EntryCreateTask;volume:create' (2b6cf73f-ca74-4f51-817a-c42df5cdc778) transitioned into state 'RUNNING' from state 'PENDING' {{(pid=100850) _task_receiver /usr/local/lib/python3.8/dist-packages/taskflow/listeners/logging.py:190}}
Sep 07 15:59:25.416419 dv-cinder-760152-6-smb devstack@c-api.service[100850]: DEBUG cinder.volume.api [None req-71a30f06-a2c6-4bec-9394-86431e48d7ad tempest-GroupsTest-788942964 tempest-GroupsTest-788942964-project] Task 'cinder.volume.flows.api.create_volume.EntryCreateTask;volume:create' (2b6cf73f-ca74-4f51-817a-c42df5cdc778) transitioned into state 'SUCCESS' from state 'RUNNING' with result '{'volume_id': '06bd4139-3c3e-4356-8c55-24c3a994b668', 'volume_properties': VolumeProperties(attach_status='detached',availability_zone='nova',cgsnapshot_id=None,consistencygroup_id=None,display_description=None,display_name='tempest-GroupsTest-Volume-576474093',encryption_key_id=None,group_id=79f6e2f5-5296-4af8-bdde-0210b7e8e4fa,group_type_id=,metadata={},multiattach=False,project_id='191d77b3eb4d46faa2edcf163dd9f0ab',qos_specs=None,replication_status=,reservations=['97914213-1cfb-4ea9-8a6c-0beefe812442','03f01c69-fa9f-4d76-b54e-c6dfa91a2136','a6c1146b-0736-4830-8f27-46ef3f6c3581','1b28274b-6245-47ff-869e-582eddc867fd'],size=1,snapshot_id=None,source_replicaid=,source_volid=None,status='creating',user_id='f0ea2859c8f44d32ab4c4bf4bbceeb0d',volume_type_id=ff209cc4-8824-4321-a22d-011fdb55613f), 'volume': Volume(_name_id=None,admin_metadata=,attach_status='detached',availability_zone='nova',bootable=False,cluster=,cluster_name=None,consistencygroup=,consistencygroup_id=None,created_at=2021-09-07T15:59:25Z,deleted=False,deleted_at=None,display_description=None,display_name='tempest-GroupsTest-Volume-576474093',ec2_id=None,encryption_key_id=None,glance_metadata=,group=,group_id=79f6e2f5-5296-4af8-bdde-0210b7e8e4fa,host=None,id=06bd4139-3c3e-4356-8c55-24c3a994b668,launched_at=None,metadata={},migration_status=None,multiattach=False,previous_status=None,project_id='191d77b3eb4d46faa2edcf163dd9f0ab',provider_auth=None,provider_geometry=None,provider_id=None,provider_location=None,replication_driver_data=None,replication_extended_status=None,replication_status=None,scheduled_at=None,service_uuid=None,shared_targets=True,size=1,snapshot_id=None,snapshots=,source_volid=None,status='creating',terminated_at=None,updated_at=None,use_quota=True,user_id='f0ea2859c8f44d32ab4c4bf4bbceeb0d',volume_attachment=,volume_type=VolumeType(ff209cc4-8824-4321-a22d-011fdb55613f),volume_type_id=ff209cc4-8824-4321-a22d-011fdb55613f)}' {{(pid=100850) _task_receiver /usr/local/lib/python3.8/dist-packages/taskflow/listeners/logging.py:178}}
Sep 07 15:59:25.421539 dv-cinder-760152-6-smb devstack@c-api.service[100850]: DEBUG cinder.volume.api [None req-71a30f06-a2c6-4bec-9394-86431e48d7ad tempest-GroupsTest-788942964 tempest-GroupsTest-788942964-project] Task 'cinder.volume.flows.api.create_volume.QuotaCommitTask;volume:create' (9cabc6de-8531-4b65-9335-16e756d02dd8) transitioned into state 'RUNNING' from state 'PENDING' {{(pid=100850) _task_receiver /usr/local/lib/python3.8/dist-packages/taskflow/listeners/logging.py:190}}
Sep 07 15:59:25.454419 dv-cinder-760152-6-smb devstack@c-api.service[100849]: /usr/local/lib/python3.8/dist-packages/oslo_context/context.py:105: DeprecationWarning: Policy enforcement is depending on the value of is_admin. This key is deprecated. Please update your policy file to use the standard policy values.
Sep 07 15:59:25.454419 dv-cinder-760152-6-smb devstack@c-api.service[100849]: warnings.warn('Policy enforcement is depending on the value of '
Sep 07 15:59:25.484748 dv-cinder-760152-6-smb devstack@c-api.service[100849]: INFO cinder.volume.api [None req-37418055-8fbd-43e4-b511-01770cd59fc1 tempest-VolumeManageAdminTest-56982288 tempest-VolumeManageAdminTest-56982288-project-admin] Volume info retrieved successfully.
Sep 07 15:59:25.502583 dv-cinder-760152-6-smb devstack@c-api.service[100850]: DEBUG cinder.volume.api [None req-71a30f06-a2c6-4bec-9394-86431e48d7ad tempest-GroupsTest-788942964 tempest-GroupsTest-788942964-project] Task 'cinder.volume.flows.api.create_volume.QuotaCommitTask;volume:create' (9cabc6de-8531-4b65-9335-16e756d02dd8) transitioned into state 'SUCCESS' from state 'RUNNING' with result '{'volume_properties': VolumeProperties(attach_status='detached',availability_zone='nova',cgsnapshot_id=None,consistencygroup_id=None,display_description=None,display_name='tempest-GroupsTest-Volume-576474093',encryption_key_id=None,group_id=79f6e2f5-5296-4af8-bdde-0210b7e8e4fa,group_type_id=,metadata={},multiattach=False,project_id='191d77b3eb4d46faa2edcf163dd9f0ab',qos_specs=None,replication_status=,reservations=['97914213-1cfb-4ea9-8a6c-0beefe812442','03f01c69-fa9f-4d76-b54e-c6dfa91a2136','a6c1146b-0736-4830-8f27-46ef3f6c3581','1b28274b-6245-47ff-869e-582eddc867fd'],size=1,snapshot_id=None,source_replicaid=,source_volid=None,status='creating',user_id='f0ea2859c8f44d32ab4c4bf4bbceeb0d',volume_type_id=ff209cc4-8824-4321-a22d-011fdb55613f)}' {{(pid=100850) _task_receiver /usr/local/lib/python3.8/dist-packages/taskflow/listeners/logging.py:178}}
Sep 07 15:59:25.507916 dv-cinder-760152-6-smb devstack@c-api.service[100850]: DEBUG cinder.volume.api [None req-71a30f06-a2c6-4bec-9394-86431e48d7ad tempest-GroupsTest-788942964 tempest-GroupsTest-788942964-project] Task 'cinder.volume.flows.api.create_volume.VolumeCastTask;volume:create' (92665290-9aef-4bb9-976d-28095debdcf4) transitioned into state 'RUNNING' from state 'PENDING' {{(pid=100850) _task_receiver /usr/local/lib/python3.8/dist-packages/taskflow/listeners/logging.py:190}}
Sep 07 15:59:25.564080 dv-cinder-760152-6-smb devstack@c-api.service[100849]: INFO cinder.api.openstack.wsgi [None req-37418055-8fbd-43e4-b511-01770cd59fc1 tempest-VolumeManageAdminTest-56982288 tempest-VolumeManageAdminTest-56982288-project-admin] http://10.222.0.74/volume/v3/c2ba037f88144b468de205bf9b34b308/volumes/068663b8-7518-4fa8-ae9d-4b6e5f24d6c2 returned with HTTP 200
Sep 07 15:59:25.568972 dv-cinder-760152-6-smb devstack@c-api.service[100850]: DEBUG cinder.volume.api [None req-71a30f06-a2c6-4bec-9394-86431e48d7ad tempest-GroupsTest-788942964 tempest-GroupsTest-788942964-project] Task 'cinder.volume.flows.api.create_volume.VolumeCastTask;volume:create' (92665290-9aef-4bb9-976d-28095debdcf4) transitioned into state 'SUCCESS' from state 'RUNNING' with result 'None' {{(pid=100850) _task_receiver /usr/local/lib/python3.8/dist-packages/taskflow/listeners/logging.py:178}}
Sep 07 15:59:25.593320 dv-cinder-760152-6-smb devstack@c-api.service[100850]: DEBUG cinder.volume.api [None req-71a30f06-a2c6-4bec-9394-86431e48d7ad tempest-GroupsTest-788942964 tempest-GroupsTest-788942964-project] Flow 'volume_create_api' (17e97b44-bad8-4580-b896-86543fe35084) transitioned into state 'SUCCESS' from state 'RUNNING' {{(pid=100850) _flow_receiver /usr/local/lib/python3.8/dist-packages/taskflow/listeners/logging.py:141}}
Sep 07 15:59:25.596902 dv-cinder-760152-6-smb devstack@c-api.service[100850]: INFO cinder.volume.api [None req-71a30f06-a2c6-4bec-9394-86431e48d7ad tempest-GroupsTest-788942964 tempest-GroupsTest-788942964-project] Create volume request issued successfully.
Sep 07 15:59:25.597009 dv-cinder-760152-6-smb devstack@c-api.service[100849]: [pid: 100849|app: 0|req: 41/81] 10.222.0.74 () {58 vars in 1325 bytes} [Tue Sep 7 15:59:24 2021] GET /volume/v3/c2ba037f88144b468de205bf9b34b308/volumes/068663b8-7518-4fa8-ae9d-4b6e5f24d6c2 => generated 1079 bytes in 954 msecs (HTTP/1.1 200) 7 headers in 286 bytes (1 switches on core 0)
Sep 07 15:59:25.623330 dv-cinder-760152-6-smb devstack@c-api.service[100850]: WARNING stevedore.named [None req-71a30f06-a2c6-4bec-9394-86431e48d7ad tempest-GroupsTest-788942964 tempest-GroupsTest-788942964-project] Could not load cinder.keymgr.conf_key_mgr.ConfKeyManager
Sep 07 15:59:25.623330 dv-cinder-760152-6-smb devstack@c-api.service[100850]: WARNING castellan.key_manager [None req-71a30f06-a2c6-4bec-9394-86431e48d7ad tempest-GroupsTest-788942964 tempest-GroupsTest-788942964-project] Deprecation Warning : cinder.keymgr.conf_key_mgr.ConfKeyManager is not a stevedore based driver, trying to load it as a class: stevedore.exception.NoMatches: No 'castellan.drivers' driver found, looking for 'cinder.keymgr.conf_key_mgr.ConfKeyManager'
Sep 07 15:59:25.623482 dv-cinder-760152-6-smb devstack@c-api.service[100849]: INFO cinder.api.openstack.wsgi [None req-a5908d0b-7ea0-41ca-9f2b-64d9274c2cd0 tempest-VolumeManageAdminTest-56982288 tempest-VolumeManageAdminTest-56982288-project-admin] POST http://10.222.0.74/volume/v3/c2ba037f88144b468de205bf9b34b308/volumes/068663b8-7518-4fa8-ae9d-4b6e5f24d6c2/action
Sep 07 15:59:25.633171 dv-cinder-760152-6-smb devstack@c-api.service[100849]: /usr/local/lib/python3.8/dist-packages/webob/acceptparse.py:1047: DeprecationWarning: The behavior of AcceptValidHeader.best_match is currently being maintained for backward compatibility, but it will be deprecated in the future, as it does not conform to the RFC.
Sep 07 15:59:25.633171 dv-cinder-760152-6-smb devstack@c-api.service[100849]: warnings.warn(
Sep 07 15:59:25.634773 dv-cinder-760152-6-smb devstack@c-api.service[100849]: DEBUG cinder.api.openstack.wsgi [None req-a5908d0b-7ea0-41ca-9f2b-64d9274c2cd0 tempest-VolumeManageAdminTest-56982288 tempest-VolumeManageAdminTest-56982288-project-admin] Action body: b'{"os-unmanage": {}}' {{(pid=100849) get_method /opt/stack/cinder/cinder/api/openstack/wsgi.py:971}}
Sep 07 15:59:25.635132 dv-cinder-760152-6-smb devstack@c-api.service[100849]: DEBUG cinder.api.openstack.wsgi [None req-a5908d0b-7ea0-41ca-9f2b-64d9274c2cd0 tempest-VolumeManageAdminTest-56982288 tempest-VolumeManageAdminTest-56982288-project-admin] Action: 'action', calling method: unmanage, body: {"os-unmanage": {}} {{(pid=100849) _process_stack /opt/stack/cinder/cinder/api/openstack/wsgi.py:854}}
Sep 07 15:59:25.635561 dv-cinder-760152-6-smb devstack@c-api.service[100849]: INFO cinder.api.contrib.volume_unmanage [None req-a5908d0b-7ea0-41ca-9f2b-64d9274c2cd0 tempest-VolumeManageAdminTest-56982288 tempest-VolumeManageAdminTest-56982288-project-admin] Unmanage volume with id: 068663b8-7518-4fa8-ae9d-4b6e5f24d6c2
Sep 07 15:59:25.650548 dv-cinder-760152-6-smb devstack@c-api.service[100850]: DEBUG oslo_db.sqlalchemy.engines [None req-71a30f06-a2c6-4bec-9394-86431e48d7ad tempest-GroupsTest-788942964 tempest-GroupsTest-788942964-project] MySQL server mode set to STRICT_TRANS_TABLES,STRICT_ALL_TABLES,NO_ZERO_IN_DATE,NO_ZERO_DATE,ERROR_FOR_DIVISION_BY_ZERO,TRADITIONAL,NO_ENGINE_SUBSTITUTION {{(pid=100850) _check_effective_sql_mode /usr/local/lib/python3.8/dist-packages/oslo_db/sqlalchemy/engines.py:314}}
Sep 07 15:59:25.663488 dv-cinder-760152-6-smb devstack@c-api.service[100850]: /usr/local/lib/python3.8/dist-packages/oslo_context/context.py:105: DeprecationWarning: Policy enforcement is depending on the value of is_admin. This key is deprecated. Please update your policy file to use the standard policy values.
Sep 07 15:59:25.663488 dv-cinder-760152-6-smb devstack@c-api.service[100850]: warnings.warn('Policy enforcement is depending on the value of '
Sep 07 15:59:25.691203 dv-cinder-760152-6-smb devstack@c-api.service[100850]: INFO cinder.api.openstack.wsgi [None req-71a30f06-a2c6-4bec-9394-86431e48d7ad tempest-GroupsTest-788942964 tempest-GroupsTest-788942964-project] http://10.222.0.74/volume/v3/191d77b3eb4d46faa2edcf163dd9f0ab/volumes returned with HTTP 202
Sep 07 15:59:25.692093 dv-cinder-760152-6-smb devstack@c-api.service[100850]: [pid: 100850|app: 0|req: 41/82] 10.222.0.74 () {62 vars in 1277 bytes} [Tue Sep 7 15:59:24 2021] POST /volume/v3/191d77b3eb4d46faa2edcf163dd9f0ab/volumes => generated 891 bytes in 784 msecs (HTTP/1.1 202) 7 headers in 292 bytes (2 switches on core 0)
Sep 07 15:59:25.705900 dv-cinder-760152-6-smb devstack@c-api.service[100850]: INFO cinder.api.openstack.wsgi [None req-12011244-2120-4ba2-be55-3d9f31ef7775 tempest-GroupsTest-788942964 tempest-GroupsTest-788942964-project] GET http://10.222.0.74/volume/v3/191d77b3eb4d46faa2edcf163dd9f0ab/volumes/06bd4139-3c3e-4356-8c55-24c3a994b668
Sep 07 15:59:25.706789 dv-cinder-760152-6-smb devstack@c-api.service[100850]: DEBUG cinder.api.openstack.wsgi [None req-12011244-2120-4ba2-be55-3d9f31ef7775 tempest-GroupsTest-788942964 tempest-GroupsTest-788942964-project] Empty body provided in request {{(pid=100850) get_body /opt/stack/cinder/cinder/api/openstack/wsgi.py:703}}
Sep 07 15:59:25.707316 dv-cinder-760152-6-smb devstack@c-api.service[100850]: /usr/local/lib/python3.8/dist-packages/webob/acceptparse.py:1047: DeprecationWarning: The behavior of AcceptValidHeader.best_match is currently being maintained for backward compatibility, but it will be deprecated in the future, as it does not conform to the RFC.
Sep 07 15:59:25.707316 dv-cinder-760152-6-smb devstack@c-api.service[100850]: warnings.warn(
Sep 07 15:59:25.708048 dv-cinder-760152-6-smb devstack@c-api.service[100850]: DEBUG cinder.api.openstack.wsgi [None req-12011244-2120-4ba2-be55-3d9f31ef7775 tempest-GroupsTest-788942964 tempest-GroupsTest-788942964-project] Calling method 'show' {{(pid=100850) _process_stack /opt/stack/cinder/cinder/api/openstack/wsgi.py:856}}
Sep 07 15:59:25.714048 dv-cinder-760152-6-smb devstack@c-api.service[100849]: /usr/local/lib/python3.8/dist-packages/oslo_context/context.py:105: DeprecationWarning: Policy enforcement is depending on the value of is_admin. This key is deprecated. Please update your policy file to use the standard policy values.
Sep 07 15:59:25.714048 dv-cinder-760152-6-smb devstack@c-api.service[100849]: warnings.warn('Policy enforcement is depending on the value of '
Sep 07 15:59:25.723244 dv-cinder-760152-6-smb devstack@c-api.service[100849]: INFO cinder.volume.api [None req-a5908d0b-7ea0-41ca-9f2b-64d9274c2cd0 tempest-VolumeManageAdminTest-56982288 tempest-VolumeManageAdminTest-56982288-project-admin] Volume info retrieved successfully.
Sep 07 15:59:25.753451 dv-cinder-760152-6-smb devstack@c-api.service[100850]: /usr/local/lib/python3.8/dist-packages/oslo_context/context.py:105: DeprecationWarning: Policy enforcement is depending on the value of is_admin. This key is deprecated. Please update your policy file to use the standard policy values.
Sep 07 15:59:25.753451 dv-cinder-760152-6-smb devstack@c-api.service[100850]: warnings.warn('Policy enforcement is depending on the value of '
Sep 07 15:59:25.789400 dv-cinder-760152-6-smb devstack@c-api.service[100850]: INFO cinder.volume.api [None req-12011244-2120-4ba2-be55-3d9f31ef7775 tempest-GroupsTest-788942964 tempest-GroupsTest-788942964-project] Volume info retrieved successfully.
Sep 07 15:59:25.816813 dv-cinder-760152-6-smb devstack@c-api.service[100850]: WARNING stevedore.named [None req-12011244-2120-4ba2-be55-3d9f31ef7775 tempest-GroupsTest-788942964 tempest-GroupsTest-788942964-project] Could not load cinder.keymgr.conf_key_mgr.ConfKeyManager
Sep 07 15:59:25.817447 dv-cinder-760152-6-smb devstack@c-api.service[100850]: WARNING castellan.key_manager [None req-12011244-2120-4ba2-be55-3d9f31ef7775 tempest-GroupsTest-788942964 tempest-GroupsTest-788942964-project] Deprecation Warning : cinder.keymgr.conf_key_mgr.ConfKeyManager is not a stevedore based driver, trying to load it as a class: stevedore.exception.NoMatches: No 'castellan.drivers' driver found, looking for 'cinder.keymgr.conf_key_mgr.ConfKeyManager'
Sep 07 15:59:25.821073 dv-cinder-760152-6-smb devstack@c-api.service[100849]: INFO cinder.volume.api [None req-a5908d0b-7ea0-41ca-9f2b-64d9274c2cd0 tempest-VolumeManageAdminTest-56982288 tempest-VolumeManageAdminTest-56982288-project-admin] Delete volume request issued successfully.
Sep 07 15:59:25.821553 dv-cinder-760152-6-smb devstack@c-api.service[100849]: INFO cinder.api.openstack.wsgi [None req-a5908d0b-7ea0-41ca-9f2b-64d9274c2cd0 tempest-VolumeManageAdminTest-56982288 tempest-VolumeManageAdminTest-56982288-project-admin] http://10.222.0.74/volume/v3/c2ba037f88144b468de205bf9b34b308/volumes/068663b8-7518-4fa8-ae9d-4b6e5f24d6c2/action returned with HTTP 202
Sep 07 15:59:25.825206 dv-cinder-760152-6-smb devstack@c-api.service[100849]: [pid: 100849|app: 0|req: 42/83] 10.222.0.74 () {60 vars in 1367 bytes} [Tue Sep 7 15:59:25 2021] POST /volume/v3/c2ba037f88144b468de205bf9b34b308/volumes/068663b8-7518-4fa8-ae9d-4b6e5f24d6c2/action => generated 0 bytes in 225 msecs (HTTP/1.1 202) 6 headers in 233 bytes (1 switches on core 0)
Sep 07 15:59:25.834909 dv-cinder-760152-6-smb devstack@c-api.service[100850]: DEBUG oslo_db.sqlalchemy.engines [None req-12011244-2120-4ba2-be55-3d9f31ef7775 tempest-GroupsTest-788942964 tempest-GroupsTest-788942964-project] MySQL server mode set to STRICT_TRANS_TABLES,STRICT_ALL_TABLES,NO_ZERO_IN_DATE,NO_ZERO_DATE,ERROR_FOR_DIVISION_BY_ZERO,TRADITIONAL,NO_ENGINE_SUBSTITUTION {{(pid=100850) _check_effective_sql_mode /usr/local/lib/python3.8/dist-packages/oslo_db/sqlalchemy/engines.py:314}}
Sep 07 15:59:25.845020 dv-cinder-760152-6-smb devstack@c-api.service[100850]: /usr/local/lib/python3.8/dist-packages/oslo_context/context.py:105: DeprecationWarning: Policy enforcement is depending on the value of is_admin. This key is deprecated. Please update your policy file to use the standard policy values.
Sep 07 15:59:25.845020 dv-cinder-760152-6-smb devstack@c-api.service[100850]: warnings.warn('Policy enforcement is depending on the value of '
Sep 07 15:59:25.853856 dv-cinder-760152-6-smb devstack@c-api.service[100849]: INFO cinder.api.openstack.wsgi [None req-9a0597ed-6830-4ac0-99bb-b62711796cef tempest-VolumeManageAdminTest-56982288 tempest-VolumeManageAdminTest-56982288-project-admin] GET http://10.222.0.74/volume/v3/c2ba037f88144b468de205bf9b34b308/volumes/068663b8-7518-4fa8-ae9d-4b6e5f24d6c2
Sep 07 15:59:25.855190 dv-cinder-760152-6-smb devstack@c-api.service[100849]: DEBUG cinder.api.openstack.wsgi [None req-9a0597ed-6830-4ac0-99bb-b62711796cef tempest-VolumeManageAdminTest-56982288 tempest-VolumeManageAdminTest-56982288-project-admin] Empty body provided in request {{(pid=100849) get_body /opt/stack/cinder/cinder/api/openstack/wsgi.py:703}}
Sep 07 15:59:25.857630 dv-cinder-760152-6-smb devstack@c-api.service[100849]: /usr/local/lib/python3.8/dist-packages/webob/acceptparse.py:1047: DeprecationWarning: The behavior of AcceptValidHeader.best_match is currently being maintained for backward compatibility, but it will be deprecated in the future, as it does not conform to the RFC.
Sep 07 15:59:25.857630 dv-cinder-760152-6-smb devstack@c-api.service[100849]: warnings.warn(
Sep 07 15:59:25.858266 dv-cinder-760152-6-smb devstack@c-api.service[100849]: DEBUG cinder.api.openstack.wsgi [None req-9a0597ed-6830-4ac0-99bb-b62711796cef tempest-VolumeManageAdminTest-56982288 tempest-VolumeManageAdminTest-56982288-project-admin] Calling method 'show' {{(pid=100849) _process_stack /opt/stack/cinder/cinder/api/openstack/wsgi.py:856}}
Sep 07 15:59:25.894816 dv-cinder-760152-6-smb devstack@c-api.service[100850]: INFO cinder.api.openstack.wsgi [None req-12011244-2120-4ba2-be55-3d9f31ef7775 tempest-GroupsTest-788942964 tempest-GroupsTest-788942964-project] http://10.222.0.74/volume/v3/191d77b3eb4d46faa2edcf163dd9f0ab/volumes/06bd4139-3c3e-4356-8c55-24c3a994b668 returned with HTTP 200
Sep 07 15:59:25.900387 dv-cinder-760152-6-smb devstack@c-api.service[100850]: [pid: 100850|app: 0|req: 42/84] 10.222.0.74 () {60 vars in 1366 bytes} [Tue Sep 7 15:59:25 2021] GET /volume/v3/191d77b3eb4d46faa2edcf163dd9f0ab/volumes/06bd4139-3c3e-4356-8c55-24c3a994b668 => generated 959 bytes in 199 msecs (HTTP/1.1 200) 7 headers in 286 bytes (2 switches on core 0)
Sep 07 15:59:25.925159 dv-cinder-760152-6-smb devstack@c-api.service[100849]: /usr/local/lib/python3.8/dist-packages/oslo_context/context.py:105: DeprecationWarning: Policy enforcement is depending on the value of is_admin. This key is deprecated. Please update your policy file to use the standard policy values.
Sep 07 15:59:25.925159 dv-cinder-760152-6-smb devstack@c-api.service[100849]: warnings.warn('Policy enforcement is depending on the value of '
Sep 07 15:59:25.932295 dv-cinder-760152-6-smb devstack@c-api.service[100849]: INFO cinder.api.openstack.wsgi [None req-9a0597ed-6830-4ac0-99bb-b62711796cef tempest-VolumeManageAdminTest-56982288 tempest-VolumeManageAdminTest-56982288-project-admin] http://10.222.0.74/volume/v3/c2ba037f88144b468de205bf9b34b308/volumes/068663b8-7518-4fa8-ae9d-4b6e5f24d6c2 returned with HTTP 404
Sep 07 15:59:25.934013 dv-cinder-760152-6-smb devstack@c-api.service[100849]: [pid: 100849|app: 0|req: 43/85] 10.222.0.74 () {58 vars in 1325 bytes} [Tue Sep 7 15:59:25 2021] GET /volume/v3/c2ba037f88144b468de205bf9b34b308/volumes/068663b8-7518-4fa8-ae9d-4b6e5f24d6c2 => generated 109 bytes in 101 msecs (HTTP/1.1 404) 7 headers in 292 bytes (1 switches on core 0)
Sep 07 15:59:25.945372 dv-cinder-760152-6-smb devstack@c-api.service[100850]: INFO cinder.api.openstack.wsgi [None req-0915c383-50e3-49c3-b812-a64e94591c31 tempest-VolumeManageAdminTest-56982288 tempest-VolumeManageAdminTest-56982288-project-admin] GET http://10.222.0.74/volume/v3/c2ba037f88144b468de205bf9b34b308/volumes/detail?all_tenants=1
Sep 07 15:59:25.946251 dv-cinder-760152-6-smb devstack@c-api.service[100850]: DEBUG cinder.api.openstack.wsgi [None req-0915c383-50e3-49c3-b812-a64e94591c31 tempest-VolumeManageAdminTest-56982288 tempest-VolumeManageAdminTest-56982288-project-admin] Empty body provided in request {{(pid=100850) get_body /opt/stack/cinder/cinder/api/openstack/wsgi.py:703}}
Sep 07 15:59:25.946251 dv-cinder-760152-6-smb devstack@c-api.service[100850]: /usr/local/lib/python3.8/dist-packages/webob/acceptparse.py:1047: DeprecationWarning: The behavior of AcceptValidHeader.best_match is currently being maintained for backward compatibility, but it will be deprecated in the future, as it does not conform to the RFC.
Sep 07 15:59:25.946251 dv-cinder-760152-6-smb devstack@c-api.service[100850]: warnings.warn(
Sep 07 15:59:25.947058 dv-cinder-760152-6-smb devstack@c-api.service[100850]: DEBUG cinder.api.openstack.wsgi [None req-0915c383-50e3-49c3-b812-a64e94591c31 tempest-VolumeManageAdminTest-56982288 tempest-VolumeManageAdminTest-56982288-project-admin] Calling method 'detail' {{(pid=100850) _process_stack /opt/stack/cinder/cinder/api/openstack/wsgi.py:856}}
Sep 07 15:59:25.949366 dv-cinder-760152-6-smb devstack@c-api.service[100850]: DEBUG cinder.volume.api [None req-0915c383-50e3-49c3-b812-a64e94591c31 tempest-VolumeManageAdminTest-56982288 tempest-VolumeManageAdminTest-56982288-project-admin] Searching by: MultiDict([('all_tenants', 1)]). {{(pid=100850) get_all /opt/stack/cinder/cinder/volume/api.py:619}}
Sep 07 15:59:26.063499 dv-cinder-760152-6-smb devstack@c-api.service[100850]: INFO cinder.volume.api [None req-0915c383-50e3-49c3-b812-a64e94591c31 tempest-VolumeManageAdminTest-56982288 tempest-VolumeManageAdminTest-56982288-project-admin] Get all volumes completed successfully.
Sep 07 15:59:26.068053 dv-cinder-760152-6-smb devstack@c-api.service[100850]: WARNING stevedore.named [None req-0915c383-50e3-49c3-b812-a64e94591c31 tempest-VolumeManageAdminTest-56982288 tempest-VolumeManageAdminTest-56982288-project-admin] Could not load cinder.keymgr.conf_key_mgr.ConfKeyManager
Sep 07 15:59:26.070193 dv-cinder-760152-6-smb devstack@c-api.service[100850]: WARNING castellan.key_manager [None req-0915c383-50e3-49c3-b812-a64e94591c31 tempest-VolumeManageAdminTest-56982288 tempest-VolumeManageAdminTest-56982288-project-admin] Deprecation Warning : cinder.keymgr.conf_key_mgr.ConfKeyManager is not a stevedore based driver, trying to load it as a class: stevedore.exception.NoMatches: No 'castellan.drivers' driver found, looking for 'cinder.keymgr.conf_key_mgr.ConfKeyManager'
Sep 07 15:59:26.084031 dv-cinder-760152-6-smb devstack@c-api.service[100850]: DEBUG oslo_db.sqlalchemy.engines [None req-0915c383-50e3-49c3-b812-a64e94591c31 tempest-VolumeManageAdminTest-56982288 tempest-VolumeManageAdminTest-56982288-project-admin] MySQL server mode set to STRICT_TRANS_TABLES,STRICT_ALL_TABLES,NO_ZERO_IN_DATE,NO_ZERO_DATE,ERROR_FOR_DIVISION_BY_ZERO,TRADITIONAL,NO_ENGINE_SUBSTITUTION {{(pid=100850) _check_effective_sql_mode /usr/local/lib/python3.8/dist-packages/oslo_db/sqlalchemy/engines.py:314}}
Sep 07 15:59:26.131832 dv-cinder-760152-6-smb devstack@c-api.service[100850]: /usr/local/lib/python3.8/dist-packages/oslo_context/context.py:105: DeprecationWarning: Policy enforcement is depending on the value of is_admin. This key is deprecated. Please update your policy file to use the standard policy values.
Sep 07 15:59:26.131832 dv-cinder-760152-6-smb devstack@c-api.service[100850]: warnings.warn('Policy enforcement is depending on the value of '
Sep 07 15:59:26.186188 dv-cinder-760152-6-smb devstack@c-api.service[100850]: WARNING stevedore.named [None req-0915c383-50e3-49c3-b812-a64e94591c31 tempest-VolumeManageAdminTest-56982288 tempest-VolumeManageAdminTest-56982288-project-admin] Could not load cinder.keymgr.conf_key_mgr.ConfKeyManager
Sep 07 15:59:26.189891 dv-cinder-760152-6-smb devstack@c-api.service[100850]: WARNING castellan.key_manager [None req-0915c383-50e3-49c3-b812-a64e94591c31 tempest-VolumeManageAdminTest-56982288 tempest-VolumeManageAdminTest-56982288-project-admin] Deprecation Warning : cinder.keymgr.conf_key_mgr.ConfKeyManager is not a stevedore based driver, trying to load it as a class: stevedore.exception.NoMatches: No 'castellan.drivers' driver found, looking for 'cinder.keymgr.conf_key_mgr.ConfKeyManager'
Sep 07 15:59:26.232146 dv-cinder-760152-6-smb devstack@c-api.service[100850]: DEBUG oslo_db.sqlalchemy.engines [None req-0915c383-50e3-49c3-b812-a64e94591c31 tempest-VolumeManageAdminTest-56982288 tempest-VolumeManageAdminTest-56982288-project-admin] MySQL server mode set to STRICT_TRANS_TABLES,STRICT_ALL_TABLES,NO_ZERO_IN_DATE,NO_ZERO_DATE,ERROR_FOR_DIVISION_BY_ZERO,TRADITIONAL,NO_ENGINE_SUBSTITUTION {{(pid=100850) _check_effective_sql_mode /usr/local/lib/python3.8/dist-packages/oslo_db/sqlalchemy/engines.py:314}}
Sep 07 15:59:26.275797 dv-cinder-760152-6-smb devstack@c-api.service[100850]: /usr/local/lib/python3.8/dist-packages/oslo_context/context.py:105: DeprecationWarning: Policy enforcement is depending on the value of is_admin. This key is deprecated. Please update your policy file to use the standard policy values.
Sep 07 15:59:26.275797 dv-cinder-760152-6-smb devstack@c-api.service[100850]: warnings.warn('Policy enforcement is depending on the value of '
Sep 07 15:59:26.377758 dv-cinder-760152-6-smb devstack@c-api.service[100850]: INFO cinder.api.openstack.wsgi [None req-0915c383-50e3-49c3-b812-a64e94591c31 tempest-VolumeManageAdminTest-56982288 tempest-VolumeManageAdminTest-56982288-project-admin] http://10.222.0.74/volume/v3/c2ba037f88144b468de205bf9b34b308/volumes/detail?all_tenants=1 returned with HTTP 200
Sep 07 15:59:26.403175 dv-cinder-760152-6-smb devstack@c-api.service[100850]: [pid: 100850|app: 0|req: 43/86] 10.222.0.74 () {58 vars in 1262 bytes} [Tue Sep 7 15:59:25 2021] GET /volume/v3/c2ba037f88144b468de205bf9b34b308/volumes/detail?all_tenants=1 => generated 2188 bytes in 441 msecs (HTTP/1.1 200) 7 headers in 286 bytes (1 switches on core 0)
Sep 07 15:59:26.424039 dv-cinder-760152-6-smb devstack@c-api.service[100849]: INFO cinder.api.openstack.wsgi [None req-9a17d9c5-f8a0-49f0-98be-497081b9ff6a tempest-VolumeManageAdminTest-56982288 tempest-VolumeManageAdminTest-56982288-project-admin] POST http://10.222.0.74/volume/v3/c2ba037f88144b468de205bf9b34b308/os-volume-manage
Sep 07 15:59:26.424730 dv-cinder-760152-6-smb devstack@c-api.service[100849]: /usr/local/lib/python3.8/dist-packages/webob/acceptparse.py:1047: DeprecationWarning: The behavior of AcceptValidHeader.best_match is currently being maintained for backward compatibility, but it will be deprecated in the future, as it does not conform to the RFC.
Sep 07 15:59:26.424730 dv-cinder-760152-6-smb devstack@c-api.service[100849]: warnings.warn(
Sep 07 15:59:26.425360 dv-cinder-760152-6-smb devstack@c-api.service[100849]: DEBUG cinder.api.openstack.wsgi [None req-9a17d9c5-f8a0-49f0-98be-497081b9ff6a tempest-VolumeManageAdminTest-56982288 tempest-VolumeManageAdminTest-56982288-project-admin] Action: 'create', calling method: create, body: {"volume": {"name": "tempest-VolumeManageAdminTest-volume-336005089", "host": "hv-cinder-76015@wincnd#smbshare", "ref": {"source-name": "//127.0.0.1/smbshare/volume-068663b8-7518-4fa8-ae9d-4b6e5f24d6c2.vhdx"}, "volume_type": "__DEFAULT__", "availability_zone": "nova"}} {{(pid=100849) _process_stack /opt/stack/cinder/cinder/api/openstack/wsgi.py:854}}
Sep 07 15:59:26.453697 dv-cinder-760152-6-smb devstack@c-api.service[100849]: DEBUG cinder.api.contrib.volume_manage [None req-9a17d9c5-f8a0-49f0-98be-497081b9ff6a tempest-VolumeManageAdminTest-56982288 tempest-VolumeManageAdminTest-56982288-project-admin] Manage volume request body: {'volume': {'name': 'tempest-VolumeManageAdminTest-volume-336005089', 'host': 'hv-cinder-76015@wincnd#smbshare', 'ref': {'source-name': '//127.0.0.1/smbshare/volume-068663b8-7518-4fa8-ae9d-4b6e5f24d6c2.vhdx'}, 'volume_type': '__DEFAULT__', 'availability_zone': 'nova'}} {{(pid=100849) create /opt/stack/cinder/cinder/api/contrib/volume_manage.py:113}}
Sep 07 15:59:26.610410 dv-cinder-760152-6-smb devstack@c-api.service[100849]: DEBUG cinder.volume.api [None req-9a17d9c5-f8a0-49f0-98be-497081b9ff6a tempest-VolumeManageAdminTest-56982288 tempest-VolumeManageAdminTest-56982288-project-admin] Flow 'volume_manage_existing_api' (2062cd01-12ca-49ee-a2a3-c068c2bcbd72) transitioned into state 'RUNNING' from state 'PENDING' {{(pid=100849) _flow_receiver /usr/local/lib/python3.8/dist-packages/taskflow/listeners/logging.py:141}}
Sep 07 15:59:26.624106 dv-cinder-760152-6-smb devstack@c-api.service[100849]: DEBUG cinder.volume.api [None req-9a17d9c5-f8a0-49f0-98be-497081b9ff6a tempest-VolumeManageAdminTest-56982288 tempest-VolumeManageAdminTest-56982288-project-admin] Task 'cinder.volume.flows.api.create_volume.QuotaReserveTask;volume:create' (533b3702-bcf9-451a-8d93-21e90e7d528a) transitioned into state 'RUNNING' from state 'PENDING' {{(pid=100849) _task_receiver /usr/local/lib/python3.8/dist-packages/taskflow/listeners/logging.py:190}}
Sep 07 15:59:26.916060 dv-cinder-760152-6-smb devstack@c-api.service[100850]: INFO cinder.api.openstack.wsgi [None req-af76c112-c9d6-4790-8370-8098770242cd tempest-GroupsTest-788942964 tempest-GroupsTest-788942964-project] GET http://10.222.0.74/volume/v3/191d77b3eb4d46faa2edcf163dd9f0ab/volumes/06bd4139-3c3e-4356-8c55-24c3a994b668
Sep 07 15:59:26.916829 dv-cinder-760152-6-smb devstack@c-api.service[100850]: DEBUG cinder.api.openstack.wsgi [None req-af76c112-c9d6-4790-8370-8098770242cd tempest-GroupsTest-788942964 tempest-GroupsTest-788942964-project] Empty body provided in request {{(pid=100850) get_body /opt/stack/cinder/cinder/api/openstack/wsgi.py:703}}
Sep 07 15:59:26.917154 dv-cinder-760152-6-smb devstack@c-api.service[100850]: /usr/local/lib/python3.8/dist-packages/webob/acceptparse.py:1047: DeprecationWarning: The behavior of AcceptValidHeader.best_match is currently being maintained for backward compatibility, but it will be deprecated in the future, as it does not conform to the RFC.
Sep 07 15:59:26.917154 dv-cinder-760152-6-smb devstack@c-api.service[100850]: warnings.warn(
Sep 07 15:59:26.917775 dv-cinder-760152-6-smb devstack@c-api.service[100850]: DEBUG cinder.api.openstack.wsgi [None req-af76c112-c9d6-4790-8370-8098770242cd tempest-GroupsTest-788942964 tempest-GroupsTest-788942964-project] Calling method 'show' {{(pid=100850) _process_stack /opt/stack/cinder/cinder/api/openstack/wsgi.py:856}}
Sep 07 15:59:26.943085 dv-cinder-760152-6-smb devstack@c-api.service[100850]: /usr/local/lib/python3.8/dist-packages/oslo_context/context.py:105: DeprecationWarning: Policy enforcement is depending on the value of is_admin. This key is deprecated. Please update your policy file to use the standard policy values.
Sep 07 15:59:26.943085 dv-cinder-760152-6-smb devstack@c-api.service[100850]: warnings.warn('Policy enforcement is depending on the value of '
Sep 07 15:59:26.960662 dv-cinder-760152-6-smb devstack@c-api.service[100850]: INFO cinder.volume.api [None req-af76c112-c9d6-4790-8370-8098770242cd tempest-GroupsTest-788942964 tempest-GroupsTest-788942964-project] Volume info retrieved successfully.
Sep 07 15:59:26.986453 dv-cinder-760152-6-smb devstack@c-api.service[100850]: WARNING stevedore.named [None req-af76c112-c9d6-4790-8370-8098770242cd tempest-GroupsTest-788942964 tempest-GroupsTest-788942964-project] Could not load cinder.keymgr.conf_key_mgr.ConfKeyManager
Sep 07 15:59:26.991139 dv-cinder-760152-6-smb devstack@c-api.service[100850]: WARNING castellan.key_manager [None req-af76c112-c9d6-4790-8370-8098770242cd tempest-GroupsTest-788942964 tempest-GroupsTest-788942964-project] Deprecation Warning : cinder.keymgr.conf_key_mgr.ConfKeyManager is not a stevedore based driver, trying to load it as a class: stevedore.exception.NoMatches: No 'castellan.drivers' driver found, looking for 'cinder.keymgr.conf_key_mgr.ConfKeyManager'
Sep 07 15:59:26.993004 dv-cinder-760152-6-smb devstack@c-api.service[100849]: DEBUG cinder.quota [None req-9a17d9c5-f8a0-49f0-98be-497081b9ff6a tempest-VolumeManageAdminTest-56982288 tempest-VolumeManageAdminTest-56982288-project-admin] Created reservations ['1fd06438-c87f-47bc-a840-535cc1b2890a', '429ad120-318b-4019-891d-8d18f852f44e', '59c5b7e3-e0b7-4f31-a02e-45740308b4fb', 'e4bfd0df-f98a-46a2-96b6-50d689898bf2'] {{(pid=100849) reserve /opt/stack/cinder/cinder/quota.py:755}}
Sep 07 15:59:26.998219 dv-cinder-760152-6-smb devstack@c-api.service[100849]: DEBUG cinder.volume.api [None req-9a17d9c5-f8a0-49f0-98be-497081b9ff6a tempest-VolumeManageAdminTest-56982288 tempest-VolumeManageAdminTest-56982288-project-admin] Task 'cinder.volume.flows.api.create_volume.QuotaReserveTask;volume:create' (533b3702-bcf9-451a-8d93-21e90e7d528a) transitioned into state 'SUCCESS' from state 'RUNNING' with result '{'reservations': ['1fd06438-c87f-47bc-a840-535cc1b2890a', '429ad120-318b-4019-891d-8d18f852f44e', '59c5b7e3-e0b7-4f31-a02e-45740308b4fb', 'e4bfd0df-f98a-46a2-96b6-50d689898bf2']}' {{(pid=100849) _task_receiver /usr/local/lib/python3.8/dist-packages/taskflow/listeners/logging.py:178}}
Sep 07 15:59:27.006535 dv-cinder-760152-6-smb devstack@c-api.service[100849]: DEBUG cinder.volume.api [None req-9a17d9c5-f8a0-49f0-98be-497081b9ff6a tempest-VolumeManageAdminTest-56982288 tempest-VolumeManageAdminTest-56982288-project-admin] Task 'cinder.volume.flows.api.manage_existing.EntryCreateTask;volume:manage_existing' (22ca0df4-1964-473f-8bd8-b53c9be70331) transitioned into state 'RUNNING' from state 'PENDING' {{(pid=100849) _task_receiver /usr/local/lib/python3.8/dist-packages/taskflow/listeners/logging.py:190}}
Sep 07 15:59:27.011036 dv-cinder-760152-6-smb devstack@c-api.service[100850]: DEBUG oslo_db.sqlalchemy.engines [None req-af76c112-c9d6-4790-8370-8098770242cd tempest-GroupsTest-788942964 tempest-GroupsTest-788942964-project] MySQL server mode set to STRICT_TRANS_TABLES,STRICT_ALL_TABLES,NO_ZERO_IN_DATE,NO_ZERO_DATE,ERROR_FOR_DIVISION_BY_ZERO,TRADITIONAL,NO_ENGINE_SUBSTITUTION {{(pid=100850) _check_effective_sql_mode /usr/local/lib/python3.8/dist-packages/oslo_db/sqlalchemy/engines.py:314}}
Sep 07 15:59:27.024241 dv-cinder-760152-6-smb devstack@c-api.service[100850]: /usr/local/lib/python3.8/dist-packages/oslo_context/context.py:105: DeprecationWarning: Policy enforcement is depending on the value of is_admin. This key is deprecated. Please update your policy file to use the standard policy values.
Sep 07 15:59:27.024241 dv-cinder-760152-6-smb devstack@c-api.service[100850]: warnings.warn('Policy enforcement is depending on the value of '
Sep 07 15:59:27.055301 dv-cinder-760152-6-smb devstack@c-api.service[100850]: INFO cinder.api.openstack.wsgi [None req-af76c112-c9d6-4790-8370-8098770242cd tempest-GroupsTest-788942964 tempest-GroupsTest-788942964-project] http://10.222.0.74/volume/v3/191d77b3eb4d46faa2edcf163dd9f0ab/volumes/06bd4139-3c3e-4356-8c55-24c3a994b668 returned with HTTP 200
Sep 07 15:59:27.070975 dv-cinder-760152-6-smb devstack@c-api.service[100850]: [pid: 100850|app: 0|req: 44/87] 10.222.0.74 () {60 vars in 1366 bytes} [Tue Sep 7 15:59:26 2021] GET /volume/v3/191d77b3eb4d46faa2edcf163dd9f0ab/volumes/06bd4139-3c3e-4356-8c55-24c3a994b668 => generated 984 bytes in 159 msecs (HTTP/1.1 200) 7 headers in 286 bytes (1 switches on core 0)
Sep 07 15:59:27.097356 dv-cinder-760152-6-smb devstack@c-api.service[100850]: INFO cinder.api.openstack.wsgi [None req-7b0296d8-71af-4676-956b-77b2bf9952de tempest-GroupsTest-788942964 tempest-GroupsTest-788942964-project] PUT http://10.222.0.74/volume/v3/191d77b3eb4d46faa2edcf163dd9f0ab/groups/79f6e2f5-5296-4af8-bdde-0210b7e8e4fa
