Sep 09 00:15:28.763668 dv-cinder-760038-8-smb devstack@n-api.service[114832]: [pid: 114832|app: 0|req: 64/139] 10.222.0.20 () {58 vars in 1236 bytes} [Thu Sep 9 00:15:28 2021] GET /compute/v2.1/servers/69a63cc4-9b93-4e90-a7f5-1aa9a063d6db => generated 1507 bytes in 237 msecs (HTTP/1.1 200) 9 headers in 358 bytes (1 switches on core 0)
Sep 09 00:15:28.780774 dv-cinder-760038-8-smb devstack@n-api.service[114831]: DEBUG nova.api.openstack.wsgi [None req-989694b0-c0d3-432d-950e-921e237de893 tempest-AttachVolumeNegativeTest-1931817657 tempest-AttachVolumeNegativeTest-1931817657-project] Action: 'create', calling method: >, body: {"volumeAttachment": {"volumeId": "57c3beba-8029-4ce5-ae4a-0ad3ec471bdc"}} {{(pid=114831) _process_stack /opt/stack/nova/nova/api/openstack/wsgi.py:511}}
Sep 09 00:15:28.782254 dv-cinder-760038-8-smb devstack@n-api.service[114831]: DEBUG nova.compute.api [None req-989694b0-c0d3-432d-950e-921e237de893 tempest-AttachVolumeNegativeTest-1931817657 tempest-AttachVolumeNegativeTest-1931817657-project] [instance: 69a63cc4-9b93-4e90-a7f5-1aa9a063d6db] Fetching instance by UUID {{(pid=114831) get /opt/stack/nova/nova/compute/api.py:2863}}
Sep 09 00:15:28.792835 dv-cinder-760038-8-smb devstack@n-api.service[114831]: DEBUG oslo_concurrency.lockutils [None req-989694b0-c0d3-432d-950e-921e237de893 tempest-AttachVolumeNegativeTest-1931817657 tempest-AttachVolumeNegativeTest-1931817657-project] Lock "8d370fdf-8e1b-47b3-917b-22c2320cdbd7" acquired by "nova.context.set_target_cell..get_or_set_cached_cell_and_set_connections" :: waited 0.000s {{(pid=114831) inner /usr/local/lib/python3.8/dist-packages/oslo_concurrency/lockutils.py:355}}
Sep 09 00:15:28.793498 dv-cinder-760038-8-smb devstack@n-api.service[114831]: DEBUG oslo_concurrency.lockutils [None req-989694b0-c0d3-432d-950e-921e237de893 tempest-AttachVolumeNegativeTest-1931817657 tempest-AttachVolumeNegativeTest-1931817657-project] Lock "8d370fdf-8e1b-47b3-917b-22c2320cdbd7" released by "nova.context.set_target_cell..get_or_set_cached_cell_and_set_connections" :: held 0.001s {{(pid=114831) inner /usr/local/lib/python3.8/dist-packages/oslo_concurrency/lockutils.py:367}}
Sep 09 00:15:28.794597 dv-cinder-760038-8-smb devstack@n-api.service[114831]: DEBUG oslo_concurrency.lockutils [None req-989694b0-c0d3-432d-950e-921e237de893 tempest-AttachVolumeNegativeTest-1931817657 tempest-AttachVolumeNegativeTest-1931817657-project] Lock "8d370fdf-8e1b-47b3-917b-22c2320cdbd7" acquired by "nova.context.set_target_cell..get_or_set_cached_cell_and_set_connections" :: waited 0.000s {{(pid=114831) inner /usr/local/lib/python3.8/dist-packages/oslo_concurrency/lockutils.py:355}}
Sep 09 00:15:28.795175 dv-cinder-760038-8-smb devstack@n-api.service[114831]: DEBUG oslo_concurrency.lockutils [None req-989694b0-c0d3-432d-950e-921e237de893 tempest-AttachVolumeNegativeTest-1931817657 tempest-AttachVolumeNegativeTest-1931817657-project] Lock "8d370fdf-8e1b-47b3-917b-22c2320cdbd7" released by "nova.context.set_target_cell..get_or_set_cached_cell_and_set_connections" :: held 0.001s {{(pid=114831) inner /usr/local/lib/python3.8/dist-packages/oslo_concurrency/lockutils.py:367}}
Sep 09 00:15:28.913644 dv-cinder-760038-8-smb devstack@n-api.service[114831]: INFO nova.api.openstack.wsgi [None req-989694b0-c0d3-432d-950e-921e237de893 tempest-AttachVolumeNegativeTest-1931817657 tempest-AttachVolumeNegativeTest-1931817657-project] HTTP exception thrown: Invalid volume: volume 57c3beba-8029-4ce5-ae4a-0ad3ec471bdc is already attached to instances: 0bf3c8c6-85a1-465e-9e83-62290799f538
Sep 09 00:15:28.914706 dv-cinder-760038-8-smb devstack@n-api.service[114831]: DEBUG nova.api.openstack.wsgi [None req-989694b0-c0d3-432d-950e-921e237de893 tempest-AttachVolumeNegativeTest-1931817657 tempest-AttachVolumeNegativeTest-1931817657-project] Returning 400 to user: Invalid volume: volume 57c3beba-8029-4ce5-ae4a-0ad3ec471bdc is already attached to instances: 0bf3c8c6-85a1-465e-9e83-62290799f538 {{(pid=114831) __call__ /opt/stack/nova/nova/api/openstack/wsgi.py:936}}
Sep 09 00:15:28.915741 dv-cinder-760038-8-smb devstack@n-api.service[114831]: INFO nova.api.openstack.requestlog [None req-989694b0-c0d3-432d-950e-921e237de893 tempest-AttachVolumeNegativeTest-1931817657 tempest-AttachVolumeNegativeTest-1931817657-project] 10.222.0.20 "POST /compute/v2.1/servers/69a63cc4-9b93-4e90-a7f5-1aa9a063d6db/os-volume_attachments" status: 400 len: 174 microversion: 2.1 time: 0.140408
Sep 09 00:15:28.920999 dv-cinder-760038-8-smb devstack@n-api.service[114831]: [pid: 114831|app: 0|req: 76/140] 10.222.0.20 () {60 vars in 1323 bytes} [Thu Sep 9 00:15:28 2021] POST /compute/v2.1/servers/69a63cc4-9b93-4e90-a7f5-1aa9a063d6db/os-volume_attachments => generated 174 bytes in 146 msecs (HTTP/1.1 400) 9 headers in 381 bytes (1 switches on core 0)
Sep 09 00:15:29.015824 dv-cinder-760038-8-smb devstack@n-api.service[114832]: DEBUG nova.api.openstack.wsgi [None req-a0c2c89b-129f-4cf3-bbd5-ce6f469c3bae tempest-VolumesActionsTest-1842180397 tempest-VolumesActionsTest-1842180397-project] Calling method '>' {{(pid=114832) _process_stack /opt/stack/nova/nova/api/openstack/wsgi.py:513}}
Sep 09 00:15:29.016788 dv-cinder-760038-8-smb devstack@n-api.service[114831]: DEBUG nova.api.openstack.wsgi [None req-81f1dca4-1d3b-4b16-8778-d3c5af900890 tempest-AttachVolumeNegativeTest-1931817657 tempest-AttachVolumeNegativeTest-1931817657-project] Calling method '>' {{(pid=114831) _process_stack /opt/stack/nova/nova/api/openstack/wsgi.py:513}}
Sep 09 00:15:29.017544 dv-cinder-760038-8-smb devstack@n-api.service[114831]: DEBUG nova.compute.api [None req-81f1dca4-1d3b-4b16-8778-d3c5af900890 tempest-AttachVolumeNegativeTest-1931817657 tempest-AttachVolumeNegativeTest-1931817657-project] [instance: 0bf3c8c6-85a1-465e-9e83-62290799f538] Fetching instance by UUID {{(pid=114831) get /opt/stack/nova/nova/compute/api.py:2863}}
Sep 09 00:15:29.017683 dv-cinder-760038-8-smb devstack@n-api.service[114832]: DEBUG nova.compute.api [None req-a0c2c89b-129f-4cf3-bbd5-ce6f469c3bae tempest-VolumesActionsTest-1842180397 tempest-VolumesActionsTest-1842180397-project] [instance: b0c6b2cf-d8d8-4f58-ac70-63daf236d9f0] Fetching instance by UUID {{(pid=114832) get /opt/stack/nova/nova/compute/api.py:2863}}
Sep 09 00:15:29.025776 dv-cinder-760038-8-smb devstack@n-api.service[114831]: DEBUG oslo_concurrency.lockutils [None req-81f1dca4-1d3b-4b16-8778-d3c5af900890 tempest-AttachVolumeNegativeTest-1931817657 tempest-AttachVolumeNegativeTest-1931817657-project] Lock "8d370fdf-8e1b-47b3-917b-22c2320cdbd7" acquired by "nova.context.set_target_cell..get_or_set_cached_cell_and_set_connections" :: waited 0.000s {{(pid=114831) inner /usr/local/lib/python3.8/dist-packages/oslo_concurrency/lockutils.py:355}}
Sep 09 00:15:29.027104 dv-cinder-760038-8-smb devstack@n-api.service[114831]: DEBUG oslo_concurrency.lockutils [None req-81f1dca4-1d3b-4b16-8778-d3c5af900890 tempest-AttachVolumeNegativeTest-1931817657 tempest-AttachVolumeNegativeTest-1931817657-project] Lock "8d370fdf-8e1b-47b3-917b-22c2320cdbd7" released by "nova.context.set_target_cell..get_or_set_cached_cell_and_set_connections" :: held 0.001s {{(pid=114831) inner /usr/local/lib/python3.8/dist-packages/oslo_concurrency/lockutils.py:367}}
Sep 09 00:15:29.028844 dv-cinder-760038-8-smb devstack@n-api.service[114831]: DEBUG oslo_concurrency.lockutils [None req-81f1dca4-1d3b-4b16-8778-d3c5af900890 tempest-AttachVolumeNegativeTest-1931817657 tempest-AttachVolumeNegativeTest-1931817657-project] Lock "8d370fdf-8e1b-47b3-917b-22c2320cdbd7" acquired by "nova.context.set_target_cell..get_or_set_cached_cell_and_set_connections" :: waited 0.000s {{(pid=114831) inner /usr/local/lib/python3.8/dist-packages/oslo_concurrency/lockutils.py:355}}
Sep 09 00:15:29.029240 dv-cinder-760038-8-smb devstack@n-api.service[114832]: DEBUG oslo_concurrency.lockutils [None req-a0c2c89b-129f-4cf3-bbd5-ce6f469c3bae tempest-VolumesActionsTest-1842180397 tempest-VolumesActionsTest-1842180397-project] Lock "8d370fdf-8e1b-47b3-917b-22c2320cdbd7" acquired by "nova.context.set_target_cell..get_or_set_cached_cell_and_set_connections" :: waited 0.000s {{(pid=114832) inner /usr/local/lib/python3.8/dist-packages/oslo_concurrency/lockutils.py:355}}
Sep 09 00:15:29.029697 dv-cinder-760038-8-smb devstack@n-api.service[114832]: DEBUG oslo_concurrency.lockutils [None req-a0c2c89b-129f-4cf3-bbd5-ce6f469c3bae tempest-VolumesActionsTest-1842180397 tempest-VolumesActionsTest-1842180397-project] Lock "8d370fdf-8e1b-47b3-917b-22c2320cdbd7" released by "nova.context.set_target_cell..get_or_set_cached_cell_and_set_connections" :: held 0.001s {{(pid=114832) inner /usr/local/lib/python3.8/dist-packages/oslo_concurrency/lockutils.py:367}}
Sep 09 00:15:29.030353 dv-cinder-760038-8-smb devstack@n-api.service[114831]: DEBUG oslo_concurrency.lockutils [None req-81f1dca4-1d3b-4b16-8778-d3c5af900890 tempest-AttachVolumeNegativeTest-1931817657 tempest-AttachVolumeNegativeTest-1931817657-project] Lock "8d370fdf-8e1b-47b3-917b-22c2320cdbd7" released by "nova.context.set_target_cell..get_or_set_cached_cell_and_set_connections" :: held 0.001s {{(pid=114831) inner /usr/local/lib/python3.8/dist-packages/oslo_concurrency/lockutils.py:367}}
Sep 09 00:15:29.030570 dv-cinder-760038-8-smb devstack@n-api.service[114832]: DEBUG oslo_concurrency.lockutils [None req-a0c2c89b-129f-4cf3-bbd5-ce6f469c3bae tempest-VolumesActionsTest-1842180397 tempest-VolumesActionsTest-1842180397-project] Lock "8d370fdf-8e1b-47b3-917b-22c2320cdbd7" acquired by "nova.context.set_target_cell..get_or_set_cached_cell_and_set_connections" :: waited 0.000s {{(pid=114832) inner /usr/local/lib/python3.8/dist-packages/oslo_concurrency/lockutils.py:355}}
Sep 09 00:15:29.039154 dv-cinder-760038-8-smb devstack@n-api.service[114832]: DEBUG oslo_concurrency.lockutils [None req-a0c2c89b-129f-4cf3-bbd5-ce6f469c3bae tempest-VolumesActionsTest-1842180397 tempest-VolumesActionsTest-1842180397-project] Lock "8d370fdf-8e1b-47b3-917b-22c2320cdbd7" released by "nova.context.set_target_cell..get_or_set_cached_cell_and_set_connections" :: held 0.006s {{(pid=114832) inner /usr/local/lib/python3.8/dist-packages/oslo_concurrency/lockutils.py:367}}
Sep 09 00:15:29.223541 dv-cinder-760038-8-smb devstack@n-api.service[114831]: DEBUG nova.objects.instance [None req-81f1dca4-1d3b-4b16-8778-d3c5af900890 tempest-AttachVolumeNegativeTest-1931817657 tempest-AttachVolumeNegativeTest-1931817657-project] Lazy-loading 'services' on Instance uuid 0bf3c8c6-85a1-465e-9e83-62290799f538 {{(pid=114831) obj_load_attr /opt/stack/nova/nova/objects/instance.py:1098}}
Sep 09 00:15:29.446349 dv-cinder-760038-8-smb devstack@n-api.service[114831]: INFO nova.api.openstack.requestlog [None req-81f1dca4-1d3b-4b16-8778-d3c5af900890 tempest-AttachVolumeNegativeTest-1931817657 tempest-AttachVolumeNegativeTest-1931817657-project] 10.222.0.20 "DELETE /compute/v2.1/servers/0bf3c8c6-85a1-465e-9e83-62290799f538/os-volume_attachments/57c3beba-8029-4ce5-ae4a-0ad3ec471bdc" status: 202 len: 0 microversion: 2.1 time: 0.431937
Sep 09 00:15:29.452568 dv-cinder-760038-8-smb devstack@n-api.service[114831]: [pid: 114831|app: 0|req: 77/141] 10.222.0.20 () {58 vars in 1416 bytes} [Thu Sep 9 00:15:29 2021] DELETE /compute/v2.1/servers/0bf3c8c6-85a1-465e-9e83-62290799f538/os-volume_attachments/57c3beba-8029-4ce5-ae4a-0ad3ec471bdc => generated 0 bytes in 440 msecs (HTTP/1.1 202) 9 headers in 361 bytes (1 switches on core 0)
Sep 09 00:15:29.469304 dv-cinder-760038-8-smb devstack@n-api.service[114831]: DEBUG nova.api.openstack.wsgi [None req-1fb5bcb9-9d5c-4fe8-815d-892a991c4388 tempest-AttachVolumeNegativeTest-1931817657 tempest-AttachVolumeNegativeTest-1931817657-project] Calling method '>' {{(pid=114831) _process_stack /opt/stack/nova/nova/api/openstack/wsgi.py:513}}
Sep 09 00:15:29.475975 dv-cinder-760038-8-smb devstack@n-api.service[114831]: DEBUG nova.compute.api [None req-1fb5bcb9-9d5c-4fe8-815d-892a991c4388 tempest-AttachVolumeNegativeTest-1931817657 tempest-AttachVolumeNegativeTest-1931817657-project] [instance: 0bf3c8c6-85a1-465e-9e83-62290799f538] Fetching instance by UUID {{(pid=114831) get /opt/stack/nova/nova/compute/api.py:2863}}
Sep 09 00:15:29.490580 dv-cinder-760038-8-smb devstack@n-api.service[114831]: DEBUG oslo_concurrency.lockutils [None req-1fb5bcb9-9d5c-4fe8-815d-892a991c4388 tempest-AttachVolumeNegativeTest-1931817657 tempest-AttachVolumeNegativeTest-1931817657-project] Lock "8d370fdf-8e1b-47b3-917b-22c2320cdbd7" acquired by "nova.context.set_target_cell..get_or_set_cached_cell_and_set_connections" :: waited 0.000s {{(pid=114831) inner /usr/local/lib/python3.8/dist-packages/oslo_concurrency/lockutils.py:355}}
Sep 09 00:15:29.491038 dv-cinder-760038-8-smb devstack@n-api.service[114831]: DEBUG oslo_concurrency.lockutils [None req-1fb5bcb9-9d5c-4fe8-815d-892a991c4388 tempest-AttachVolumeNegativeTest-1931817657 tempest-AttachVolumeNegativeTest-1931817657-project] Lock "8d370fdf-8e1b-47b3-917b-22c2320cdbd7" released by "nova.context.set_target_cell..get_or_set_cached_cell_and_set_connections" :: held 0.001s {{(pid=114831) inner /usr/local/lib/python3.8/dist-packages/oslo_concurrency/lockutils.py:367}}
Sep 09 00:15:29.494181 dv-cinder-760038-8-smb devstack@n-api.service[114831]: DEBUG oslo_concurrency.lockutils [None req-1fb5bcb9-9d5c-4fe8-815d-892a991c4388 tempest-AttachVolumeNegativeTest-1931817657 tempest-AttachVolumeNegativeTest-1931817657-project] Lock "8d370fdf-8e1b-47b3-917b-22c2320cdbd7" acquired by "nova.context.set_target_cell..get_or_set_cached_cell_and_set_connections" :: waited 0.001s {{(pid=114831) inner /usr/local/lib/python3.8/dist-packages/oslo_concurrency/lockutils.py:355}}
Sep 09 00:15:29.495111 dv-cinder-760038-8-smb devstack@n-api.service[114831]: DEBUG oslo_concurrency.lockutils [None req-1fb5bcb9-9d5c-4fe8-815d-892a991c4388 tempest-AttachVolumeNegativeTest-1931817657 tempest-AttachVolumeNegativeTest-1931817657-project] Lock "8d370fdf-8e1b-47b3-917b-22c2320cdbd7" released by "nova.context.set_target_cell..get_or_set_cached_cell_and_set_connections" :: held 0.001s {{(pid=114831) inner /usr/local/lib/python3.8/dist-packages/oslo_concurrency/lockutils.py:367}}
Sep 09 00:15:29.598999 dv-cinder-760038-8-smb devstack@n-api.service[114831]: INFO nova.api.openstack.requestlog [None req-1fb5bcb9-9d5c-4fe8-815d-892a991c4388 tempest-AttachVolumeNegativeTest-1931817657 tempest-AttachVolumeNegativeTest-1931817657-project] 10.222.0.20 "GET /compute/v2.1/servers/0bf3c8c6-85a1-465e-9e83-62290799f538/os-volume_attachments" status: 200 len: 197 microversion: 2.1 time: 0.143677
Sep 09 00:15:29.604390 dv-cinder-760038-8-smb devstack@n-api.service[114831]: [pid: 114831|app: 0|req: 78/142] 10.222.0.20 () {58 vars in 1302 bytes} [Thu Sep 9 00:15:29 2021] GET /compute/v2.1/servers/0bf3c8c6-85a1-465e-9e83-62290799f538/os-volume_attachments => generated 197 bytes in 151 msecs (HTTP/1.1 200) 9 headers in 357 bytes (1 switches on core 0)
Sep 09 00:15:29.617215 dv-cinder-760038-8-smb devstack@n-api.service[114832]: DEBUG nova.policy [None req-a0c2c89b-129f-4cf3-bbd5-ce6f469c3bae tempest-VolumesActionsTest-1842180397 tempest-VolumesActionsTest-1842180397-project] Policy check for os_compute_api:os-extended-server-attributes failed with credentials {'is_admin': False, 'user_id': '7f39427134b242afa4f9cee67c677133', 'user_domain_id': 'default', 'system_scope': None, 'domain_id': None, 'project_id': '8ab5e9a491974539977fe7479437738a', 'project_domain_id': 'default', 'roles': ['member', 'reader'], 'is_admin_project': True, 'service_user_id': None, 'service_user_domain_id': None, 'service_project_id': None, 'service_project_domain_id': None, 'service_roles': []} {{(pid=114832) authorize /opt/stack/nova/nova/policy.py:199}}
Sep 09 00:15:29.625296 dv-cinder-760038-8-smb devstack@n-api.service[114832]: INFO nova.api.openstack.requestlog [None req-a0c2c89b-129f-4cf3-bbd5-ce6f469c3bae tempest-VolumesActionsTest-1842180397 tempest-VolumesActionsTest-1842180397-project] 10.222.0.20 "GET /compute/v2.1/servers/b0c6b2cf-d8d8-4f58-ac70-63daf236d9f0" status: 200 len: 1314 microversion: 2.1 time: 0.614960
Sep 09 00:15:29.626720 dv-cinder-760038-8-smb devstack@n-api.service[114832]: [pid: 114832|app: 0|req: 65/143] 10.222.0.20 () {58 vars in 1236 bytes} [Thu Sep 9 00:15:29 2021] GET /compute/v2.1/servers/b0c6b2cf-d8d8-4f58-ac70-63daf236d9f0 => generated 1314 bytes in 617 msecs (HTTP/1.1 200) 9 headers in 358 bytes (1 switches on core 0)
Sep 09 00:15:29.720771 dv-cinder-760038-8-smb devstack@n-api.service[114831]: DEBUG nova.api.openstack.wsgi [None req-3a0cf485-c979-4ffe-bd9a-1a7515d800ab tempest-AttachVolumeTestJSON-911237640 tempest-AttachVolumeTestJSON-911237640-project] Action: 'action', calling method: >, body: {"os-getConsoleOutput": {}} {{(pid=114831) _process_stack /opt/stack/nova/nova/api/openstack/wsgi.py:511}}
Sep 09 00:15:29.721960 dv-cinder-760038-8-smb devstack@n-api.service[114831]: DEBUG nova.compute.api [None req-3a0cf485-c979-4ffe-bd9a-1a7515d800ab tempest-AttachVolumeTestJSON-911237640 tempest-AttachVolumeTestJSON-911237640-project] [instance: 0db64a33-2a6a-4af5-b6b1-1d754b90cbde] Fetching instance by UUID {{(pid=114831) get /opt/stack/nova/nova/compute/api.py:2863}}
Sep 09 00:15:29.728926 dv-cinder-760038-8-smb devstack@n-api.service[114831]: DEBUG oslo_concurrency.lockutils [None req-3a0cf485-c979-4ffe-bd9a-1a7515d800ab tempest-AttachVolumeTestJSON-911237640 tempest-AttachVolumeTestJSON-911237640-project] Lock "8d370fdf-8e1b-47b3-917b-22c2320cdbd7" acquired by "nova.context.set_target_cell..get_or_set_cached_cell_and_set_connections" :: waited 0.000s {{(pid=114831) inner /usr/local/lib/python3.8/dist-packages/oslo_concurrency/lockutils.py:355}}
Sep 09 00:15:29.729772 dv-cinder-760038-8-smb devstack@n-api.service[114831]: DEBUG oslo_concurrency.lockutils [None req-3a0cf485-c979-4ffe-bd9a-1a7515d800ab tempest-AttachVolumeTestJSON-911237640 tempest-AttachVolumeTestJSON-911237640-project] Lock "8d370fdf-8e1b-47b3-917b-22c2320cdbd7" released by "nova.context.set_target_cell..get_or_set_cached_cell_and_set_connections" :: held 0.001s {{(pid=114831) inner /usr/local/lib/python3.8/dist-packages/oslo_concurrency/lockutils.py:367}}
Sep 09 00:15:29.731090 dv-cinder-760038-8-smb devstack@n-api.service[114831]: DEBUG oslo_concurrency.lockutils [None req-3a0cf485-c979-4ffe-bd9a-1a7515d800ab tempest-AttachVolumeTestJSON-911237640 tempest-AttachVolumeTestJSON-911237640-project] Lock "8d370fdf-8e1b-47b3-917b-22c2320cdbd7" acquired by "nova.context.set_target_cell..get_or_set_cached_cell_and_set_connections" :: waited 0.000s {{(pid=114831) inner /usr/local/lib/python3.8/dist-packages/oslo_concurrency/lockutils.py:355}}
Sep 09 00:15:29.731834 dv-cinder-760038-8-smb devstack@n-api.service[114831]: DEBUG oslo_concurrency.lockutils [None req-3a0cf485-c979-4ffe-bd9a-1a7515d800ab tempest-AttachVolumeTestJSON-911237640 tempest-AttachVolumeTestJSON-911237640-project] Lock "8d370fdf-8e1b-47b3-917b-22c2320cdbd7" released by "nova.context.set_target_cell..get_or_set_cached_cell_and_set_connections" :: held 0.001s {{(pid=114831) inner /usr/local/lib/python3.8/dist-packages/oslo_concurrency/lockutils.py:367}}
Sep 09 00:15:29.868536 dv-cinder-760038-8-smb devstack@n-api.service[114831]: INFO nova.api.openstack.requestlog [None req-3a0cf485-c979-4ffe-bd9a-1a7515d800ab tempest-AttachVolumeTestJSON-911237640 tempest-AttachVolumeTestJSON-911237640-project] 10.222.0.20 "POST /compute/v2.1/servers/0db64a33-2a6a-4af5-b6b1-1d754b90cbde/action" status: 200 len: 17861 microversion: 2.1 time: 0.152468
Sep 09 00:15:29.870324 dv-cinder-760038-8-smb devstack@n-api.service[114831]: [pid: 114831|app: 0|req: 79/144] 10.222.0.20 () {60 vars in 1278 bytes} [Thu Sep 9 00:15:29 2021] POST /compute/v2.1/servers/0db64a33-2a6a-4af5-b6b1-1d754b90cbde/action => generated 17861 bytes in 155 msecs (HTTP/1.1 200) 9 headers in 359 bytes (1 switches on core 0)
Sep 09 00:15:30.611972 dv-cinder-760038-8-smb devstack@n-api.service[114832]: DEBUG nova.api.openstack.wsgi [None req-bece6aa0-e338-442b-83b1-0d8950627b45 tempest-AttachVolumeNegativeTest-1931817657 tempest-AttachVolumeNegativeTest-1931817657-project] Calling method '>' {{(pid=114832) _process_stack /opt/stack/nova/nova/api/openstack/wsgi.py:513}}
Sep 09 00:15:30.613594 dv-cinder-760038-8-smb devstack@n-api.service[114832]: DEBUG nova.compute.api [None req-bece6aa0-e338-442b-83b1-0d8950627b45 tempest-AttachVolumeNegativeTest-1931817657 tempest-AttachVolumeNegativeTest-1931817657-project] [instance: 0bf3c8c6-85a1-465e-9e83-62290799f538] Fetching instance by UUID {{(pid=114832) get /opt/stack/nova/nova/compute/api.py:2863}}
Sep 09 00:15:30.623408 dv-cinder-760038-8-smb devstack@n-api.service[114832]: DEBUG oslo_concurrency.lockutils [None req-bece6aa0-e338-442b-83b1-0d8950627b45 tempest-AttachVolumeNegativeTest-1931817657 tempest-AttachVolumeNegativeTest-1931817657-project] Lock "8d370fdf-8e1b-47b3-917b-22c2320cdbd7" acquired by "nova.context.set_target_cell..get_or_set_cached_cell_and_set_connections" :: waited 0.000s {{(pid=114832) inner /usr/local/lib/python3.8/dist-packages/oslo_concurrency/lockutils.py:355}}
Sep 09 00:15:30.623867 dv-cinder-760038-8-smb devstack@n-api.service[114832]: DEBUG oslo_concurrency.lockutils [None req-bece6aa0-e338-442b-83b1-0d8950627b45 tempest-AttachVolumeNegativeTest-1931817657 tempest-AttachVolumeNegativeTest-1931817657-project] Lock "8d370fdf-8e1b-47b3-917b-22c2320cdbd7" released by "nova.context.set_target_cell..get_or_set_cached_cell_and_set_connections" :: held 0.001s {{(pid=114832) inner /usr/local/lib/python3.8/dist-packages/oslo_concurrency/lockutils.py:367}}
Sep 09 00:15:30.624661 dv-cinder-760038-8-smb devstack@n-api.service[114832]: DEBUG oslo_concurrency.lockutils [None req-bece6aa0-e338-442b-83b1-0d8950627b45 tempest-AttachVolumeNegativeTest-1931817657 tempest-AttachVolumeNegativeTest-1931817657-project] Lock "8d370fdf-8e1b-47b3-917b-22c2320cdbd7" acquired by "nova.context.set_target_cell..get_or_set_cached_cell_and_set_connections" :: waited 0.000s {{(pid=114832) inner /usr/local/lib/python3.8/dist-packages/oslo_concurrency/lockutils.py:355}}
Sep 09 00:15:30.628852 dv-cinder-760038-8-smb devstack@n-api.service[114832]: DEBUG oslo_concurrency.lockutils [None req-bece6aa0-e338-442b-83b1-0d8950627b45 tempest-AttachVolumeNegativeTest-1931817657 tempest-AttachVolumeNegativeTest-1931817657-project] Lock "8d370fdf-8e1b-47b3-917b-22c2320cdbd7" released by "nova.context.set_target_cell..get_or_set_cached_cell_and_set_connections" :: held 0.000s {{(pid=114832) inner /usr/local/lib/python3.8/dist-packages/oslo_concurrency/lockutils.py:367}}
Sep 09 00:15:30.644510 dv-cinder-760038-8-smb devstack@n-api.service[114831]: DEBUG nova.api.openstack.wsgi [None req-44408e71-dba8-494e-bad0-ff90c0c62612 tempest-VolumesActionsTest-1842180397 tempest-VolumesActionsTest-1842180397-project] Calling method '>' {{(pid=114831) _process_stack /opt/stack/nova/nova/api/openstack/wsgi.py:513}}
Sep 09 00:15:30.645409 dv-cinder-760038-8-smb devstack@n-api.service[114831]: DEBUG nova.compute.api [None req-44408e71-dba8-494e-bad0-ff90c0c62612 tempest-VolumesActionsTest-1842180397 tempest-VolumesActionsTest-1842180397-project] [instance: b0c6b2cf-d8d8-4f58-ac70-63daf236d9f0] Fetching instance by UUID {{(pid=114831) get /opt/stack/nova/nova/compute/api.py:2863}}
Sep 09 00:15:30.654041 dv-cinder-760038-8-smb devstack@n-api.service[114831]: DEBUG oslo_concurrency.lockutils [None req-44408e71-dba8-494e-bad0-ff90c0c62612 tempest-VolumesActionsTest-1842180397 tempest-VolumesActionsTest-1842180397-project] Lock "8d370fdf-8e1b-47b3-917b-22c2320cdbd7" acquired by "nova.context.set_target_cell..get_or_set_cached_cell_and_set_connections" :: waited 0.000s {{(pid=114831) inner /usr/local/lib/python3.8/dist-packages/oslo_concurrency/lockutils.py:355}}
Sep 09 00:15:30.655590 dv-cinder-760038-8-smb devstack@n-api.service[114831]: DEBUG oslo_concurrency.lockutils [None req-44408e71-dba8-494e-bad0-ff90c0c62612 tempest-VolumesActionsTest-1842180397 tempest-VolumesActionsTest-1842180397-project] Lock "8d370fdf-8e1b-47b3-917b-22c2320cdbd7" released by "nova.context.set_target_cell..get_or_set_cached_cell_and_set_connections" :: held 0.001s {{(pid=114831) inner /usr/local/lib/python3.8/dist-packages/oslo_concurrency/lockutils.py:367}}
Sep 09 00:15:30.658190 dv-cinder-760038-8-smb devstack@n-api.service[114831]: DEBUG oslo_concurrency.lockutils [None req-44408e71-dba8-494e-bad0-ff90c0c62612 tempest-VolumesActionsTest-1842180397 tempest-VolumesActionsTest-1842180397-project] Lock "8d370fdf-8e1b-47b3-917b-22c2320cdbd7" acquired by "nova.context.set_target_cell..get_or_set_cached_cell_and_set_connections" :: waited 0.000s {{(pid=114831) inner /usr/local/lib/python3.8/dist-packages/oslo_concurrency/lockutils.py:355}}
Sep 09 00:15:30.659336 dv-cinder-760038-8-smb devstack@n-api.service[114831]: DEBUG oslo_concurrency.lockutils [None req-44408e71-dba8-494e-bad0-ff90c0c62612 tempest-VolumesActionsTest-1842180397 tempest-VolumesActionsTest-1842180397-project] Lock "8d370fdf-8e1b-47b3-917b-22c2320cdbd7" released by "nova.context.set_target_cell..get_or_set_cached_cell_and_set_connections" :: held 0.001s {{(pid=114831) inner /usr/local/lib/python3.8/dist-packages/oslo_concurrency/lockutils.py:367}}
Sep 09 00:15:30.714788 dv-cinder-760038-8-smb devstack@n-api.service[114832]: INFO nova.api.openstack.requestlog [None req-bece6aa0-e338-442b-83b1-0d8950627b45 tempest-AttachVolumeNegativeTest-1931817657 tempest-AttachVolumeNegativeTest-1931817657-project] 10.222.0.20 "GET /compute/v2.1/servers/0bf3c8c6-85a1-465e-9e83-62290799f538/os-volume_attachments" status: 200 len: 25 microversion: 2.1 time: 0.107854
Sep 09 00:15:30.719893 dv-cinder-760038-8-smb devstack@n-api.service[114832]: [pid: 114832|app: 0|req: 66/145] 10.222.0.20 () {58 vars in 1302 bytes} [Thu Sep 9 00:15:30 2021] GET /compute/v2.1/servers/0bf3c8c6-85a1-465e-9e83-62290799f538/os-volume_attachments => generated 25 bytes in 114 msecs (HTTP/1.1 200) 9 headers in 356 bytes (1 switches on core 0)
Sep 09 00:15:30.880603 dv-cinder-760038-8-smb devstack@n-api.service[114832]: DEBUG nova.api.openstack.wsgi [None req-cdf660ae-f36a-4faa-b18a-5850297c1a63 tempest-AttachVolumeTestJSON-911237640 tempest-AttachVolumeTestJSON-911237640-project] Action: 'action', calling method: >, body: {"os-getConsoleOutput": {}} {{(pid=114832) _process_stack /opt/stack/nova/nova/api/openstack/wsgi.py:511}}
Sep 09 00:15:30.881636 dv-cinder-760038-8-smb devstack@n-api.service[114832]: DEBUG nova.compute.api [None req-cdf660ae-f36a-4faa-b18a-5850297c1a63 tempest-AttachVolumeTestJSON-911237640 tempest-AttachVolumeTestJSON-911237640-project] [instance: 0db64a33-2a6a-4af5-b6b1-1d754b90cbde] Fetching instance by UUID {{(pid=114832) get /opt/stack/nova/nova/compute/api.py:2863}}
Sep 09 00:15:30.890234 dv-cinder-760038-8-smb devstack@n-api.service[114832]: DEBUG oslo_concurrency.lockutils [None req-cdf660ae-f36a-4faa-b18a-5850297c1a63 tempest-AttachVolumeTestJSON-911237640 tempest-AttachVolumeTestJSON-911237640-project] Lock "8d370fdf-8e1b-47b3-917b-22c2320cdbd7" acquired by "nova.context.set_target_cell..get_or_set_cached_cell_and_set_connections" :: waited 0.000s {{(pid=114832) inner /usr/local/lib/python3.8/dist-packages/oslo_concurrency/lockutils.py:355}}
Sep 09 00:15:30.895957 dv-cinder-760038-8-smb devstack@n-api.service[114832]: DEBUG oslo_concurrency.lockutils [None req-cdf660ae-f36a-4faa-b18a-5850297c1a63 tempest-AttachVolumeTestJSON-911237640 tempest-AttachVolumeTestJSON-911237640-project] Lock "8d370fdf-8e1b-47b3-917b-22c2320cdbd7" released by "nova.context.set_target_cell..get_or_set_cached_cell_and_set_connections" :: held 0.006s {{(pid=114832) inner /usr/local/lib/python3.8/dist-packages/oslo_concurrency/lockutils.py:367}}
Sep 09 00:15:30.897716 dv-cinder-760038-8-smb devstack@n-api.service[114832]: DEBUG oslo_concurrency.lockutils [None req-cdf660ae-f36a-4faa-b18a-5850297c1a63 tempest-AttachVolumeTestJSON-911237640 tempest-AttachVolumeTestJSON-911237640-project] Lock "8d370fdf-8e1b-47b3-917b-22c2320cdbd7" acquired by "nova.context.set_target_cell..get_or_set_cached_cell_and_set_connections" :: waited 0.000s {{(pid=114832) inner /usr/local/lib/python3.8/dist-packages/oslo_concurrency/lockutils.py:355}}
Sep 09 00:15:30.900606 dv-cinder-760038-8-smb devstack@n-api.service[114832]: DEBUG oslo_concurrency.lockutils [None req-cdf660ae-f36a-4faa-b18a-5850297c1a63 tempest-AttachVolumeTestJSON-911237640 tempest-AttachVolumeTestJSON-911237640-project] Lock "8d370fdf-8e1b-47b3-917b-22c2320cdbd7" released by "nova.context.set_target_cell..get_or_set_cached_cell_and_set_connections" :: held 0.003s {{(pid=114832) inner /usr/local/lib/python3.8/dist-packages/oslo_concurrency/lockutils.py:367}}
Sep 09 00:15:31.028226 dv-cinder-760038-8-smb devstack@n-api.service[114832]: INFO nova.api.openstack.requestlog [None req-cdf660ae-f36a-4faa-b18a-5850297c1a63 tempest-AttachVolumeTestJSON-911237640 tempest-AttachVolumeTestJSON-911237640-project] 10.222.0.20 "POST /compute/v2.1/servers/0db64a33-2a6a-4af5-b6b1-1d754b90cbde/action" status: 200 len: 19342 microversion: 2.1 time: 0.151050
Sep 09 00:15:31.029411 dv-cinder-760038-8-smb devstack@n-api.service[114832]: [pid: 114832|app: 0|req: 67/146] 10.222.0.20 () {60 vars in 1278 bytes} [Thu Sep 9 00:15:30 2021] POST /compute/v2.1/servers/0db64a33-2a6a-4af5-b6b1-1d754b90cbde/action => generated 19342 bytes in 153 msecs (HTTP/1.1 200) 9 headers in 359 bytes (2 switches on core 0)
Sep 09 00:15:31.039283 dv-cinder-760038-8-smb devstack@n-api.service[114832]: DEBUG nova.api.openstack.wsgi [None req-5c75b5fc-aa25-41f1-8578-c1e8ef668898 tempest-AttachVolumeNegativeTest-1931817657 tempest-AttachVolumeNegativeTest-1931817657-project] Action: 'create', calling method: >, body: {"server": {"name": "tempest-AttachVolumeNegativeTest-server-1642904480", "imageRef": "5220337a-1934-4883-9627-bc4b189c287c", "flavorRef": "452", "networks": [{"uuid": "4c954714-8bb0-4301-bc03-a0a850ce4399"}]}} {{(pid=114832) _process_stack /opt/stack/nova/nova/api/openstack/wsgi.py:511}}
Sep 09 00:15:31.109002 dv-cinder-760038-8-smb devstack@n-api.service[114831]: DEBUG nova.policy [None req-44408e71-dba8-494e-bad0-ff90c0c62612 tempest-VolumesActionsTest-1842180397 tempest-VolumesActionsTest-1842180397-project] Policy check for os_compute_api:os-extended-server-attributes failed with credentials {'is_admin': False, 'user_id': '7f39427134b242afa4f9cee67c677133', 'user_domain_id': 'default', 'system_scope': None, 'domain_id': None, 'project_id': '8ab5e9a491974539977fe7479437738a', 'project_domain_id': 'default', 'roles': ['member', 'reader'], 'is_admin_project': True, 'service_user_id': None, 'service_user_domain_id': None, 'service_project_id': None, 'service_project_domain_id': None, 'service_roles': []} {{(pid=114831) authorize /opt/stack/nova/nova/policy.py:199}}
Sep 09 00:15:31.121843 dv-cinder-760038-8-smb devstack@n-api.service[114831]: INFO nova.api.openstack.requestlog [None req-44408e71-dba8-494e-bad0-ff90c0c62612 tempest-VolumesActionsTest-1842180397 tempest-VolumesActionsTest-1842180397-project] 10.222.0.20 "GET /compute/v2.1/servers/b0c6b2cf-d8d8-4f58-ac70-63daf236d9f0" status: 200 len: 1314 microversion: 2.1 time: 0.481649
Sep 09 00:15:31.129228 dv-cinder-760038-8-smb devstack@n-api.service[114832]: DEBUG nova.network.neutron [None req-5c75b5fc-aa25-41f1-8578-c1e8ef668898 tempest-AttachVolumeNegativeTest-1931817657 tempest-AttachVolumeNegativeTest-1931817657-project] validate_networks() for [('4c954714-8bb0-4301-bc03-a0a850ce4399', None, None, None, None, None)] {{(pid=114832) validate_networks /opt/stack/nova/nova/network/neutron.py:2475}}
Sep 09 00:15:31.132614 dv-cinder-760038-8-smb devstack@n-api.service[114831]: [pid: 114831|app: 0|req: 80/147] 10.222.0.20 () {58 vars in 1236 bytes} [Thu Sep 9 00:15:30 2021] GET /compute/v2.1/servers/b0c6b2cf-d8d8-4f58-ac70-63daf236d9f0 => generated 1314 bytes in 494 msecs (HTTP/1.1 200) 9 headers in 358 bytes (2 switches on core 0)
Sep 09 00:15:31.684995 dv-cinder-760038-8-smb devstack@n-api.service[114832]: DEBUG nova.virt.hardware [None req-5c75b5fc-aa25-41f1-8578-c1e8ef668898 tempest-AttachVolumeNegativeTest-1931817657 tempest-AttachVolumeNegativeTest-1931817657-project] Flavor limits 0:0:0 {{(pid=114832) get_cpu_topology_constraints /opt/stack/nova/nova/virt/hardware.py:343}}
Sep 09 00:15:31.686091 dv-cinder-760038-8-smb devstack@n-api.service[114832]: DEBUG nova.virt.hardware [None req-5c75b5fc-aa25-41f1-8578-c1e8ef668898 tempest-AttachVolumeNegativeTest-1931817657 tempest-AttachVolumeNegativeTest-1931817657-project] Image limits 0:0:0 {{(pid=114832) get_cpu_topology_constraints /opt/stack/nova/nova/virt/hardware.py:347}}
Sep 09 00:15:31.686902 dv-cinder-760038-8-smb devstack@n-api.service[114832]: DEBUG nova.virt.hardware [None req-5c75b5fc-aa25-41f1-8578-c1e8ef668898 tempest-AttachVolumeNegativeTest-1931817657 tempest-AttachVolumeNegativeTest-1931817657-project] Flavor pref 0:0:0 {{(pid=114832) get_cpu_topology_constraints /opt/stack/nova/nova/virt/hardware.py:383}}
Sep 09 00:15:31.687725 dv-cinder-760038-8-smb devstack@n-api.service[114832]: DEBUG nova.virt.hardware [None req-5c75b5fc-aa25-41f1-8578-c1e8ef668898 tempest-AttachVolumeNegativeTest-1931817657 tempest-AttachVolumeNegativeTest-1931817657-project] Image pref 0:0:0 {{(pid=114832) get_cpu_topology_constraints /opt/stack/nova/nova/virt/hardware.py:387}}
Sep 09 00:15:31.688338 dv-cinder-760038-8-smb devstack@n-api.service[114832]: DEBUG nova.virt.hardware [None req-5c75b5fc-aa25-41f1-8578-c1e8ef668898 tempest-AttachVolumeNegativeTest-1931817657 tempest-AttachVolumeNegativeTest-1931817657-project] Chose sockets=0, cores=0, threads=0; limits were sockets=65536, cores=65536, threads=65536 {{(pid=114832) get_cpu_topology_constraints /opt/stack/nova/nova/virt/hardware.py:425}}
Sep 09 00:15:31.724634 dv-cinder-760038-8-smb devstack@n-api.service[114832]: DEBUG oslo_concurrency.lockutils [None req-5c75b5fc-aa25-41f1-8578-c1e8ef668898 tempest-AttachVolumeNegativeTest-1931817657 tempest-AttachVolumeNegativeTest-1931817657-project] Lock "00000000-0000-0000-0000-000000000000" acquired by "nova.context.set_target_cell..get_or_set_cached_cell_and_set_connections" :: waited 0.000s {{(pid=114832) inner /usr/local/lib/python3.8/dist-packages/oslo_concurrency/lockutils.py:355}}
Sep 09 00:15:31.725669 dv-cinder-760038-8-smb devstack@n-api.service[114832]: DEBUG oslo_concurrency.lockutils [None req-5c75b5fc-aa25-41f1-8578-c1e8ef668898 tempest-AttachVolumeNegativeTest-1931817657 tempest-AttachVolumeNegativeTest-1931817657-project] Lock "00000000-0000-0000-0000-000000000000" released by "nova.context.set_target_cell..get_or_set_cached_cell_and_set_connections" :: held 0.001s {{(pid=114832) inner /usr/local/lib/python3.8/dist-packages/oslo_concurrency/lockutils.py:367}}
Sep 09 00:15:31.734293 dv-cinder-760038-8-smb devstack@n-api.service[114832]: DEBUG oslo_concurrency.lockutils [None req-5c75b5fc-aa25-41f1-8578-c1e8ef668898 tempest-AttachVolumeNegativeTest-1931817657 tempest-AttachVolumeNegativeTest-1931817657-project] Lock "8d370fdf-8e1b-47b3-917b-22c2320cdbd7" acquired by "nova.context.set_target_cell..get_or_set_cached_cell_and_set_connections" :: waited 0.000s {{(pid=114832) inner /usr/local/lib/python3.8/dist-packages/oslo_concurrency/lockutils.py:355}}
Sep 09 00:15:31.735196 dv-cinder-760038-8-smb devstack@n-api.service[114832]: DEBUG oslo_concurrency.lockutils [None req-5c75b5fc-aa25-41f1-8578-c1e8ef668898 tempest-AttachVolumeNegativeTest-1931817657 tempest-AttachVolumeNegativeTest-1931817657-project] Lock "8d370fdf-8e1b-47b3-917b-22c2320cdbd7" released by "nova.context.set_target_cell..get_or_set_cached_cell_and_set_connections" :: held 0.001s {{(pid=114832) inner /usr/local/lib/python3.8/dist-packages/oslo_concurrency/lockutils.py:367}}
Sep 09 00:15:31.765140 dv-cinder-760038-8-smb devstack@n-api.service[114832]: DEBUG nova.quota [None req-5c75b5fc-aa25-41f1-8578-c1e8ef668898 tempest-AttachVolumeNegativeTest-1931817657 tempest-AttachVolumeNegativeTest-1931817657-project] Getting quotas for project e250c9d580ea46b8ae61e13680984f23. Resources: {'instances', 'ram', 'cores'} {{(pid=114832) _get_quotas /opt/stack/nova/nova/quota.py:387}}
Sep 09 00:15:31.772723 dv-cinder-760038-8-smb devstack@n-api.service[114832]: DEBUG nova.quota [None req-5c75b5fc-aa25-41f1-8578-c1e8ef668898 tempest-AttachVolumeNegativeTest-1931817657 tempest-AttachVolumeNegativeTest-1931817657-project] Getting quotas for user f74822a332264a5a8e1f908d93205ae8 and project e250c9d580ea46b8ae61e13680984f23. Resources: {'instances', 'ram', 'cores'} {{(pid=114832) _get_quotas /opt/stack/nova/nova/quota.py:377}}
Sep 09 00:15:31.787673 dv-cinder-760038-8-smb devstack@n-api.service[114832]: DEBUG nova.compute.api [None req-5c75b5fc-aa25-41f1-8578-c1e8ef668898 tempest-AttachVolumeNegativeTest-1931817657 tempest-AttachVolumeNegativeTest-1931817657-project] Going to run 1 instances... {{(pid=114832) _provision_instances /opt/stack/nova/nova/compute/api.py:1350}}
Sep 09 00:15:31.791462 dv-cinder-760038-8-smb devstack@n-api.service[114832]: DEBUG nova.compute.api [None req-5c75b5fc-aa25-41f1-8578-c1e8ef668898 tempest-AttachVolumeNegativeTest-1931817657 tempest-AttachVolumeNegativeTest-1931817657-project] [instance: f195452e-508f-469e-b0e3-5e4f687fca29] block_device_mapping [BlockDeviceMapping(attachment_id=,boot_index=0,connection_info=None,created_at=,delete_on_termination=True,deleted=,deleted_at=,destination_type='local',device_name=None,device_type='disk',disk_bus=None,guest_format=None,id=,image_id='5220337a-1934-4883-9627-bc4b189c287c',instance=,instance_uuid=,no_device=False,snapshot_id=None,source_type='image',tag=None,updated_at=,uuid=,volume_id=None,volume_size=None,volume_type=None)] {{(pid=114832) _bdm_validate_set_size_and_instance /opt/stack/nova/nova/compute/api.py:1757}}
Sep 09 00:15:31.844037 dv-cinder-760038-8-smb devstack@n-api.service[114832]: INFO nova.api.openstack.requestlog [None req-5c75b5fc-aa25-41f1-8578-c1e8ef668898 tempest-AttachVolumeNegativeTest-1931817657 tempest-AttachVolumeNegativeTest-1931817657-project] 10.222.0.20 "POST /compute/v2.1/servers" status: 202 len: 380 microversion: 2.1 time: 0.813260
Sep 09 00:15:31.844876 dv-cinder-760038-8-smb devstack@n-api.service[114832]: [pid: 114832|app: 0|req: 68/148] 10.222.0.20 () {60 vars in 1147 bytes} [Thu Sep 9 00:15:31 2021] POST /compute/v2.1/servers => generated 380 bytes in 815 msecs (HTTP/1.1 202) 10 headers in 451 bytes (1 switches on core 0)
Sep 09 00:15:31.856179 dv-cinder-760038-8-smb devstack@n-api.service[114832]: DEBUG nova.api.openstack.wsgi [None req-dd9c3032-0823-4aca-a036-278b7571dd57 tempest-AttachVolumeNegativeTest-1931817657 tempest-AttachVolumeNegativeTest-1931817657-project] Calling method '>' {{(pid=114832) _process_stack /opt/stack/nova/nova/api/openstack/wsgi.py:513}}
Sep 09 00:15:31.860182 dv-cinder-760038-8-smb devstack@n-api.service[114832]: DEBUG nova.compute.api [None req-dd9c3032-0823-4aca-a036-278b7571dd57 tempest-AttachVolumeNegativeTest-1931817657 tempest-AttachVolumeNegativeTest-1931817657-project] [instance: f195452e-508f-469e-b0e3-5e4f687fca29] Fetching instance by UUID {{(pid=114832) get /opt/stack/nova/nova/compute/api.py:2863}}
Sep 09 00:15:31.976778 dv-cinder-760038-8-smb devstack@n-api.service[114831]: DEBUG nova.api.openstack.wsgi [None req-7bde15af-419c-47fa-9114-054e6fa00beb tempest-ServerRescueNegativeTestJSON-2019463763 tempest-ServerRescueNegativeTestJSON-2019463763-project] Action: 'create', calling method: >, body: {"server": {"name": "tempest-ServerRescueNegativeTestJSON-server-31579343", "imageRef": "5220337a-1934-4883-9627-bc4b189c287c", "flavorRef": "452", "adminPass": "***", "networks": [{"uuid": "3257a497-4a21-47c4-8a14-fd93dc398f4b"}]}} {{(pid=114831) _process_stack /opt/stack/nova/nova/api/openstack/wsgi.py:511}}
Sep 09 00:15:31.978895 dv-cinder-760038-8-smb devstack@n-api.service[114832]: DEBUG nova.policy [None req-dd9c3032-0823-4aca-a036-278b7571dd57 tempest-AttachVolumeNegativeTest-1931817657 tempest-AttachVolumeNegativeTest-1931817657-project] Policy check for os_compute_api:os-extended-server-attributes failed with credentials {'is_admin': False, 'user_id': 'f74822a332264a5a8e1f908d93205ae8', 'user_domain_id': 'default', 'system_scope': None, 'domain_id': None, 'project_id': 'e250c9d580ea46b8ae61e13680984f23', 'project_domain_id': 'default', 'roles': ['member', 'reader'], 'is_admin_project': True, 'service_user_id': None, 'service_user_domain_id': None, 'service_project_id': None, 'service_project_domain_id': None, 'service_roles': []} {{(pid=114832) authorize /opt/stack/nova/nova/policy.py:199}}
Sep 09 00:15:31.987234 dv-cinder-760038-8-smb devstack@n-api.service[114832]: INFO nova.api.openstack.requestlog [None req-dd9c3032-0823-4aca-a036-278b7571dd57 tempest-AttachVolumeNegativeTest-1931817657 tempest-AttachVolumeNegativeTest-1931817657-project] 10.222.0.20 "GET /compute/v2.1/servers/f195452e-508f-469e-b0e3-5e4f687fca29" status: 200 len: 1218 microversion: 2.1 time: 0.135576
Sep 09 00:15:31.989592 dv-cinder-760038-8-smb devstack@n-api.service[114832]: [pid: 114832|app: 0|req: 69/149] 10.222.0.20 () {58 vars in 1236 bytes} [Thu Sep 9 00:15:31 2021] GET /compute/v2.1/servers/f195452e-508f-469e-b0e3-5e4f687fca29 => generated 1218 bytes in 139 msecs (HTTP/1.1 200) 9 headers in 358 bytes (2 switches on core 0)
Sep 09 00:15:32.048324 dv-cinder-760038-8-smb devstack@n-api.service[114832]: DEBUG nova.api.openstack.wsgi [None req-c9ed9cd4-ee95-4402-b6ca-8dec95bab4cb tempest-AttachVolumeTestJSON-911237640 tempest-AttachVolumeTestJSON-911237640-project] Action: 'action', calling method: >, body: {"os-getConsoleOutput": {}} {{(pid=114832) _process_stack /opt/stack/nova/nova/api/openstack/wsgi.py:511}}
Sep 09 00:15:32.048324 dv-cinder-760038-8-smb devstack@n-api.service[114832]: DEBUG nova.compute.api [None req-c9ed9cd4-ee95-4402-b6ca-8dec95bab4cb tempest-AttachVolumeTestJSON-911237640 tempest-AttachVolumeTestJSON-911237640-project] [instance: 0db64a33-2a6a-4af5-b6b1-1d754b90cbde] Fetching instance by UUID {{(pid=114832) get /opt/stack/nova/nova/compute/api.py:2863}}
Sep 09 00:15:32.063704 dv-cinder-760038-8-smb devstack@n-api.service[114832]: DEBUG oslo_concurrency.lockutils [None req-c9ed9cd4-ee95-4402-b6ca-8dec95bab4cb tempest-AttachVolumeTestJSON-911237640 tempest-AttachVolumeTestJSON-911237640-project] Lock "8d370fdf-8e1b-47b3-917b-22c2320cdbd7" acquired by "nova.context.set_target_cell..get_or_set_cached_cell_and_set_connections" :: waited 0.000s {{(pid=114832) inner /usr/local/lib/python3.8/dist-packages/oslo_concurrency/lockutils.py:355}}
Sep 09 00:15:32.064113 dv-cinder-760038-8-smb devstack@n-api.service[114832]: DEBUG oslo_concurrency.lockutils [None req-c9ed9cd4-ee95-4402-b6ca-8dec95bab4cb tempest-AttachVolumeTestJSON-911237640 tempest-AttachVolumeTestJSON-911237640-project] Lock "8d370fdf-8e1b-47b3-917b-22c2320cdbd7" released by "nova.context.set_target_cell..get_or_set_cached_cell_and_set_connections" :: held 0.001s {{(pid=114832) inner /usr/local/lib/python3.8/dist-packages/oslo_concurrency/lockutils.py:367}}
Sep 09 00:15:32.064904 dv-cinder-760038-8-smb devstack@n-api.service[114832]: DEBUG oslo_concurrency.lockutils [None req-c9ed9cd4-ee95-4402-b6ca-8dec95bab4cb tempest-AttachVolumeTestJSON-911237640 tempest-AttachVolumeTestJSON-911237640-project] Lock "8d370fdf-8e1b-47b3-917b-22c2320cdbd7" acquired by "nova.context.set_target_cell..get_or_set_cached_cell_and_set_connections" :: waited 0.000s {{(pid=114832) inner /usr/local/lib/python3.8/dist-packages/oslo_concurrency/lockutils.py:355}}
Sep 09 00:15:32.065362 dv-cinder-760038-8-smb devstack@n-api.service[114832]: DEBUG oslo_concurrency.lockutils [None req-c9ed9cd4-ee95-4402-b6ca-8dec95bab4cb tempest-AttachVolumeTestJSON-911237640 tempest-AttachVolumeTestJSON-911237640-project] Lock "8d370fdf-8e1b-47b3-917b-22c2320cdbd7" released by "nova.context.set_target_cell..get_or_set_cached_cell_and_set_connections" :: held 0.000s {{(pid=114832) inner /usr/local/lib/python3.8/dist-packages/oslo_concurrency/lockutils.py:367}}
Sep 09 00:15:32.078773 dv-cinder-760038-8-smb devstack@n-api.service[114831]: DEBUG nova.network.neutron [None req-7bde15af-419c-47fa-9114-054e6fa00beb tempest-ServerRescueNegativeTestJSON-2019463763 tempest-ServerRescueNegativeTestJSON-2019463763-project] validate_networks() for [('3257a497-4a21-47c4-8a14-fd93dc398f4b', None, None, None, None, None)] {{(pid=114831) validate_networks /opt/stack/nova/nova/network/neutron.py:2475}}
Sep 09 00:15:32.183795 dv-cinder-760038-8-smb devstack@n-api.service[114832]: INFO nova.api.openstack.requestlog [None req-c9ed9cd4-ee95-4402-b6ca-8dec95bab4cb tempest-AttachVolumeTestJSON-911237640 tempest-AttachVolumeTestJSON-911237640-project] 10.222.0.20 "POST /compute/v2.1/servers/0db64a33-2a6a-4af5-b6b1-1d754b90cbde/action" status: 200 len: 21790 microversion: 2.1 time: 0.146919
Sep 09 00:15:32.184647 dv-cinder-760038-8-smb devstack@n-api.service[114832]: [pid: 114832|app: 0|req: 70/150] 10.222.0.20 () {60 vars in 1278 bytes} [Thu Sep 9 00:15:32 2021] POST /compute/v2.1/servers/0db64a33-2a6a-4af5-b6b1-1d754b90cbde/action => generated 21790 bytes in 149 msecs (HTTP/1.1 200) 9 headers in 359 bytes (2 switches on core 0)
Sep 09 00:15:32.193969 dv-cinder-760038-8-smb devstack@n-api.service[114832]: DEBUG nova.api.openstack.wsgi [None req-7a17bd14-3a1b-4067-84f8-fd043c9aa2d6 tempest-VolumesActionsTest-1842180397 tempest-VolumesActionsTest-1842180397-project] Calling method '>' {{(pid=114832) _process_stack /opt/stack/nova/nova/api/openstack/wsgi.py:513}}
Sep 09 00:15:32.194647 dv-cinder-760038-8-smb devstack@n-api.service[114832]: DEBUG nova.compute.api [None req-7a17bd14-3a1b-4067-84f8-fd043c9aa2d6 tempest-VolumesActionsTest-1842180397 tempest-VolumesActionsTest-1842180397-project] [instance: b0c6b2cf-d8d8-4f58-ac70-63daf236d9f0] Fetching instance by UUID {{(pid=114832) get /opt/stack/nova/nova/compute/api.py:2863}}
Sep 09 00:15:32.201248 dv-cinder-760038-8-smb devstack@n-api.service[114832]: DEBUG oslo_concurrency.lockutils [None req-7a17bd14-3a1b-4067-84f8-fd043c9aa2d6 tempest-VolumesActionsTest-1842180397 tempest-VolumesActionsTest-1842180397-project] Lock "8d370fdf-8e1b-47b3-917b-22c2320cdbd7" acquired by "nova.context.set_target_cell..get_or_set_cached_cell_and_set_connections" :: waited 0.000s {{(pid=114832) inner /usr/local/lib/python3.8/dist-packages/oslo_concurrency/lockutils.py:355}}
Sep 09 00:15:32.201931 dv-cinder-760038-8-smb devstack@n-api.service[114832]: DEBUG oslo_concurrency.lockutils [None req-7a17bd14-3a1b-4067-84f8-fd043c9aa2d6 tempest-VolumesActionsTest-1842180397 tempest-VolumesActionsTest-1842180397-project] Lock "8d370fdf-8e1b-47b3-917b-22c2320cdbd7" released by "nova.context.set_target_cell..get_or_set_cached_cell_and_set_connections" :: held 0.001s {{(pid=114832) inner /usr/local/lib/python3.8/dist-packages/oslo_concurrency/lockutils.py:367}}
Sep 09 00:15:32.202859 dv-cinder-760038-8-smb devstack@n-api.service[114832]: DEBUG oslo_concurrency.lockutils [None req-7a17bd14-3a1b-4067-84f8-fd043c9aa2d6 tempest-VolumesActionsTest-1842180397 tempest-VolumesActionsTest-1842180397-project] Lock "8d370fdf-8e1b-47b3-917b-22c2320cdbd7" acquired by "nova.context.set_target_cell..get_or_set_cached_cell_and_set_connections" :: waited 0.000s {{(pid=114832) inner /usr/local/lib/python3.8/dist-packages/oslo_concurrency/lockutils.py:355}}
Sep 09 00:15:32.203430 dv-cinder-760038-8-smb devstack@n-api.service[114832]: DEBUG oslo_concurrency.lockutils [None req-7a17bd14-3a1b-4067-84f8-fd043c9aa2d6 tempest-VolumesActionsTest-1842180397 tempest-VolumesActionsTest-1842180397-project] Lock "8d370fdf-8e1b-47b3-917b-22c2320cdbd7" released by "nova.context.set_target_cell..get_or_set_cached_cell_and_set_connections" :: held 0.001s {{(pid=114832) inner /usr/local/lib/python3.8/dist-packages/oslo_concurrency/lockutils.py:367}}
Sep 09 00:15:32.408269 dv-cinder-760038-8-smb devstack@n-api.service[114832]: DEBUG nova.policy [None req-7a17bd14-3a1b-4067-84f8-fd043c9aa2d6 tempest-VolumesActionsTest-1842180397 tempest-VolumesActionsTest-1842180397-project] Policy check for os_compute_api:os-extended-server-attributes failed with credentials {'is_admin': False, 'user_id': '7f39427134b242afa4f9cee67c677133', 'user_domain_id': 'default', 'system_scope': None, 'domain_id': None, 'project_id': '8ab5e9a491974539977fe7479437738a', 'project_domain_id': 'default', 'roles': ['member', 'reader'], 'is_admin_project': True, 'service_user_id': None, 'service_user_domain_id': None, 'service_project_id': None, 'service_project_domain_id': None, 'service_roles': []} {{(pid=114832) authorize /opt/stack/nova/nova/policy.py:199}}
Sep 09 00:15:32.415528 dv-cinder-760038-8-smb devstack@n-api.service[114832]: INFO nova.api.openstack.requestlog [None req-7a17bd14-3a1b-4067-84f8-fd043c9aa2d6 tempest-VolumesActionsTest-1842180397 tempest-VolumesActionsTest-1842180397-project] 10.222.0.20 "GET /compute/v2.1/servers/b0c6b2cf-d8d8-4f58-ac70-63daf236d9f0" status: 200 len: 1314 microversion: 2.1 time: 0.229572
Sep 09 00:15:32.423466 dv-cinder-760038-8-smb devstack@n-api.service[114832]: [pid: 114832|app: 0|req: 71/151] 10.222.0.20 () {58 vars in 1236 bytes} [Thu Sep 9 00:15:32 2021] GET /compute/v2.1/servers/b0c6b2cf-d8d8-4f58-ac70-63daf236d9f0 => generated 1314 bytes in 238 msecs (HTTP/1.1 200) 9 headers in 358 bytes (1 switches on core 0)
Sep 09 00:15:32.428126 dv-cinder-760038-8-smb devstack@n-api.service[114832]: DEBUG nova.api.openstack.wsgi [req-81456a3c-8341-49ce-8c65-346c51e2c7c1 req-eb901e04-12e5-4a37-aa50-caa84976bdfe service nova] Action: 'create', calling method: >, body: {"events": [{"server_uuid": "b0c6b2cf-d8d8-4f58-ac70-63daf236d9f0", "name": "network-vif-plugged", "status": "completed", "tag": "b39fce26-5e26-4159-896f-96279ba7a9b6"}]} {{(pid=114832) _process_stack /opt/stack/nova/nova/api/openstack/wsgi.py:511}}
