Sep 09 00:14:03.930300 dv-cinder-760038-8-smb devstack@n-api.service[114831]: DEBUG nova.api.openstack.wsgi_app [-] workarounds.handle_virt_lifecycle_events = True {{(pid=114831) log_opt_values /usr/local/lib/python3.8/dist-packages/oslo_config/cfg.py:2609}}
Sep 09 00:14:03.930612 dv-cinder-760038-8-smb devstack@n-api.service[114831]: DEBUG nova.api.openstack.wsgi_app [-] workarounds.libvirt_disable_apic = False {{(pid=114831) log_opt_values /usr/local/lib/python3.8/dist-packages/oslo_config/cfg.py:2609}}
Sep 09 00:14:03.930922 dv-cinder-760038-8-smb devstack@n-api.service[114831]: DEBUG nova.api.openstack.wsgi_app [-] workarounds.never_download_image_if_on_rbd = False {{(pid=114831) log_opt_values /usr/local/lib/python3.8/dist-packages/oslo_config/cfg.py:2609}}
Sep 09 00:14:03.931231 dv-cinder-760038-8-smb devstack@n-api.service[114831]: DEBUG nova.api.openstack.wsgi_app [-] workarounds.reserve_disk_resource_for_image_cache = False {{(pid=114831) log_opt_values /usr/local/lib/python3.8/dist-packages/oslo_config/cfg.py:2609}}
Sep 09 00:14:03.931577 dv-cinder-760038-8-smb devstack@n-api.service[114831]: DEBUG nova.api.openstack.wsgi_app [-] wsgi.api_paste_config = /etc/nova/api-paste.ini {{(pid=114831) log_opt_values /usr/local/lib/python3.8/dist-packages/oslo_config/cfg.py:2609}}
Sep 09 00:14:03.931725 dv-cinder-760038-8-smb devstack@n-api.service[114832]: DEBUG oslo_concurrency.lockutils [None req-2815022b-5789-4acc-a96a-3f3050a9c2e4 None None] Lock "00000000-0000-0000-0000-000000000000" acquired by "nova.context.set_target_cell..get_or_set_cached_cell_and_set_connections" :: waited 0.000s {{(pid=114832) inner /usr/local/lib/python3.8/dist-packages/oslo_concurrency/lockutils.py:355}}
Sep 09 00:14:03.931901 dv-cinder-760038-8-smb devstack@n-api.service[114831]: DEBUG nova.api.openstack.wsgi_app [-] wsgi.client_socket_timeout = 900 {{(pid=114831) log_opt_values /usr/local/lib/python3.8/dist-packages/oslo_config/cfg.py:2609}}
Sep 09 00:14:03.932219 dv-cinder-760038-8-smb devstack@n-api.service[114831]: DEBUG nova.api.openstack.wsgi_app [-] wsgi.default_pool_size = 1000 {{(pid=114831) log_opt_values /usr/local/lib/python3.8/dist-packages/oslo_config/cfg.py:2609}}
Sep 09 00:14:03.932537 dv-cinder-760038-8-smb devstack@n-api.service[114831]: DEBUG nova.api.openstack.wsgi_app [-] wsgi.keep_alive = True {{(pid=114831) log_opt_values /usr/local/lib/python3.8/dist-packages/oslo_config/cfg.py:2609}}
Sep 09 00:14:03.932958 dv-cinder-760038-8-smb devstack@n-api.service[114831]: DEBUG nova.api.openstack.wsgi_app [-] wsgi.max_header_line = 16384 {{(pid=114831) log_opt_values /usr/local/lib/python3.8/dist-packages/oslo_config/cfg.py:2609}}
Sep 09 00:14:03.933197 dv-cinder-760038-8-smb devstack@n-api.service[114831]: DEBUG nova.api.openstack.wsgi_app [-] wsgi.secure_proxy_ssl_header = None {{(pid=114831) log_opt_values /usr/local/lib/python3.8/dist-packages/oslo_config/cfg.py:2609}}
Sep 09 00:14:03.933347 dv-cinder-760038-8-smb devstack@n-api.service[114832]: DEBUG oslo_concurrency.lockutils [None req-2815022b-5789-4acc-a96a-3f3050a9c2e4 None None] Lock "00000000-0000-0000-0000-000000000000" released by "nova.context.set_target_cell..get_or_set_cached_cell_and_set_connections" :: held 0.002s {{(pid=114832) inner /usr/local/lib/python3.8/dist-packages/oslo_concurrency/lockutils.py:367}}
Sep 09 00:14:03.933560 dv-cinder-760038-8-smb devstack@n-api.service[114831]: DEBUG nova.api.openstack.wsgi_app [-] wsgi.ssl_ca_file = None {{(pid=114831) log_opt_values /usr/local/lib/python3.8/dist-packages/oslo_config/cfg.py:2609}}
Sep 09 00:14:03.933877 dv-cinder-760038-8-smb devstack@n-api.service[114831]: DEBUG nova.api.openstack.wsgi_app [-] wsgi.ssl_cert_file = None {{(pid=114831) log_opt_values /usr/local/lib/python3.8/dist-packages/oslo_config/cfg.py:2609}}
Sep 09 00:14:03.934195 dv-cinder-760038-8-smb devstack@n-api.service[114832]: DEBUG oslo_concurrency.lockutils [None req-2815022b-5789-4acc-a96a-3f3050a9c2e4 None None] Lock "8d370fdf-8e1b-47b3-917b-22c2320cdbd7" acquired by "nova.context.set_target_cell..get_or_set_cached_cell_and_set_connections" :: waited 0.000s {{(pid=114832) inner /usr/local/lib/python3.8/dist-packages/oslo_concurrency/lockutils.py:355}}
Sep 09 00:14:03.934281 dv-cinder-760038-8-smb devstack@n-api.service[114831]: DEBUG nova.api.openstack.wsgi_app [-] wsgi.ssl_key_file = None {{(pid=114831) log_opt_values /usr/local/lib/python3.8/dist-packages/oslo_config/cfg.py:2609}}
Sep 09 00:14:03.935069 dv-cinder-760038-8-smb devstack@n-api.service[114831]: DEBUG nova.api.openstack.wsgi_app [-] wsgi.tcp_keepidle = 600 {{(pid=114831) log_opt_values /usr/local/lib/python3.8/dist-packages/oslo_config/cfg.py:2609}}
Sep 09 00:14:03.935590 dv-cinder-760038-8-smb devstack@n-api.service[114831]: DEBUG nova.api.openstack.wsgi_app [-] wsgi.wsgi_log_format = %(client_ip)s "%(request_line)s" status: %(status_code)s len: %(body_length)s time: %(wall_seconds).7f {{(pid=114831) log_opt_values /usr/local/lib/python3.8/dist-packages/oslo_config/cfg.py:2609}}
Sep 09 00:14:03.935913 dv-cinder-760038-8-smb devstack@n-api.service[114831]: DEBUG nova.api.openstack.wsgi_app [-] zvm.ca_file = None {{(pid=114831) log_opt_values /usr/local/lib/python3.8/dist-packages/oslo_config/cfg.py:2609}}
Sep 09 00:14:03.936225 dv-cinder-760038-8-smb devstack@n-api.service[114831]: DEBUG nova.api.openstack.wsgi_app [-] zvm.cloud_connector_url = None {{(pid=114831) log_opt_values /usr/local/lib/python3.8/dist-packages/oslo_config/cfg.py:2609}}
Sep 09 00:14:03.936744 dv-cinder-760038-8-smb devstack@n-api.service[114831]: DEBUG nova.api.openstack.wsgi_app [-] zvm.image_tmp_path = /opt/stack/data/nova/images {{(pid=114831) log_opt_values /usr/local/lib/python3.8/dist-packages/oslo_config/cfg.py:2609}}
Sep 09 00:14:03.937322 dv-cinder-760038-8-smb devstack@n-api.service[114831]: DEBUG nova.api.openstack.wsgi_app [-] zvm.reachable_timeout = 300 {{(pid=114831) log_opt_values /usr/local/lib/python3.8/dist-packages/oslo_config/cfg.py:2609}}
Sep 09 00:14:03.937429 dv-cinder-760038-8-smb devstack@n-api.service[114831]: DEBUG nova.api.openstack.wsgi_app [-] oslo_versionedobjects.fatal_exception_format_errors = False {{(pid=114831) log_opt_values /usr/local/lib/python3.8/dist-packages/oslo_config/cfg.py:2609}}
Sep 09 00:14:03.937723 dv-cinder-760038-8-smb devstack@n-api.service[114831]: DEBUG nova.api.openstack.wsgi_app [-] oslo_messaging_metrics.metrics_buffer_size = 1000 {{(pid=114831) log_opt_values /usr/local/lib/python3.8/dist-packages/oslo_config/cfg.py:2609}}
Sep 09 00:14:03.938037 dv-cinder-760038-8-smb devstack@n-api.service[114831]: DEBUG nova.api.openstack.wsgi_app [-] oslo_messaging_metrics.metrics_enabled = False {{(pid=114831) log_opt_values /usr/local/lib/python3.8/dist-packages/oslo_config/cfg.py:2609}}
Sep 09 00:14:03.944990 dv-cinder-760038-8-smb devstack@n-api.service[114832]: DEBUG oslo_concurrency.lockutils [None req-2815022b-5789-4acc-a96a-3f3050a9c2e4 None None] Lock "8d370fdf-8e1b-47b3-917b-22c2320cdbd7" released by "nova.context.set_target_cell..get_or_set_cached_cell_and_set_connections" :: held 0.004s {{(pid=114832) inner /usr/local/lib/python3.8/dist-packages/oslo_concurrency/lockutils.py:367}}
Sep 09 00:14:03.945147 dv-cinder-760038-8-smb devstack@n-api.service[114831]: DEBUG nova.api.openstack.wsgi_app [-] oslo_messaging_metrics.metrics_process_name = {{(pid=114831) log_opt_values /usr/local/lib/python3.8/dist-packages/oslo_config/cfg.py:2609}}
Sep 09 00:14:03.945147 dv-cinder-760038-8-smb devstack@n-api.service[114831]: DEBUG nova.api.openstack.wsgi_app [-] oslo_messaging_metrics.metrics_socket_file = /var/tmp/metrics_collector.sock {{(pid=114831) log_opt_values /usr/local/lib/python3.8/dist-packages/oslo_config/cfg.py:2609}}
Sep 09 00:14:03.945147 dv-cinder-760038-8-smb devstack@n-api.service[114831]: DEBUG nova.api.openstack.wsgi_app [-] oslo_messaging_metrics.metrics_thread_stop_timeout = 10 {{(pid=114831) log_opt_values /usr/local/lib/python3.8/dist-packages/oslo_config/cfg.py:2609}}
Sep 09 00:14:03.945147 dv-cinder-760038-8-smb devstack@n-api.service[114831]: DEBUG nova.api.openstack.wsgi_app [-] oslo_policy.enforce_new_defaults = False {{(pid=114831) log_opt_values /usr/local/lib/python3.8/dist-packages/oslo_config/cfg.py:2609}}
Sep 09 00:14:03.945147 dv-cinder-760038-8-smb devstack@n-api.service[114831]: DEBUG nova.api.openstack.wsgi_app [-] oslo_policy.enforce_scope = False {{(pid=114831) log_opt_values /usr/local/lib/python3.8/dist-packages/oslo_config/cfg.py:2609}}
Sep 09 00:14:03.945147 dv-cinder-760038-8-smb devstack@n-api.service[114831]: DEBUG nova.api.openstack.wsgi_app [-] oslo_policy.policy_default_rule = default {{(pid=114831) log_opt_values /usr/local/lib/python3.8/dist-packages/oslo_config/cfg.py:2609}}
Sep 09 00:14:03.945147 dv-cinder-760038-8-smb devstack@n-api.service[114831]: DEBUG nova.api.openstack.wsgi_app [-] oslo_policy.policy_dirs = ['policy.d'] {{(pid=114831) log_opt_values /usr/local/lib/python3.8/dist-packages/oslo_config/cfg.py:2609}}
Sep 09 00:14:03.945147 dv-cinder-760038-8-smb devstack@n-api.service[114831]: DEBUG nova.api.openstack.wsgi_app [-] oslo_policy.policy_file = policy.yaml {{(pid=114831) log_opt_values /usr/local/lib/python3.8/dist-packages/oslo_config/cfg.py:2609}}
Sep 09 00:14:03.945688 dv-cinder-760038-8-smb devstack@n-api.service[114831]: DEBUG nova.api.openstack.wsgi_app [-] oslo_policy.remote_content_type = application/x-www-form-urlencoded {{(pid=114831) log_opt_values /usr/local/lib/python3.8/dist-packages/oslo_config/cfg.py:2609}}
Sep 09 00:14:03.945688 dv-cinder-760038-8-smb devstack@n-api.service[114831]: DEBUG nova.api.openstack.wsgi_app [-] oslo_policy.remote_ssl_ca_crt_file = None {{(pid=114831) log_opt_values /usr/local/lib/python3.8/dist-packages/oslo_config/cfg.py:2609}}
Sep 09 00:14:03.945688 dv-cinder-760038-8-smb devstack@n-api.service[114831]: DEBUG nova.api.openstack.wsgi_app [-] oslo_policy.remote_ssl_client_crt_file = None {{(pid=114831) log_opt_values /usr/local/lib/python3.8/dist-packages/oslo_config/cfg.py:2609}}
Sep 09 00:14:03.945688 dv-cinder-760038-8-smb devstack@n-api.service[114831]: DEBUG nova.api.openstack.wsgi_app [-] oslo_policy.remote_ssl_client_key_file = None {{(pid=114831) log_opt_values /usr/local/lib/python3.8/dist-packages/oslo_config/cfg.py:2609}}
Sep 09 00:14:03.945688 dv-cinder-760038-8-smb devstack@n-api.service[114831]: DEBUG nova.api.openstack.wsgi_app [-] oslo_policy.remote_ssl_verify_server_crt = False {{(pid=114831) log_opt_values /usr/local/lib/python3.8/dist-packages/oslo_config/cfg.py:2609}}
Sep 09 00:14:03.945688 dv-cinder-760038-8-smb devstack@n-api.service[114831]: DEBUG nova.api.openstack.wsgi_app [-] profiler.connection_string = messaging:// {{(pid=114831) log_opt_values /usr/local/lib/python3.8/dist-packages/oslo_config/cfg.py:2609}}
Sep 09 00:14:03.945688 dv-cinder-760038-8-smb devstack@n-api.service[114831]: DEBUG nova.api.openstack.wsgi_app [-] profiler.enabled = False {{(pid=114831) log_opt_values /usr/local/lib/python3.8/dist-packages/oslo_config/cfg.py:2609}}
Sep 09 00:14:03.945688 dv-cinder-760038-8-smb devstack@n-api.service[114831]: DEBUG nova.api.openstack.wsgi_app [-] profiler.es_doc_type = notification {{(pid=114831) log_opt_values /usr/local/lib/python3.8/dist-packages/oslo_config/cfg.py:2609}}
Sep 09 00:14:03.946225 dv-cinder-760038-8-smb devstack@n-api.service[114831]: DEBUG nova.api.openstack.wsgi_app [-] profiler.es_scroll_size = 10000 {{(pid=114831) log_opt_values /usr/local/lib/python3.8/dist-packages/oslo_config/cfg.py:2609}}
Sep 09 00:14:03.946225 dv-cinder-760038-8-smb devstack@n-api.service[114831]: DEBUG nova.api.openstack.wsgi_app [-] profiler.es_scroll_time = 2m {{(pid=114831) log_opt_values /usr/local/lib/python3.8/dist-packages/oslo_config/cfg.py:2609}}
Sep 09 00:14:03.946225 dv-cinder-760038-8-smb devstack@n-api.service[114831]: DEBUG nova.api.openstack.wsgi_app [-] profiler.filter_error_trace = False {{(pid=114831) log_opt_values /usr/local/lib/python3.8/dist-packages/oslo_config/cfg.py:2609}}
Sep 09 00:14:03.946225 dv-cinder-760038-8-smb devstack@n-api.service[114831]: DEBUG nova.api.openstack.wsgi_app [-] profiler.hmac_keys = SECRET_KEY {{(pid=114831) log_opt_values /usr/local/lib/python3.8/dist-packages/oslo_config/cfg.py:2609}}
Sep 09 00:14:03.946225 dv-cinder-760038-8-smb devstack@n-api.service[114831]: DEBUG nova.api.openstack.wsgi_app [-] profiler.sentinel_service_name = mymaster {{(pid=114831) log_opt_values /usr/local/lib/python3.8/dist-packages/oslo_config/cfg.py:2609}}
Sep 09 00:14:03.946225 dv-cinder-760038-8-smb devstack@n-api.service[114831]: DEBUG nova.api.openstack.wsgi_app [-] profiler.socket_timeout = 0.1 {{(pid=114831) log_opt_values /usr/local/lib/python3.8/dist-packages/oslo_config/cfg.py:2609}}
Sep 09 00:14:03.946225 dv-cinder-760038-8-smb devstack@n-api.service[114831]: DEBUG nova.api.openstack.wsgi_app [-] profiler.trace_sqlalchemy = False {{(pid=114831) log_opt_values /usr/local/lib/python3.8/dist-packages/oslo_config/cfg.py:2609}}
Sep 09 00:14:03.946225 dv-cinder-760038-8-smb devstack@n-api.service[114831]: DEBUG nova.api.openstack.wsgi_app [-] oslo_messaging_rabbit.amqp_auto_delete = False {{(pid=114831) log_opt_values /usr/local/lib/python3.8/dist-packages/oslo_config/cfg.py:2609}}
Sep 09 00:14:03.946708 dv-cinder-760038-8-smb devstack@n-api.service[114831]: DEBUG nova.api.openstack.wsgi_app [-] oslo_messaging_rabbit.amqp_durable_queues = False {{(pid=114831) log_opt_values /usr/local/lib/python3.8/dist-packages/oslo_config/cfg.py:2609}}
Sep 09 00:14:03.946708 dv-cinder-760038-8-smb devstack@n-api.service[114831]: DEBUG nova.api.openstack.wsgi_app [-] oslo_messaging_rabbit.conn_pool_min_size = 2 {{(pid=114831) log_opt_values /usr/local/lib/python3.8/dist-packages/oslo_config/cfg.py:2609}}
Sep 09 00:14:03.946708 dv-cinder-760038-8-smb devstack@n-api.service[114831]: DEBUG nova.api.openstack.wsgi_app [-] oslo_messaging_rabbit.conn_pool_ttl = 1200 {{(pid=114831) log_opt_values /usr/local/lib/python3.8/dist-packages/oslo_config/cfg.py:2609}}
Sep 09 00:14:03.946907 dv-cinder-760038-8-smb devstack@n-api.service[114831]: DEBUG nova.api.openstack.wsgi_app [-] oslo_messaging_rabbit.direct_mandatory_flag = True {{(pid=114831) log_opt_values /usr/local/lib/python3.8/dist-packages/oslo_config/cfg.py:2609}}
Sep 09 00:14:03.947046 dv-cinder-760038-8-smb devstack@n-api.service[114831]: DEBUG nova.api.openstack.wsgi_app [-] oslo_messaging_rabbit.enable_cancel_on_failover = False {{(pid=114831) log_opt_values /usr/local/lib/python3.8/dist-packages/oslo_config/cfg.py:2609}}
Sep 09 00:14:03.947358 dv-cinder-760038-8-smb devstack@n-api.service[114831]: DEBUG nova.api.openstack.wsgi_app [-] oslo_messaging_rabbit.heartbeat_in_pthread = True {{(pid=114831) log_opt_values /usr/local/lib/python3.8/dist-packages/oslo_config/cfg.py:2609}}
Sep 09 00:14:03.947688 dv-cinder-760038-8-smb devstack@n-api.service[114831]: DEBUG nova.api.openstack.wsgi_app [-] oslo_messaging_rabbit.heartbeat_rate = 3 {{(pid=114831) log_opt_values /usr/local/lib/python3.8/dist-packages/oslo_config/cfg.py:2609}}
Sep 09 00:14:03.948015 dv-cinder-760038-8-smb devstack@n-api.service[114831]: DEBUG nova.api.openstack.wsgi_app [-] oslo_messaging_rabbit.heartbeat_timeout_threshold = 600 {{(pid=114831) log_opt_values /usr/local/lib/python3.8/dist-packages/oslo_config/cfg.py:2609}}
Sep 09 00:14:03.948322 dv-cinder-760038-8-smb devstack@n-api.service[114831]: DEBUG nova.api.openstack.wsgi_app [-] oslo_messaging_rabbit.kombu_compression = None {{(pid=114831) log_opt_values /usr/local/lib/python3.8/dist-packages/oslo_config/cfg.py:2609}}
Sep 09 00:14:03.948648 dv-cinder-760038-8-smb devstack@n-api.service[114831]: DEBUG nova.api.openstack.wsgi_app [-] oslo_messaging_rabbit.kombu_failover_strategy = round-robin {{(pid=114831) log_opt_values /usr/local/lib/python3.8/dist-packages/oslo_config/cfg.py:2609}}
Sep 09 00:14:03.949209 dv-cinder-760038-8-smb devstack@n-api.service[114831]: DEBUG nova.api.openstack.wsgi_app [-] oslo_messaging_rabbit.kombu_missing_consumer_retry_timeout = 60 {{(pid=114831) log_opt_values /usr/local/lib/python3.8/dist-packages/oslo_config/cfg.py:2609}}
Sep 09 00:14:03.949341 dv-cinder-760038-8-smb devstack@n-api.service[114832]: DEBUG oslo_db.sqlalchemy.engines [None req-2815022b-5789-4acc-a96a-3f3050a9c2e4 None None] MySQL server mode set to STRICT_TRANS_TABLES,STRICT_ALL_TABLES,NO_ZERO_IN_DATE,NO_ZERO_DATE,ERROR_FOR_DIVISION_BY_ZERO,TRADITIONAL,NO_ENGINE_SUBSTITUTION {{(pid=114832) _check_effective_sql_mode /usr/local/lib/python3.8/dist-packages/oslo_db/sqlalchemy/engines.py:314}}
Sep 09 00:14:03.949461 dv-cinder-760038-8-smb devstack@n-api.service[114831]: DEBUG nova.api.openstack.wsgi_app [-] oslo_messaging_rabbit.kombu_reconnect_delay = 1.0 {{(pid=114831) log_opt_values /usr/local/lib/python3.8/dist-packages/oslo_config/cfg.py:2609}}
Sep 09 00:14:03.950156 dv-cinder-760038-8-smb devstack@n-api.service[114831]: DEBUG nova.api.openstack.wsgi_app [-] oslo_messaging_rabbit.rabbit_ha_queues = False {{(pid=114831) log_opt_values /usr/local/lib/python3.8/dist-packages/oslo_config/cfg.py:2609}}
Sep 09 00:14:03.950156 dv-cinder-760038-8-smb devstack@n-api.service[114831]: DEBUG nova.api.openstack.wsgi_app [-] oslo_messaging_rabbit.rabbit_interval_max = 30 {{(pid=114831) log_opt_values /usr/local/lib/python3.8/dist-packages/oslo_config/cfg.py:2609}}
Sep 09 00:14:03.950873 dv-cinder-760038-8-smb devstack@n-api.service[114831]: DEBUG nova.api.openstack.wsgi_app [-] oslo_messaging_rabbit.rabbit_login_method = AMQPLAIN {{(pid=114831) log_opt_values /usr/local/lib/python3.8/dist-packages/oslo_config/cfg.py:2609}}
Sep 09 00:14:03.951095 dv-cinder-760038-8-smb devstack@n-api.service[114831]: DEBUG nova.api.openstack.wsgi_app [-] oslo_messaging_rabbit.rabbit_qos_prefetch_count = 0 {{(pid=114831) log_opt_values /usr/local/lib/python3.8/dist-packages/oslo_config/cfg.py:2609}}
Sep 09 00:14:03.951415 dv-cinder-760038-8-smb devstack@n-api.service[114831]: DEBUG nova.api.openstack.wsgi_app [-] oslo_messaging_rabbit.rabbit_retry_backoff = 2 {{(pid=114831) log_opt_values /usr/local/lib/python3.8/dist-packages/oslo_config/cfg.py:2609}}
Sep 09 00:14:03.951726 dv-cinder-760038-8-smb devstack@n-api.service[114831]: DEBUG nova.api.openstack.wsgi_app [-] oslo_messaging_rabbit.rabbit_retry_interval = 1 {{(pid=114831) log_opt_values /usr/local/lib/python3.8/dist-packages/oslo_config/cfg.py:2609}}
Sep 09 00:14:03.951895 dv-cinder-760038-8-smb devstack@n-api.service[114832]: DEBUG oslo_db.sqlalchemy.engines [None req-2815022b-5789-4acc-a96a-3f3050a9c2e4 None None] MySQL server mode set to STRICT_TRANS_TABLES,STRICT_ALL_TABLES,NO_ZERO_IN_DATE,NO_ZERO_DATE,ERROR_FOR_DIVISION_BY_ZERO,TRADITIONAL,NO_ENGINE_SUBSTITUTION {{(pid=114832) _check_effective_sql_mode /usr/local/lib/python3.8/dist-packages/oslo_db/sqlalchemy/engines.py:314}}
Sep 09 00:14:03.952044 dv-cinder-760038-8-smb devstack@n-api.service[114831]: DEBUG nova.api.openstack.wsgi_app [-] oslo_messaging_rabbit.rabbit_transient_queues_ttl = 1800 {{(pid=114831) log_opt_values /usr/local/lib/python3.8/dist-packages/oslo_config/cfg.py:2609}}
Sep 09 00:14:03.952343 dv-cinder-760038-8-smb devstack@n-api.service[114831]: DEBUG nova.api.openstack.wsgi_app [-] oslo_messaging_rabbit.rpc_conn_pool_size = 30 {{(pid=114831) log_opt_values /usr/local/lib/python3.8/dist-packages/oslo_config/cfg.py:2609}}
Sep 09 00:14:03.952662 dv-cinder-760038-8-smb devstack@n-api.service[114831]: DEBUG nova.api.openstack.wsgi_app [-] oslo_messaging_rabbit.ssl = False {{(pid=114831) log_opt_values /usr/local/lib/python3.8/dist-packages/oslo_config/cfg.py:2609}}
Sep 09 00:14:03.953019 dv-cinder-760038-8-smb devstack@n-api.service[114831]: DEBUG nova.api.openstack.wsgi_app [-] oslo_messaging_rabbit.ssl_ca_file = {{(pid=114831) log_opt_values /usr/local/lib/python3.8/dist-packages/oslo_config/cfg.py:2609}}
Sep 09 00:14:03.953392 dv-cinder-760038-8-smb devstack@n-api.service[114831]: DEBUG nova.api.openstack.wsgi_app [-] oslo_messaging_rabbit.ssl_cert_file = {{(pid=114831) log_opt_values /usr/local/lib/python3.8/dist-packages/oslo_config/cfg.py:2609}}
Sep 09 00:14:03.953677 dv-cinder-760038-8-smb devstack@n-api.service[114831]: DEBUG nova.api.openstack.wsgi_app [-] oslo_messaging_rabbit.ssl_key_file = {{(pid=114831) log_opt_values /usr/local/lib/python3.8/dist-packages/oslo_config/cfg.py:2609}}
Sep 09 00:14:03.954012 dv-cinder-760038-8-smb devstack@n-api.service[114831]: DEBUG nova.api.openstack.wsgi_app [-] oslo_messaging_rabbit.ssl_version = {{(pid=114831) log_opt_values /usr/local/lib/python3.8/dist-packages/oslo_config/cfg.py:2609}}
Sep 09 00:14:03.954365 dv-cinder-760038-8-smb devstack@n-api.service[114831]: DEBUG nova.api.openstack.wsgi_app [-] oslo_messaging_notifications.driver = ['messagingv2'] {{(pid=114831) log_opt_values /usr/local/lib/python3.8/dist-packages/oslo_config/cfg.py:2609}}
Sep 09 00:14:03.954684 dv-cinder-760038-8-smb devstack@n-api.service[114831]: DEBUG nova.api.openstack.wsgi_app [-] oslo_messaging_notifications.retry = -1 {{(pid=114831) log_opt_values /usr/local/lib/python3.8/dist-packages/oslo_config/cfg.py:2609}}
Sep 09 00:14:03.955034 dv-cinder-760038-8-smb devstack@n-api.service[114831]: DEBUG nova.api.openstack.wsgi_app [-] oslo_messaging_notifications.topics = ['notifications'] {{(pid=114831) log_opt_values /usr/local/lib/python3.8/dist-packages/oslo_config/cfg.py:2609}}
Sep 09 00:14:03.955364 dv-cinder-760038-8-smb devstack@n-api.service[114831]: DEBUG nova.api.openstack.wsgi_app [-] oslo_messaging_notifications.transport_url = **** {{(pid=114831) log_opt_values /usr/local/lib/python3.8/dist-packages/oslo_config/cfg.py:2609}}
Sep 09 00:14:03.955616 dv-cinder-760038-8-smb devstack@n-api.service[114831]: DEBUG nova.api.openstack.wsgi_app [-] ******************************************************************************** {{(pid=114831) log_opt_values /usr/local/lib/python3.8/dist-packages/oslo_config/cfg.py:2613}}
Sep 09 00:14:03.978644 dv-cinder-760038-8-smb devstack@n-api.service[114831]: DEBUG oslo_db.sqlalchemy.engines [None req-24e51f30-90a6-4ee1-a753-1047a60e1f15 None None] MySQL server mode set to STRICT_TRANS_TABLES,STRICT_ALL_TABLES,NO_ZERO_IN_DATE,NO_ZERO_DATE,ERROR_FOR_DIVISION_BY_ZERO,TRADITIONAL,NO_ENGINE_SUBSTITUTION {{(pid=114831) _check_effective_sql_mode /usr/local/lib/python3.8/dist-packages/oslo_db/sqlalchemy/engines.py:314}}
Sep 09 00:14:04.058516 dv-cinder-760038-8-smb devstack@n-api.service[114831]: DEBUG nova.context [None req-24e51f30-90a6-4ee1-a753-1047a60e1f15 None None] Found 2 cells: 00000000-0000-0000-0000-000000000000(cell0),8d370fdf-8e1b-47b3-917b-22c2320cdbd7(cell1) {{(pid=114831) load_cells /opt/stack/nova/nova/context.py:464}}
Sep 09 00:14:04.063530 dv-cinder-760038-8-smb devstack@n-api.service[114831]: DEBUG oslo_concurrency.lockutils [None req-24e51f30-90a6-4ee1-a753-1047a60e1f15 None None] Lock "00000000-0000-0000-0000-000000000000" acquired by "nova.context.set_target_cell..get_or_set_cached_cell_and_set_connections" :: waited 0.000s {{(pid=114831) inner /usr/local/lib/python3.8/dist-packages/oslo_concurrency/lockutils.py:355}}
Sep 09 00:14:04.065161 dv-cinder-760038-8-smb devstack@n-api.service[114831]: DEBUG oslo_concurrency.lockutils [None req-24e51f30-90a6-4ee1-a753-1047a60e1f15 None None] Lock "00000000-0000-0000-0000-000000000000" released by "nova.context.set_target_cell..get_or_set_cached_cell_and_set_connections" :: held 0.002s {{(pid=114831) inner /usr/local/lib/python3.8/dist-packages/oslo_concurrency/lockutils.py:367}}
Sep 09 00:14:04.065989 dv-cinder-760038-8-smb devstack@n-api.service[114831]: DEBUG oslo_concurrency.lockutils [None req-24e51f30-90a6-4ee1-a753-1047a60e1f15 None None] Lock "8d370fdf-8e1b-47b3-917b-22c2320cdbd7" acquired by "nova.context.set_target_cell..get_or_set_cached_cell_and_set_connections" :: waited 0.000s {{(pid=114831) inner /usr/local/lib/python3.8/dist-packages/oslo_concurrency/lockutils.py:355}}
Sep 09 00:14:04.067945 dv-cinder-760038-8-smb devstack@n-api.service[114831]: DEBUG oslo_concurrency.lockutils [None req-24e51f30-90a6-4ee1-a753-1047a60e1f15 None None] Lock "8d370fdf-8e1b-47b3-917b-22c2320cdbd7" released by "nova.context.set_target_cell..get_or_set_cached_cell_and_set_connections" :: held 0.002s {{(pid=114831) inner /usr/local/lib/python3.8/dist-packages/oslo_concurrency/lockutils.py:367}}
Sep 09 00:14:04.080522 dv-cinder-760038-8-smb devstack@n-api.service[114831]: DEBUG oslo_db.sqlalchemy.engines [None req-24e51f30-90a6-4ee1-a753-1047a60e1f15 None None] MySQL server mode set to STRICT_TRANS_TABLES,STRICT_ALL_TABLES,NO_ZERO_IN_DATE,NO_ZERO_DATE,ERROR_FOR_DIVISION_BY_ZERO,TRADITIONAL,NO_ENGINE_SUBSTITUTION {{(pid=114831) _check_effective_sql_mode /usr/local/lib/python3.8/dist-packages/oslo_db/sqlalchemy/engines.py:314}}
Sep 09 00:14:04.081436 dv-cinder-760038-8-smb devstack@n-api.service[114831]: DEBUG oslo_db.sqlalchemy.engines [None req-24e51f30-90a6-4ee1-a753-1047a60e1f15 None None] MySQL server mode set to STRICT_TRANS_TABLES,STRICT_ALL_TABLES,NO_ZERO_IN_DATE,NO_ZERO_DATE,ERROR_FOR_DIVISION_BY_ZERO,TRADITIONAL,NO_ENGINE_SUBSTITUTION {{(pid=114831) _check_effective_sql_mode /usr/local/lib/python3.8/dist-packages/oslo_db/sqlalchemy/engines.py:314}}
Sep 09 00:14:04.216459 dv-cinder-760038-8-smb devstack@n-api.service[114832]: DEBUG oslo_db.sqlalchemy.engines [None req-2815022b-5789-4acc-a96a-3f3050a9c2e4 None None] MySQL server mode set to STRICT_TRANS_TABLES,STRICT_ALL_TABLES,NO_ZERO_IN_DATE,NO_ZERO_DATE,ERROR_FOR_DIVISION_BY_ZERO,TRADITIONAL,NO_ENGINE_SUBSTITUTION {{(pid=114832) _check_effective_sql_mode /usr/local/lib/python3.8/dist-packages/oslo_db/sqlalchemy/engines.py:314}}
Sep 09 00:14:04.349440 dv-cinder-760038-8-smb devstack@n-api.service[114831]: DEBUG oslo_db.sqlalchemy.engines [None req-24e51f30-90a6-4ee1-a753-1047a60e1f15 None None] MySQL server mode set to STRICT_TRANS_TABLES,STRICT_ALL_TABLES,NO_ZERO_IN_DATE,NO_ZERO_DATE,ERROR_FOR_DIVISION_BY_ZERO,TRADITIONAL,NO_ENGINE_SUBSTITUTION {{(pid=114831) _check_effective_sql_mode /usr/local/lib/python3.8/dist-packages/oslo_db/sqlalchemy/engines.py:314}}
Sep 09 00:14:04.542543 dv-cinder-760038-8-smb devstack@n-api.service[114832]: WARNING keystonemiddleware.auth_token [None req-2815022b-5789-4acc-a96a-3f3050a9c2e4 None None] AuthToken middleware is set with keystone_authtoken.service_token_roles_required set to False. This is backwards compatible but deprecated behaviour. Please set this to True.
Sep 09 00:14:04.549726 dv-cinder-760038-8-smb devstack@n-api.service[114832]: WARNING keystonemiddleware.auth_token [None req-2815022b-5789-4acc-a96a-3f3050a9c2e4 None None] Configuring www_authenticate_uri to point to the public identity endpoint is required; clients may not be able to authenticate against an admin endpoint
Sep 09 00:14:04.674828 dv-cinder-760038-8-smb devstack@n-api.service[114831]: WARNING keystonemiddleware.auth_token [None req-24e51f30-90a6-4ee1-a753-1047a60e1f15 None None] AuthToken middleware is set with keystone_authtoken.service_token_roles_required set to False. This is backwards compatible but deprecated behaviour. Please set this to True.
Sep 09 00:14:04.683657 dv-cinder-760038-8-smb devstack@n-api.service[114831]: WARNING keystonemiddleware.auth_token [None req-24e51f30-90a6-4ee1-a753-1047a60e1f15 None None] Configuring www_authenticate_uri to point to the public identity endpoint is required; clients may not be able to authenticate against an admin endpoint
Sep 09 00:14:04.892011 dv-cinder-760038-8-smb devstack@n-api.service[114832]: WARNING keystonemiddleware.auth_token [None req-2815022b-5789-4acc-a96a-3f3050a9c2e4 None None] AuthToken middleware is set with keystone_authtoken.service_token_roles_required set to False. This is backwards compatible but deprecated behaviour. Please set this to True.
Sep 09 00:14:04.897622 dv-cinder-760038-8-smb devstack@n-api.service[114832]: WARNING keystonemiddleware.auth_token [None req-2815022b-5789-4acc-a96a-3f3050a9c2e4 None None] Configuring www_authenticate_uri to point to the public identity endpoint is required; clients may not be able to authenticate against an admin endpoint
Sep 09 00:14:04.902899 dv-cinder-760038-8-smb devstack@n-api.service[114832]: WSGI app 0 (mountpoint='') ready in 5 seconds on interpreter 0x55cc922e59c0 pid: 114832 (default app)
Sep 09 00:14:05.028753 dv-cinder-760038-8-smb devstack@n-api.service[114831]: WARNING keystonemiddleware.auth_token [None req-24e51f30-90a6-4ee1-a753-1047a60e1f15 None None] AuthToken middleware is set with keystone_authtoken.service_token_roles_required set to False. This is backwards compatible but deprecated behaviour. Please set this to True.
Sep 09 00:14:05.034116 dv-cinder-760038-8-smb devstack@n-api.service[114831]: WARNING keystonemiddleware.auth_token [None req-24e51f30-90a6-4ee1-a753-1047a60e1f15 None None] Configuring www_authenticate_uri to point to the public identity endpoint is required; clients may not be able to authenticate against an admin endpoint
Sep 09 00:14:05.039274 dv-cinder-760038-8-smb devstack@n-api.service[114831]: WSGI app 0 (mountpoint='') ready in 6 seconds on interpreter 0x55cc922e59c0 pid: 114831 (default app)
Sep 09 00:14:38.209567 dv-cinder-760038-8-smb devstack@n-api.service[114831]: DEBUG nova.api.openstack.wsgi [None req-b0e43780-07e2-4038-88a6-ba95457428af tempest-VolumesTestJSON-692556841 tempest-VolumesTestJSON-692556841-project] Calling method '.version_select at 0x7f1ba30ce5e0>' {{(pid=114831) _process_stack /opt/stack/nova/nova/api/openstack/wsgi.py:513}}
Sep 09 00:14:38.697328 dv-cinder-760038-8-smb devstack@n-api.service[114832]: DEBUG nova.api.openstack.wsgi [None req-daf5c01c-945d-44dc-8392-52b9d9331e44 tempest-VolumesSnapshotsTestJSON-1978084902 tempest-VolumesSnapshotsTestJSON-1978084902-project] Action: 'create', calling method: .version_select at 0x7f1ba30829d0>, body: {"volume": {"size": 1, "display_name": "tempest-VolumesSnapshotsTestJSON-volume-1114894050"}} {{(pid=114832) _process_stack /opt/stack/nova/nova/api/openstack/wsgi.py:511}}
Sep 09 00:14:39.364907 dv-cinder-760038-8-smb devstack@n-api.service[114831]: INFO nova.api.openstack.requestlog [None req-b0e43780-07e2-4038-88a6-ba95457428af tempest-VolumesTestJSON-692556841 tempest-VolumesTestJSON-692556841-project] 10.222.0.20 "GET /compute/v2.1/os-volumes/0d7813f6-e186-4b7d-93d8-0c951101065f" status: 200 len: 349 microversion: 2.1 time: 1.368672
Sep 09 00:14:39.374036 dv-cinder-760038-8-smb devstack@n-api.service[114831]: [pid: 114831|app: 0|req: 1/1] 10.222.0.20 () {58 vars in 1245 bytes} [Thu Sep 9 00:14:37 2021] GET /compute/v2.1/os-volumes/0d7813f6-e186-4b7d-93d8-0c951101065f => generated 349 bytes in 1380 msecs (HTTP/1.1 200) 9 headers in 357 bytes (1 switches on core 0)
Sep 09 00:14:39.591179 dv-cinder-760038-8-smb devstack@n-api.service[114831]: DEBUG nova.api.openstack.wsgi [None req-539bfd29-e6f6-49bf-8a67-5006b67d5e6a tempest-DeleteServersTestJSON-775984069 tempest-DeleteServersTestJSON-775984069-project] Action: 'create', calling method: >, body: {"server": {"name": "tempest-DeleteServersTestJSON-server-1435228064", "imageRef": "5220337a-1934-4883-9627-bc4b189c287c", "flavorRef": "452", "networks": [{"uuid": "5a7e74e5-d912-4288-8f71-26f77b427e92"}]}} {{(pid=114831) _process_stack /opt/stack/nova/nova/api/openstack/wsgi.py:511}}
Sep 09 00:14:39.757851 dv-cinder-760038-8-smb devstack@n-api.service[114831]: DEBUG nova.network.neutron [None req-539bfd29-e6f6-49bf-8a67-5006b67d5e6a tempest-DeleteServersTestJSON-775984069 tempest-DeleteServersTestJSON-775984069-project] validate_networks() for [('5a7e74e5-d912-4288-8f71-26f77b427e92', None, None, None, None, None)] {{(pid=114831) validate_networks /opt/stack/nova/nova/network/neutron.py:2475}}
Sep 09 00:14:40.184543 dv-cinder-760038-8-smb devstack@n-api.service[114832]: INFO nova.api.openstack.requestlog [None req-daf5c01c-945d-44dc-8392-52b9d9331e44 tempest-VolumesSnapshotsTestJSON-1978084902 tempest-VolumesSnapshotsTestJSON-1978084902-project] 10.222.0.20 "POST /compute/v2.1/os-volumes" status: 200 len: 345 microversion: 2.1 time: 2.898700
Sep 09 00:14:40.185472 dv-cinder-760038-8-smb devstack@n-api.service[114832]: [pid: 114832|app: 0|req: 1/2] 10.222.0.20 () {60 vars in 1155 bytes} [Thu Sep 9 00:14:37 2021] POST /compute/v2.1/os-volumes => generated 345 bytes in 2901 msecs (HTTP/1.1 200) 10 headers in 448 bytes (1 switches on core 0)
Sep 09 00:14:40.353223 dv-cinder-760038-8-smb devstack@n-api.service[114832]: DEBUG nova.api.openstack.wsgi [None req-e87e6fd2-d7cb-4e56-a37e-395fc26cfd6f tempest-AttachVolumeNegativeTest-1931817657 tempest-AttachVolumeNegativeTest-1931817657-project] Action: 'create', calling method: >, body: {"server": {"name": "tempest-AttachVolumeNegativeTest-server-1421223211", "imageRef": "5220337a-1934-4883-9627-bc4b189c287c", "flavorRef": "452", "networks": [{"uuid": "4c954714-8bb0-4301-bc03-a0a850ce4399"}]}} {{(pid=114832) _process_stack /opt/stack/nova/nova/api/openstack/wsgi.py:511}}
Sep 09 00:14:40.546644 dv-cinder-760038-8-smb devstack@n-api.service[114832]: DEBUG nova.network.neutron [None req-e87e6fd2-d7cb-4e56-a37e-395fc26cfd6f tempest-AttachVolumeNegativeTest-1931817657 tempest-AttachVolumeNegativeTest-1931817657-project] validate_networks() for [('4c954714-8bb0-4301-bc03-a0a850ce4399', None, None, None, None, None)] {{(pid=114832) validate_networks /opt/stack/nova/nova/network/neutron.py:2475}}
Sep 09 00:14:41.361631 dv-cinder-760038-8-smb devstack@n-api.service[114831]: DEBUG nova.virt.hardware [None req-539bfd29-e6f6-49bf-8a67-5006b67d5e6a tempest-DeleteServersTestJSON-775984069 tempest-DeleteServersTestJSON-775984069-project] Flavor limits 0:0:0 {{(pid=114831) get_cpu_topology_constraints /opt/stack/nova/nova/virt/hardware.py:343}}
Sep 09 00:14:41.362102 dv-cinder-760038-8-smb devstack@n-api.service[114831]: DEBUG nova.virt.hardware [None req-539bfd29-e6f6-49bf-8a67-5006b67d5e6a tempest-DeleteServersTestJSON-775984069 tempest-DeleteServersTestJSON-775984069-project] Image limits 0:0:0 {{(pid=114831) get_cpu_topology_constraints /opt/stack/nova/nova/virt/hardware.py:347}}
Sep 09 00:14:41.362621 dv-cinder-760038-8-smb devstack@n-api.service[114831]: DEBUG nova.virt.hardware [None req-539bfd29-e6f6-49bf-8a67-5006b67d5e6a tempest-DeleteServersTestJSON-775984069 tempest-DeleteServersTestJSON-775984069-project] Flavor pref 0:0:0 {{(pid=114831) get_cpu_topology_constraints /opt/stack/nova/nova/virt/hardware.py:383}}
Sep 09 00:14:41.363034 dv-cinder-760038-8-smb devstack@n-api.service[114831]: DEBUG nova.virt.hardware [None req-539bfd29-e6f6-49bf-8a67-5006b67d5e6a tempest-DeleteServersTestJSON-775984069 tempest-DeleteServersTestJSON-775984069-project] Image pref 0:0:0 {{(pid=114831) get_cpu_topology_constraints /opt/stack/nova/nova/virt/hardware.py:387}}
Sep 09 00:14:41.363493 dv-cinder-760038-8-smb devstack@n-api.service[114831]: DEBUG nova.virt.hardware [None req-539bfd29-e6f6-49bf-8a67-5006b67d5e6a tempest-DeleteServersTestJSON-775984069 tempest-DeleteServersTestJSON-775984069-project] Chose sockets=0, cores=0, threads=0; limits were sockets=65536, cores=65536, threads=65536 {{(pid=114831) get_cpu_topology_constraints /opt/stack/nova/nova/virt/hardware.py:425}}
Sep 09 00:14:41.392561 dv-cinder-760038-8-smb devstack@n-api.service[114831]: DEBUG oslo_concurrency.lockutils [None req-539bfd29-e6f6-49bf-8a67-5006b67d5e6a tempest-DeleteServersTestJSON-775984069 tempest-DeleteServersTestJSON-775984069-project] Lock "00000000-0000-0000-0000-000000000000" acquired by "nova.context.set_target_cell..get_or_set_cached_cell_and_set_connections" :: waited 0.000s {{(pid=114831) inner /usr/local/lib/python3.8/dist-packages/oslo_concurrency/lockutils.py:355}}
Sep 09 00:14:41.393332 dv-cinder-760038-8-smb devstack@n-api.service[114831]: DEBUG oslo_concurrency.lockutils [None req-539bfd29-e6f6-49bf-8a67-5006b67d5e6a tempest-DeleteServersTestJSON-775984069 tempest-DeleteServersTestJSON-775984069-project] Lock "00000000-0000-0000-0000-000000000000" released by "nova.context.set_target_cell..get_or_set_cached_cell_and_set_connections" :: held 0.002s {{(pid=114831) inner /usr/local/lib/python3.8/dist-packages/oslo_concurrency/lockutils.py:367}}
Sep 09 00:14:41.395744 dv-cinder-760038-8-smb devstack@n-api.service[114831]: DEBUG oslo_concurrency.lockutils [None req-539bfd29-e6f6-49bf-8a67-5006b67d5e6a tempest-DeleteServersTestJSON-775984069 tempest-DeleteServersTestJSON-775984069-project] Lock "8d370fdf-8e1b-47b3-917b-22c2320cdbd7" acquired by "nova.context.set_target_cell..get_or_set_cached_cell_and_set_connections" :: waited 0.000s {{(pid=114831) inner /usr/local/lib/python3.8/dist-packages/oslo_concurrency/lockutils.py:355}}
Sep 09 00:14:41.396388 dv-cinder-760038-8-smb devstack@n-api.service[114831]: DEBUG oslo_concurrency.lockutils [None req-539bfd29-e6f6-49bf-8a67-5006b67d5e6a tempest-DeleteServersTestJSON-775984069 tempest-DeleteServersTestJSON-775984069-project] Lock "8d370fdf-8e1b-47b3-917b-22c2320cdbd7" released by "nova.context.set_target_cell..get_or_set_cached_cell_and_set_connections" :: held 0.001s {{(pid=114831) inner /usr/local/lib/python3.8/dist-packages/oslo_concurrency/lockutils.py:367}}
Sep 09 00:14:41.506072 dv-cinder-760038-8-smb devstack@n-api.service[114831]: DEBUG nova.quota [None req-539bfd29-e6f6-49bf-8a67-5006b67d5e6a tempest-DeleteServersTestJSON-775984069 tempest-DeleteServersTestJSON-775984069-project] Getting quotas for project c3afba65737248ae90aeab43341c64b1. Resources: {'instances', 'ram', 'cores'} {{(pid=114831) _get_quotas /opt/stack/nova/nova/quota.py:387}}
Sep 09 00:14:41.533460 dv-cinder-760038-8-smb devstack@n-api.service[114831]: DEBUG nova.quota [None req-539bfd29-e6f6-49bf-8a67-5006b67d5e6a tempest-DeleteServersTestJSON-775984069 tempest-DeleteServersTestJSON-775984069-project] Getting quotas for user b9e792ca00a2431fb071535f0005a128 and project c3afba65737248ae90aeab43341c64b1. Resources: {'instances', 'ram', 'cores'} {{(pid=114831) _get_quotas /opt/stack/nova/nova/quota.py:377}}
Sep 09 00:14:41.580082 dv-cinder-760038-8-smb devstack@n-api.service[114831]: DEBUG nova.compute.api [None req-539bfd29-e6f6-49bf-8a67-5006b67d5e6a tempest-DeleteServersTestJSON-775984069 tempest-DeleteServersTestJSON-775984069-project] Going to run 1 instances... {{(pid=114831) _provision_instances /opt/stack/nova/nova/compute/api.py:1350}}
Sep 09 00:14:41.584412 dv-cinder-760038-8-smb devstack@n-api.service[114831]: DEBUG nova.compute.api [None req-539bfd29-e6f6-49bf-8a67-5006b67d5e6a tempest-DeleteServersTestJSON-775984069 tempest-DeleteServersTestJSON-775984069-project] [instance: 888bca05-7f04-420d-b0aa-ab07b969807c] block_device_mapping [BlockDeviceMapping(attachment_id=,boot_index=0,connection_info=None,created_at=,delete_on_termination=True,deleted=,deleted_at=,destination_type='local',device_name=None,device_type='disk',disk_bus=None,guest_format=None,id=,image_id='5220337a-1934-4883-9627-bc4b189c287c',instance=,instance_uuid=,no_device=False,snapshot_id=None,source_type='image',tag=None,updated_at=,uuid=,volume_id=None,volume_size=None,volume_type=None)] {{(pid=114831) _bdm_validate_set_size_and_instance /opt/stack/nova/nova/compute/api.py:1757}}
Sep 09 00:14:41.787886 dv-cinder-760038-8-smb devstack@n-api.service[114831]: INFO nova.api.openstack.requestlog [None req-539bfd29-e6f6-49bf-8a67-5006b67d5e6a tempest-DeleteServersTestJSON-775984069 tempest-DeleteServersTestJSON-775984069-project] 10.222.0.20 "POST /compute/v2.1/servers" status: 202 len: 380 microversion: 2.1 time: 2.412182
Sep 09 00:14:41.789563 dv-cinder-760038-8-smb devstack@n-api.service[114831]: [pid: 114831|app: 0|req: 2/3] 10.222.0.20 () {60 vars in 1147 bytes} [Thu Sep 9 00:14:39 2021] POST /compute/v2.1/servers => generated 380 bytes in 2415 msecs (HTTP/1.1 202) 10 headers in 451 bytes (1 switches on core 0)
Sep 09 00:14:41.801764 dv-cinder-760038-8-smb devstack@n-api.service[114831]: DEBUG nova.api.openstack.wsgi [None req-21e34584-6585-4eba-8daa-d6330cb27ea5 tempest-VolumesSnapshotsTestJSON-1978084902 tempest-VolumesSnapshotsTestJSON-1978084902-project] Calling method '.version_select at 0x7f1ba2653d30>' {{(pid=114831) _process_stack /opt/stack/nova/nova/api/openstack/wsgi.py:513}}
Sep 09 00:14:41.921252 dv-cinder-760038-8-smb devstack@n-api.service[114831]: INFO nova.api.openstack.requestlog [None req-21e34584-6585-4eba-8daa-d6330cb27ea5 tempest-VolumesSnapshotsTestJSON-1978084902 tempest-VolumesSnapshotsTestJSON-1978084902-project] 10.222.0.20 "GET /compute/v2.1/os-volumes/89c53703-d7de-4dcd-8735-8b1060227935" status: 200 len: 346 microversion: 2.1 time: 0.129413
Sep 09 00:14:41.921827 dv-cinder-760038-8-smb devstack@n-api.service[114831]: [pid: 114831|app: 0|req: 3/4] 10.222.0.20 () {58 vars in 1245 bytes} [Thu Sep 9 00:14:41 2021] GET /compute/v2.1/os-volumes/89c53703-d7de-4dcd-8735-8b1060227935 => generated 346 bytes in 132 msecs (HTTP/1.1 200) 9 headers in 357 bytes (1 switches on core 0)
Sep 09 00:14:41.928322 dv-cinder-760038-8-smb devstack@n-api.service[114831]: DEBUG nova.api.openstack.wsgi [None req-b6e175c2-5e2e-416f-9c96-26f4e643acee tempest-VolumesTestJSON-692556841 tempest-VolumesTestJSON-692556841-project] Calling method '.version_select at 0x7f1ba2661940>' {{(pid=114831) _process_stack /opt/stack/nova/nova/api/openstack/wsgi.py:513}}
Sep 09 00:14:41.997969 dv-cinder-760038-8-smb devstack@n-api.service[114831]: INFO nova.api.openstack.requestlog [None req-b6e175c2-5e2e-416f-9c96-26f4e643acee tempest-VolumesTestJSON-692556841 tempest-VolumesTestJSON-692556841-project] 10.222.0.20 "GET /compute/v2.1/os-volumes/a75d1efc-7fd1-47b5-a6ca-0e6aa3b557ca" status: 200 len: 351 microversion: 2.1 time: 0.074919
Sep 09 00:14:41.998947 dv-cinder-760038-8-smb devstack@n-api.service[114831]: [pid: 114831|app: 0|req: 4/5] 10.222.0.20 () {58 vars in 1245 bytes} [Thu Sep 9 00:14:41 2021] GET /compute/v2.1/os-volumes/a75d1efc-7fd1-47b5-a6ca-0e6aa3b557ca => generated 351 bytes in 76 msecs (HTTP/1.1 200) 9 headers in 357 bytes (1 switches on core 0)
Sep 09 00:14:42.003592 dv-cinder-760038-8-smb devstack@n-api.service[114831]: DEBUG nova.api.openstack.wsgi [None req-6aa9140c-9d68-489d-9a43-3e8856463b0b tempest-DeleteServersTestJSON-775984069 tempest-DeleteServersTestJSON-775984069-project] Calling method '>' {{(pid=114831) _process_stack /opt/stack/nova/nova/api/openstack/wsgi.py:513}}
Sep 09 00:14:42.004503 dv-cinder-760038-8-smb devstack@n-api.service[114831]: DEBUG nova.compute.api [None req-6aa9140c-9d68-489d-9a43-3e8856463b0b tempest-DeleteServersTestJSON-775984069 tempest-DeleteServersTestJSON-775984069-project] [instance: 888bca05-7f04-420d-b0aa-ab07b969807c] Fetching instance by UUID {{(pid=114831) get /opt/stack/nova/nova/compute/api.py:2863}}
Sep 09 00:14:42.037412 dv-cinder-760038-8-smb devstack@n-api.service[114832]: DEBUG nova.virt.hardware [None req-e87e6fd2-d7cb-4e56-a37e-395fc26cfd6f tempest-AttachVolumeNegativeTest-1931817657 tempest-AttachVolumeNegativeTest-1931817657-project] Flavor limits 0:0:0 {{(pid=114832) get_cpu_topology_constraints /opt/stack/nova/nova/virt/hardware.py:343}}
Sep 09 00:14:42.038396 dv-cinder-760038-8-smb devstack@n-api.service[114832]: DEBUG nova.virt.hardware [None req-e87e6fd2-d7cb-4e56-a37e-395fc26cfd6f tempest-AttachVolumeNegativeTest-1931817657 tempest-AttachVolumeNegativeTest-1931817657-project] Image limits 0:0:0 {{(pid=114832) get_cpu_topology_constraints /opt/stack/nova/nova/virt/hardware.py:347}}
Sep 09 00:14:42.039070 dv-cinder-760038-8-smb devstack@n-api.service[114832]: DEBUG nova.virt.hardware [None req-e87e6fd2-d7cb-4e56-a37e-395fc26cfd6f tempest-AttachVolumeNegativeTest-1931817657 tempest-AttachVolumeNegativeTest-1931817657-project] Flavor pref 0:0:0 {{(pid=114832) get_cpu_topology_constraints /opt/stack/nova/nova/virt/hardware.py:383}}
Sep 09 00:14:42.039939 dv-cinder-760038-8-smb devstack@n-api.service[114832]: DEBUG nova.virt.hardware [None req-e87e6fd2-d7cb-4e56-a37e-395fc26cfd6f tempest-AttachVolumeNegativeTest-1931817657 tempest-AttachVolumeNegativeTest-1931817657-project] Image pref 0:0:0 {{(pid=114832) get_cpu_topology_constraints /opt/stack/nova/nova/virt/hardware.py:387}}
Sep 09 00:14:42.040566 dv-cinder-760038-8-smb devstack@n-api.service[114832]: DEBUG nova.virt.hardware [None req-e87e6fd2-d7cb-4e56-a37e-395fc26cfd6f tempest-AttachVolumeNegativeTest-1931817657 tempest-AttachVolumeNegativeTest-1931817657-project] Chose sockets=0, cores=0, threads=0; limits were sockets=65536, cores=65536, threads=65536 {{(pid=114832) get_cpu_topology_constraints /opt/stack/nova/nova/virt/hardware.py:425}}
Sep 09 00:14:42.073384 dv-cinder-760038-8-smb devstack@n-api.service[114832]: DEBUG oslo_concurrency.lockutils [None req-e87e6fd2-d7cb-4e56-a37e-395fc26cfd6f tempest-AttachVolumeNegativeTest-1931817657 tempest-AttachVolumeNegativeTest-1931817657-project] Lock "00000000-0000-0000-0000-000000000000" acquired by "nova.context.set_target_cell..get_or_set_cached_cell_and_set_connections" :: waited 0.000s {{(pid=114832) inner /usr/local/lib/python3.8/dist-packages/oslo_concurrency/lockutils.py:355}}
Sep 09 00:14:42.076472 dv-cinder-760038-8-smb devstack@n-api.service[114832]: DEBUG oslo_concurrency.lockutils [None req-e87e6fd2-d7cb-4e56-a37e-395fc26cfd6f tempest-AttachVolumeNegativeTest-1931817657 tempest-AttachVolumeNegativeTest-1931817657-project] Lock "00000000-0000-0000-0000-000000000000" released by "nova.context.set_target_cell..get_or_set_cached_cell_and_set_connections" :: held 0.003s {{(pid=114832) inner /usr/local/lib/python3.8/dist-packages/oslo_concurrency/lockutils.py:367}}
Sep 09 00:14:42.079565 dv-cinder-760038-8-smb devstack@n-api.service[114832]: DEBUG oslo_concurrency.lockutils [None req-e87e6fd2-d7cb-4e56-a37e-395fc26cfd6f tempest-AttachVolumeNegativeTest-1931817657 tempest-AttachVolumeNegativeTest-1931817657-project] Lock "8d370fdf-8e1b-47b3-917b-22c2320cdbd7" acquired by "nova.context.set_target_cell..get_or_set_cached_cell_and_set_connections" :: waited 0.001s {{(pid=114832) inner /usr/local/lib/python3.8/dist-packages/oslo_concurrency/lockutils.py:355}}
Sep 09 00:14:42.082809 dv-cinder-760038-8-smb devstack@n-api.service[114832]: DEBUG oslo_concurrency.lockutils [None req-e87e6fd2-d7cb-4e56-a37e-395fc26cfd6f tempest-AttachVolumeNegativeTest-1931817657 tempest-AttachVolumeNegativeTest-1931817657-project] Lock "8d370fdf-8e1b-47b3-917b-22c2320cdbd7" released by "nova.context.set_target_cell..get_or_set_cached_cell_and_set_connections" :: held 0.001s {{(pid=114832) inner /usr/local/lib/python3.8/dist-packages/oslo_concurrency/lockutils.py:367}}
Sep 09 00:14:42.175281 dv-cinder-760038-8-smb devstack@n-api.service[114832]: DEBUG nova.quota [None req-e87e6fd2-d7cb-4e56-a37e-395fc26cfd6f tempest-AttachVolumeNegativeTest-1931817657 tempest-AttachVolumeNegativeTest-1931817657-project] Getting quotas for project e250c9d580ea46b8ae61e13680984f23. Resources: {'instances', 'ram', 'cores'} {{(pid=114832) _get_quotas /opt/stack/nova/nova/quota.py:387}}
Sep 09 00:14:42.189318 dv-cinder-760038-8-smb devstack@n-api.service[114832]: DEBUG nova.quota [None req-e87e6fd2-d7cb-4e56-a37e-395fc26cfd6f tempest-AttachVolumeNegativeTest-1931817657 tempest-AttachVolumeNegativeTest-1931817657-project] Getting quotas for user f74822a332264a5a8e1f908d93205ae8 and project e250c9d580ea46b8ae61e13680984f23. Resources: {'instances', 'ram', 'cores'} {{(pid=114832) _get_quotas /opt/stack/nova/nova/quota.py:377}}
Sep 09 00:14:42.222501 dv-cinder-760038-8-smb devstack@n-api.service[114832]: DEBUG nova.compute.api [None req-e87e6fd2-d7cb-4e56-a37e-395fc26cfd6f tempest-AttachVolumeNegativeTest-1931817657 tempest-AttachVolumeNegativeTest-1931817657-project] Going to run 1 instances... {{(pid=114832) _provision_instances /opt/stack/nova/nova/compute/api.py:1350}}
Sep 09 00:14:42.230757 dv-cinder-760038-8-smb devstack@n-api.service[114832]: DEBUG nova.compute.api [None req-e87e6fd2-d7cb-4e56-a37e-395fc26cfd6f tempest-AttachVolumeNegativeTest-1931817657 tempest-AttachVolumeNegativeTest-1931817657-project] [instance: 0bf3c8c6-85a1-465e-9e83-62290799f538] block_device_mapping [BlockDeviceMapping(attachment_id=,boot_index=0,connection_info=None,created_at=,delete_on_termination=True,deleted=,deleted_at=,destination_type='local',device_name=None,device_type='disk',disk_bus=None,guest_format=None,id=,image_id='5220337a-1934-4883-9627-bc4b189c287c',instance=,instance_uuid=,no_device=False,snapshot_id=None,source_type='image',tag=None,updated_at=,uuid=,volume_id=None,volume_size=None,volume_type=None)] {{(pid=114832) _bdm_validate_set_size_and_instance /opt/stack/nova/nova/compute/api.py:1757}}
Sep 09 00:14:42.293558 dv-cinder-760038-8-smb devstack@n-api.service[114831]: DEBUG nova.policy [None req-6aa9140c-9d68-489d-9a43-3e8856463b0b tempest-DeleteServersTestJSON-775984069 tempest-DeleteServersTestJSON-775984069-project] Policy check for os_compute_api:os-extended-server-attributes failed with credentials {'is_admin': False, 'user_id': 'b9e792ca00a2431fb071535f0005a128', 'user_domain_id': 'default', 'system_scope': None, 'domain_id': None, 'project_id': 'c3afba65737248ae90aeab43341c64b1', 'project_domain_id': 'default', 'roles': ['member', 'reader'], 'is_admin_project': True, 'service_user_id': None, 'service_user_domain_id': None, 'service_project_id': None, 'service_project_domain_id': None, 'service_roles': []} {{(pid=114831) authorize /opt/stack/nova/nova/policy.py:199}}
Sep 09 00:14:42.326045 dv-cinder-760038-8-smb devstack@n-api.service[114831]: INFO nova.api.openstack.requestlog [None req-6aa9140c-9d68-489d-9a43-3e8856463b0b tempest-DeleteServersTestJSON-775984069 tempest-DeleteServersTestJSON-775984069-project] 10.222.0.20 "GET /compute/v2.1/servers/888bca05-7f04-420d-b0aa-ab07b969807c" status: 200 len: 1215 microversion: 2.1 time: 0.325054
