Sep 01 21:29:02.879840 dv-cinder-760038-7-smb neutron-server[94428]: INFO neutron.wsgi [req-0697f83a-f49c-4817-9c13-6d1a6c9945e3 req-7f7540c4-b79a-4a41-b012-8f3bb8413b42 tempest-VolumesSnapshotTestJSON-1122429438 tempest-VolumesSnapshotTestJSON-1122429438-project] 10.222.0.23 "GET /v2.0/quotas/f610c063c1e24b659935b64cabb9ee75 HTTP/1.1" status: 200 len: 375 time: 0.0139725
Sep 01 21:29:02.884102 dv-cinder-760038-7-smb neutron-server[94429]: DEBUG neutron.api.v2.base [None req-c1efe447-6bd3-4a4c-a681-a90761e936e5 admin admin] Request body: {'subnet': {'network_id': 'd97e7a2e-459e-41ae-a02b-6a7b87715cf4', 'cidr': '172.20.0.0/28', 'name': 'tempest-VolumesActionsTest-1177220480-subnet', 'tenant_id': '015caae0340a4ea395e3acc7cae93ca7', 'enable_dhcp': False, 'ip_version': 4}} {{(pid=94429) prepare_request_body /opt/stack/neutron/neutron/api/v2/base.py:730}}
Sep 01 21:29:02.923064 dv-cinder-760038-7-smb neutron-server[94428]: INFO neutron.wsgi [req-0697f83a-f49c-4817-9c13-6d1a6c9945e3 req-f0603bd9-98c5-4e81-9a78-ec06129feba8 tempest-VolumesSnapshotTestJSON-1122429438 tempest-VolumesSnapshotTestJSON-1122429438-project] 10.222.0.23 "GET /v2.0/ports?tenant_id=f610c063c1e24b659935b64cabb9ee75&fields=id HTTP/1.1" status: 200 len: 210 time: 0.0293500
Sep 01 21:29:03.012117 dv-cinder-760038-7-smb neutron-server[94428]: INFO neutron.wsgi [req-0697f83a-f49c-4817-9c13-6d1a6c9945e3 req-591c7013-88d0-4c99-99a7-a9bd826e2710 service neutron] 10.222.0.23 "GET /v2.0/networks/2872ff3a-cda5-4a3e-a557-9713d58496ee?fields=segments HTTP/1.1" status: 200 len: 212 time: 0.0821643
Sep 01 21:29:03.027422 dv-cinder-760038-7-smb neutron-server[94429]: DEBUG neutron.pecan_wsgi.hooks.quota_enforcement [None req-c1efe447-6bd3-4a4c-a681-a90761e936e5 admin admin] Made reservation on behalf of 015caae0340a4ea395e3acc7cae93ca7 for: {'subnet': 1} {{(pid=94429) before /opt/stack/neutron/neutron/pecan_wsgi/hooks/quota_enforcement.py:53}}
Sep 01 21:29:03.030017 dv-cinder-760038-7-smb neutron-server[94429]: DEBUG neutron_lib.callbacks.manager [None req-c1efe447-6bd3-4a4c-a681-a90761e936e5 admin admin] Notify callbacks ['neutron.services.segments.plugin.SegmentHostRoutes.host_routes_before_create-259546389'] for subnet, before_create {{(pid=94429) _notify_loop /usr/local/lib/python3.8/dist-packages/neutron_lib/callbacks/manager.py:192}}
Sep 01 21:29:03.116547 dv-cinder-760038-7-smb neutron-server[94428]: INFO neutron.wsgi [req-0697f83a-f49c-4817-9c13-6d1a6c9945e3 req-bed0e1cb-33e7-4b09-a13d-93d8243eee15 service neutron] 10.222.0.23 "GET /v2.0/networks/2872ff3a-cda5-4a3e-a557-9713d58496ee?fields=provider%3Aphysical_network&fields=provider%3Anetwork_type HTTP/1.1" status: 200 len: 281 time: 0.0984492
Sep 01 21:29:03.310177 dv-cinder-760038-7-smb neutron-server[94429]: DEBUG neutron_lib.callbacks.manager [None req-c1efe447-6bd3-4a4c-a681-a90761e936e5 admin admin] Notify callbacks ['neutron.plugins.ml2.ovo_rpc._ObjectChangeHandler.handle_event-16340198', 'neutron.api.rpc.agentnotifiers.dhcp_rpc_agent_api.DhcpAgentNotifyAPI._native_event_send_dhcp_notification-16221918', 'neutron.services.segments.plugin.NovaSegmentNotifier._notify_subnet_created-13013502', 'neutron.services.segments.plugin.SegmentHostRoutes.host_routes_after_create-259546375'] for subnet, after_create {{(pid=94429) _notify_loop /usr/local/lib/python3.8/dist-packages/neutron_lib/callbacks/manager.py:192}}
Sep 01 21:29:03.409548 dv-cinder-760038-7-smb neutron-server[94428]: INFO neutron.wsgi [req-771522d3-073f-4bb7-93b3-21923b176234 req-4b146e2c-611a-41c3-a140-817ea7dbd56d tempest-VolumesSnapshotTestJSON-1122429438 tempest-VolumesSnapshotTestJSON-1122429438-project] 10.222.0.23 "GET /v2.0/ports?device_id=b4046196-6b50-48da-9b86-bb2a5e1a5e43 HTTP/1.1" status: 200 len: 210 time: 0.0508337
Sep 01 21:29:03.431206 dv-cinder-760038-7-smb neutron-server[94429]: DEBUG neutron.api.rpc.handlers.resources_rpc [None req-c1efe447-6bd3-4a4c-a681-a90761e936e5 admin admin] Pushing event updated for resources: {'Subnet': ['ID=852d8dd4-bfd2-40ef-8a73-7b52b5077e0a,revision_number=0']} {{(pid=94429) push /opt/stack/neutron/neutron/api/rpc/handlers/resources_rpc.py:237}}
Sep 01 21:29:03.436954 dv-cinder-760038-7-smb neutron-server[94429]: DEBUG neutron.plugins.ml2.drivers.mech_agent [None req-c1efe447-6bd3-4a4c-a681-a90761e936e5 admin admin] Checking segment: {'id': 'e3309f8f-69c2-4a82-9d80-61ec41ad85c7', 'network_type': 'vlan', 'physical_network': 'physnet1', 'segmentation_id': 74, 'network_id': 'd97e7a2e-459e-41ae-a02b-6a7b87715cf4'} for mappings: {'physnet1': 'br-data'} with network types: ['local', 'flat', 'vlan'] {{(pid=94429) check_segment_for_agent /opt/stack/neutron/neutron/plugins/ml2/drivers/mech_agent.py:352}}
Sep 01 21:29:03.437756 dv-cinder-760038-7-smb neutron-server[94429]: DEBUG neutron.scheduler.dhcp_agent_scheduler [None req-c1efe447-6bd3-4a4c-a681-a90761e936e5 admin admin] Network hostable DHCP agents. Network: d97e7a2e-459e-41ae-a02b-6a7b87715cf4, hostable agents: ['9dc1e41f-1621-4469-a60e-0eb04464a9af'], hosted agents: [] {{(pid=94429) _get_network_hostable_dhcp_agents /opt/stack/neutron/neutron/scheduler/dhcp_agent_scheduler.py:329}}
Sep 01 21:29:03.537924 dv-cinder-760038-7-smb neutron-server[94429]: DEBUG neutron.scheduler.dhcp_agent_scheduler [None req-c1efe447-6bd3-4a4c-a681-a90761e936e5 admin admin] Network d97e7a2e-459e-41ae-a02b-6a7b87715cf4 is scheduled to be hosted by DHCP agent 9dc1e41f-1621-4469-a60e-0eb04464a9af with binding_index 1 {{(pid=94429) bind /opt/stack/neutron/neutron/scheduler/dhcp_agent_scheduler.py:227}}
Sep 01 21:29:03.670278 dv-cinder-760038-7-smb neutron-server[94429]: DEBUG neutron.scheduler.base_scheduler [None req-c1efe447-6bd3-4a4c-a681-a90761e936e5 admin admin] Resources bound (agent type, host, resource id): (DHCP agent, dv-cinder-760038-7-smb, d97e7a2e-459e-41ae-a02b-6a7b87715cf4) {{(pid=94429) schedule /opt/stack/neutron/neutron/scheduler/base_scheduler.py:57}}
Sep 01 21:29:03.674938 dv-cinder-760038-7-smb neutron-server[94429]: DEBUG neutron.pecan_wsgi.hooks.policy_enforcement [None req-c1efe447-6bd3-4a4c-a681-a90761e936e5 admin admin] Attributes excluded by policy engine: ['standard_attr_id', 'shared', 'segment_id', 'network'] {{(pid=94429) _exclude_attributes_by_policy /opt/stack/neutron/neutron/pecan_wsgi/hooks/policy_enforcement.py:255}}
Sep 01 21:29:03.675732 dv-cinder-760038-7-smb neutron-server[94429]: DEBUG neutron_lib.callbacks.manager [None req-c1efe447-6bd3-4a4c-a681-a90761e936e5 admin admin] Notify callbacks ['neutron.api.rpc.agentnotifiers.dhcp_rpc_agent_api.DhcpAgentNotifyAPI._send_dhcp_notification-16221928'] for subnet, before_response {{(pid=94429) _notify_loop /usr/local/lib/python3.8/dist-packages/neutron_lib/callbacks/manager.py:192}}
Sep 01 21:29:03.696350 dv-cinder-760038-7-smb neutron-server[94430]: DEBUG neutron.api.rpc.handlers.dhcp_rpc [None req-26ce5b08-5889-4d23-9640-6a2f4df816d9 None None] Network d97e7a2e-459e-41ae-a02b-6a7b87715cf4 requested from dv-cinder-760038-7-smb {{(pid=94430) get_network_info /opt/stack/neutron/neutron/api/rpc/handlers/dhcp_rpc.py:218}}
Sep 01 21:29:03.768101 dv-cinder-760038-7-smb neutron-server[94428]: DEBUG neutron.pecan_wsgi.hooks.policy_enforcement [req-72abb3c5-bd1f-4a4f-8232-c3f772f03af4 req-6250b07f-678d-4118-8e94-ce6c8cc49282 tempest-ServerRescueNegativeTestJSON-2138441906 tempest-ServerRescueNegativeTestJSON-2138441906-project] Attributes excluded by policy engine: ['standard_attr_id', 'binding:profile', 'binding:host_id', 'binding:vif_type', 'binding:vif_details'] {{(pid=94428) _exclude_attributes_by_policy /opt/stack/neutron/neutron/pecan_wsgi/hooks/policy_enforcement.py:255}}
Sep 01 21:29:03.770590 dv-cinder-760038-7-smb neutron-server[94428]: INFO neutron.wsgi [req-72abb3c5-bd1f-4a4f-8232-c3f772f03af4 req-6250b07f-678d-4118-8e94-ce6c8cc49282 tempest-ServerRescueNegativeTestJSON-2138441906 tempest-ServerRescueNegativeTestJSON-2138441906-project] 10.222.0.23 "GET /v2.0/ports?device_id=c4426363-ad7c-4a43-836e-da7292fda8ca HTTP/1.1" status: 200 len: 945 time: 0.0732105
Sep 01 21:29:03.782947 dv-cinder-760038-7-smb neutron-server[94429]: INFO neutron.wsgi [None req-c1efe447-6bd3-4a4c-a681-a90761e936e5 admin admin] 10.222.0.23 "POST /v2.0/subnets HTTP/1.1" status: 201 len: 846 time: 0.9076126
Sep 01 21:29:03.834728 dv-cinder-760038-7-smb neutron-server[94428]: INFO neutron.wsgi [req-72abb3c5-bd1f-4a4f-8232-c3f772f03af4 req-604311aa-1922-4637-9ecc-971903915cb7 tempest-ServerRescueNegativeTestJSON-2138441906 tempest-ServerRescueNegativeTestJSON-2138441906-project] 10.222.0.23 "GET /v2.0/security-groups?id=4c0b72b0-2d95-49e8-a6b4-f69e19f62977&fields=id&fields=name HTTP/1.1" status: 200 len: 286 time: 0.0455105
Sep 01 21:29:03.880016 dv-cinder-760038-7-smb neutron-server[94430]: DEBUG neutron.api.rpc.handlers.dhcp_rpc [None req-4b63369b-6bb4-414d-9079-815380d96291 None None] Network d97e7a2e-459e-41ae-a02b-6a7b87715cf4 requested from dv-cinder-760038-7-smb {{(pid=94430) get_network_info /opt/stack/neutron/neutron/api/rpc/handlers/dhcp_rpc.py:218}}
Sep 01 21:29:04.490046 dv-cinder-760038-7-smb neutron-server[94428]: INFO neutron.wsgi [req-029afd08-09d7-4ad0-aa6c-c45e233d09c2 req-8f7d3cea-3690-4856-a82d-a5b63418f6a1 tempest-VolumesSnapshotTestJSON-1122429438 tempest-VolumesSnapshotTestJSON-1122429438-project] 10.222.0.23 "GET /v2.0/ports?device_id=b4046196-6b50-48da-9b86-bb2a5e1a5e43 HTTP/1.1" status: 200 len: 210 time: 0.0259314
Sep 01 21:29:04.678249 dv-cinder-760038-7-smb neutron-server[94429]: DEBUG neutron.wsgi [-] (94429) accepted ('10.222.0.23', 48820) {{(pid=94429) server /usr/local/lib/python3.8/dist-packages/eventlet/wsgi.py:982}}
Sep 01 21:29:04.789211 dv-cinder-760038-7-smb neutron-server[94429]: DEBUG neutron.wsgi [-] (94429) accepted ('10.222.0.23', 48826) {{(pid=94429) server /usr/local/lib/python3.8/dist-packages/eventlet/wsgi.py:982}}
Sep 01 21:29:04.794745 dv-cinder-760038-7-smb neutron-server[94429]: DEBUG neutron.api.v2.base [None req-fba9d0f4-7bd0-4062-869a-b0d3307907e2 admin admin] Request body: {'network': {'name': 'tempest-VolumesActionsTest-1405263298-network', 'tenant_id': 'eadc0dfa366d4624a4da90407628bc3f'}} {{(pid=94429) prepare_request_body /opt/stack/neutron/neutron/api/v2/base.py:730}}
Sep 01 21:29:04.814583 dv-cinder-760038-7-smb neutron-server[94429]: DEBUG neutron_lib.callbacks.manager [None req-8912f485-d338-48e1-bc9f-505bd2c22c4b admin admin] Notify callbacks [] for security_group, before_create {{(pid=94429) _notify_loop /usr/local/lib/python3.8/dist-packages/neutron_lib/callbacks/manager.py:192}}
Sep 01 21:29:04.903580 dv-cinder-760038-7-smb neutron-server[94429]: DEBUG neutron.pecan_wsgi.hooks.quota_enforcement [None req-fba9d0f4-7bd0-4062-869a-b0d3307907e2 admin admin] Made reservation on behalf of eadc0dfa366d4624a4da90407628bc3f for: {'network': 1} {{(pid=94429) before /opt/stack/neutron/neutron/pecan_wsgi/hooks/quota_enforcement.py:53}}
Sep 01 21:29:04.906073 dv-cinder-760038-7-smb neutron-server[94429]: DEBUG neutron_lib.callbacks.manager [None req-fba9d0f4-7bd0-4062-869a-b0d3307907e2 admin admin] Notify callbacks ['neutron.plugins.ml2.plugin.SecurityGroupDbMixin._ensure_default_security_group_handler-663718'] for network, before_create {{(pid=94429) _notify_loop /usr/local/lib/python3.8/dist-packages/neutron_lib/callbacks/manager.py:192}}
Sep 01 21:29:04.940144 dv-cinder-760038-7-smb neutron-server[94429]: DEBUG neutron_lib.callbacks.manager [None req-fba9d0f4-7bd0-4062-869a-b0d3307907e2 admin admin] Notify callbacks [] for security_group, before_create {{(pid=94429) _notify_loop /usr/local/lib/python3.8/dist-packages/neutron_lib/callbacks/manager.py:192}}
Sep 01 21:29:04.958979 dv-cinder-760038-7-smb neutron-server[94428]: DEBUG neutron.pecan_wsgi.hooks.policy_enforcement [req-a14f6501-89e8-400e-9b62-cf67fa30b6ae req-2af34b7c-8aaa-450a-ad5f-0ff9142b51a8 tempest-ServerRescueNegativeTestJSON-2138441906 tempest-ServerRescueNegativeTestJSON-2138441906-project] Attributes excluded by policy engine: ['standard_attr_id', 'binding:profile', 'binding:host_id', 'binding:vif_type', 'binding:vif_details'] {{(pid=94428) _exclude_attributes_by_policy /opt/stack/neutron/neutron/pecan_wsgi/hooks/policy_enforcement.py:255}}
Sep 01 21:29:04.964414 dv-cinder-760038-7-smb neutron-server[94428]: INFO neutron.wsgi [req-a14f6501-89e8-400e-9b62-cf67fa30b6ae req-2af34b7c-8aaa-450a-ad5f-0ff9142b51a8 tempest-ServerRescueNegativeTestJSON-2138441906 tempest-ServerRescueNegativeTestJSON-2138441906-project] 10.222.0.23 "GET /v2.0/ports?device_id=c4426363-ad7c-4a43-836e-da7292fda8ca HTTP/1.1" status: 200 len: 945 time: 0.0654943
Sep 01 21:29:05.007281 dv-cinder-760038-7-smb neutron-server[94428]: INFO neutron.wsgi [req-a14f6501-89e8-400e-9b62-cf67fa30b6ae req-47d41745-0b4e-4c7c-824b-6c194a302478 tempest-ServerRescueNegativeTestJSON-2138441906 tempest-ServerRescueNegativeTestJSON-2138441906-project] 10.222.0.23 "GET /v2.0/security-groups?id=4c0b72b0-2d95-49e8-a6b4-f69e19f62977&fields=id&fields=name HTTP/1.1" status: 200 len: 286 time: 0.0422153
Sep 01 21:29:05.029166 dv-cinder-760038-7-smb neutron-server[94429]: DEBUG neutron_lib.callbacks.manager [None req-8912f485-d338-48e1-bc9f-505bd2c22c4b admin admin] Notify callbacks [] for security_group, precommit_create {{(pid=94429) _notify_loop /usr/local/lib/python3.8/dist-packages/neutron_lib/callbacks/manager.py:192}}
Sep 01 21:29:05.133022 dv-cinder-760038-7-smb neutron-server[94429]: DEBUG neutron_lib.callbacks.manager [None req-8912f485-d338-48e1-bc9f-505bd2c22c4b admin admin] Notify callbacks ['neutron.plugins.ml2.ovo_rpc._ObjectChangeHandler.handle_event-16342171'] for security_group, after_create {{(pid=94429) _notify_loop /usr/local/lib/python3.8/dist-packages/neutron_lib/callbacks/manager.py:192}}
Sep 01 21:29:05.186275 dv-cinder-760038-7-smb neutron-server[94429]: DEBUG neutron.api.rpc.handlers.resources_rpc [None req-8912f485-d338-48e1-bc9f-505bd2c22c4b admin admin] Pushing event updated for resources: {'SecurityGroup': ['ID=41949628-b875-4790-8701-378a8a4e96d7,revision_number=1']} {{(pid=94429) push /opt/stack/neutron/neutron/api/rpc/handlers/resources_rpc.py:237}}
Sep 01 21:29:05.194277 dv-cinder-760038-7-smb neutron-server[94429]: INFO neutron.wsgi [None req-8912f485-d338-48e1-bc9f-505bd2c22c4b admin admin] 10.222.0.23 "GET /v2.0/security-groups?tenant_id=1e2fdd03b98f403786c2c1257f1f0e0c&name=default HTTP/1.1" status: 200 len: 2979 time: 0.5145450
Sep 01 21:29:05.197682 dv-cinder-760038-7-smb neutron-server[94429]: DEBUG neutron.wsgi [-] (94429) accepted ('10.222.0.23', 48840) {{(pid=94429) server /usr/local/lib/python3.8/dist-packages/eventlet/wsgi.py:982}}
Sep 01 21:29:05.278016 dv-cinder-760038-7-smb neutron-server[94429]: DEBUG neutron_lib.callbacks.manager [None req-32289b57-a284-46e2-8905-7cf8731c7c12 admin admin] Notify callbacks [] for security_group, before_delete {{(pid=94429) _notify_loop /usr/local/lib/python3.8/dist-packages/neutron_lib/callbacks/manager.py:192}}
Sep 01 21:29:05.301492 dv-cinder-760038-7-smb neutron-server[94429]: DEBUG neutron_lib.callbacks.manager [None req-fba9d0f4-7bd0-4062-869a-b0d3307907e2 admin admin] Notify callbacks [] for security_group, precommit_create {{(pid=94429) _notify_loop /usr/local/lib/python3.8/dist-packages/neutron_lib/callbacks/manager.py:192}}
Sep 01 21:29:05.313139 dv-cinder-760038-7-smb neutron-server[94429]: DEBUG neutron_lib.callbacks.manager [None req-32289b57-a284-46e2-8905-7cf8731c7c12 admin admin] Notify callbacks [] for security_group, precommit_delete {{(pid=94429) _notify_loop /usr/local/lib/python3.8/dist-packages/neutron_lib/callbacks/manager.py:192}}
Sep 01 21:29:05.393287 dv-cinder-760038-7-smb neutron-server[94429]: DEBUG neutron_lib.callbacks.manager [None req-fba9d0f4-7bd0-4062-869a-b0d3307907e2 admin admin] Notify callbacks ['neutron.plugins.ml2.ovo_rpc._ObjectChangeHandler.handle_event-16342171'] for security_group, after_create {{(pid=94429) _notify_loop /usr/local/lib/python3.8/dist-packages/neutron_lib/callbacks/manager.py:192}}
Sep 01 21:29:05.417637 dv-cinder-760038-7-smb neutron-server[94429]: DEBUG neutron.api.rpc.handlers.resources_rpc [None req-fba9d0f4-7bd0-4062-869a-b0d3307907e2 admin admin] Pushing event updated for resources: {'SecurityGroup': ['ID=8beb2967-43a1-4f63-8959-d3bb5535fb45,revision_number=1']} {{(pid=94429) push /opt/stack/neutron/neutron/api/rpc/handlers/resources_rpc.py:237}}
Sep 01 21:29:05.472070 dv-cinder-760038-7-smb neutron-server[94429]: DEBUG neutron_lib.callbacks.manager [None req-32289b57-a284-46e2-8905-7cf8731c7c12 admin admin] Notify callbacks ['neutron.plugins.ml2.ovo_rpc._ObjectChangeHandler.handle_event-16342171'] for security_group, after_delete {{(pid=94429) _notify_loop /usr/local/lib/python3.8/dist-packages/neutron_lib/callbacks/manager.py:192}}
Sep 01 21:29:05.474658 dv-cinder-760038-7-smb neutron-server[94429]: DEBUG neutron_lib.callbacks.manager [None req-32289b57-a284-46e2-8905-7cf8731c7c12 admin admin] Notify callbacks [] for security_group, before_response {{(pid=94429) _notify_loop /usr/local/lib/python3.8/dist-packages/neutron_lib/callbacks/manager.py:192}}
Sep 01 21:29:05.475890 dv-cinder-760038-7-smb neutron-server[94429]: INFO neutron.wsgi [None req-32289b57-a284-46e2-8905-7cf8731c7c12 admin admin] 10.222.0.23 "DELETE /v2.0/security-groups/41949628-b875-4790-8701-378a8a4e96d7 HTTP/1.1" status: 204 len: 168 time: 0.2772763
Sep 01 21:29:05.482345 dv-cinder-760038-7-smb neutron-server[94429]: DEBUG neutron.plugins.ml2.drivers.helpers [None req-fba9d0f4-7bd0-4062-869a-b0d3307907e2 admin admin] vlan segment allocate from pool success with {'physical_network': 'physnet1', 'vlan_id': 69} {{(pid=94429) allocate_partially_specified_segment /opt/stack/neutron/neutron/plugins/ml2/drivers/helpers.py:153}}
Sep 01 21:29:05.493402 dv-cinder-760038-7-smb neutron-server[94429]: DEBUG neutron.api.rpc.handlers.resources_rpc [None req-32289b57-a284-46e2-8905-7cf8731c7c12 admin admin] Pushing event deleted for resources: {'SecurityGroup': ['ID=41949628-b875-4790-8701-378a8a4e96d7,revision_number=None']} {{(pid=94429) push /opt/stack/neutron/neutron/api/rpc/handlers/resources_rpc.py:237}}
Sep 01 21:29:05.499811 dv-cinder-760038-7-smb neutron-server[94429]: DEBUG neutron_lib.callbacks.manager [None req-fba9d0f4-7bd0-4062-869a-b0d3307907e2 admin admin] Notify callbacks ['neutron.plugins.ml2.plugin.Ml2Plugin._handle_segment_change-565063'] for segment, precommit_create {{(pid=94429) _notify_loop /usr/local/lib/python3.8/dist-packages/neutron_lib/callbacks/manager.py:192}}
Sep 01 21:29:05.499965 dv-cinder-760038-7-smb neutron-server[94429]: INFO neutron.db.segments_db [None req-fba9d0f4-7bd0-4062-869a-b0d3307907e2 admin admin] Added segment 19f6d490-ab52-44b7-86f5-f95c33486bbc of type vlan for network 665abd08-cfc1-476c-9c2c-37e6545a710b
Sep 01 21:29:05.541759 dv-cinder-760038-7-smb neutron-server[94429]: DEBUG neutron_lib.callbacks.manager [None req-fba9d0f4-7bd0-4062-869a-b0d3307907e2 admin admin] Notify callbacks ['neutron.services.auto_allocate.db._ensure_external_network_default_value_callback-8786571889098'] for network, precommit_create {{(pid=94429) _notify_loop /usr/local/lib/python3.8/dist-packages/neutron_lib/callbacks/manager.py:192}}
Sep 01 21:29:05.601018 dv-cinder-760038-7-smb neutron-server[94428]: INFO neutron.wsgi [req-67e856f0-bdd2-4fe5-b751-41c5d8324c19 req-b29b92da-b737-47cd-bf14-29bbed579d54 tempest-VolumesSnapshotTestJSON-1122429438 tempest-VolumesSnapshotTestJSON-1122429438-project] 10.222.0.23 "GET /v2.0/ports?device_id=b4046196-6b50-48da-9b86-bb2a5e1a5e43 HTTP/1.1" status: 200 len: 210 time: 0.0313969
Sep 01 21:29:05.668109 dv-cinder-760038-7-smb neutron-server[94429]: DEBUG neutron_lib.callbacks.manager [None req-fba9d0f4-7bd0-4062-869a-b0d3307907e2 admin admin] Notify callbacks ['neutron.plugins.ml2.ovo_rpc._ObjectChangeHandler.handle_event-16340016', 'neutron.api.rpc.agentnotifiers.dhcp_rpc_agent_api.DhcpAgentNotifyAPI._native_event_send_dhcp_notification-16221918'] for network, after_create {{(pid=94429) _notify_loop /usr/local/lib/python3.8/dist-packages/neutron_lib/callbacks/manager.py:192}}
Sep 01 21:29:05.669045 dv-cinder-760038-7-smb neutron-server[94429]: DEBUG neutron.pecan_wsgi.hooks.policy_enforcement [None req-fba9d0f4-7bd0-4062-869a-b0d3307907e2 admin admin] Attributes excluded by policy engine: ['standard_attr_id', 'vlan_transparent'] {{(pid=94429) _exclude_attributes_by_policy /opt/stack/neutron/neutron/pecan_wsgi/hooks/policy_enforcement.py:255}}
Sep 01 21:29:05.669642 dv-cinder-760038-7-smb neutron-server[94429]: DEBUG neutron_lib.callbacks.manager [None req-fba9d0f4-7bd0-4062-869a-b0d3307907e2 admin admin] Notify callbacks ['neutron.api.rpc.agentnotifiers.dhcp_rpc_agent_api.DhcpAgentNotifyAPI._send_dhcp_notification-16221928'] for network, before_response {{(pid=94429) _notify_loop /usr/local/lib/python3.8/dist-packages/neutron_lib/callbacks/manager.py:192}}
Sep 01 21:29:05.708898 dv-cinder-760038-7-smb neutron-server[94428]: DEBUG neutron.pecan_wsgi.hooks.policy_enforcement [req-0697f83a-f49c-4817-9c13-6d1a6c9945e3 req-e917003b-da64-4a85-b85b-3c4e7f30f3bd tempest-VolumesSnapshotTestJSON-1122429438 tempest-VolumesSnapshotTestJSON-1122429438-project] Attributes excluded by policy engine: ['standard_attr_id', 'vlan_transparent', 'provider:network_type', 'provider:physical_network', 'provider:segmentation_id'] {{(pid=94428) _exclude_attributes_by_policy /opt/stack/neutron/neutron/pecan_wsgi/hooks/policy_enforcement.py:255}}
Sep 01 21:29:05.710367 dv-cinder-760038-7-smb neutron-server[94428]: INFO neutron.wsgi [req-0697f83a-f49c-4817-9c13-6d1a6c9945e3 req-e917003b-da64-4a85-b85b-3c4e7f30f3bd tempest-VolumesSnapshotTestJSON-1122429438 tempest-VolumesSnapshotTestJSON-1122429438-project] 10.222.0.18 "GET /v2.0/networks?id=2872ff3a-cda5-4a3e-a557-9713d58496ee HTTP/1.1" status: 200 len: 813 time: 0.1049354
Sep 01 21:29:05.724439 dv-cinder-760038-7-smb neutron-server[94428]: DEBUG neutron.api.v2.base [req-0697f83a-f49c-4817-9c13-6d1a6c9945e3 req-defd0748-4f3a-433d-9f05-7c8df218cb01 tempest-VolumesSnapshotTestJSON-1122429438 tempest-VolumesSnapshotTestJSON-1122429438-project] Request body: {'port': {'device_id': 'b4046196-6b50-48da-9b86-bb2a5e1a5e43', 'network_id': '2872ff3a-cda5-4a3e-a557-9713d58496ee', 'admin_state_up': True, 'tenant_id': 'f610c063c1e24b659935b64cabb9ee75'}} {{(pid=94428) prepare_request_body /opt/stack/neutron/neutron/api/v2/base.py:730}}
Sep 01 21:29:05.732406 dv-cinder-760038-7-smb neutron-server[94429]: DEBUG neutron.api.rpc.handlers.resources_rpc [None req-fba9d0f4-7bd0-4062-869a-b0d3307907e2 admin admin] Pushing event updated for resources: {'Network': ['ID=665abd08-cfc1-476c-9c2c-37e6545a710b,revision_number=1']} {{(pid=94429) push /opt/stack/neutron/neutron/api/rpc/handlers/resources_rpc.py:237}}
Sep 01 21:29:05.744217 dv-cinder-760038-7-smb neutron-server[94430]: DEBUG neutron.plugins.ml2.rpc [None req-baff19cb-258a-4c39-90cd-732ac6f70e8a None None] Network 665abd08-cfc1-476c-9c2c-37e6545a710b details requested by agent ovs-agent-dv-cinder-760038-7-smb with host dv-cinder-760038-7-smb {{(pid=94430) get_network_details /opt/stack/neutron/neutron/plugins/ml2/rpc.py:248}}
Sep 01 21:29:05.761627 dv-cinder-760038-7-smb neutron-server[94429]: INFO neutron.wsgi [None req-fba9d0f4-7bd0-4062-869a-b0d3307907e2 admin admin] 10.222.0.23 "POST /v2.0/networks HTTP/1.1" status: 201 len: 881 time: 0.9679053
Sep 01 21:29:05.762123 dv-cinder-760038-7-smb neutron-server[94428]: DEBUG neutron.wsgi [-] (94428) accepted ('10.222.0.23', 48848) {{(pid=94428) server /usr/local/lib/python3.8/dist-packages/eventlet/wsgi.py:982}}
Sep 01 21:29:05.769176 dv-cinder-760038-7-smb neutron-server[94428]: DEBUG neutron.api.v2.base [None req-c36a038e-8008-4ac9-b0ab-8ecda2264649 admin admin] Request body: {'subnet': {'network_id': '665abd08-cfc1-476c-9c2c-37e6545a710b', 'cidr': '172.20.0.0/28', 'name': 'tempest-VolumesActionsTest-1405263298-subnet', 'tenant_id': 'eadc0dfa366d4624a4da90407628bc3f', 'enable_dhcp': False, 'ip_version': 4}} {{(pid=94428) prepare_request_body /opt/stack/neutron/neutron/api/v2/base.py:730}}
Sep 01 21:29:05.900817 dv-cinder-760038-7-smb neutron-server[94428]: DEBUG neutron.pecan_wsgi.hooks.quota_enforcement [None req-c36a038e-8008-4ac9-b0ab-8ecda2264649 admin admin] Made reservation on behalf of eadc0dfa366d4624a4da90407628bc3f for: {'subnet': 1} {{(pid=94428) before /opt/stack/neutron/neutron/pecan_wsgi/hooks/quota_enforcement.py:53}}
Sep 01 21:29:05.903115 dv-cinder-760038-7-smb neutron-server[94428]: DEBUG neutron_lib.callbacks.manager [None req-c36a038e-8008-4ac9-b0ab-8ecda2264649 admin admin] Notify callbacks ['neutron.services.segments.plugin.SegmentHostRoutes.host_routes_before_create-13970513'] for subnet, before_create {{(pid=94428) _notify_loop /usr/local/lib/python3.8/dist-packages/neutron_lib/callbacks/manager.py:192}}
Sep 01 21:29:06.001231 dv-cinder-760038-7-smb neutron-server[94428]: DEBUG neutron.pecan_wsgi.hooks.quota_enforcement [req-0697f83a-f49c-4817-9c13-6d1a6c9945e3 req-defd0748-4f3a-433d-9f05-7c8df218cb01 tempest-VolumesSnapshotTestJSON-1122429438 tempest-VolumesSnapshotTestJSON-1122429438-project] Made reservation on behalf of f610c063c1e24b659935b64cabb9ee75 for: {'port': 1} {{(pid=94428) before /opt/stack/neutron/neutron/pecan_wsgi/hooks/quota_enforcement.py:53}}
Sep 01 21:29:06.004866 dv-cinder-760038-7-smb neutron-server[94428]: DEBUG neutron_lib.callbacks.manager [req-0697f83a-f49c-4817-9c13-6d1a6c9945e3 req-defd0748-4f3a-433d-9f05-7c8df218cb01 tempest-VolumesSnapshotTestJSON-1122429438 tempest-VolumesSnapshotTestJSON-1122429438-project] Notify callbacks ['neutron.plugins.ml2.plugin.SecurityGroupDbMixin._ensure_default_security_group_handler-663718'] for port, before_create {{(pid=94428) _notify_loop /usr/local/lib/python3.8/dist-packages/neutron_lib/callbacks/manager.py:192}}
Sep 01 21:29:06.213411 dv-cinder-760038-7-smb neutron-server[94428]: DEBUG neutron.pecan_wsgi.hooks.policy_enforcement [req-9be0edba-96bc-4c66-91d6-bd53da00cb2b req-39fead49-b9ea-429c-a392-cbf2ff1b2826 tempest-ServerRescueNegativeTestJSON-2138441906 tempest-ServerRescueNegativeTestJSON-2138441906-project] Attributes excluded by policy engine: ['standard_attr_id', 'binding:profile', 'binding:host_id', 'binding:vif_type', 'binding:vif_details'] {{(pid=94428) _exclude_attributes_by_policy /opt/stack/neutron/neutron/pecan_wsgi/hooks/policy_enforcement.py:255}}
Sep 01 21:29:06.215192 dv-cinder-760038-7-smb neutron-server[94428]: INFO neutron.wsgi [req-9be0edba-96bc-4c66-91d6-bd53da00cb2b req-39fead49-b9ea-429c-a392-cbf2ff1b2826 tempest-ServerRescueNegativeTestJSON-2138441906 tempest-ServerRescueNegativeTestJSON-2138441906-project] 10.222.0.23 "GET /v2.0/ports?device_id=c4426363-ad7c-4a43-836e-da7292fda8ca HTTP/1.1" status: 200 len: 945 time: 0.1273823
Sep 01 21:29:06.256596 dv-cinder-760038-7-smb neutron-server[94428]: DEBUG neutron.db.db_base_plugin_common [req-0697f83a-f49c-4817-9c13-6d1a6c9945e3 req-defd0748-4f3a-433d-9f05-7c8df218cb01 tempest-VolumesSnapshotTestJSON-1122429438 tempest-VolumesSnapshotTestJSON-1122429438-project] Allocated IP 172.20.0.2 (2872ff3a-cda5-4a3e-a557-9713d58496ee/3cee8e4e-0f07-495e-bfb3-858f2e09c12d/d9dd9565-b5aa-48e3-9092-1e6eab266910) {{(pid=94428) _store_ip_allocation /opt/stack/neutron/neutron/db/db_base_plugin_common.py:131}}
Sep 01 21:29:06.268930 dv-cinder-760038-7-smb neutron-server[94428]: DEBUG neutron_lib.callbacks.manager [None req-c36a038e-8008-4ac9-b0ab-8ecda2264649 admin admin] Notify callbacks ['neutron.plugins.ml2.ovo_rpc._ObjectChangeHandler.handle_event-16340198', 'neutron.api.rpc.agentnotifiers.dhcp_rpc_agent_api.DhcpAgentNotifyAPI._native_event_send_dhcp_notification-16221918', 'neutron.services.segments.plugin.NovaSegmentNotifier._notify_subnet_created-14038069', 'neutron.services.segments.plugin.SegmentHostRoutes.host_routes_after_create-13970499'] for subnet, after_create {{(pid=94428) _notify_loop /usr/local/lib/python3.8/dist-packages/neutron_lib/callbacks/manager.py:192}}
Sep 01 21:29:06.302670 dv-cinder-760038-7-smb neutron-server[94429]: DEBUG neutron.wsgi [-] (94429) accepted ('10.222.0.23', 48870) {{(pid=94429) server /usr/local/lib/python3.8/dist-packages/eventlet/wsgi.py:982}}
Sep 01 21:29:06.306145 dv-cinder-760038-7-smb neutron-server[94428]: INFO neutron.wsgi [req-9be0edba-96bc-4c66-91d6-bd53da00cb2b req-6a217c13-2bc1-4ff1-b488-fdd8d4064cd3 tempest-ServerRescueNegativeTestJSON-2138441906 tempest-ServerRescueNegativeTestJSON-2138441906-project] 10.222.0.23 "GET /v2.0/security-groups?id=4c0b72b0-2d95-49e8-a6b4-f69e19f62977&fields=id&fields=name HTTP/1.1" status: 200 len: 286 time: 0.0831957
Sep 01 21:29:06.322369 dv-cinder-760038-7-smb neutron-server[94429]: DEBUG neutron_lib.callbacks.manager [None req-519bc94b-2389-4a04-8f7a-b36218941a3b admin admin] Notify callbacks [] for security_group, before_create {{(pid=94429) _notify_loop /usr/local/lib/python3.8/dist-packages/neutron_lib/callbacks/manager.py:192}}
Sep 01 21:29:06.363692 dv-cinder-760038-7-smb neutron-server[94428]: DEBUG neutron.api.rpc.handlers.resources_rpc [None req-c36a038e-8008-4ac9-b0ab-8ecda2264649 admin admin] Pushing event updated for resources: {'Subnet': ['ID=ece2c44a-14ee-4c64-b5c3-f1d989064738,revision_number=0']} {{(pid=94428) push /opt/stack/neutron/neutron/api/rpc/handlers/resources_rpc.py:237}}
Sep 01 21:29:06.404359 dv-cinder-760038-7-smb neutron-server[94428]: DEBUG neutron.plugins.ml2.drivers.mech_agent [None req-c36a038e-8008-4ac9-b0ab-8ecda2264649 admin admin] Checking segment: {'id': '19f6d490-ab52-44b7-86f5-f95c33486bbc', 'network_type': 'vlan', 'physical_network': 'physnet1', 'segmentation_id': 69, 'network_id': '665abd08-cfc1-476c-9c2c-37e6545a710b'} for mappings: {'physnet1': 'br-data'} with network types: ['local', 'flat', 'vlan'] {{(pid=94428) check_segment_for_agent /opt/stack/neutron/neutron/plugins/ml2/drivers/mech_agent.py:352}}
Sep 01 21:29:06.404715 dv-cinder-760038-7-smb neutron-server[94428]: DEBUG neutron.scheduler.dhcp_agent_scheduler [None req-c36a038e-8008-4ac9-b0ab-8ecda2264649 admin admin] Network hostable DHCP agents. Network: 665abd08-cfc1-476c-9c2c-37e6545a710b, hostable agents: ['9dc1e41f-1621-4469-a60e-0eb04464a9af'], hosted agents: [] {{(pid=94428) _get_network_hostable_dhcp_agents /opt/stack/neutron/neutron/scheduler/dhcp_agent_scheduler.py:329}}
Sep 01 21:29:06.480168 dv-cinder-760038-7-smb neutron-server[94428]: DEBUG neutron_lib.callbacks.manager [req-0697f83a-f49c-4817-9c13-6d1a6c9945e3 req-defd0748-4f3a-433d-9f05-7c8df218cb01 tempest-VolumesSnapshotTestJSON-1122429438 tempest-VolumesSnapshotTestJSON-1122429438-project] Notify callbacks [] for port, precommit_create {{(pid=94428) _notify_loop /usr/local/lib/python3.8/dist-packages/neutron_lib/callbacks/manager.py:192}}
Sep 01 21:29:06.559548 dv-cinder-760038-7-smb neutron-server[94428]: DEBUG neutron.scheduler.dhcp_agent_scheduler [None req-c36a038e-8008-4ac9-b0ab-8ecda2264649 admin admin] Network 665abd08-cfc1-476c-9c2c-37e6545a710b is scheduled to be hosted by DHCP agent 9dc1e41f-1621-4469-a60e-0eb04464a9af with binding_index 1 {{(pid=94428) bind /opt/stack/neutron/neutron/scheduler/dhcp_agent_scheduler.py:227}}
Sep 01 21:29:06.583380 dv-cinder-760038-7-smb neutron-server[94429]: DEBUG neutron_lib.callbacks.manager [None req-519bc94b-2389-4a04-8f7a-b36218941a3b admin admin] Notify callbacks [] for security_group, precommit_create {{(pid=94429) _notify_loop /usr/local/lib/python3.8/dist-packages/neutron_lib/callbacks/manager.py:192}}
Sep 01 21:29:06.610910 dv-cinder-760038-7-smb neutron-server[94428]: DEBUG neutron_lib.callbacks.manager [req-0697f83a-f49c-4817-9c13-6d1a6c9945e3 req-defd0748-4f3a-433d-9f05-7c8df218cb01 tempest-VolumesSnapshotTestJSON-1122429438 tempest-VolumesSnapshotTestJSON-1122429438-project] Notify callbacks ['neutron.plugins.ml2.plugin.SecurityGroupServerNotifierRpcMixin._notify_sg_on_port_change-662379', 'neutron.plugins.ml2.ovo_rpc._ObjectChangeHandler.handle_event-47525', 'neutron.api.rpc.agentnotifiers.dhcp_rpc_agent_api.DhcpAgentNotifyAPI._native_event_send_dhcp_notification-16221918', 'neutron.db.l3_dvrscheduler_db._notify_l3_agent_new_port-8786571918969', 'neutron.services.segments.plugin.NovaSegmentNotifier._notify_port_created_or_deleted-14038209'] for port, after_create {{(pid=94428) _notify_loop /usr/local/lib/python3.8/dist-packages/neutron_lib/callbacks/manager.py:192}}
Sep 01 21:29:06.633685 dv-cinder-760038-7-smb neutron-server[94429]: DEBUG neutron_lib.callbacks.manager [None req-519bc94b-2389-4a04-8f7a-b36218941a3b admin admin] Notify callbacks ['neutron.plugins.ml2.ovo_rpc._ObjectChangeHandler.handle_event-16342171'] for security_group, after_create {{(pid=94429) _notify_loop /usr/local/lib/python3.8/dist-packages/neutron_lib/callbacks/manager.py:192}}
Sep 01 21:29:06.655674 dv-cinder-760038-7-smb neutron-server[94428]: DEBUG neutron.scheduler.base_scheduler [None req-c36a038e-8008-4ac9-b0ab-8ecda2264649 admin admin] Resources bound (agent type, host, resource id): (DHCP agent, dv-cinder-760038-7-smb, 665abd08-cfc1-476c-9c2c-37e6545a710b) {{(pid=94428) schedule /opt/stack/neutron/neutron/scheduler/base_scheduler.py:57}}
Sep 01 21:29:06.668576 dv-cinder-760038-7-smb neutron-server[94430]: DEBUG neutron.api.rpc.handlers.dhcp_rpc [None req-87cd3390-4839-450f-8dfb-70b6f7f34d2b None None] Network 665abd08-cfc1-476c-9c2c-37e6545a710b requested from dv-cinder-760038-7-smb {{(pid=94430) get_network_info /opt/stack/neutron/neutron/api/rpc/handlers/dhcp_rpc.py:218}}
Sep 01 21:29:06.673977 dv-cinder-760038-7-smb neutron-server[94428]: DEBUG neutron.pecan_wsgi.hooks.policy_enforcement [None req-c36a038e-8008-4ac9-b0ab-8ecda2264649 admin admin] Attributes excluded by policy engine: ['standard_attr_id', 'shared', 'segment_id', 'network'] {{(pid=94428) _exclude_attributes_by_policy /opt/stack/neutron/neutron/pecan_wsgi/hooks/policy_enforcement.py:255}}
Sep 01 21:29:06.674777 dv-cinder-760038-7-smb neutron-server[94428]: DEBUG neutron_lib.callbacks.manager [None req-c36a038e-8008-4ac9-b0ab-8ecda2264649 admin admin] Notify callbacks ['neutron.api.rpc.agentnotifiers.dhcp_rpc_agent_api.DhcpAgentNotifyAPI._send_dhcp_notification-16221928'] for subnet, before_response {{(pid=94428) _notify_loop /usr/local/lib/python3.8/dist-packages/neutron_lib/callbacks/manager.py:192}}
Sep 01 21:29:06.680899 dv-cinder-760038-7-smb neutron-server[94429]: DEBUG neutron.api.rpc.handlers.resources_rpc [None req-519bc94b-2389-4a04-8f7a-b36218941a3b admin admin] Pushing event updated for resources: {'SecurityGroup': ['ID=7ff0c8cb-c01d-40ce-b3da-589909af206e,revision_number=1']} {{(pid=94429) push /opt/stack/neutron/neutron/api/rpc/handlers/resources_rpc.py:237}}
Sep 01 21:29:06.685915 dv-cinder-760038-7-smb neutron-server[94429]: INFO neutron.wsgi [None req-519bc94b-2389-4a04-8f7a-b36218941a3b admin admin] 10.222.0.23 "GET /v2.0/security-groups?tenant_id=ca7b8f302bac471b80e7de0a1cb23df1&name=default HTTP/1.1" status: 200 len: 2979 time: 0.3820269
Sep 01 21:29:06.688565 dv-cinder-760038-7-smb neutron-server[94429]: DEBUG neutron.wsgi [-] (94429) accepted ('10.222.0.23', 48886) {{(pid=94429) server /usr/local/lib/python3.8/dist-packages/eventlet/wsgi.py:982}}
Sep 01 21:29:06.692499 dv-cinder-760038-7-smb neutron-server[94428]: DEBUG neutron.scheduler.dhcp_agent_scheduler [req-0697f83a-f49c-4817-9c13-6d1a6c9945e3 req-defd0748-4f3a-433d-9f05-7c8df218cb01 tempest-VolumesSnapshotTestJSON-1122429438 tempest-VolumesSnapshotTestJSON-1122429438-project] Network 2872ff3a-cda5-4a3e-a557-9713d58496ee is already hosted by enough agents. {{(pid=94428) _get_dhcp_agents_hosting_network /opt/stack/neutron/neutron/scheduler/dhcp_agent_scheduler.py:275}}
Sep 01 21:29:06.701121 dv-cinder-760038-7-smb neutron-server[94428]: DEBUG neutron.scheduler.base_scheduler [req-0697f83a-f49c-4817-9c13-6d1a6c9945e3 req-defd0748-4f3a-433d-9f05-7c8df218cb01 tempest-VolumesSnapshotTestJSON-1122429438 tempest-VolumesSnapshotTestJSON-1122429438-project] Resources bound (agent type, host, resource id): {{(pid=94428) schedule /opt/stack/neutron/neutron/scheduler/base_scheduler.py:57}}
Sep 01 21:29:06.704825 dv-cinder-760038-7-smb neutron-server[94428]: DEBUG neutron.db.l3_dvrscheduler_db [req-0697f83a-f49c-4817-9c13-6d1a6c9945e3 req-defd0748-4f3a-433d-9f05-7c8df218cb01 tempest-VolumesSnapshotTestJSON-1122429438 tempest-VolumesSnapshotTestJSON-1122429438-project] Received port after_create {{(pid=94428) _notify_l3_agent_new_port /opt/stack/neutron/neutron/db/l3_dvrscheduler_db.py:535}}
Sep 01 21:29:06.741540 dv-cinder-760038-7-smb neutron-server[94428]: DEBUG neutron.api.rpc.handlers.resources_rpc [None req-defd0748-4f3a-433d-9f05-7c8df218cb01 tempest-VolumesSnapshotTestJSON-1122429438 tempest-VolumesSnapshotTestJSON-1122429438-project] Pushing event updated for resources: {'Port': ['ID=d9dd9565-b5aa-48e3-9092-1e6eab266910,revision_number=1']} {{(pid=94428) push /opt/stack/neutron/neutron/api/rpc/handlers/resources_rpc.py:237}}
Sep 01 21:29:06.762135 dv-cinder-760038-7-smb neutron-server[94429]: DEBUG neutron_lib.callbacks.manager [None req-4b49545f-ab16-444d-8590-caa9fd455636 admin admin] Notify callbacks [] for security_group, before_delete {{(pid=94429) _notify_loop /usr/local/lib/python3.8/dist-packages/neutron_lib/callbacks/manager.py:192}}
Sep 01 21:29:06.779564 dv-cinder-760038-7-smb neutron-server[94429]: DEBUG neutron_lib.callbacks.manager [None req-4b49545f-ab16-444d-8590-caa9fd455636 admin admin] Notify callbacks [] for security_group, precommit_delete {{(pid=94429) _notify_loop /usr/local/lib/python3.8/dist-packages/neutron_lib/callbacks/manager.py:192}}
Sep 01 21:29:06.780104 dv-cinder-760038-7-smb neutron-server[94428]: INFO neutron.wsgi [None req-c36a038e-8008-4ac9-b0ab-8ecda2264649 admin admin] 10.222.0.23 "POST /v2.0/subnets HTTP/1.1" status: 201 len: 846 time: 1.0174575
Sep 01 21:29:06.792353 dv-cinder-760038-7-smb neutron-server[94428]: DEBUG neutron.pecan_wsgi.hooks.policy_enforcement [req-0697f83a-f49c-4817-9c13-6d1a6c9945e3 req-defd0748-4f3a-433d-9f05-7c8df218cb01 tempest-VolumesSnapshotTestJSON-1122429438 tempest-VolumesSnapshotTestJSON-1122429438-project] Attributes excluded by policy engine: ['standard_attr_id', 'binding:profile', 'binding:host_id', 'binding:vif_type', 'binding:vif_details', 'network'] {{(pid=94428) _exclude_attributes_by_policy /opt/stack/neutron/neutron/pecan_wsgi/hooks/policy_enforcement.py:255}}
Sep 01 21:29:06.793024 dv-cinder-760038-7-smb neutron-server[94428]: DEBUG neutron_lib.callbacks.manager [req-0697f83a-f49c-4817-9c13-6d1a6c9945e3 req-defd0748-4f3a-433d-9f05-7c8df218cb01 tempest-VolumesSnapshotTestJSON-1122429438 tempest-VolumesSnapshotTestJSON-1122429438-project] Notify callbacks ['neutron.notifiers.nova.Notifier._send_nova_notification-189850', 'neutron.api.rpc.agentnotifiers.dhcp_rpc_agent_api.DhcpAgentNotifyAPI._send_dhcp_notification-16221928'] for port, before_response {{(pid=94428) _notify_loop /usr/local/lib/python3.8/dist-packages/neutron_lib/callbacks/manager.py:192}}
Sep 01 21:29:06.812750 dv-cinder-760038-7-smb neutron-server[94428]: DEBUG neutron.pecan_wsgi.hooks.policy_enforcement [req-c371005a-d1e6-4e44-8d2f-c857248ee8b6 req-8b623a80-0583-4501-b23a-9492b86b045e tempest-VolumesSnapshotTestJSON-1122429438 tempest-VolumesSnapshotTestJSON-1122429438-project] Attributes excluded by policy engine: ['standard_attr_id', 'binding:profile', 'binding:host_id', 'binding:vif_type', 'binding:vif_details'] {{(pid=94428) _exclude_attributes_by_policy /opt/stack/neutron/neutron/pecan_wsgi/hooks/policy_enforcement.py:255}}
Sep 01 21:29:06.814275 dv-cinder-760038-7-smb neutron-server[94428]: INFO neutron.wsgi [req-c371005a-d1e6-4e44-8d2f-c857248ee8b6 req-8b623a80-0583-4501-b23a-9492b86b045e tempest-VolumesSnapshotTestJSON-1122429438 tempest-VolumesSnapshotTestJSON-1122429438-project] 10.222.0.23 "GET /v2.0/ports?device_id=b4046196-6b50-48da-9b86-bb2a5e1a5e43 HTTP/1.1" status: 200 len: 931 time: 0.1199079
Sep 01 21:29:06.836232 dv-cinder-760038-7-smb neutron-server[94430]: DEBUG neutron.api.rpc.handlers.dhcp_rpc [None req-ba9f4d9c-0970-4175-bf28-6da022051491 None None] Network 665abd08-cfc1-476c-9c2c-37e6545a710b requested from dv-cinder-760038-7-smb {{(pid=94430) get_network_info /opt/stack/neutron/neutron/api/rpc/handlers/dhcp_rpc.py:218}}
Sep 01 21:29:06.875207 dv-cinder-760038-7-smb neutron-server[94428]: INFO neutron.wsgi [req-c371005a-d1e6-4e44-8d2f-c857248ee8b6 req-74ac933a-5541-47ca-8ccf-5c6f67d78571 tempest-VolumesSnapshotTestJSON-1122429438 tempest-VolumesSnapshotTestJSON-1122429438-project] 10.222.0.23 "GET /v2.0/security-groups?id=112d74b7-7caf-4d85-b1f4-fa48370dabcc&fields=id&fields=name HTTP/1.1" status: 200 len: 286 time: 0.0530190
Sep 01 21:29:06.899551 dv-cinder-760038-7-smb neutron-server[94428]: INFO neutron.wsgi [req-0697f83a-f49c-4817-9c13-6d1a6c9945e3 req-defd0748-4f3a-433d-9f05-7c8df218cb01 tempest-VolumesSnapshotTestJSON-1122429438 tempest-VolumesSnapshotTestJSON-1122429438-project] 10.222.0.18 "POST /v2.0/ports HTTP/1.1" status: 201 len: 933 time: 1.1769536
Sep 01 21:29:06.912328 dv-cinder-760038-7-smb neutron-server[94428]: DEBUG neutron.api.v2.base [req-0697f83a-f49c-4817-9c13-6d1a6c9945e3 req-82c4b84e-4784-4168-9362-d7fc377c2a8a service neutron] Request body: {'port': {'device_id': 'b4046196-6b50-48da-9b86-bb2a5e1a5e43', 'device_owner': 'compute:nova', 'binding:host_id': 'hv-cinder-76003'}} {{(pid=94428) prepare_request_body /opt/stack/neutron/neutron/api/v2/base.py:730}}
Sep 01 21:29:06.987735 dv-cinder-760038-7-smb neutron-server[94429]: DEBUG neutron_lib.callbacks.manager [None req-4b49545f-ab16-444d-8590-caa9fd455636 admin admin] Notify callbacks ['neutron.plugins.ml2.ovo_rpc._ObjectChangeHandler.handle_event-16342171'] for security_group, after_delete {{(pid=94429) _notify_loop /usr/local/lib/python3.8/dist-packages/neutron_lib/callbacks/manager.py:192}}
Sep 01 21:29:06.990413 dv-cinder-760038-7-smb neutron-server[94429]: DEBUG neutron_lib.callbacks.manager [None req-4b49545f-ab16-444d-8590-caa9fd455636 admin admin] Notify callbacks [] for security_group, before_response {{(pid=94429) _notify_loop /usr/local/lib/python3.8/dist-packages/neutron_lib/callbacks/manager.py:192}}
Sep 01 21:29:06.991762 dv-cinder-760038-7-smb neutron-server[94429]: INFO neutron.wsgi [None req-4b49545f-ab16-444d-8590-caa9fd455636 admin admin] 10.222.0.23 "DELETE /v2.0/security-groups/7ff0c8cb-c01d-40ce-b3da-589909af206e HTTP/1.1" status: 204 len: 168 time: 0.3007517
Sep 01 21:29:07.006282 dv-cinder-760038-7-smb neutron-server[94428]: DEBUG neutron_lib.callbacks.manager [req-0697f83a-f49c-4817-9c13-6d1a6c9945e3 req-82c4b84e-4784-4168-9362-d7fc377c2a8a service neutron] Notify callbacks ['neutron.plugins.ml2.plugin.SecurityGroupDbMixin._ensure_default_security_group_handler-663718'] for port, before_update {{(pid=94428) _notify_loop /usr/local/lib/python3.8/dist-packages/neutron_lib/callbacks/manager.py:192}}
Sep 01 21:29:07.006976 dv-cinder-760038-7-smb neutron-server[94429]: DEBUG neutron.api.rpc.handlers.resources_rpc [None req-4b49545f-ab16-444d-8590-caa9fd455636 admin admin] Pushing event deleted for resources: {'SecurityGroup': ['ID=7ff0c8cb-c01d-40ce-b3da-589909af206e,revision_number=None']} {{(pid=94429) push /opt/stack/neutron/neutron/api/rpc/handlers/resources_rpc.py:237}}
Sep 01 21:29:07.348791 dv-cinder-760038-7-smb neutron-server[94428]: DEBUG neutron.notifiers.nova [req-0697f83a-f49c-4817-9c13-6d1a6c9945e3 req-82c4b84e-4784-4168-9362-d7fc377c2a8a service neutron] Ignoring state change previous_port_status: DOWN current_port_status: DOWN port_id d9dd9565-b5aa-48e3-9092-1e6eab266910 {{(pid=94428) record_port_status_changed /opt/stack/neutron/neutron/notifiers/nova.py:224}}
Sep 01 21:29:07.359409 dv-cinder-760038-7-smb neutron-server[94428]: DEBUG neutron_lib.callbacks.manager [req-0697f83a-f49c-4817-9c13-6d1a6c9945e3 req-82c4b84e-4784-4168-9362-d7fc377c2a8a service neutron] Notify callbacks [] for port, precommit_update {{(pid=94428) _notify_loop /usr/local/lib/python3.8/dist-packages/neutron_lib/callbacks/manager.py:192}}
Sep 01 21:29:07.381596 dv-cinder-760038-7-smb neutron-server[94428]: DEBUG neutron.db.provisioning_blocks [req-0697f83a-f49c-4817-9c13-6d1a6c9945e3 req-82c4b84e-4784-4168-9362-d7fc377c2a8a service neutron] Transition to ACTIVE for port object d9dd9565-b5aa-48e3-9092-1e6eab266910 will not be triggered until provisioned by entity L2. {{(pid=94428) add_provisioning_component /opt/stack/neutron/neutron/db/provisioning_blocks.py:73}}
Sep 01 21:29:07.404342 dv-cinder-760038-7-smb neutron-server[94428]: DEBUG neutron.pecan_wsgi.hooks.policy_enforcement [req-03e353ee-8e57-4347-9ee3-6dce9933c4b3 req-16beb379-7a49-4d6f-96eb-da1da9a006f7 tempest-VolumesActionsTest-477568538 tempest-VolumesActionsTest-477568538-project] Attributes excluded by policy engine: ['standard_attr_id', 'vlan_transparent', 'provider:network_type', 'provider:physical_network', 'provider:segmentation_id'] {{(pid=94428) _exclude_attributes_by_policy /opt/stack/neutron/neutron/pecan_wsgi/hooks/policy_enforcement.py:255}}
Sep 01 21:29:07.405889 dv-cinder-760038-7-smb neutron-server[94428]: INFO neutron.wsgi [req-03e353ee-8e57-4347-9ee3-6dce9933c4b3 req-16beb379-7a49-4d6f-96eb-da1da9a006f7 tempest-VolumesActionsTest-477568538 tempest-VolumesActionsTest-477568538-project] 10.222.0.23 "GET /v2.0/networks?id=d97e7a2e-459e-41ae-a02b-6a7b87715cf4 HTTP/1.1" status: 200 len: 809 time: 0.1544631
Sep 01 21:29:07.423381 dv-cinder-760038-7-smb neutron-server[94428]: INFO neutron.wsgi [req-03e353ee-8e57-4347-9ee3-6dce9933c4b3 req-55575db4-866e-40a2-8a19-78694aa3f97d tempest-VolumesActionsTest-477568538 tempest-VolumesActionsTest-477568538-project] 10.222.0.23 "GET /v2.0/quotas/015caae0340a4ea395e3acc7cae93ca7 HTTP/1.1" status: 200 len: 375 time: 0.0101538
Sep 01 21:29:07.433465 dv-cinder-760038-7-smb neutron-server[94429]: DEBUG neutron.pecan_wsgi.hooks.policy_enforcement [req-43877861-172f-4d2f-8970-f3c769c78d31 req-480e9d3d-6cdb-4415-872d-220684c675db tempest-ServerRescueNegativeTestJSON-2138441906 tempest-ServerRescueNegativeTestJSON-2138441906-project] Attributes excluded by policy engine: ['standard_attr_id', 'binding:profile', 'binding:host_id', 'binding:vif_type', 'binding:vif_details'] {{(pid=94429) _exclude_attributes_by_policy /opt/stack/neutron/neutron/pecan_wsgi/hooks/policy_enforcement.py:255}}
Sep 01 21:29:07.435035 dv-cinder-760038-7-smb neutron-server[94429]: INFO neutron.wsgi [req-43877861-172f-4d2f-8970-f3c769c78d31 req-480e9d3d-6cdb-4415-872d-220684c675db tempest-ServerRescueNegativeTestJSON-2138441906 tempest-ServerRescueNegativeTestJSON-2138441906-project] 10.222.0.23 "GET /v2.0/ports?device_id=c4426363-ad7c-4a43-836e-da7292fda8ca HTTP/1.1" status: 200 len: 945 time: 0.0517836
Sep 01 21:29:07.458797 dv-cinder-760038-7-smb neutron-server[94428]: INFO neutron.wsgi [req-03e353ee-8e57-4347-9ee3-6dce9933c4b3 req-b423af25-24ff-417f-ae4e-7d981eb1cb7b tempest-VolumesActionsTest-477568538 tempest-VolumesActionsTest-477568538-project] 10.222.0.23 "GET /v2.0/ports?tenant_id=015caae0340a4ea395e3acc7cae93ca7&fields=id HTTP/1.1" status: 200 len: 210 time: 0.0294180
Sep 01 21:29:07.476250 dv-cinder-760038-7-smb neutron-server[94429]: INFO neutron.wsgi [req-43877861-172f-4d2f-8970-f3c769c78d31 req-d291408e-c5ad-4dcd-9e37-a169ed51e9b7 tempest-ServerRescueNegativeTestJSON-2138441906 tempest-ServerRescueNegativeTestJSON-2138441906-project] 10.222.0.23 "GET /v2.0/security-groups?id=4c0b72b0-2d95-49e8-a6b4-f69e19f62977&fields=id&fields=name HTTP/1.1" status: 200 len: 286 time: 0.0343127
Sep 01 21:29:07.502458 dv-cinder-760038-7-smb neutron-server[94428]: DEBUG neutron_lib.callbacks.manager [req-0697f83a-f49c-4817-9c13-6d1a6c9945e3 req-82c4b84e-4784-4168-9362-d7fc377c2a8a service neutron] Notify callbacks ['neutron.plugins.ml2.plugin.SecurityGroupServerNotifierRpcMixin._notify_sg_on_port_change-662379', 'neutron.plugins.ml2.ovo_rpc._ObjectChangeHandler.handle_event-47525', 'neutron.api.rpc.agentnotifiers.dhcp_rpc_agent_api.DhcpAgentNotifyAPI._native_event_send_dhcp_notification-16221918', 'neutron.db.l3_db.L3RpcNotifierMixin._notify_gateway_port_ip_changed-8786572290461', 'neutron.db.l3_dvrscheduler_db._notify_l3_agent_port_update-8786571918987', 'neutron.db.l3_hascheduler_db._notify_l3_agent_ha_port_update-8786571919005', 'neutron.services.segments.plugin.NovaSegmentNotifier._notify_port_updated-14038200'] for port, after_update {{(pid=94428) _notify_loop /usr/local/lib/python3.8/dist-packages/neutron_lib/callbacks/manager.py:192}}
Sep 01 21:29:07.595737 dv-cinder-760038-7-smb neutron-server[94428]: DEBUG neutron.api.rpc.handlers.resources_rpc [None req-82c4b84e-4784-4168-9362-d7fc377c2a8a service neutron] Pushing event updated for resources: {'Port': ['ID=d9dd9565-b5aa-48e3-9092-1e6eab266910,revision_number=2']} {{(pid=94428) push /opt/stack/neutron/neutron/api/rpc/handlers/resources_rpc.py:237}}
Sep 01 21:29:07.615480 dv-cinder-760038-7-smb neutron-server[94428]: INFO neutron.wsgi [req-03e353ee-8e57-4347-9ee3-6dce9933c4b3 req-d7ee1c9f-47b1-4112-859c-b0589fc8bcd9 service neutron] 10.222.0.23 "GET /v2.0/networks/d97e7a2e-459e-41ae-a02b-6a7b87715cf4?fields=segments HTTP/1.1" status: 200 len: 212 time: 0.1476536
Sep 01 21:29:07.724150 dv-cinder-760038-7-smb neutron-server[94428]: DEBUG neutron.plugins.ml2.managers [req-0697f83a-f49c-4817-9c13-6d1a6c9945e3 req-82c4b84e-4784-4168-9362-d7fc377c2a8a service neutron] Attempting to bind port d9dd9565-b5aa-48e3-9092-1e6eab266910 on host hv-cinder-76003 for vnic_type normal with profile {{(pid=94428) bind_port /opt/stack/neutron/neutron/plugins/ml2/managers.py:790}}
