Sep 01 21:28:24.544476 dv-cinder-760038-7-smb neutron-server[94429]: DEBUG neutron.plugins.ml2.db [req-9a3a9953-f568-4fda-bfdc-aa9525b7bb90 req-63584c62-644a-472f-8f1c-0219bf60c2c0 service neutron] For port 678c68b8-3765-4e1f-98ed-37db39f06923, host hv-cinder-76003, set binding levels [PortBindingLevel(driver='hyperv',host='hv-cinder-76003',level=0,port_id=678c68b8-3765-4e1f-98ed-37db39f06923,segment=NetworkSegment(3dc6e450-73a5-4961-8e97-2ca2750d0561),segment_id=3dc6e450-73a5-4961-8e97-2ca2750d0561)] {{(pid=94429) set_binding_levels /opt/stack/neutron/neutron/plugins/ml2/db.py:59}}
Sep 01 21:28:24.598744 dv-cinder-760038-7-smb neutron-server[94428]: DEBUG neutron.pecan_wsgi.hooks.policy_enforcement [req-80130ad6-7e8f-4ede-9b7c-3e898bd688c8 req-12561e93-289e-4dec-8b93-b675d60eb2e2 tempest-AttachVolumeTestJSON-1864877062 tempest-AttachVolumeTestJSON-1864877062-project] Attributes excluded by policy engine: ['standard_attr_id', 'binding:profile', 'binding:host_id', 'binding:vif_type', 'binding:vif_details'] {{(pid=94428) _exclude_attributes_by_policy /opt/stack/neutron/neutron/pecan_wsgi/hooks/policy_enforcement.py:255}}
Sep 01 21:28:24.600515 dv-cinder-760038-7-smb neutron-server[94428]: INFO neutron.wsgi [req-80130ad6-7e8f-4ede-9b7c-3e898bd688c8 req-12561e93-289e-4dec-8b93-b675d60eb2e2 tempest-AttachVolumeTestJSON-1864877062 tempest-AttachVolumeTestJSON-1864877062-project] 10.222.0.23 "GET /v2.0/ports?device_id=e913f4fd-87f6-4888-bbfc-3594d80136c9 HTTP/1.1" status: 200 len: 944 time: 0.0521793
Sep 01 21:28:24.630758 dv-cinder-760038-7-smb neutron-server[94428]: DEBUG neutron_lib.callbacks.manager [None req-d923118e-6030-498d-92a8-3d11fab4a389 admin admin] Notify callbacks [] for security_group, before_create {{(pid=94428) _notify_loop /usr/local/lib/python3.8/dist-packages/neutron_lib/callbacks/manager.py:192}}
Sep 01 21:28:24.661094 dv-cinder-760038-7-smb neutron-server[94428]: INFO neutron.wsgi [req-80130ad6-7e8f-4ede-9b7c-3e898bd688c8 req-26eb2f4f-1abf-4822-b810-9d4d70f11ffb tempest-AttachVolumeTestJSON-1864877062 tempest-AttachVolumeTestJSON-1864877062-project] 10.222.0.23 "GET /v2.0/security-groups?id=4b11f3bf-cf9a-49d8-80d4-40b2e52c34ad&fields=id&fields=name HTTP/1.1" status: 200 len: 313 time: 0.0547042
Sep 01 21:28:24.698697 dv-cinder-760038-7-smb neutron-server[94429]: DEBUG neutron_lib.callbacks.manager [req-9a3a9953-f568-4fda-bfdc-aa9525b7bb90 req-63584c62-644a-472f-8f1c-0219bf60c2c0 service neutron] Notify callbacks ['neutron.plugins.ml2.plugin.SecurityGroupServerNotifierRpcMixin._notify_sg_on_port_change-662379', 'neutron.plugins.ml2.ovo_rpc._ObjectChangeHandler.handle_event-47525', 'neutron.api.rpc.agentnotifiers.dhcp_rpc_agent_api.DhcpAgentNotifyAPI._native_event_send_dhcp_notification-16221918', 'neutron.db.l3_db.L3RpcNotifierMixin._notify_gateway_port_ip_changed-8786572290461', 'neutron.db.l3_dvrscheduler_db._notify_l3_agent_port_update-8786571918987', 'neutron.db.l3_hascheduler_db._notify_l3_agent_ha_port_update-8786571919005'] for port, after_update {{(pid=94429) _notify_loop /usr/local/lib/python3.8/dist-packages/neutron_lib/callbacks/manager.py:192}}
Sep 01 21:28:24.700558 dv-cinder-760038-7-smb neutron-server[94430]: DEBUG neutron_lib.callbacks.manager [None req-df68b201-a589-4dd2-ad17-401143fca8eb None None] Notify callbacks ['neutron.services.segments.db._update_segment_host_mapping_for_agent-8786572413983', 'neutron.plugins.ml2.plugin.Ml2Plugin._retry_binding_revived_agents-569773'] for agent, after_update {{(pid=94430) _notify_loop /usr/local/lib/python3.8/dist-packages/neutron_lib/callbacks/manager.py:192}}
Sep 01 21:28:24.759082 dv-cinder-760038-7-smb neutron-server[94428]: DEBUG neutron_lib.callbacks.manager [None req-d923118e-6030-498d-92a8-3d11fab4a389 admin admin] Notify callbacks [] for security_group, precommit_create {{(pid=94428) _notify_loop /usr/local/lib/python3.8/dist-packages/neutron_lib/callbacks/manager.py:192}}
Sep 01 21:28:24.762013 dv-cinder-760038-7-smb neutron-server[94429]: DEBUG neutron.pecan_wsgi.hooks.policy_enforcement [req-9a3a9953-f568-4fda-bfdc-aa9525b7bb90 req-63584c62-644a-472f-8f1c-0219bf60c2c0 service neutron] Attributes excluded by policy engine: ['standard_attr_id'] {{(pid=94429) _exclude_attributes_by_policy /opt/stack/neutron/neutron/pecan_wsgi/hooks/policy_enforcement.py:255}}
Sep 01 21:28:24.762746 dv-cinder-760038-7-smb neutron-server[94429]: DEBUG neutron_lib.callbacks.manager [req-9a3a9953-f568-4fda-bfdc-aa9525b7bb90 req-63584c62-644a-472f-8f1c-0219bf60c2c0 service neutron] Notify callbacks ['neutron.notifiers.nova.Notifier._send_nova_notification-189850', 'neutron.api.rpc.agentnotifiers.dhcp_rpc_agent_api.DhcpAgentNotifyAPI._send_dhcp_notification-16221928'] for port, before_response {{(pid=94429) _notify_loop /usr/local/lib/python3.8/dist-packages/neutron_lib/callbacks/manager.py:192}}
Sep 01 21:28:24.764280 dv-cinder-760038-7-smb neutron-server[94429]: INFO neutron.wsgi [req-9a3a9953-f568-4fda-bfdc-aa9525b7bb90 req-63584c62-644a-472f-8f1c-0219bf60c2c0 service neutron] 10.222.0.18 "PUT /v2.0/ports/678c68b8-3765-4e1f-98ed-37db39f06923 HTTP/1.1" status: 200 len: 1093 time: 1.4904013
Sep 01 21:28:24.772347 dv-cinder-760038-7-smb neutron-server[94429]: DEBUG neutron.notifiers.nova [-] Sending events: [{'name': 'network-changed', 'server_uuid': 'db575b02-1bb7-4211-a56e-895949db7556', 'tag': '678c68b8-3765-4e1f-98ed-37db39f06923'}] {{(pid=94429) send_events /opt/stack/neutron/neutron/notifiers/nova.py:262}}
Sep 01 21:28:24.772347 dv-cinder-760038-7-smb neutron-server[94429]: DEBUG novaclient.v2.client [-] REQ: curl -g -i --cacert "/opt/stack/data/ca-bundle.pem" -X POST http://10.222.0.23/compute/v2.1/os-server-external-events -H "Accept: application/json" -H "Content-Type: application/json" -H "User-Agent: python-novaclient" -H "X-Auth-Token: {SHA256}44e5e136247a08f3f7eba8ac412a3014f0bdc980722c93ef0166e24af71132b4" -H "X-OpenStack-Nova-API-Version: 2.1" -H "X-OpenStack-Request-ID: req-e45a3e2b-cbc1-46ee-a863-f215b37649c8" -d '{"events": [{"name": "network-changed", "server_uuid": "db575b02-1bb7-4211-a56e-895949db7556", "tag": "678c68b8-3765-4e1f-98ed-37db39f06923"}]}' {{(pid=94429) _http_log_request /usr/local/lib/python3.8/dist-packages/keystoneauth1/session.py:519}}
Sep 01 21:28:24.813741 dv-cinder-760038-7-smb neutron-server[94429]: DEBUG neutron.api.rpc.handlers.resources_rpc [None req-63584c62-644a-472f-8f1c-0219bf60c2c0 service neutron] Pushing event updated for resources: {'Port': ['ID=678c68b8-3765-4e1f-98ed-37db39f06923,revision_number=3']} {{(pid=94429) push /opt/stack/neutron/neutron/api/rpc/handlers/resources_rpc.py:237}}
Sep 01 21:28:24.838853 dv-cinder-760038-7-smb neutron-server[94429]: DEBUG novaclient.v2.client [-] RESP: [200] Connection: close Content-Length: 179 Content-Type: application/json Date: Wed, 01 Sep 2021 21:28:24 GMT OpenStack-API-Version: compute 2.1 Server: Apache/2.4.41 (Ubuntu) Vary: OpenStack-API-Version,X-OpenStack-Nova-API-Version X-OpenStack-Nova-API-Version: 2.1 x-compute-request-id: req-7ae9beaa-92f0-4065-b8d5-ddee0df230b1 x-openstack-request-id: req-7ae9beaa-92f0-4065-b8d5-ddee0df230b1 {{(pid=94429) _http_log_response /usr/local/lib/python3.8/dist-packages/keystoneauth1/session.py:550}}
Sep 01 21:28:24.839457 dv-cinder-760038-7-smb neutron-server[94429]: DEBUG novaclient.v2.client [-] RESP BODY: {"events": [{"name": "network-changed", "server_uuid": "db575b02-1bb7-4211-a56e-895949db7556", "tag": "678c68b8-3765-4e1f-98ed-37db39f06923", "status": "completed", "code": 200}]} {{(pid=94429) _http_log_response /usr/local/lib/python3.8/dist-packages/keystoneauth1/session.py:582}}
Sep 01 21:28:24.839457 dv-cinder-760038-7-smb neutron-server[94429]: DEBUG novaclient.v2.client [-] POST call to compute for http://10.222.0.23/compute/v2.1/os-server-external-events used request id req-7ae9beaa-92f0-4065-b8d5-ddee0df230b1 {{(pid=94429) request /usr/local/lib/python3.8/dist-packages/keystoneauth1/session.py:954}}
Sep 01 21:28:24.840042 dv-cinder-760038-7-smb neutron-server[94429]: INFO neutron.notifiers.nova [-] Nova event response: {'name': 'network-changed', 'server_uuid': 'db575b02-1bb7-4211-a56e-895949db7556', 'tag': '678c68b8-3765-4e1f-98ed-37db39f06923', 'status': 'completed', 'code': 200}
Sep 01 21:28:24.899838 dv-cinder-760038-7-smb neutron-server[94428]: DEBUG neutron_lib.callbacks.manager [None req-d923118e-6030-498d-92a8-3d11fab4a389 admin admin] Notify callbacks ['neutron.plugins.ml2.ovo_rpc._ObjectChangeHandler.handle_event-16342171'] for security_group, after_create {{(pid=94428) _notify_loop /usr/local/lib/python3.8/dist-packages/neutron_lib/callbacks/manager.py:192}}
Sep 01 21:28:24.940504 dv-cinder-760038-7-smb neutron-server[94429]: DEBUG neutron.pecan_wsgi.hooks.policy_enforcement [req-e45a3e2b-cbc1-46ee-a863-f215b37649c8 req-681685d2-7fe4-44eb-a016-0c9fae94f14d service neutron] Attributes excluded by policy engine: ['standard_attr_id'] {{(pid=94429) _exclude_attributes_by_policy /opt/stack/neutron/neutron/pecan_wsgi/hooks/policy_enforcement.py:255}}
Sep 01 21:28:24.942428 dv-cinder-760038-7-smb neutron-server[94429]: INFO neutron.wsgi [req-e45a3e2b-cbc1-46ee-a863-f215b37649c8 req-681685d2-7fe4-44eb-a016-0c9fae94f14d service neutron] 10.222.0.18 "GET /v2.0/ports?tenant_id=ce241796ba6d485b860051eed7e682d3&device_id=db575b02-1bb7-4211-a56e-895949db7556 HTTP/1.1" status: 200 len: 1096 time: 0.0665448
Sep 01 21:28:24.960153 dv-cinder-760038-7-smb neutron-server[94428]: INFO neutron.wsgi [None req-d923118e-6030-498d-92a8-3d11fab4a389 admin admin] 10.222.0.23 "GET /v2.0/security-groups?tenant_id=16c96dfc9fb04e698628873df73cd2d8&name=default HTTP/1.1" status: 200 len: 2979 time: 0.6388328
Sep 01 21:28:24.961841 dv-cinder-760038-7-smb neutron-server[94428]: DEBUG neutron.api.rpc.handlers.resources_rpc [None req-d923118e-6030-498d-92a8-3d11fab4a389 admin admin] Pushing event updated for resources: {'SecurityGroup': ['ID=8078ede7-f538-4195-acf9-58f0019e804e,revision_number=1']} {{(pid=94428) push /opt/stack/neutron/neutron/api/rpc/handlers/resources_rpc.py:237}}
Sep 01 21:28:24.962927 dv-cinder-760038-7-smb neutron-server[94429]: DEBUG neutron.wsgi [-] (94429) accepted ('10.222.0.23', 47020) {{(pid=94429) server /usr/local/lib/python3.8/dist-packages/eventlet/wsgi.py:982}}
Sep 01 21:28:25.044522 dv-cinder-760038-7-smb neutron-server[94428]: DEBUG neutron.wsgi [-] (94428) accepted ('10.222.0.23', 47022) {{(pid=94428) server /usr/local/lib/python3.8/dist-packages/eventlet/wsgi.py:982}}
Sep 01 21:28:25.061673 dv-cinder-760038-7-smb neutron-server[94428]: DEBUG neutron_lib.callbacks.manager [None req-8aafd1e8-2d1a-4669-9f55-f6517207387b admin admin] Notify callbacks [] for security_group, before_create {{(pid=94428) _notify_loop /usr/local/lib/python3.8/dist-packages/neutron_lib/callbacks/manager.py:192}}
Sep 01 21:28:25.089378 dv-cinder-760038-7-smb neutron-server[94428]: DEBUG neutron.pecan_wsgi.hooks.policy_enforcement [req-f5d5db67-a31d-4586-a435-b4b9c20af30b req-59cf9912-113c-47c7-8aa7-dbff898c3d56 tempest-ServerRescueNegativeTestJSON-2138441906 tempest-ServerRescueNegativeTestJSON-2138441906-project] Attributes excluded by policy engine: ['standard_attr_id', 'binding:profile', 'binding:host_id', 'binding:vif_type', 'binding:vif_details'] {{(pid=94428) _exclude_attributes_by_policy /opt/stack/neutron/neutron/pecan_wsgi/hooks/policy_enforcement.py:255}}
Sep 01 21:28:25.090985 dv-cinder-760038-7-smb neutron-server[94428]: INFO neutron.wsgi [req-f5d5db67-a31d-4586-a435-b4b9c20af30b req-59cf9912-113c-47c7-8aa7-dbff898c3d56 tempest-ServerRescueNegativeTestJSON-2138441906 tempest-ServerRescueNegativeTestJSON-2138441906-project] 10.222.0.23 "GET /v2.0/ports?device_id=c4426363-ad7c-4a43-836e-da7292fda8ca HTTP/1.1" status: 200 len: 944 time: 0.0796380
Sep 01 21:28:25.152827 dv-cinder-760038-7-smb neutron-server[94429]: DEBUG neutron_lib.callbacks.manager [None req-d0e1f9df-0ee1-4630-9043-caaed2db6159 admin admin] Notify callbacks [] for security_group, before_delete {{(pid=94429) _notify_loop /usr/local/lib/python3.8/dist-packages/neutron_lib/callbacks/manager.py:192}}
Sep 01 21:28:25.164299 dv-cinder-760038-7-smb neutron-server[94428]: INFO neutron.wsgi [req-f5d5db67-a31d-4586-a435-b4b9c20af30b req-6a31a78c-2c3a-4c01-827c-759aa74b73dd tempest-ServerRescueNegativeTestJSON-2138441906 tempest-ServerRescueNegativeTestJSON-2138441906-project] 10.222.0.23 "GET /v2.0/security-groups?id=4c0b72b0-2d95-49e8-a6b4-f69e19f62977&fields=id&fields=name HTTP/1.1" status: 200 len: 286 time: 0.0627010
Sep 01 21:28:25.194158 dv-cinder-760038-7-smb neutron-server[94429]: DEBUG neutron_lib.callbacks.manager [None req-d0e1f9df-0ee1-4630-9043-caaed2db6159 admin admin] Notify callbacks [] for security_group, precommit_delete {{(pid=94429) _notify_loop /usr/local/lib/python3.8/dist-packages/neutron_lib/callbacks/manager.py:192}}
Sep 01 21:28:25.238727 dv-cinder-760038-7-smb neutron-server[94428]: DEBUG neutron_lib.callbacks.manager [None req-8aafd1e8-2d1a-4669-9f55-f6517207387b admin admin] Notify callbacks [] for security_group, precommit_create {{(pid=94428) _notify_loop /usr/local/lib/python3.8/dist-packages/neutron_lib/callbacks/manager.py:192}}
Sep 01 21:28:25.244180 dv-cinder-760038-7-smb neutron-server[94429]: DEBUG neutron.pecan_wsgi.hooks.policy_enforcement [req-e45a3e2b-cbc1-46ee-a863-f215b37649c8 req-98c1ea13-c49f-464b-ab3f-1bece1447c9b service neutron] Attributes excluded by policy engine: ['standard_attr_id', 'vlan_transparent'] {{(pid=94429) _exclude_attributes_by_policy /opt/stack/neutron/neutron/pecan_wsgi/hooks/policy_enforcement.py:255}}
Sep 01 21:28:25.246009 dv-cinder-760038-7-smb neutron-server[94429]: INFO neutron.wsgi [req-e45a3e2b-cbc1-46ee-a863-f215b37649c8 req-98c1ea13-c49f-464b-ab3f-1bece1447c9b service neutron] 10.222.0.18 "GET /v2.0/networks?tenant_id=ce241796ba6d485b860051eed7e682d3&shared=False HTTP/1.1" status: 200 len: 915 time: 0.2852094
Sep 01 21:28:25.317418 dv-cinder-760038-7-smb neutron-server[94428]: DEBUG neutron_lib.callbacks.manager [None req-8aafd1e8-2d1a-4669-9f55-f6517207387b admin admin] Notify callbacks ['neutron.plugins.ml2.ovo_rpc._ObjectChangeHandler.handle_event-16342171'] for security_group, after_create {{(pid=94428) _notify_loop /usr/local/lib/python3.8/dist-packages/neutron_lib/callbacks/manager.py:192}}
Sep 01 21:28:25.361306 dv-cinder-760038-7-smb neutron-server[94428]: DEBUG neutron.api.rpc.handlers.resources_rpc [None req-8aafd1e8-2d1a-4669-9f55-f6517207387b admin admin] Pushing event updated for resources: {'SecurityGroup': ['ID=adf1b6fd-aefe-4425-b0a4-98c4969bbf53,revision_number=1']} {{(pid=94428) push /opt/stack/neutron/neutron/api/rpc/handlers/resources_rpc.py:237}}
Sep 01 21:28:25.367493 dv-cinder-760038-7-smb neutron-server[94428]: INFO neutron.wsgi [None req-8aafd1e8-2d1a-4669-9f55-f6517207387b admin admin] 10.222.0.23 "GET /v2.0/security-groups?tenant_id=81d36b7ab7b94bd8bc48edbdd6ed5d59&name=default HTTP/1.1" status: 200 len: 2979 time: 0.3203368
Sep 01 21:28:25.369830 dv-cinder-760038-7-smb neutron-server[94428]: DEBUG neutron.wsgi [-] (94428) accepted ('10.222.0.23', 47040) {{(pid=94428) server /usr/local/lib/python3.8/dist-packages/eventlet/wsgi.py:982}}
Sep 01 21:28:25.446522 dv-cinder-760038-7-smb neutron-server[94428]: DEBUG neutron_lib.callbacks.manager [None req-3db0d5ea-03c1-4ae4-b397-9c1db9f2f828 admin admin] Notify callbacks [] for security_group, before_delete {{(pid=94428) _notify_loop /usr/local/lib/python3.8/dist-packages/neutron_lib/callbacks/manager.py:192}}
Sep 01 21:28:25.470743 dv-cinder-760038-7-smb neutron-server[94428]: DEBUG neutron_lib.callbacks.manager [None req-3db0d5ea-03c1-4ae4-b397-9c1db9f2f828 admin admin] Notify callbacks [] for security_group, precommit_delete {{(pid=94428) _notify_loop /usr/local/lib/python3.8/dist-packages/neutron_lib/callbacks/manager.py:192}}
Sep 01 21:28:25.621730 dv-cinder-760038-7-smb neutron-server[94428]: DEBUG neutron_lib.callbacks.manager [None req-3db0d5ea-03c1-4ae4-b397-9c1db9f2f828 admin admin] Notify callbacks ['neutron.plugins.ml2.ovo_rpc._ObjectChangeHandler.handle_event-16342171'] for security_group, after_delete {{(pid=94428) _notify_loop /usr/local/lib/python3.8/dist-packages/neutron_lib/callbacks/manager.py:192}}
Sep 01 21:28:25.624335 dv-cinder-760038-7-smb neutron-server[94428]: DEBUG neutron_lib.callbacks.manager [None req-3db0d5ea-03c1-4ae4-b397-9c1db9f2f828 admin admin] Notify callbacks [] for security_group, before_response {{(pid=94428) _notify_loop /usr/local/lib/python3.8/dist-packages/neutron_lib/callbacks/manager.py:192}}
Sep 01 21:28:25.626980 dv-cinder-760038-7-smb neutron-server[94428]: INFO neutron.wsgi [None req-3db0d5ea-03c1-4ae4-b397-9c1db9f2f828 admin admin] 10.222.0.23 "DELETE /v2.0/security-groups/adf1b6fd-aefe-4425-b0a4-98c4969bbf53 HTTP/1.1" status: 204 len: 168 time: 0.2549896
Sep 01 21:28:25.645427 dv-cinder-760038-7-smb neutron-server[94428]: DEBUG neutron.api.rpc.handlers.resources_rpc [None req-3db0d5ea-03c1-4ae4-b397-9c1db9f2f828 admin admin] Pushing event deleted for resources: {'SecurityGroup': ['ID=adf1b6fd-aefe-4425-b0a4-98c4969bbf53,revision_number=None']} {{(pid=94428) push /opt/stack/neutron/neutron/api/rpc/handlers/resources_rpc.py:237}}
Sep 01 21:28:25.647830 dv-cinder-760038-7-smb neutron-server[94429]: DEBUG neutron.pecan_wsgi.hooks.policy_enforcement [req-e45a3e2b-cbc1-46ee-a863-f215b37649c8 req-a29113f1-81d3-4d0d-a840-ca516575fd4b service neutron] Attributes excluded by policy engine: ['standard_attr_id', 'vlan_transparent'] {{(pid=94429) _exclude_attributes_by_policy /opt/stack/neutron/neutron/pecan_wsgi/hooks/policy_enforcement.py:255}}
Sep 01 21:28:25.649331 dv-cinder-760038-7-smb neutron-server[94429]: INFO neutron.wsgi [req-e45a3e2b-cbc1-46ee-a863-f215b37649c8 req-a29113f1-81d3-4d0d-a840-ca516575fd4b service neutron] 10.222.0.18 "GET /v2.0/networks?shared=True HTTP/1.1" status: 200 len: 869 time: 0.3911142
Sep 01 21:28:25.676620 dv-cinder-760038-7-smb neutron-server[94429]: DEBUG neutron_lib.callbacks.manager [None req-d0e1f9df-0ee1-4630-9043-caaed2db6159 admin admin] Notify callbacks ['neutron.plugins.ml2.ovo_rpc._ObjectChangeHandler.handle_event-16342171'] for security_group, after_delete {{(pid=94429) _notify_loop /usr/local/lib/python3.8/dist-packages/neutron_lib/callbacks/manager.py:192}}
Sep 01 21:28:25.677221 dv-cinder-760038-7-smb neutron-server[94428]: DEBUG neutron.pecan_wsgi.hooks.policy_enforcement [req-8d4ed66e-3821-4fb8-9939-1fca47a3e63d req-9a5e7180-939b-4e97-b04e-51182973f0b1 tempest-AttachVolumeShelveTestJSON-163689947 tempest-AttachVolumeShelveTestJSON-163689947-project] Attributes excluded by policy engine: ['standard_attr_id', 'binding:profile', 'binding:host_id', 'binding:vif_type', 'binding:vif_details'] {{(pid=94428) _exclude_attributes_by_policy /opt/stack/neutron/neutron/pecan_wsgi/hooks/policy_enforcement.py:255}}
Sep 01 21:28:25.679595 dv-cinder-760038-7-smb neutron-server[94429]: DEBUG neutron_lib.callbacks.manager [None req-d0e1f9df-0ee1-4630-9043-caaed2db6159 admin admin] Notify callbacks [] for security_group, before_response {{(pid=94429) _notify_loop /usr/local/lib/python3.8/dist-packages/neutron_lib/callbacks/manager.py:192}}
Sep 01 21:28:25.680694 dv-cinder-760038-7-smb neutron-server[94429]: INFO neutron.wsgi [None req-d0e1f9df-0ee1-4630-9043-caaed2db6159 admin admin] 10.222.0.23 "DELETE /v2.0/security-groups/8078ede7-f538-4195-acf9-58f0019e804e HTTP/1.1" status: 204 len: 168 time: 0.7168298
Sep 01 21:28:25.689320 dv-cinder-760038-7-smb neutron-server[94428]: INFO neutron.wsgi [req-8d4ed66e-3821-4fb8-9939-1fca47a3e63d req-9a5e7180-939b-4e97-b04e-51182973f0b1 tempest-AttachVolumeShelveTestJSON-163689947 tempest-AttachVolumeShelveTestJSON-163689947-project] 10.222.0.23 "GET /v2.0/ports?device_id=db575b02-1bb7-4211-a56e-895949db7556 HTTP/1.1" status: 200 len: 943 time: 0.1192746
Sep 01 21:28:25.720874 dv-cinder-760038-7-smb neutron-server[94429]: DEBUG neutron.api.rpc.handlers.resources_rpc [None req-d0e1f9df-0ee1-4630-9043-caaed2db6159 admin admin] Pushing event deleted for resources: {'SecurityGroup': ['ID=8078ede7-f538-4195-acf9-58f0019e804e,revision_number=None']} {{(pid=94429) push /opt/stack/neutron/neutron/api/rpc/handlers/resources_rpc.py:237}}
Sep 01 21:28:25.742806 dv-cinder-760038-7-smb neutron-server[94428]: INFO neutron.wsgi [req-8d4ed66e-3821-4fb8-9939-1fca47a3e63d req-b8b7b887-ce7e-4ae0-8a80-665d5542e244 tempest-AttachVolumeShelveTestJSON-163689947 tempest-AttachVolumeShelveTestJSON-163689947-project] 10.222.0.23 "GET /v2.0/security-groups?id=f644436e-8b48-48b9-91b3-7a900d462bcb&fields=id&fields=name HTTP/1.1" status: 200 len: 313 time: 0.0475051
Sep 01 21:28:25.780044 dv-cinder-760038-7-smb neutron-server[94429]: DEBUG neutron.pecan_wsgi.hooks.policy_enforcement [req-9a3a9953-f568-4fda-bfdc-aa9525b7bb90 req-8f6e79e4-1fdb-4bcb-ae2b-8e8f549836a7 service neutron] Attributes excluded by policy engine: ['standard_attr_id'] {{(pid=94429) _exclude_attributes_by_policy /opt/stack/neutron/neutron/pecan_wsgi/hooks/policy_enforcement.py:255}}
Sep 01 21:28:25.781646 dv-cinder-760038-7-smb neutron-server[94429]: INFO neutron.wsgi [req-9a3a9953-f568-4fda-bfdc-aa9525b7bb90 req-8f6e79e4-1fdb-4bcb-ae2b-8e8f549836a7 service neutron] 10.222.0.18 "GET /v2.0/ports?tenant_id=ce241796ba6d485b860051eed7e682d3&device_id=db575b02-1bb7-4211-a56e-895949db7556 HTTP/1.1" status: 200 len: 1096 time: 0.0872524
Sep 01 21:28:25.828996 dv-cinder-760038-7-smb neutron-server[94429]: INFO neutron.wsgi [req-9a3a9953-f568-4fda-bfdc-aa9525b7bb90 req-4052042e-000b-4d2e-a170-66c80cc8a3a4 service neutron] 10.222.0.18 "GET /v2.0/floatingips?fixed_ip_address=172.20.0.6&port_id=678c68b8-3765-4e1f-98ed-37db39f06923 HTTP/1.1" status: 200 len: 217 time: 0.0388672
Sep 01 21:28:25.854346 dv-cinder-760038-7-smb neutron-server[94428]: DEBUG neutron.pecan_wsgi.hooks.policy_enforcement [req-68b8e203-31f8-4798-8f71-af2b310c5940 req-2d36a824-e034-40f7-8fdb-5f4c2c17f084 tempest-AttachVolumeTestJSON-1864877062 tempest-AttachVolumeTestJSON-1864877062-project] Attributes excluded by policy engine: ['standard_attr_id', 'binding:profile', 'binding:host_id', 'binding:vif_type', 'binding:vif_details'] {{(pid=94428) _exclude_attributes_by_policy /opt/stack/neutron/neutron/pecan_wsgi/hooks/policy_enforcement.py:255}}
Sep 01 21:28:25.861397 dv-cinder-760038-7-smb neutron-server[94428]: INFO neutron.wsgi [req-68b8e203-31f8-4798-8f71-af2b310c5940 req-2d36a824-e034-40f7-8fdb-5f4c2c17f084 tempest-AttachVolumeTestJSON-1864877062 tempest-AttachVolumeTestJSON-1864877062-project] 10.222.0.23 "GET /v2.0/ports?device_id=e913f4fd-87f6-4888-bbfc-3594d80136c9 HTTP/1.1" status: 200 len: 944 time: 0.0555005
Sep 01 21:28:25.886413 dv-cinder-760038-7-smb neutron-server[94429]: DEBUG neutron.pecan_wsgi.hooks.policy_enforcement [req-9a3a9953-f568-4fda-bfdc-aa9525b7bb90 req-1f8a8856-1da8-4cfb-bf3d-ac73af8d88ca service neutron] Attributes excluded by policy engine: ['standard_attr_id', 'shared'] {{(pid=94429) _exclude_attributes_by_policy /opt/stack/neutron/neutron/pecan_wsgi/hooks/policy_enforcement.py:255}}
Sep 01 21:28:25.887879 dv-cinder-760038-7-smb neutron-server[94429]: INFO neutron.wsgi [req-9a3a9953-f568-4fda-bfdc-aa9525b7bb90 req-1f8a8856-1da8-4cfb-bf3d-ac73af8d88ca service neutron] 10.222.0.18 "GET /v2.0/subnets?id=286a1e48-c710-4306-a524-a0822a0a4101 HTTP/1.1" status: 200 len: 854 time: 0.0509131
Sep 01 21:28:25.899988 dv-cinder-760038-7-smb neutron-server[94428]: INFO neutron.wsgi [req-68b8e203-31f8-4798-8f71-af2b310c5940 req-d79f0895-7164-4a1a-b8d2-e93efbf6db0a tempest-AttachVolumeTestJSON-1864877062 tempest-AttachVolumeTestJSON-1864877062-project] 10.222.0.23 "GET /v2.0/security-groups?id=4b11f3bf-cf9a-49d8-80d4-40b2e52c34ad&fields=id&fields=name HTTP/1.1" status: 200 len: 313 time: 0.0382988
Sep 01 21:28:25.945499 dv-cinder-760038-7-smb neutron-server[94429]: DEBUG neutron.pecan_wsgi.hooks.policy_enforcement [req-9a3a9953-f568-4fda-bfdc-aa9525b7bb90 req-89cc3590-cfd8-4f0a-bed3-8ebc40e28081 service neutron] Attributes excluded by policy engine: ['standard_attr_id'] {{(pid=94429) _exclude_attributes_by_policy /opt/stack/neutron/neutron/pecan_wsgi/hooks/policy_enforcement.py:255}}
Sep 01 21:28:25.947005 dv-cinder-760038-7-smb neutron-server[94429]: INFO neutron.wsgi [req-9a3a9953-f568-4fda-bfdc-aa9525b7bb90 req-89cc3590-cfd8-4f0a-bed3-8ebc40e28081 service neutron] 10.222.0.18 "GET /v2.0/ports?network_id=c5c715da-58c1-47b7-a663-a3e367038fb9&device_owner=network%3Adhcp HTTP/1.1" status: 200 len: 1173 time: 0.0430706
Sep 01 21:28:26.045669 dv-cinder-760038-7-smb neutron-server[94429]: INFO neutron.wsgi [req-9a3a9953-f568-4fda-bfdc-aa9525b7bb90 req-45417c70-570c-463f-a097-780504b2a7a5 service neutron] 10.222.0.18 "GET /v2.0/networks/c5c715da-58c1-47b7-a663-a3e367038fb9?fields=segments HTTP/1.1" status: 200 len: 212 time: 0.0910413
Sep 01 21:28:26.138115 dv-cinder-760038-7-smb neutron-server[94429]: INFO neutron.wsgi [req-9a3a9953-f568-4fda-bfdc-aa9525b7bb90 req-ef90c940-f64b-42db-8c58-48e93423d136 service neutron] 10.222.0.18 "GET /v2.0/networks/c5c715da-58c1-47b7-a663-a3e367038fb9?fields=provider%3Aphysical_network&fields=provider%3Anetwork_type HTTP/1.1" status: 200 len: 281 time: 0.0855796
Sep 01 21:28:26.305939 dv-cinder-760038-7-smb neutron-server[94428]: DEBUG neutron.pecan_wsgi.hooks.policy_enforcement [req-bbcbf4cb-0659-4271-9cd4-1f0337bc278d req-13e2df9e-e7d5-4290-9eac-b6d63f28516f tempest-ServerRescueNegativeTestJSON-2138441906 tempest-ServerRescueNegativeTestJSON-2138441906-project] Attributes excluded by policy engine: ['standard_attr_id', 'binding:profile', 'binding:host_id', 'binding:vif_type', 'binding:vif_details'] {{(pid=94428) _exclude_attributes_by_policy /opt/stack/neutron/neutron/pecan_wsgi/hooks/policy_enforcement.py:255}}
Sep 01 21:28:26.307426 dv-cinder-760038-7-smb neutron-server[94428]: INFO neutron.wsgi [req-bbcbf4cb-0659-4271-9cd4-1f0337bc278d req-13e2df9e-e7d5-4290-9eac-b6d63f28516f tempest-ServerRescueNegativeTestJSON-2138441906 tempest-ServerRescueNegativeTestJSON-2138441906-project] 10.222.0.23 "GET /v2.0/ports?device_id=c4426363-ad7c-4a43-836e-da7292fda8ca HTTP/1.1" status: 200 len: 944 time: 0.0488198
Sep 01 21:28:26.349224 dv-cinder-760038-7-smb neutron-server[94428]: INFO neutron.wsgi [req-bbcbf4cb-0659-4271-9cd4-1f0337bc278d req-a810cf73-c994-4b52-8e47-fca0fdfd4ee9 tempest-ServerRescueNegativeTestJSON-2138441906 tempest-ServerRescueNegativeTestJSON-2138441906-project] 10.222.0.23 "GET /v2.0/security-groups?id=4c0b72b0-2d95-49e8-a6b4-f69e19f62977&fields=id&fields=name HTTP/1.1" status: 200 len: 286 time: 0.0359077
Sep 01 21:28:26.426961 dv-cinder-760038-7-smb neutron-server[94428]: DEBUG neutron.wsgi [-] (94428) accepted ('10.222.0.23', 47076) {{(pid=94428) server /usr/local/lib/python3.8/dist-packages/eventlet/wsgi.py:982}}
Sep 01 21:28:26.440684 dv-cinder-760038-7-smb neutron-server[94428]: DEBUG neutron_lib.callbacks.manager [None req-4e738f78-d929-49f6-8402-d940ffc74414 admin admin] Notify callbacks [] for security_group, before_create {{(pid=94428) _notify_loop /usr/local/lib/python3.8/dist-packages/neutron_lib/callbacks/manager.py:192}}
Sep 01 21:28:26.540025 dv-cinder-760038-7-smb neutron-server[94428]: DEBUG neutron_lib.callbacks.manager [None req-4e738f78-d929-49f6-8402-d940ffc74414 admin admin] Notify callbacks [] for security_group, precommit_create {{(pid=94428) _notify_loop /usr/local/lib/python3.8/dist-packages/neutron_lib/callbacks/manager.py:192}}
Sep 01 21:28:26.640150 dv-cinder-760038-7-smb neutron-server[94428]: DEBUG neutron_lib.callbacks.manager [None req-4e738f78-d929-49f6-8402-d940ffc74414 admin admin] Notify callbacks ['neutron.plugins.ml2.ovo_rpc._ObjectChangeHandler.handle_event-16342171'] for security_group, after_create {{(pid=94428) _notify_loop /usr/local/lib/python3.8/dist-packages/neutron_lib/callbacks/manager.py:192}}
Sep 01 21:28:26.679249 dv-cinder-760038-7-smb neutron-server[94428]: DEBUG neutron.api.rpc.handlers.resources_rpc [None req-4e738f78-d929-49f6-8402-d940ffc74414 admin admin] Pushing event updated for resources: {'SecurityGroup': ['ID=2e3b445d-5466-4503-a967-d6c2dff4a64c,revision_number=1']} {{(pid=94428) push /opt/stack/neutron/neutron/api/rpc/handlers/resources_rpc.py:237}}
Sep 01 21:28:26.686869 dv-cinder-760038-7-smb neutron-server[94428]: INFO neutron.wsgi [None req-4e738f78-d929-49f6-8402-d940ffc74414 admin admin] 10.222.0.23 "GET /v2.0/security-groups?tenant_id=4e8f112bfc044c9399bb5f31d4981aef&name=default HTTP/1.1" status: 200 len: 2979 time: 0.2554719
Sep 01 21:28:26.686869 dv-cinder-760038-7-smb neutron-server[94428]: DEBUG neutron.wsgi [-] (94428) accepted ('10.222.0.23', 47094) {{(pid=94428) server /usr/local/lib/python3.8/dist-packages/eventlet/wsgi.py:982}}
Sep 01 21:28:26.746164 dv-cinder-760038-7-smb neutron-server[94428]: DEBUG neutron_lib.callbacks.manager [None req-976182c0-0560-40d2-b15f-22b0c55f45f2 admin admin] Notify callbacks [] for security_group, before_delete {{(pid=94428) _notify_loop /usr/local/lib/python3.8/dist-packages/neutron_lib/callbacks/manager.py:192}}
Sep 01 21:28:26.770878 dv-cinder-760038-7-smb neutron-server[94428]: DEBUG neutron_lib.callbacks.manager [None req-976182c0-0560-40d2-b15f-22b0c55f45f2 admin admin] Notify callbacks [] for security_group, precommit_delete {{(pid=94428) _notify_loop /usr/local/lib/python3.8/dist-packages/neutron_lib/callbacks/manager.py:192}}
Sep 01 21:28:26.864874 dv-cinder-760038-7-smb neutron-server[94429]: DEBUG neutron.pecan_wsgi.hooks.policy_enforcement [req-a609adf5-674b-46a3-ac98-b21a081a0929 req-f2fe6885-a087-4452-8dc8-fd5c1f78e6fc tempest-AttachVolumeShelveTestJSON-163689947 tempest-AttachVolumeShelveTestJSON-163689947-project] Attributes excluded by policy engine: ['standard_attr_id', 'binding:profile', 'binding:host_id', 'binding:vif_type', 'binding:vif_details'] {{(pid=94429) _exclude_attributes_by_policy /opt/stack/neutron/neutron/pecan_wsgi/hooks/policy_enforcement.py:255}}
Sep 01 21:28:26.866412 dv-cinder-760038-7-smb neutron-server[94429]: INFO neutron.wsgi [req-a609adf5-674b-46a3-ac98-b21a081a0929 req-f2fe6885-a087-4452-8dc8-fd5c1f78e6fc tempest-AttachVolumeShelveTestJSON-163689947 tempest-AttachVolumeShelveTestJSON-163689947-project] 10.222.0.23 "GET /v2.0/ports?device_id=db575b02-1bb7-4211-a56e-895949db7556 HTTP/1.1" status: 200 len: 943 time: 0.0545547
Sep 01 21:28:26.907132 dv-cinder-760038-7-smb neutron-server[94429]: INFO neutron.wsgi [req-a609adf5-674b-46a3-ac98-b21a081a0929 req-0ea4e2c0-8edf-451e-8249-7a560bb0ca2b tempest-AttachVolumeShelveTestJSON-163689947 tempest-AttachVolumeShelveTestJSON-163689947-project] 10.222.0.23 "GET /v2.0/security-groups?id=f644436e-8b48-48b9-91b3-7a900d462bcb&fields=id&fields=name HTTP/1.1" status: 200 len: 313 time: 0.0330827
Sep 01 21:28:26.914479 dv-cinder-760038-7-smb neutron-server[94428]: DEBUG neutron_lib.callbacks.manager [None req-976182c0-0560-40d2-b15f-22b0c55f45f2 admin admin] Notify callbacks ['neutron.plugins.ml2.ovo_rpc._ObjectChangeHandler.handle_event-16342171'] for security_group, after_delete {{(pid=94428) _notify_loop /usr/local/lib/python3.8/dist-packages/neutron_lib/callbacks/manager.py:192}}
Sep 01 21:28:26.917208 dv-cinder-760038-7-smb neutron-server[94428]: DEBUG neutron_lib.callbacks.manager [None req-976182c0-0560-40d2-b15f-22b0c55f45f2 admin admin] Notify callbacks [] for security_group, before_response {{(pid=94428) _notify_loop /usr/local/lib/python3.8/dist-packages/neutron_lib/callbacks/manager.py:192}}
Sep 01 21:28:26.918405 dv-cinder-760038-7-smb neutron-server[94428]: INFO neutron.wsgi [None req-976182c0-0560-40d2-b15f-22b0c55f45f2 admin admin] 10.222.0.23 "DELETE /v2.0/security-groups/2e3b445d-5466-4503-a967-d6c2dff4a64c HTTP/1.1" status: 204 len: 168 time: 0.2310154
Sep 01 21:28:26.926684 dv-cinder-760038-7-smb neutron-server[94428]: DEBUG neutron.api.rpc.handlers.resources_rpc [None req-976182c0-0560-40d2-b15f-22b0c55f45f2 admin admin] Pushing event deleted for resources: {'SecurityGroup': ['ID=2e3b445d-5466-4503-a967-d6c2dff4a64c,revision_number=None']} {{(pid=94428) push /opt/stack/neutron/neutron/api/rpc/handlers/resources_rpc.py:237}}
Sep 01 21:28:27.025231 dv-cinder-760038-7-smb neutron-server[94428]: DEBUG neutron.pecan_wsgi.hooks.policy_enforcement [req-112cf259-2076-4712-9b15-dbfd589dc487 req-9701b255-dba6-43ab-b330-08d0745a9af5 tempest-AttachVolumeTestJSON-1864877062 tempest-AttachVolumeTestJSON-1864877062-project] Attributes excluded by policy engine: ['standard_attr_id', 'binding:profile', 'binding:host_id', 'binding:vif_type', 'binding:vif_details'] {{(pid=94428) _exclude_attributes_by_policy /opt/stack/neutron/neutron/pecan_wsgi/hooks/policy_enforcement.py:255}}
Sep 01 21:28:27.026994 dv-cinder-760038-7-smb neutron-server[94428]: INFO neutron.wsgi [req-112cf259-2076-4712-9b15-dbfd589dc487 req-9701b255-dba6-43ab-b330-08d0745a9af5 tempest-AttachVolumeTestJSON-1864877062 tempest-AttachVolumeTestJSON-1864877062-project] 10.222.0.23 "GET /v2.0/ports?device_id=e913f4fd-87f6-4888-bbfc-3594d80136c9 HTTP/1.1" status: 200 len: 944 time: 0.0508873
Sep 01 21:28:27.071482 dv-cinder-760038-7-smb neutron-server[94428]: INFO neutron.wsgi [req-112cf259-2076-4712-9b15-dbfd589dc487 req-19bdf72d-79ad-472e-b814-3a1440313f99 tempest-AttachVolumeTestJSON-1864877062 tempest-AttachVolumeTestJSON-1864877062-project] 10.222.0.23 "GET /v2.0/security-groups?id=4b11f3bf-cf9a-49d8-80d4-40b2e52c34ad&fields=id&fields=name HTTP/1.1" status: 200 len: 313 time: 0.0376778
Sep 01 21:28:27.201977 dv-cinder-760038-7-smb neutron-server[94430]: DEBUG neutron.plugins.ml2.rpc [None req-df68b201-a589-4dd2-ad17-401143fca8eb None None] Device 69502845-d3d3-4822-ac8a-8c05f950e97f up at agent hyperv_hv-cinder-76003 {{(pid=94430) update_device_up /opt/stack/neutron/neutron/plugins/ml2/rpc.py:296}}
Sep 01 21:28:27.220895 dv-cinder-760038-7-smb neutron-server[94429]: DEBUG neutron.wsgi [-] (94429) accepted ('10.222.0.23', 47114) {{(pid=94429) server /usr/local/lib/python3.8/dist-packages/eventlet/wsgi.py:982}}
Sep 01 21:28:27.356600 dv-cinder-760038-7-smb neutron-server[94430]: DEBUG neutron.db.provisioning_blocks [None req-df68b201-a589-4dd2-ad17-401143fca8eb None None] Provisioning for port 69502845-d3d3-4822-ac8a-8c05f950e97f completed by entity L2. {{(pid=94430) provisioning_complete /opt/stack/neutron/neutron/db/provisioning_blocks.py:133}}
Sep 01 21:28:27.361458 dv-cinder-760038-7-smb neutron-server[94430]: DEBUG neutron.db.provisioning_blocks [None req-df68b201-a589-4dd2-ad17-401143fca8eb None None] Provisioning complete for port 69502845-d3d3-4822-ac8a-8c05f950e97f triggered by entity L2. {{(pid=94430) provisioning_complete /opt/stack/neutron/neutron/db/provisioning_blocks.py:139}}
Sep 01 21:28:27.361458 dv-cinder-760038-7-smb neutron-server[94430]: DEBUG neutron_lib.callbacks.manager [None req-df68b201-a589-4dd2-ad17-401143fca8eb None None] Notify callbacks ['neutron.plugins.ml2.plugin.Ml2Plugin._port_provisioned-569822'] for port, provisioning_complete {{(pid=94430) _notify_loop /usr/local/lib/python3.8/dist-packages/neutron_lib/callbacks/manager.py:192}}
Sep 01 21:28:27.442496 dv-cinder-760038-7-smb neutron-server[94429]: DEBUG neutron_lib.callbacks.manager [None req-264f12aa-e38d-45b2-ad19-67b735e13a6b admin admin] Notify callbacks [] for security_group, before_create {{(pid=94429) _notify_loop /usr/local/lib/python3.8/dist-packages/neutron_lib/callbacks/manager.py:192}}
Sep 01 21:28:27.449779 dv-cinder-760038-7-smb neutron-server[94430]: DEBUG neutron_lib.callbacks.manager [None req-df68b201-a589-4dd2-ad17-401143fca8eb None None] Notify callbacks ['neutron.plugins.ml2.plugin.SecurityGroupDbMixin._ensure_default_security_group_handler-663718'] for port, before_update {{(pid=94430) _notify_loop /usr/local/lib/python3.8/dist-packages/neutron_lib/callbacks/manager.py:192}}
Sep 01 21:28:27.494447 dv-cinder-760038-7-smb neutron-server[94430]: DEBUG neutron.notifiers.nova [-] Sending events: [{'server_uuid': 'e913f4fd-87f6-4888-bbfc-3594d80136c9', 'name': 'network-vif-plugged', 'status': 'completed', 'tag': '69502845-d3d3-4822-ac8a-8c05f950e97f'}] {{(pid=94430) send_events /opt/stack/neutron/neutron/notifiers/nova.py:262}}
Sep 01 21:28:27.497029 dv-cinder-760038-7-smb neutron-server[94430]: DEBUG novaclient.v2.client [-] REQ: curl -g -i --cacert "/opt/stack/data/ca-bundle.pem" -X POST http://10.222.0.23/compute/v2.1/os-server-external-events -H "Accept: application/json" -H "Content-Type: application/json" -H "User-Agent: python-novaclient" -H "X-Auth-Token: {SHA256}ed0c23b91b93b6e6ec33811cd7bbf4c306eef8e380b55978c1baab994d8b6786" -H "X-OpenStack-Nova-API-Version: 2.1" -H "X-OpenStack-Request-ID: req-e6345759-1a7e-43f9-abba-897d8c3aeea7" -d '{"events": [{"server_uuid": "e913f4fd-87f6-4888-bbfc-3594d80136c9", "name": "network-vif-plugged", "status": "completed", "tag": "69502845-d3d3-4822-ac8a-8c05f950e97f"}]}' {{(pid=94430) _http_log_request /usr/local/lib/python3.8/dist-packages/keystoneauth1/session.py:519}}
Sep 01 21:28:27.508033 dv-cinder-760038-7-smb neutron-server[94430]: DEBUG neutron.plugins.ml2.db [None req-df68b201-a589-4dd2-ad17-401143fca8eb None None] For port 69502845-d3d3-4822-ac8a-8c05f950e97f, host hv-cinder-76003, got binding levels [PortBindingLevel(driver='hyperv',host='hv-cinder-76003',level=0,port_id=69502845-d3d3-4822-ac8a-8c05f950e97f,segment=NetworkSegment(1f02e260-4a46-4ee6-b451-5b66ecda7df1),segment_id=1f02e260-4a46-4ee6-b451-5b66ecda7df1)] {{(pid=94430) get_binding_level_objs /opt/stack/neutron/neutron/plugins/ml2/db.py:74}}
Sep 01 21:28:27.539749 dv-cinder-760038-7-smb neutron-server[94430]: DEBUG novaclient.v2.client [-] RESP: [200] Connection: close Content-Length: 183 Content-Type: application/json Date: Wed, 01 Sep 2021 21:28:27 GMT OpenStack-API-Version: compute 2.1 Server: Apache/2.4.41 (Ubuntu) Vary: OpenStack-API-Version,X-OpenStack-Nova-API-Version X-OpenStack-Nova-API-Version: 2.1 x-compute-request-id: req-b1b40100-207e-4b70-b2b9-2b3a8f1ba807 x-openstack-request-id: req-b1b40100-207e-4b70-b2b9-2b3a8f1ba807 {{(pid=94430) _http_log_response /usr/local/lib/python3.8/dist-packages/keystoneauth1/session.py:550}}
Sep 01 21:28:27.540005 dv-cinder-760038-7-smb neutron-server[94430]: DEBUG novaclient.v2.client [-] RESP BODY: {"events": [{"server_uuid": "e913f4fd-87f6-4888-bbfc-3594d80136c9", "name": "network-vif-plugged", "status": "completed", "tag": "69502845-d3d3-4822-ac8a-8c05f950e97f", "code": 200}]} {{(pid=94430) _http_log_response /usr/local/lib/python3.8/dist-packages/keystoneauth1/session.py:582}}
Sep 01 21:28:27.540263 dv-cinder-760038-7-smb neutron-server[94430]: DEBUG novaclient.v2.client [-] POST call to compute for http://10.222.0.23/compute/v2.1/os-server-external-events used request id req-b1b40100-207e-4b70-b2b9-2b3a8f1ba807 {{(pid=94430) request /usr/local/lib/python3.8/dist-packages/keystoneauth1/session.py:954}}
Sep 01 21:28:27.540649 dv-cinder-760038-7-smb neutron-server[94430]: INFO neutron.notifiers.nova [-] Nova event response: {'server_uuid': 'e913f4fd-87f6-4888-bbfc-3594d80136c9', 'name': 'network-vif-plugged', 'status': 'completed', 'tag': '69502845-d3d3-4822-ac8a-8c05f950e97f', 'code': 200}
Sep 01 21:28:27.548997 dv-cinder-760038-7-smb neutron-server[94429]: DEBUG neutron.pecan_wsgi.hooks.policy_enforcement [req-a3e07c99-5ab8-4263-becf-5c818e815dd9 req-d0052795-bd81-4b2b-8c9b-88abb4cbfe8e tempest-ServerRescueNegativeTestJSON-2138441906 tempest-ServerRescueNegativeTestJSON-2138441906-project] Attributes excluded by policy engine: ['standard_attr_id', 'binding:profile', 'binding:host_id', 'binding:vif_type', 'binding:vif_details'] {{(pid=94429) _exclude_attributes_by_policy /opt/stack/neutron/neutron/pecan_wsgi/hooks/policy_enforcement.py:255}}
Sep 01 21:28:27.550943 dv-cinder-760038-7-smb neutron-server[94429]: INFO neutron.wsgi [req-a3e07c99-5ab8-4263-becf-5c818e815dd9 req-d0052795-bd81-4b2b-8c9b-88abb4cbfe8e tempest-ServerRescueNegativeTestJSON-2138441906 tempest-ServerRescueNegativeTestJSON-2138441906-project] 10.222.0.23 "GET /v2.0/ports?device_id=c4426363-ad7c-4a43-836e-da7292fda8ca HTTP/1.1" status: 200 len: 944 time: 0.0897758
Sep 01 21:28:27.583332 dv-cinder-760038-7-smb neutron-server[94430]: DEBUG neutron_lib.callbacks.manager [None req-df68b201-a589-4dd2-ad17-401143fca8eb None None] Notify callbacks ['neutron.plugins.ml2.plugin.SecurityGroupServerNotifierRpcMixin._notify_sg_on_port_change-662379', 'neutron.plugins.ml2.ovo_rpc._ObjectChangeHandler.handle_event-47525', 'neutron.api.rpc.agentnotifiers.dhcp_rpc_agent_api.DhcpAgentNotifyAPI._native_event_send_dhcp_notification-16221918', 'neutron.db.l3_db.L3RpcNotifierMixin._notify_gateway_port_ip_changed-8786572290461', 'neutron.db.l3_dvrscheduler_db._notify_l3_agent_port_update-8786571918987', 'neutron.db.l3_hascheduler_db._notify_l3_agent_ha_port_update-8786571919005'] for port, after_update {{(pid=94430) _notify_loop /usr/local/lib/python3.8/dist-packages/neutron_lib/callbacks/manager.py:192}}
Sep 01 21:28:27.584395 dv-cinder-760038-7-smb neutron-server[94430]: DEBUG neutron.plugins.ml2.rpc [None req-df68b201-a589-4dd2-ad17-401143fca8eb None None] Device 5351e814-475e-4379-9d8e-4c0ca877a38f up at agent hyperv_hv-cinder-76003 {{(pid=94430) update_device_up /opt/stack/neutron/neutron/plugins/ml2/rpc.py:296}}
Sep 01 21:28:27.615450 dv-cinder-760038-7-smb neutron-server[94429]: INFO neutron.wsgi [req-a3e07c99-5ab8-4263-becf-5c818e815dd9 req-c1ccd301-159a-43e9-9609-d4b062cd2402 tempest-ServerRescueNegativeTestJSON-2138441906 tempest-ServerRescueNegativeTestJSON-2138441906-project] 10.222.0.23 "GET /v2.0/security-groups?id=4c0b72b0-2d95-49e8-a6b4-f69e19f62977&fields=id&fields=name HTTP/1.1" status: 200 len: 286 time: 0.0576820
Sep 01 21:28:27.648447 dv-cinder-760038-7-smb neutron-server[94429]: DEBUG neutron_lib.callbacks.manager [None req-264f12aa-e38d-45b2-ad19-67b735e13a6b admin admin] Notify callbacks [] for security_group, precommit_create {{(pid=94429) _notify_loop /usr/local/lib/python3.8/dist-packages/neutron_lib/callbacks/manager.py:192}}
Sep 01 21:28:27.698465 dv-cinder-760038-7-smb neutron-server[94430]: DEBUG neutron.api.rpc.handlers.resources_rpc [None req-df68b201-a589-4dd2-ad17-401143fca8eb None None] Pushing event updated for resources: {'Port': ['ID=69502845-d3d3-4822-ac8a-8c05f950e97f,revision_number=5']} {{(pid=94430) push /opt/stack/neutron/neutron/api/rpc/handlers/resources_rpc.py:237}}
Sep 01 21:28:27.779162 dv-cinder-760038-7-smb neutron-server[94430]: DEBUG neutron.db.provisioning_blocks [None req-df68b201-a589-4dd2-ad17-401143fca8eb None None] Provisioning for port 5351e814-475e-4379-9d8e-4c0ca877a38f completed by entity L2. {{(pid=94430) provisioning_complete /opt/stack/neutron/neutron/db/provisioning_blocks.py:133}}
Sep 01 21:28:27.779527 dv-cinder-760038-7-smb neutron-server[94429]: DEBUG neutron_lib.callbacks.manager [None req-264f12aa-e38d-45b2-ad19-67b735e13a6b admin admin] Notify callbacks ['neutron.plugins.ml2.ovo_rpc._ObjectChangeHandler.handle_event-16342171'] for security_group, after_create {{(pid=94429) _notify_loop /usr/local/lib/python3.8/dist-packages/neutron_lib/callbacks/manager.py:192}}
Sep 01 21:28:27.783520 dv-cinder-760038-7-smb neutron-server[94430]: DEBUG neutron.db.provisioning_blocks [None req-df68b201-a589-4dd2-ad17-401143fca8eb None None] Provisioning complete for port 5351e814-475e-4379-9d8e-4c0ca877a38f triggered by entity L2. {{(pid=94430) provisioning_complete /opt/stack/neutron/neutron/db/provisioning_blocks.py:139}}
Sep 01 21:28:27.784001 dv-cinder-760038-7-smb neutron-server[94430]: DEBUG neutron_lib.callbacks.manager [None req-df68b201-a589-4dd2-ad17-401143fca8eb None None] Notify callbacks ['neutron.plugins.ml2.plugin.Ml2Plugin._port_provisioned-569822'] for port, provisioning_complete {{(pid=94430) _notify_loop /usr/local/lib/python3.8/dist-packages/neutron_lib/callbacks/manager.py:192}}
Sep 01 21:28:27.820430 dv-cinder-760038-7-smb neutron-server[94429]: DEBUG neutron.api.rpc.handlers.resources_rpc [None req-264f12aa-e38d-45b2-ad19-67b735e13a6b admin admin] Pushing event updated for resources: {'SecurityGroup': ['ID=88745756-9f62-4941-94bb-5b30427a8dfd,revision_number=1']} {{(pid=94429) push /opt/stack/neutron/neutron/api/rpc/handlers/resources_rpc.py:237}}
Sep 01 21:28:27.826697 dv-cinder-760038-7-smb neutron-server[94429]: INFO neutron.wsgi [None req-264f12aa-e38d-45b2-ad19-67b735e13a6b admin admin] 10.222.0.23 "GET /v2.0/security-groups?tenant_id=83a5738204384ac4b674f94f7be41d81&name=default HTTP/1.1" status: 200 len: 2979 time: 0.6045184
Sep 01 21:28:27.829978 dv-cinder-760038-7-smb neutron-server[94428]: DEBUG neutron.wsgi [-] (94428) accepted ('10.222.0.23', 47142) {{(pid=94428) server /usr/local/lib/python3.8/dist-packages/eventlet/wsgi.py:982}}
Sep 01 21:28:27.900412 dv-cinder-760038-7-smb neutron-server[94430]: DEBUG neutron_lib.callbacks.manager [None req-df68b201-a589-4dd2-ad17-401143fca8eb None None] Notify callbacks ['neutron.plugins.ml2.plugin.SecurityGroupDbMixin._ensure_default_security_group_handler-663718'] for port, before_update {{(pid=94430) _notify_loop /usr/local/lib/python3.8/dist-packages/neutron_lib/callbacks/manager.py:192}}
Sep 01 21:28:27.913916 dv-cinder-760038-7-smb neutron-server[94428]: DEBUG neutron_lib.callbacks.manager [None req-3a3d3b6d-9020-423c-9f35-f4f8ef8600af admin admin] Notify callbacks [] for security_group, before_delete {{(pid=94428) _notify_loop /usr/local/lib/python3.8/dist-packages/neutron_lib/callbacks/manager.py:192}}
Sep 01 21:28:27.935074 dv-cinder-760038-7-smb neutron-server[94430]: DEBUG neutron.plugins.ml2.db [None req-df68b201-a589-4dd2-ad17-401143fca8eb None None] For port 5351e814-475e-4379-9d8e-4c0ca877a38f, host hv-cinder-76003, got binding levels [PortBindingLevel(driver='hyperv',host='hv-cinder-76003',level=0,port_id=5351e814-475e-4379-9d8e-4c0ca877a38f,segment=NetworkSegment(0b703e79-a68f-4a18-b824-7708d715345c),segment_id=0b703e79-a68f-4a18-b824-7708d715345c)] {{(pid=94430) get_binding_level_objs /opt/stack/neutron/neutron/plugins/ml2/db.py:74}}
Sep 01 21:28:27.958754 dv-cinder-760038-7-smb neutron-server[94428]: DEBUG neutron_lib.callbacks.manager [None req-3a3d3b6d-9020-423c-9f35-f4f8ef8600af admin admin] Notify callbacks [] for security_group, precommit_delete {{(pid=94428) _notify_loop /usr/local/lib/python3.8/dist-packages/neutron_lib/callbacks/manager.py:192}}
Sep 01 21:28:27.962909 dv-cinder-760038-7-smb neutron-server[94429]: DEBUG neutron.pecan_wsgi.hooks.policy_enforcement [req-56f03534-cd35-40bc-aa83-d6f3ee3b4052 req-db4ee818-a973-4a1f-836c-97bf366b1375 service neutron] Attributes excluded by policy engine: ['standard_attr_id'] {{(pid=94429) _exclude_attributes_by_policy /opt/stack/neutron/neutron/pecan_wsgi/hooks/policy_enforcement.py:255}}
Sep 01 21:28:27.964607 dv-cinder-760038-7-smb neutron-server[94429]: INFO neutron.wsgi [req-56f03534-cd35-40bc-aa83-d6f3ee3b4052 req-db4ee818-a973-4a1f-836c-97bf366b1375 service neutron] 10.222.0.18 "GET /v2.0/ports?device_id=e913f4fd-87f6-4888-bbfc-3594d80136c9 HTTP/1.1" status: 200 len: 1098 time: 0.0609896
Sep 01 21:28:28.005350 dv-cinder-760038-7-smb neutron-server[94429]: INFO neutron.wsgi [req-56f03534-cd35-40bc-aa83-d6f3ee3b4052 req-adc77ac7-77db-4c1e-9bc8-3a4ba71101a1 service neutron] 10.222.0.18 "GET /v2.0/security-groups?id=4b11f3bf-cf9a-49d8-80d4-40b2e52c34ad&fields=id&fields=name HTTP/1.1" status: 200 len: 313 time: 0.0325644
Sep 01 21:28:28.025392 dv-cinder-760038-7-smb neutron-server[94430]: DEBUG neutron_lib.callbacks.manager [None req-df68b201-a589-4dd2-ad17-401143fca8eb None None] Notify callbacks ['neutron.plugins.ml2.plugin.SecurityGroupServerNotifierRpcMixin._notify_sg_on_port_change-662379', 'neutron.plugins.ml2.ovo_rpc._ObjectChangeHandler.handle_event-47525', 'neutron.api.rpc.agentnotifiers.dhcp_rpc_agent_api.DhcpAgentNotifyAPI._native_event_send_dhcp_notification-16221918', 'neutron.db.l3_db.L3RpcNotifierMixin._notify_gateway_port_ip_changed-8786572290461', 'neutron.db.l3_dvrscheduler_db._notify_l3_agent_port_update-8786571918987', 'neutron.db.l3_hascheduler_db._notify_l3_agent_ha_port_update-8786571919005'] for port, after_update {{(pid=94430) _notify_loop /usr/local/lib/python3.8/dist-packages/neutron_lib/callbacks/manager.py:192}}
Sep 01 21:28:28.086969 dv-cinder-760038-7-smb neutron-server[94430]: DEBUG neutron.api.rpc.handlers.resources_rpc [None req-df68b201-a589-4dd2-ad17-401143fca8eb None None] Pushing event updated for resources: {'Port': ['ID=5351e814-475e-4379-9d8e-4c0ca877a38f,revision_number=5']} {{(pid=94430) push /opt/stack/neutron/neutron/api/rpc/handlers/resources_rpc.py:237}}
Sep 01 21:28:28.195756 dv-cinder-760038-7-smb neutron-server[94429]: DEBUG neutron.pecan_wsgi.hooks.policy_enforcement [req-1df7ff63-bc41-4787-a47d-65296b4615aa req-54943fd1-016c-4172-8e04-e0c6e4bf3eeb tempest-AttachVolumeTestJSON-1864877062 tempest-AttachVolumeTestJSON-1864877062-project] Attributes excluded by policy engine: ['standard_attr_id', 'binding:profile', 'binding:host_id', 'binding:vif_type', 'binding:vif_details'] {{(pid=94429) _exclude_attributes_by_policy /opt/stack/neutron/neutron/pecan_wsgi/hooks/policy_enforcement.py:255}}
Sep 01 21:28:28.197539 dv-cinder-760038-7-smb neutron-server[94429]: INFO neutron.wsgi [req-1df7ff63-bc41-4787-a47d-65296b4615aa req-54943fd1-016c-4172-8e04-e0c6e4bf3eeb tempest-AttachVolumeTestJSON-1864877062 tempest-AttachVolumeTestJSON-1864877062-project] 10.222.0.23 "GET /v2.0/ports?device_id=e913f4fd-87f6-4888-bbfc-3594d80136c9 HTTP/1.1" status: 200 len: 945 time: 0.0504475
