Aug 13 04:32:37.681863 dv-cinder-760038-6-iscsi neutron-server[93881]: DEBUG neutron.plugins.ml2.managers [None req-7d5d150d-b4d0-4a4d-93bc-98534a03798f None None] Attempting to bind port 3d37be0c-fcf7-48a8-89e6-7c795b8ab0a4 by drivers openvswitch,hyperv on host dv-cinder-760038-6-iscsi at level 0 using segments [{'id': 'f3a5ba2c-b9af-405f-9f2a-04feeb40edf2', 'network_type': 'flat', 'physical_network': 'physnet1', 'segmentation_id': None, 'network_id': 'ad0030ff-25a0-4bc7-a18b-8ddc76a6a22c'}] {{(pid=93881) _bind_port_level /opt/stack/neutron/neutron/plugins/ml2/managers.py:815}}
Aug 13 04:32:37.682782 dv-cinder-760038-6-iscsi neutron-server[93881]: DEBUG neutron.plugins.ml2.drivers.mech_agent [None req-7d5d150d-b4d0-4a4d-93bc-98534a03798f None None] Attempting to bind port 3d37be0c-fcf7-48a8-89e6-7c795b8ab0a4 on network ad0030ff-25a0-4bc7-a18b-8ddc76a6a22c {{(pid=93881) bind_port /opt/stack/neutron/neutron/plugins/ml2/drivers/mech_agent.py:85}}
Aug 13 04:32:37.698934 dv-cinder-760038-6-iscsi neutron-server[93881]: DEBUG neutron.plugins.ml2.drivers.mech_agent [None req-7d5d150d-b4d0-4a4d-93bc-98534a03798f None None] Checking agent: {'id': '445444e5-37ca-49bd-ad87-2a2391fe227d', 'agent_type': 'Open vSwitch agent', 'binary': 'neutron-openvswitch-agent', 'topic': 'N/A', 'host': 'dv-cinder-760038-6-iscsi', 'admin_state_up': True, 'created_at': datetime.datetime(2021, 8, 13, 4, 25, 7), 'started_at': datetime.datetime(2021, 8, 13, 4, 25, 37), 'heartbeat_timestamp': datetime.datetime(2021, 8, 13, 4, 32, 37), 'description': None, 'resources_synced': None, 'availability_zone': None, 'alive': True, 'configurations': {'arp_responder_enabled': False, 'baremetal_smartnic': False, 'bridge_mappings': {'physnet1': 'br-data'}, 'datapath_type': 'system', 'devices': 0, 'enable_distributed_routing': False, 'extensions': [], 'in_distributed_mode': False, 'integration_bridge': 'br-int', 'l2_population': False, 'log_agent_heartbeats': False, 'ovs_capabilities': {'datapath_types': ['netdev', 'system'], 'iface_types': ['erspan', 'geneve', 'gre', 'internal', 'ip6erspan', 'ip6gre', 'lisp', 'patch', 'stt', 'system', 'tap', 'vxlan']}, 'ovs_hybrid_plug': False, 'resource_provider_bandwidths': {}, 'resource_provider_hypervisors': {'br-data': 'dv-cinder-760038-6-iscsi'}, 'resource_provider_inventory_defaults': {'allocation_ratio': 1.0, 'min_unit': 1, 'step_size': 1, 'reserved': 0}, 'tunnel_types': [], 'tunneling_ip': None, 'vhostuser_socket_dir': '/var/run/openvswitch'}, 'resource_versions': {'AddressGroup': '1.2', 'ConntrackHelper': '1.0', 'Log': '1.0', 'Network': '1.1', 'Port': '1.7', 'PortForwarding': '1.2', 'QosPolicy': '1.9', 'SecurityGroup': '1.4', 'SecurityGroupRule': '1.2', 'SubPort': '1.0', 'Subnet': '1.1', 'Trunk': '1.1'}} {{(pid=93881) bind_port /opt/stack/neutron/neutron/plugins/ml2/drivers/mech_agent.py:104}}
Aug 13 04:32:37.700187 dv-cinder-760038-6-iscsi neutron-server[93881]: DEBUG neutron.plugins.ml2.drivers.mech_agent [None req-7d5d150d-b4d0-4a4d-93bc-98534a03798f None None] Checking segment: {'id': 'f3a5ba2c-b9af-405f-9f2a-04feeb40edf2', 'network_type': 'flat', 'physical_network': 'physnet1', 'segmentation_id': None, 'network_id': 'ad0030ff-25a0-4bc7-a18b-8ddc76a6a22c'} for mappings: {'physnet1': 'br-data'} with network types: ['local', 'flat', 'vlan'] {{(pid=93881) check_segment_for_agent /opt/stack/neutron/neutron/plugins/ml2/drivers/mech_agent.py:352}}
Aug 13 04:32:37.701268 dv-cinder-760038-6-iscsi neutron-server[93881]: DEBUG neutron_lib.callbacks.manager [None req-7d5d150d-b4d0-4a4d-93bc-98534a03798f None None] Notify callbacks [] for ovs_bridge_name, before_read {{(pid=93881) _notify_loop /usr/local/lib/python3.8/dist-packages/neutron_lib/callbacks/manager.py:192}}
Aug 13 04:32:37.702275 dv-cinder-760038-6-iscsi neutron-server[93881]: DEBUG neutron.plugins.ml2.drivers.mech_agent [None req-7d5d150d-b4d0-4a4d-93bc-98534a03798f None None] Bound using segment: {'id': 'f3a5ba2c-b9af-405f-9f2a-04feeb40edf2', 'network_type': 'flat', 'physical_network': 'physnet1', 'segmentation_id': None, 'network_id': 'ad0030ff-25a0-4bc7-a18b-8ddc76a6a22c'} {{(pid=93881) bind_port /opt/stack/neutron/neutron/plugins/ml2/drivers/mech_agent.py:114}}
Aug 13 04:32:37.704260 dv-cinder-760038-6-iscsi neutron-server[93881]: DEBUG neutron.plugins.ml2.managers [None req-7d5d150d-b4d0-4a4d-93bc-98534a03798f None None] Bound port: 3d37be0c-fcf7-48a8-89e6-7c795b8ab0a4, host: dv-cinder-760038-6-iscsi, vif_type: ovs, vif_details: {"connectivity": "l2", "port_filter": true, "ovs_hybrid_plug": false, "datapath_type": "system", "bridge_name": "br-int"}, binding_levels: [{'bound_driver': 'openvswitch', 'bound_segment': {'id': 'f3a5ba2c-b9af-405f-9f2a-04feeb40edf2', 'network_type': 'flat', 'physical_network': 'physnet1', 'segmentation_id': None, 'network_id': 'ad0030ff-25a0-4bc7-a18b-8ddc76a6a22c'}}] {{(pid=93881) _bind_port_level /opt/stack/neutron/neutron/plugins/ml2/managers.py:928}}
Aug 13 04:32:37.704866 dv-cinder-760038-6-iscsi neutron-server[93881]: DEBUG neutron_lib.callbacks.manager [None req-7d5d150d-b4d0-4a4d-93bc-98534a03798f None None] Notify callbacks ['neutron.plugins.ml2.plugin.SecurityGroupDbMixin._ensure_default_security_group_handler-3799102'] for port, before_update {{(pid=93881) _notify_loop /usr/local/lib/python3.8/dist-packages/neutron_lib/callbacks/manager.py:192}}
Aug 13 04:32:37.706800 dv-cinder-760038-6-iscsi neutron-server[93878]: DEBUG neutron.pecan_wsgi.hooks.policy_enforcement [req-f5d3a36f-90d3-4f6d-804c-a7fafdbe9e71 req-7a2e6ff9-d038-4d09-a4f1-d1d2ee1722a1 tempest-AttachVolumeNegativeTest-533815579 tempest-AttachVolumeNegativeTest-533815579-project] Attributes excluded by policy engine: ['standard_attr_id', 'vlan_transparent', 'provider:network_type', 'provider:physical_network', 'provider:segmentation_id'] {{(pid=93878) _exclude_attributes_by_policy /opt/stack/neutron/neutron/pecan_wsgi/hooks/policy_enforcement.py:255}}
Aug 13 04:32:37.714228 dv-cinder-760038-6-iscsi neutron-server[93878]: INFO neutron.wsgi [req-f5d3a36f-90d3-4f6d-804c-a7fafdbe9e71 req-7a2e6ff9-d038-4d09-a4f1-d1d2ee1722a1 tempest-AttachVolumeNegativeTest-533815579 tempest-AttachVolumeNegativeTest-533815579-project] 10.222.0.66 "GET /v2.0/networks?id=91e732a1-e699-4f9b-a1eb-4da914f74f33 HTTP/1.1" status: 200 len: 815 time: 0.3592544
Aug 13 04:32:37.735171 dv-cinder-760038-6-iscsi neutron-server[93878]: INFO neutron.wsgi [req-f5d3a36f-90d3-4f6d-804c-a7fafdbe9e71 req-71e0fc5b-ec02-41ab-949f-a27e568af9e9 tempest-AttachVolumeNegativeTest-533815579 tempest-AttachVolumeNegativeTest-533815579-project] 10.222.0.66 "GET /v2.0/quotas/92da8f15fd6544bc99f772a4f4760175 HTTP/1.1" status: 200 len: 375 time: 0.0200095
Aug 13 04:32:37.804818 dv-cinder-760038-6-iscsi neutron-server[93878]: INFO neutron.wsgi [req-f5d3a36f-90d3-4f6d-804c-a7fafdbe9e71 req-6cf2d9c3-5530-4979-95f4-f26899bdf1b3 tempest-AttachVolumeNegativeTest-533815579 tempest-AttachVolumeNegativeTest-533815579-project] 10.222.0.66 "GET /v2.0/ports?tenant_id=92da8f15fd6544bc99f772a4f4760175&fields=id HTTP/1.1" status: 200 len: 210 time: 0.0682783
Aug 13 04:32:37.848104 dv-cinder-760038-6-iscsi neutron-server[93881]: DEBUG neutron.plugins.ml2.db [None req-7d5d150d-b4d0-4a4d-93bc-98534a03798f None None] For port 3d37be0c-fcf7-48a8-89e6-7c795b8ab0a4, host dv-cinder-760038-6-iscsi, cleared binding levels {{(pid=93881) clear_binding_levels /opt/stack/neutron/neutron/plugins/ml2/db.py:87}}
Aug 13 04:32:37.852552 dv-cinder-760038-6-iscsi neutron-server[93881]: DEBUG neutron.plugins.ml2.db [None req-7d5d150d-b4d0-4a4d-93bc-98534a03798f None None] For port 3d37be0c-fcf7-48a8-89e6-7c795b8ab0a4, host dv-cinder-760038-6-iscsi, set binding levels [PortBindingLevel(driver='openvswitch',host='dv-cinder-760038-6-iscsi',level=0,port_id=3d37be0c-fcf7-48a8-89e6-7c795b8ab0a4,segment=NetworkSegment(f3a5ba2c-b9af-405f-9f2a-04feeb40edf2),segment_id=f3a5ba2c-b9af-405f-9f2a-04feeb40edf2)] {{(pid=93881) set_binding_levels /opt/stack/neutron/neutron/plugins/ml2/db.py:59}}
Aug 13 04:32:37.859573 dv-cinder-760038-6-iscsi neutron-server[93881]: DEBUG neutron_lib.callbacks.manager [None req-7d5d150d-b4d0-4a4d-93bc-98534a03798f None None] Notify callbacks ['neutron.plugins.ml2.plugin.SecurityGroupServerNotifierRpcMixin._notify_sg_on_port_change-3800464', 'neutron.plugins.ml2.ovo_rpc._ObjectChangeHandler.handle_event-156846', 'neutron.api.rpc.agentnotifiers.dhcp_rpc_agent_api.DhcpAgentNotifyAPI._native_event_send_dhcp_notification-1010701', 'neutron.db.l3_db.L3RpcNotifierMixin._notify_gateway_port_ip_changed-8740855704468', 'neutron.db.l3_dvrscheduler_db._notify_l3_agent_port_update-8740855315191', 'neutron.db.l3_hascheduler_db._notify_l3_agent_ha_port_update-8740855314701'] for port, after_update {{(pid=93881) _notify_loop /usr/local/lib/python3.8/dist-packages/neutron_lib/callbacks/manager.py:192}}
Aug 13 04:32:37.912789 dv-cinder-760038-6-iscsi neutron-server[93878]: DEBUG neutron_lib.callbacks.manager [None req-35f88c12-99f1-40b0-9889-2d40b13202c7 admin admin] Notify callbacks ['neutron.plugins.ml2.plugin.SecurityGroupDbMixin._ensure_default_security_group_handler-3799102'] for port, before_create {{(pid=93878) _notify_loop /usr/local/lib/python3.8/dist-packages/neutron_lib/callbacks/manager.py:192}}
Aug 13 04:32:37.958848 dv-cinder-760038-6-iscsi neutron-server[93881]: DEBUG neutron.db.l3_dvrscheduler_db [None req-7d5d150d-b4d0-4a4d-93bc-98534a03798f None None] Routers {'278a954d-0e98-497c-9d52-f0b00863ecaa'} bound to L3 agent in host dv-cinder-760038-6-iscsi {{(pid=93881) _get_router_ids_for_agent /opt/stack/neutron/neutron/db/l3_dvrscheduler_db.py:420}}
Aug 13 04:32:37.959433 dv-cinder-760038-6-iscsi neutron-server[93881]: DEBUG neutron.db.l3_hamode_db [None req-7d5d150d-b4d0-4a4d-93bc-98534a03798f None None] neutron.services.l3_router.l3_router_plugin.L3RouterPlugin method get_ha_sync_data_for_host called with arguments (, 'dv-cinder-760038-6-iscsi', Agent(admin_state_up=True,agent_type='L3 agent',availability_zone='nova',binary='neutron-l3-agent',configurations={"agent_mode": "legacy", "ex_gw_ports": 1, "extensions": [], "floating_ips": 0, "handle_internal_only_routers": true, "interface_driver": "openvswitch", "interfaces": 1, "log_agent_heartbeats": false, "routers": 1},created_at=2021-08-13T04:25:06Z,description=,heartbeat_timestamp=2021-08-13T04:32:36Z,host='dv-cinder-760038-6-iscsi',id=7920904c-dde7-474d-a492-732d63c2bedf,load=0,resource_versions=,resources_synced=,started_at=2021-08-13T04:25:06Z,topic='l3_agent')) {'router_ids': ['278a954d-0e98-497c-9d52-f0b00863ecaa'], 'active': True} {{(pid=93881) wrapper /usr/local/lib/python3.8/dist-packages/oslo_log/helpers.py:65}}
Aug 13 04:32:37.961642 dv-cinder-760038-6-iscsi neutron-server[93881]: DEBUG neutron.api.rpc.handlers.resources_rpc [None req-4043884e-6dd1-4f9a-ab93-e49c9c9ee394 None None] Pushing event updated for resources: {'Port': ['ID=3d37be0c-fcf7-48a8-89e6-7c795b8ab0a4,revision_number=3']} {{(pid=93881) push /opt/stack/neutron/neutron/api/rpc/handlers/resources_rpc.py:237}}
Aug 13 04:32:38.095694 dv-cinder-760038-6-iscsi neutron-server[93881]: DEBUG neutron.db.l3_dvr_db [None req-7d5d150d-b4d0-4a4d-93bc-98534a03798f None None] Set router 278a954d-0e98-497c-9d52-f0b00863ecaa gateway port host: dv-cinder-760038-6-iscsi {{(pid=93881) _build_routers_list /opt/stack/neutron/neutron/db/l3_dvr_db.py:906}}
Aug 13 04:32:38.157315 dv-cinder-760038-6-iscsi neutron-server[93878]: DEBUG neutron.db.db_base_plugin_common [None req-35f88c12-99f1-40b0-9889-2d40b13202c7 admin admin] Allocated IP 172.20.0.1 (656fbf7d-53a7-4dac-a33d-0884d050e901/881cabcc-f8a8-4204-8f49-35a270809434/e729ed75-a6a0-4aba-8e28-343cd7e03be8) {{(pid=93878) _store_ip_allocation /opt/stack/neutron/neutron/db/db_base_plugin_common.py:131}}
Aug 13 04:32:38.168959 dv-cinder-760038-6-iscsi neutron-server[93879]: DEBUG neutron.wsgi [-] (93879) accepted ('10.222.0.66', 57256) {{(pid=93879) server /usr/local/lib/python3.8/dist-packages/eventlet/wsgi.py:982}}
Aug 13 04:32:38.196279 dv-cinder-760038-6-iscsi neutron-server[93879]: DEBUG neutron_lib.callbacks.manager [None req-18e58e4d-1817-4656-a61b-48dfe6ba2470 admin admin] Notify callbacks [] for security_group, before_create {{(pid=93879) _notify_loop /usr/local/lib/python3.8/dist-packages/neutron_lib/callbacks/manager.py:192}}
Aug 13 04:32:38.298461 dv-cinder-760038-6-iscsi neutron-server[93878]: DEBUG neutron_lib.callbacks.manager [None req-35f88c12-99f1-40b0-9889-2d40b13202c7 admin admin] Notify callbacks [] for port, precommit_create {{(pid=93878) _notify_loop /usr/local/lib/python3.8/dist-packages/neutron_lib/callbacks/manager.py:192}}
Aug 13 04:32:38.372590 dv-cinder-760038-6-iscsi neutron-server[93878]: DEBUG neutron_lib.callbacks.manager [None req-35f88c12-99f1-40b0-9889-2d40b13202c7 admin admin] Notify callbacks ['neutron.plugins.ml2.plugin.SecurityGroupServerNotifierRpcMixin._notify_sg_on_port_change-3800464', 'neutron.plugins.ml2.ovo_rpc._ObjectChangeHandler.handle_event-156846', 'neutron.api.rpc.agentnotifiers.dhcp_rpc_agent_api.DhcpAgentNotifyAPI._native_event_send_dhcp_notification-1010701', 'neutron.db.l3_dvrscheduler_db._notify_l3_agent_new_port-8740855315173'] for port, after_create {{(pid=93878) _notify_loop /usr/local/lib/python3.8/dist-packages/neutron_lib/callbacks/manager.py:192}}
Aug 13 04:32:38.396222 dv-cinder-760038-6-iscsi neutron-server[93879]: DEBUG neutron_lib.callbacks.manager [None req-18e58e4d-1817-4656-a61b-48dfe6ba2470 admin admin] Notify callbacks [] for security_group, precommit_create {{(pid=93879) _notify_loop /usr/local/lib/python3.8/dist-packages/neutron_lib/callbacks/manager.py:192}}
Aug 13 04:32:38.405091 dv-cinder-760038-6-iscsi neutron-server[93879]: DEBUG neutron_lib.callbacks.manager [None req-18e58e4d-1817-4656-a61b-48dfe6ba2470 admin admin] Notify callbacks ['neutron.plugins.ml2.ovo_rpc._ObjectChangeHandler.handle_event-581514'] for security_group, after_create {{(pid=93879) _notify_loop /usr/local/lib/python3.8/dist-packages/neutron_lib/callbacks/manager.py:192}}
Aug 13 04:32:38.409169 dv-cinder-760038-6-iscsi neutron-server[93878]: DEBUG neutron.scheduler.dhcp_agent_scheduler [None req-35f88c12-99f1-40b0-9889-2d40b13202c7 admin admin] Network 656fbf7d-53a7-4dac-a33d-0884d050e901 is already hosted by enough agents. {{(pid=93878) _get_dhcp_agents_hosting_network /opt/stack/neutron/neutron/scheduler/dhcp_agent_scheduler.py:275}}
Aug 13 04:32:38.465263 dv-cinder-760038-6-iscsi neutron-server[93879]: INFO neutron.wsgi [None req-18e58e4d-1817-4656-a61b-48dfe6ba2470 admin admin] 10.222.0.66 "GET /v2.0/security-groups?tenant_id=2d7b3e4791084cb2a800239690206fc2&name=default HTTP/1.1" status: 200 len: 2975 time: 0.2952173
Aug 13 04:32:38.466397 dv-cinder-760038-6-iscsi neutron-server[93879]: DEBUG neutron.api.rpc.handlers.resources_rpc [None req-18e58e4d-1817-4656-a61b-48dfe6ba2470 admin admin] Pushing event updated for resources: {'SecurityGroup': ['ID=ea3af26e-56d0-4883-86c6-89ea39ce494a,revision_number=1']} {{(pid=93879) push /opt/stack/neutron/neutron/api/rpc/handlers/resources_rpc.py:237}}
Aug 13 04:32:38.466706 dv-cinder-760038-6-iscsi neutron-server[93878]: DEBUG neutron.wsgi [req-f5d3a36f-90d3-4f6d-804c-a7fafdbe9e71 req-04d11582-cbba-45fe-95c2-78301eb42f4d service neutron] http://10.222.0.66:9696/v2.0/extensions returned with HTTP 200 {{(pid=93878) __call__ /opt/stack/neutron/neutron/wsgi.py:729}}
Aug 13 04:32:38.467771 dv-cinder-760038-6-iscsi neutron-server[93878]: INFO neutron.wsgi [req-f5d3a36f-90d3-4f6d-804c-a7fafdbe9e71 req-04d11582-cbba-45fe-95c2-78301eb42f4d service neutron] 10.222.0.66 "GET /v2.0/extensions HTTP/1.1" status: 200 len: 13640 time: 0.4562597
Aug 13 04:32:38.469782 dv-cinder-760038-6-iscsi neutron-server[93879]: DEBUG neutron.wsgi [-] (93879) accepted ('10.222.0.66', 57270) {{(pid=93879) server /usr/local/lib/python3.8/dist-packages/eventlet/wsgi.py:982}}
Aug 13 04:32:38.476388 dv-cinder-760038-6-iscsi neutron-server[93881]: DEBUG neutron.db.l3_hamode_db [None req-7d5d150d-b4d0-4a4d-93bc-98534a03798f None None] neutron.services.l3_router.l3_router_plugin.L3RouterPlugin method _process_sync_ha_data called with arguments (, [{'id': '278a954d-0e98-497c-9d52-f0b00863ecaa', 'name': 'tempest-ServerRescueNegativeTestJSON-2063636097-router', 'tenant_id': 'e1bb25d638c04b5ba8311f314ac8ae89', 'admin_state_up': True, 'status': 'ACTIVE', 'external_gateway_info': {'network_id': 'ad0030ff-25a0-4bc7-a18b-8ddc76a6a22c', 'external_fixed_ips': [{'subnet_id': '3049d525-8adc-4258-8f07-48cd73646ac8', 'ip_address': '172.27.2.202'}], 'enable_snat': True}, 'gw_port_id': '3d37be0c-fcf7-48a8-89e6-7c795b8ab0a4', 'description': '', 'availability_zones': ['nova'], 'distributed': False, 'ha': False, 'ha_vr_id': 0, 'availability_zone_hints': [], 'routes': [], 'flavor_id': None, 'tags': [], 'created_at': '2021-08-13T04:32:34Z', 'updated_at': '2021-08-13T04:32:35Z', 'revision_number': 3, 'project_id': 'e1bb25d638c04b5ba8311f314ac8ae89', 'gw_port': {'id': '3d37be0c-fcf7-48a8-89e6-7c795b8ab0a4', 'name': '', 'network_id': 'ad0030ff-25a0-4bc7-a18b-8ddc76a6a22c', 'tenant_id': '', 'mac_address': 'fa:16:3e:3d:9b:cb', 'admin_state_up': True, 'status': 'DOWN', 'device_id': '278a954d-0e98-497c-9d52-f0b00863ecaa', 'device_owner': 'network:router_gateway', 'standard_attr_id': 56, 'fixed_ips': [{'subnet_id': '3049d525-8adc-4258-8f07-48cd73646ac8', 'ip_address': '172.27.2.202', 'prefixlen': 24}], 'allowed_address_pairs': [], 'extra_dhcp_opts': [], 'security_groups': [], 'description': '', 'binding:vnic_type': 'normal', 'binding:profile': {}, 'binding:host_id': 'dv-cinder-760038-6-iscsi', 'binding:vif_type': 'ovs', 'binding:vif_details': {'connectivity': 'l2', 'port_filter': True, 'ovs_hybrid_plug': False, 'datapath_type': 'system', 'bridge_name': 'br-int'}, 'port_security_enabled': False, 'tags': [], 'created_at': '2021-08-13T04:32:35Z', 'updated_at': '2021-08-13T04:32:37Z', 'revision_number': 3, 'project_id': '', 'subnets': [{'id': '3049d525-8adc-4258-8f07-48cd73646ac8', 'cidr': '172.27.2.0/24', 'gateway_ip': '172.27.2.1', 'dns_nameservers': [], 'ipv6_ra_mode': None, 'subnetpool_id': None}], 'extra_subnets': [], 'address_scopes': {4: None, 6: None}, 'mtu': 1500}, 'enable_snat': True, 'gw_port_host': 'dv-cinder-760038-6-iscsi'}], 'dv-cinder-760038-6-iscsi', False) {} {{(pid=93881) wrapper /usr/local/lib/python3.8/dist-packages/oslo_log/helpers.py:65}}
Aug 13 04:32:38.493113 dv-cinder-760038-6-iscsi neutron-server[93878]: DEBUG neutron.scheduler.base_scheduler [None req-35f88c12-99f1-40b0-9889-2d40b13202c7 admin admin] Resources bound (agent type, host, resource id): {{(pid=93878) schedule /opt/stack/neutron/neutron/scheduler/base_scheduler.py:57}}
Aug 13 04:32:38.499710 dv-cinder-760038-6-iscsi neutron-server[93878]: DEBUG neutron.db.l3_dvrscheduler_db [None req-35f88c12-99f1-40b0-9889-2d40b13202c7 admin admin] Received port after_create {{(pid=93878) _notify_l3_agent_new_port /opt/stack/neutron/neutron/db/l3_dvrscheduler_db.py:535}}
Aug 13 04:32:38.500191 dv-cinder-760038-6-iscsi neutron-server[93878]: DEBUG neutron_lib.callbacks.manager [None req-35f88c12-99f1-40b0-9889-2d40b13202c7 admin admin] Notify callbacks ['neutron.services.l3_router.l3_router_plugin.DVRResourceOperationHandler._add_csnat_on_interface_create-602913'] for router_interface, before_create {{(pid=93878) _notify_loop /usr/local/lib/python3.8/dist-packages/neutron_lib/callbacks/manager.py:192}}
Aug 13 04:32:38.551082 dv-cinder-760038-6-iscsi neutron-server[93881]: DEBUG neutron.api.rpc.handlers.l3_rpc [None req-7d5d150d-b4d0-4a4d-93bc-98534a03798f None None] The sync data for ids ['278a954d-0e98-497c-9d52-f0b00863ecaa'] in dv-cinder-760038-6-iscsi is: [{'id': '278a954d-0e98-497c-9d52-f0b00863ecaa', 'name': 'tempest-ServerRescueNegativeTestJSON-2063636097-router', 'tenant_id': 'e1bb25d638c04b5ba8311f314ac8ae89', 'admin_state_up': True, 'status': 'ACTIVE', 'external_gateway_info': {'network_id': 'ad0030ff-25a0-4bc7-a18b-8ddc76a6a22c', 'external_fixed_ips': [{'subnet_id': '3049d525-8adc-4258-8f07-48cd73646ac8', 'ip_address': '172.27.2.202'}], 'enable_snat': True}, 'gw_port_id': '3d37be0c-fcf7-48a8-89e6-7c795b8ab0a4', 'description': '', 'availability_zones': ['nova'], 'distributed': False, 'ha': False, 'ha_vr_id': 0, 'availability_zone_hints': [], 'routes': [], 'flavor_id': None, 'tags': [], 'created_at': '2021-08-13T04:32:34Z', 'updated_at': '2021-08-13T04:32:35Z', 'revision_number': 3, 'project_id': 'e1bb25d638c04b5ba8311f314ac8ae89', 'gw_port': {'id': '3d37be0c-fcf7-48a8-89e6-7c795b8ab0a4', 'name': '', 'network_id': 'ad0030ff-25a0-4bc7-a18b-8ddc76a6a22c', 'tenant_id': '', 'mac_address': 'fa:16:3e:3d:9b:cb', 'admin_state_up': True, 'status': 'DOWN', 'device_id': '278a954d-0e98-497c-9d52-f0b00863ecaa', 'device_owner': 'network:router_gateway', 'standard_attr_id': 56, 'fixed_ips': [{'subnet_id': '3049d525-8adc-4258-8f07-48cd73646ac8', 'ip_address': '172.27.2.202', 'prefixlen': 24}], 'allowed_address_pairs': [], 'extra_dhcp_opts': [], 'security_groups': [], 'description': '', 'binding:vnic_type': 'normal', 'binding:profile': {}, 'binding:host_id': 'dv-cinder-760038-6-iscsi', 'binding:vif_type': 'ovs', 'binding:vif_details': {'connectivity': 'l2', 'port_filter': True, 'ovs_hybrid_plug': False, 'datapath_type': 'system', 'bridge_name': 'br-int'}, 'port_security_enabled': False, 'tags': [], 'created_at': '2021-08-13T04:32:35Z', 'updated_at': '2021-08-13T04:32:37Z', 'revision_number': 3, 'project_id': '', 'subnets': [{'id': '3049d525-8adc-4258-8f07-48cd73646ac8', 'cidr': '172.27.2.0/24', 'gateway_ip': '172.27.2.1', 'dns_nameservers': [], 'ipv6_ra_mode': None, 'subnetpool_id': None}], 'extra_subnets': [], 'address_scopes': {4: None, 6: None}, 'mtu': 1500}, 'enable_snat': True, 'gw_port_host': 'dv-cinder-760038-6-iscsi'}] {{(pid=93881) sync_routers /opt/stack/neutron/neutron/api/rpc/handlers/l3_rpc.py:137}}
Aug 13 04:32:38.558134 dv-cinder-760038-6-iscsi neutron-server[93879]: DEBUG neutron_lib.callbacks.manager [None req-8c0bc0d7-0860-4be3-9555-784420abccc4 admin admin] Notify callbacks [] for security_group, before_delete {{(pid=93879) _notify_loop /usr/local/lib/python3.8/dist-packages/neutron_lib/callbacks/manager.py:192}}
Aug 13 04:32:38.598942 dv-cinder-760038-6-iscsi neutron-server[93879]: DEBUG neutron.wsgi [-] (93879) accepted ('10.222.0.66', 57282) {{(pid=93879) server /usr/local/lib/python3.8/dist-packages/eventlet/wsgi.py:982}}
Aug 13 04:32:38.614101 dv-cinder-760038-6-iscsi neutron-server[93879]: DEBUG neutron_lib.callbacks.manager [None req-8c0bc0d7-0860-4be3-9555-784420abccc4 admin admin] Notify callbacks [] for security_group, precommit_delete {{(pid=93879) _notify_loop /usr/local/lib/python3.8/dist-packages/neutron_lib/callbacks/manager.py:192}}
Aug 13 04:32:38.661907 dv-cinder-760038-6-iscsi neutron-server[93878]: DEBUG neutron.api.rpc.handlers.resources_rpc [None req-35f88c12-99f1-40b0-9889-2d40b13202c7 admin admin] Pushing event updated for resources: {'Port': ['ID=e729ed75-a6a0-4aba-8e28-343cd7e03be8,revision_number=1']} {{(pid=93878) push /opt/stack/neutron/neutron/api/rpc/handlers/resources_rpc.py:237}}
Aug 13 04:32:38.677325 dv-cinder-760038-6-iscsi neutron-server[93879]: INFO neutron.wsgi [req-ece665b7-07ad-4767-8e19-be4d02f030bb req-3518e952-a2bd-4c65-ac49-e3eefc31f55c tempest-DeleteServersTestJSON-856043077 tempest-DeleteServersTestJSON-856043077-project] 10.222.0.66 "GET /v2.0/ports?device_id=8bd95b63-87cd-40ac-846d-f2d7bd5e523b HTTP/1.1" status: 200 len: 210 time: 0.0462921
Aug 13 04:32:38.727882 dv-cinder-760038-6-iscsi neutron-server[93879]: DEBUG neutron_lib.callbacks.manager [None req-8c0bc0d7-0860-4be3-9555-784420abccc4 admin admin] Notify callbacks ['neutron.plugins.ml2.ovo_rpc._ObjectChangeHandler.handle_event-581514'] for security_group, after_delete {{(pid=93879) _notify_loop /usr/local/lib/python3.8/dist-packages/neutron_lib/callbacks/manager.py:192}}
Aug 13 04:32:38.730878 dv-cinder-760038-6-iscsi neutron-server[93879]: DEBUG neutron_lib.callbacks.manager [None req-8c0bc0d7-0860-4be3-9555-784420abccc4 admin admin] Notify callbacks [] for security_group, before_response {{(pid=93879) _notify_loop /usr/local/lib/python3.8/dist-packages/neutron_lib/callbacks/manager.py:192}}
Aug 13 04:32:38.732029 dv-cinder-760038-6-iscsi neutron-server[93879]: INFO neutron.wsgi [None req-8c0bc0d7-0860-4be3-9555-784420abccc4 admin admin] 10.222.0.66 "DELETE /v2.0/security-groups/ea3af26e-56d0-4883-86c6-89ea39ce494a HTTP/1.1" status: 204 len: 168 time: 0.2607439
Aug 13 04:32:38.741423 dv-cinder-760038-6-iscsi neutron-server[93879]: DEBUG neutron.api.rpc.handlers.resources_rpc [None req-8c0bc0d7-0860-4be3-9555-784420abccc4 admin admin] Pushing event deleted for resources: {'SecurityGroup': ['ID=ea3af26e-56d0-4883-86c6-89ea39ce494a,revision_number=None']} {{(pid=93879) push /opt/stack/neutron/neutron/api/rpc/handlers/resources_rpc.py:237}}
Aug 13 04:32:38.796118 dv-cinder-760038-6-iscsi neutron-server[93879]: DEBUG neutron_lib.callbacks.manager [None req-b07e0c2b-2023-4d61-81fb-7743ad038c37 admin admin] Notify callbacks [] for security_group, before_create {{(pid=93879) _notify_loop /usr/local/lib/python3.8/dist-packages/neutron_lib/callbacks/manager.py:192}}
Aug 13 04:32:38.808443 dv-cinder-760038-6-iscsi neutron-server[93878]: INFO neutron.wsgi [req-f5d3a36f-90d3-4f6d-804c-a7fafdbe9e71 req-08f9b521-a661-43b5-abbe-9f7fe4304bd0 service neutron] 10.222.0.66 "GET /v2.0/networks/91e732a1-e699-4f9b-a1eb-4da914f74f33?fields=segments HTTP/1.1" status: 200 len: 212 time: 0.3050807
Aug 13 04:32:38.835996 dv-cinder-760038-6-iscsi neutron-server[93880]: DEBUG neutron_lib.callbacks.manager [None req-16b6ba2c-cfaf-47c3-b268-3cf846d9c823 None None] Notify callbacks ['neutron.services.segments.db._update_segment_host_mapping_for_agent-8740855873284', 'neutron.plugins.ml2.plugin.Ml2Plugin._retry_binding_revived_agents-3854222'] for agent, after_update {{(pid=93880) _notify_loop /usr/local/lib/python3.8/dist-packages/neutron_lib/callbacks/manager.py:192}}
Aug 13 04:32:38.913952 dv-cinder-760038-6-iscsi neutron-server[93878]: DEBUG neutron_lib.callbacks.manager [None req-35f88c12-99f1-40b0-9889-2d40b13202c7 admin admin] Notify callbacks ['neutron.plugins.ml2.plugin.SecurityGroupDbMixin._ensure_default_security_group_handler-3799102'] for port, before_update {{(pid=93878) _notify_loop /usr/local/lib/python3.8/dist-packages/neutron_lib/callbacks/manager.py:192}}
Aug 13 04:32:39.063466 dv-cinder-760038-6-iscsi neutron-server[93879]: DEBUG neutron_lib.callbacks.manager [None req-b07e0c2b-2023-4d61-81fb-7743ad038c37 admin admin] Notify callbacks [] for security_group, precommit_create {{(pid=93879) _notify_loop /usr/local/lib/python3.8/dist-packages/neutron_lib/callbacks/manager.py:192}}
Aug 13 04:32:39.074785 dv-cinder-760038-6-iscsi neutron-server[93879]: DEBUG neutron_lib.callbacks.manager [None req-b07e0c2b-2023-4d61-81fb-7743ad038c37 admin admin] Notify callbacks ['neutron.plugins.ml2.ovo_rpc._ObjectChangeHandler.handle_event-581514'] for security_group, after_create {{(pid=93879) _notify_loop /usr/local/lib/python3.8/dist-packages/neutron_lib/callbacks/manager.py:192}}
Aug 13 04:32:39.075160 dv-cinder-760038-6-iscsi neutron-server[93878]: INFO neutron.wsgi [req-f5d3a36f-90d3-4f6d-804c-a7fafdbe9e71 req-abc26e07-3b3c-448a-a822-02404b3d84fc service neutron] 10.222.0.66 "GET /v2.0/networks/91e732a1-e699-4f9b-a1eb-4da914f74f33?fields=provider%3Aphysical_network&fields=provider%3Anetwork_type HTTP/1.1" status: 200 len: 281 time: 0.2637851
Aug 13 04:32:39.148553 dv-cinder-760038-6-iscsi neutron-server[93879]: INFO neutron.wsgi [None req-b07e0c2b-2023-4d61-81fb-7743ad038c37 admin admin] 10.222.0.66 "GET /v2.0/security-groups?tenant_id=2d244ca1c9c949508144089a4ceb37aa&name=default HTTP/1.1" status: 200 len: 2975 time: 0.5478635
Aug 13 04:32:39.149250 dv-cinder-760038-6-iscsi neutron-server[93879]: DEBUG neutron.api.rpc.handlers.resources_rpc [None req-b07e0c2b-2023-4d61-81fb-7743ad038c37 admin admin] Pushing event updated for resources: {'SecurityGroup': ['ID=7bd7f1ea-fad9-4529-93c3-9a12dc44789d,revision_number=1']} {{(pid=93879) push /opt/stack/neutron/neutron/api/rpc/handlers/resources_rpc.py:237}}
Aug 13 04:32:39.151780 dv-cinder-760038-6-iscsi neutron-server[93879]: DEBUG neutron.wsgi [-] (93879) accepted ('10.222.0.66', 57300) {{(pid=93879) server /usr/local/lib/python3.8/dist-packages/eventlet/wsgi.py:982}}
Aug 13 04:32:39.221738 dv-cinder-760038-6-iscsi neutron-server[93879]: DEBUG neutron_lib.callbacks.manager [None req-48c8bbfb-e64a-461d-9b7c-4f6ba6a63338 admin admin] Notify callbacks [] for security_group, before_delete {{(pid=93879) _notify_loop /usr/local/lib/python3.8/dist-packages/neutron_lib/callbacks/manager.py:192}}
Aug 13 04:32:39.247102 dv-cinder-760038-6-iscsi neutron-server[93879]: DEBUG neutron.wsgi [-] (93879) accepted ('10.222.0.66', 57306) {{(pid=93879) server /usr/local/lib/python3.8/dist-packages/eventlet/wsgi.py:982}}
Aug 13 04:32:39.258457 dv-cinder-760038-6-iscsi neutron-server[93879]: DEBUG neutron_lib.callbacks.manager [None req-48c8bbfb-e64a-461d-9b7c-4f6ba6a63338 admin admin] Notify callbacks [] for security_group, precommit_delete {{(pid=93879) _notify_loop /usr/local/lib/python3.8/dist-packages/neutron_lib/callbacks/manager.py:192}}
Aug 13 04:32:39.342513 dv-cinder-760038-6-iscsi neutron-server[93879]: DEBUG neutron_lib.callbacks.manager [None req-48c8bbfb-e64a-461d-9b7c-4f6ba6a63338 admin admin] Notify callbacks ['neutron.plugins.ml2.ovo_rpc._ObjectChangeHandler.handle_event-581514'] for security_group, after_delete {{(pid=93879) _notify_loop /usr/local/lib/python3.8/dist-packages/neutron_lib/callbacks/manager.py:192}}
Aug 13 04:32:39.345271 dv-cinder-760038-6-iscsi neutron-server[93879]: DEBUG neutron_lib.callbacks.manager [None req-48c8bbfb-e64a-461d-9b7c-4f6ba6a63338 admin admin] Notify callbacks [] for security_group, before_response {{(pid=93879) _notify_loop /usr/local/lib/python3.8/dist-packages/neutron_lib/callbacks/manager.py:192}}
Aug 13 04:32:39.346476 dv-cinder-760038-6-iscsi neutron-server[93879]: INFO neutron.wsgi [None req-48c8bbfb-e64a-461d-9b7c-4f6ba6a63338 admin admin] 10.222.0.66 "DELETE /v2.0/security-groups/7bd7f1ea-fad9-4529-93c3-9a12dc44789d HTTP/1.1" status: 204 len: 168 time: 0.1936855
Aug 13 04:32:39.361310 dv-cinder-760038-6-iscsi neutron-server[93879]: DEBUG neutron.api.rpc.handlers.resources_rpc [None req-48c8bbfb-e64a-461d-9b7c-4f6ba6a63338 admin admin] Pushing event deleted for resources: {'SecurityGroup': ['ID=7bd7f1ea-fad9-4529-93c3-9a12dc44789d,revision_number=None']} {{(pid=93879) push /opt/stack/neutron/neutron/api/rpc/handlers/resources_rpc.py:237}}
Aug 13 04:32:39.386465 dv-cinder-760038-6-iscsi neutron-server[93878]: DEBUG neutron_lib.callbacks.manager [None req-35f88c12-99f1-40b0-9889-2d40b13202c7 admin admin] Notify callbacks [] for port, precommit_update {{(pid=93878) _notify_loop /usr/local/lib/python3.8/dist-packages/neutron_lib/callbacks/manager.py:192}}
Aug 13 04:32:39.403169 dv-cinder-760038-6-iscsi neutron-server[93878]: DEBUG neutron_lib.callbacks.manager [None req-35f88c12-99f1-40b0-9889-2d40b13202c7 admin admin] Notify callbacks ['neutron.plugins.ml2.plugin.SecurityGroupServerNotifierRpcMixin._notify_sg_on_port_change-3800464', 'neutron.plugins.ml2.ovo_rpc._ObjectChangeHandler.handle_event-156846', 'neutron.api.rpc.agentnotifiers.dhcp_rpc_agent_api.DhcpAgentNotifyAPI._native_event_send_dhcp_notification-1010701', 'neutron.db.l3_db.L3RpcNotifierMixin._notify_gateway_port_ip_changed-8740855704468', 'neutron.db.l3_dvrscheduler_db._notify_l3_agent_port_update-8740855315191', 'neutron.db.l3_hascheduler_db._notify_l3_agent_ha_port_update-8740855314701'] for port, after_update {{(pid=93878) _notify_loop /usr/local/lib/python3.8/dist-packages/neutron_lib/callbacks/manager.py:192}}
Aug 13 04:32:39.404026 dv-cinder-760038-6-iscsi neutron-server[93878]: DEBUG neutron_lib.callbacks.manager [None req-35f88c12-99f1-40b0-9889-2d40b13202c7 admin admin] Notify callbacks ['neutron.api.rpc.agentnotifiers.dhcp_rpc_agent_api.DhcpAgentNotifyAPI._after_router_interface_created-1010751', 'neutron.services.l3_router.l3_router_plugin.DVRResourceOperationHandler._update_snat_v6_addrs_after_intf_update-603061'] for router_interface, after_create {{(pid=93878) _notify_loop /usr/local/lib/python3.8/dist-packages/neutron_lib/callbacks/manager.py:192}}
Aug 13 04:32:39.461119 dv-cinder-760038-6-iscsi neutron-server[93879]: DEBUG neutron_lib.callbacks.manager [None req-19830d40-1f5e-4dbe-b189-08da584e6c81 admin admin] Notify callbacks [] for security_group, before_create {{(pid=93879) _notify_loop /usr/local/lib/python3.8/dist-packages/neutron_lib/callbacks/manager.py:192}}
Aug 13 04:32:39.725876 dv-cinder-760038-6-iscsi neutron-server[93878]: DEBUG neutron.scheduler.dhcp_agent_scheduler [None req-35f88c12-99f1-40b0-9889-2d40b13202c7 admin admin] Network 656fbf7d-53a7-4dac-a33d-0884d050e901 is already hosted by enough agents. {{(pid=93878) _get_dhcp_agents_hosting_network /opt/stack/neutron/neutron/scheduler/dhcp_agent_scheduler.py:275}}
Aug 13 04:32:39.735591 dv-cinder-760038-6-iscsi neutron-server[93878]: DEBUG neutron.scheduler.base_scheduler [None req-35f88c12-99f1-40b0-9889-2d40b13202c7 admin admin] Resources bound (agent type, host, resource id): {{(pid=93878) schedule /opt/stack/neutron/neutron/scheduler/base_scheduler.py:57}}
Aug 13 04:32:39.744240 dv-cinder-760038-6-iscsi neutron-server[93878]: DEBUG neutron.api.rpc.handlers.resources_rpc [None req-35f88c12-99f1-40b0-9889-2d40b13202c7 admin admin] Pushing event updated for resources: {'Port': ['ID=e729ed75-a6a0-4aba-8e28-343cd7e03be8,revision_number=2']} {{(pid=93878) push /opt/stack/neutron/neutron/api/rpc/handlers/resources_rpc.py:237}}
Aug 13 04:32:39.773914 dv-cinder-760038-6-iscsi neutron-server[93879]: INFO neutron.wsgi [req-7e3e56ce-9334-47b4-bf11-885e39e4e7e2 req-ed02822f-65c4-4f26-b193-d010c3c21a83 tempest-AttachVolumeNegativeTest-533815579 tempest-AttachVolumeNegativeTest-533815579-project] 10.222.0.66 "GET /v2.0/ports?device_id=02e6ebd6-f915-43ae-8e4e-c428a81659b3 HTTP/1.1" status: 200 len: 210 time: 0.1345024
Aug 13 04:32:39.827299 dv-cinder-760038-6-iscsi neutron-server[93879]: DEBUG neutron_lib.callbacks.manager [None req-19830d40-1f5e-4dbe-b189-08da584e6c81 admin admin] Notify callbacks [] for security_group, precommit_create {{(pid=93879) _notify_loop /usr/local/lib/python3.8/dist-packages/neutron_lib/callbacks/manager.py:192}}
Aug 13 04:32:39.837804 dv-cinder-760038-6-iscsi neutron-server[93879]: DEBUG neutron_lib.callbacks.manager [None req-19830d40-1f5e-4dbe-b189-08da584e6c81 admin admin] Notify callbacks ['neutron.plugins.ml2.ovo_rpc._ObjectChangeHandler.handle_event-581514'] for security_group, after_create {{(pid=93879) _notify_loop /usr/local/lib/python3.8/dist-packages/neutron_lib/callbacks/manager.py:192}}
Aug 13 04:32:39.913824 dv-cinder-760038-6-iscsi neutron-server[93879]: DEBUG neutron.api.rpc.handlers.resources_rpc [None req-19830d40-1f5e-4dbe-b189-08da584e6c81 admin admin] Pushing event updated for resources: {'SecurityGroup': ['ID=1d5e5591-0947-4c1e-8a41-6ce774c3ad8f,revision_number=1']} {{(pid=93879) push /opt/stack/neutron/neutron/api/rpc/handlers/resources_rpc.py:237}}
Aug 13 04:32:39.972745 dv-cinder-760038-6-iscsi neutron-server[93879]: INFO neutron.wsgi [None req-19830d40-1f5e-4dbe-b189-08da584e6c81 admin admin] 10.222.0.66 "GET /v2.0/security-groups?tenant_id=2171899d8bed47968df6e74d1d3617c4&name=default HTTP/1.1" status: 200 len: 2975 time: 0.7242849
Aug 13 04:32:39.977712 dv-cinder-760038-6-iscsi neutron-server[93879]: DEBUG neutron.wsgi [-] (93879) accepted ('10.222.0.66', 57360) {{(pid=93879) server /usr/local/lib/python3.8/dist-packages/eventlet/wsgi.py:982}}
Aug 13 04:32:40.042977 dv-cinder-760038-6-iscsi neutron-server[93878]: DEBUG neutron.scheduler.l3_agent_scheduler [None req-35f88c12-99f1-40b0-9889-2d40b13202c7 admin admin] Router 278a954d-0e98-497c-9d52-f0b00863ecaa has already been hosted by L3 agent 7920904c-dde7-474d-a492-732d63c2bedf {{(pid=93878) _get_candidates /opt/stack/neutron/neutron/scheduler/l3_agent_scheduler.py:127}}
Aug 13 04:32:40.058361 dv-cinder-760038-6-iscsi neutron-server[93878]: DEBUG neutron.wsgi [-] (93878) accepted ('10.222.0.66', 57366) {{(pid=93878) server /usr/local/lib/python3.8/dist-packages/eventlet/wsgi.py:982}}
Aug 13 04:32:40.086254 dv-cinder-760038-6-iscsi neutron-server[93879]: DEBUG neutron_lib.callbacks.manager [None req-f1b80d6b-d14b-44f0-b6ce-821c30694a07 admin admin] Notify callbacks [] for security_group, before_delete {{(pid=93879) _notify_loop /usr/local/lib/python3.8/dist-packages/neutron_lib/callbacks/manager.py:192}}
Aug 13 04:32:40.112453 dv-cinder-760038-6-iscsi neutron-server[93879]: DEBUG neutron_lib.callbacks.manager [None req-f1b80d6b-d14b-44f0-b6ce-821c30694a07 admin admin] Notify callbacks [] for security_group, precommit_delete {{(pid=93879) _notify_loop /usr/local/lib/python3.8/dist-packages/neutron_lib/callbacks/manager.py:192}}
Aug 13 04:32:40.180978 dv-cinder-760038-6-iscsi neutron-server[93879]: DEBUG neutron_lib.callbacks.manager [None req-f1b80d6b-d14b-44f0-b6ce-821c30694a07 admin admin] Notify callbacks ['neutron.plugins.ml2.ovo_rpc._ObjectChangeHandler.handle_event-581514'] for security_group, after_delete {{(pid=93879) _notify_loop /usr/local/lib/python3.8/dist-packages/neutron_lib/callbacks/manager.py:192}}
Aug 13 04:32:40.184075 dv-cinder-760038-6-iscsi neutron-server[93879]: DEBUG neutron_lib.callbacks.manager [None req-f1b80d6b-d14b-44f0-b6ce-821c30694a07 admin admin] Notify callbacks [] for security_group, before_response {{(pid=93879) _notify_loop /usr/local/lib/python3.8/dist-packages/neutron_lib/callbacks/manager.py:192}}
Aug 13 04:32:40.185230 dv-cinder-760038-6-iscsi neutron-server[93879]: INFO neutron.wsgi [None req-f1b80d6b-d14b-44f0-b6ce-821c30694a07 admin admin] 10.222.0.66 "DELETE /v2.0/security-groups/1d5e5591-0947-4c1e-8a41-6ce774c3ad8f HTTP/1.1" status: 204 len: 168 time: 0.2057726
Aug 13 04:32:40.197083 dv-cinder-760038-6-iscsi neutron-server[93879]: DEBUG neutron.api.rpc.handlers.resources_rpc [None req-f1b80d6b-d14b-44f0-b6ce-821c30694a07 admin admin] Pushing event deleted for resources: {'SecurityGroup': ['ID=1d5e5591-0947-4c1e-8a41-6ce774c3ad8f,revision_number=None']} {{(pid=93879) push /opt/stack/neutron/neutron/api/rpc/handlers/resources_rpc.py:237}}
Aug 13 04:32:40.347540 dv-cinder-760038-6-iscsi neutron-server[93878]: DEBUG neutron_lib.callbacks.manager [None req-2e23edce-17be-41cc-8270-f8ed51196117 admin admin] Notify callbacks [] for security_group, before_create {{(pid=93878) _notify_loop /usr/local/lib/python3.8/dist-packages/neutron_lib/callbacks/manager.py:192}}
Aug 13 04:32:40.350991 dv-cinder-760038-6-iscsi neutron-server[93878]: INFO neutron.wsgi [req-939c74a5-2dd0-48e0-9725-fc7912257873 req-e2c68eac-5bdb-4be1-86d6-85c739760239 tempest-DeleteServersTestJSON-856043077 tempest-DeleteServersTestJSON-856043077-project] 10.222.0.66 "GET /v2.0/ports?device_id=8bd95b63-87cd-40ac-846d-f2d7bd5e523b HTTP/1.1" status: 200 len: 210 time: 0.2798090
Aug 13 04:32:40.450218 dv-cinder-760038-6-iscsi neutron-server[93878]: DEBUG neutron.api.rpc.agentnotifiers.l3_rpc_agent_api [None req-35f88c12-99f1-40b0-9889-2d40b13202c7 admin admin] Notify agent at l3_agent.dv-cinder-760038-6-iscsi the message routers_updated {{(pid=93878) _agent_notification /opt/stack/neutron/neutron/api/rpc/agentnotifiers/l3_rpc_agent_api.py:65}}
Aug 13 04:32:40.468167 dv-cinder-760038-6-iscsi neutron-server[93878]: INFO neutron.wsgi [None req-35f88c12-99f1-40b0-9889-2d40b13202c7 admin admin] 10.222.0.66 "PUT /v2.0/routers/278a954d-0e98-497c-9d52-f0b00863ecaa/add_router_interface HTTP/1.1" status: 200 len: 503 time: 3.7968755
Aug 13 04:32:40.539073 dv-cinder-760038-6-iscsi neutron-server[93878]: DEBUG neutron_lib.callbacks.manager [None req-2e23edce-17be-41cc-8270-f8ed51196117 admin admin] Notify callbacks [] for security_group, precommit_create {{(pid=93878) _notify_loop /usr/local/lib/python3.8/dist-packages/neutron_lib/callbacks/manager.py:192}}
Aug 13 04:32:40.546054 dv-cinder-760038-6-iscsi neutron-server[93878]: DEBUG neutron_lib.callbacks.manager [None req-2e23edce-17be-41cc-8270-f8ed51196117 admin admin] Notify callbacks ['neutron.plugins.ml2.ovo_rpc._ObjectChangeHandler.handle_event-581514'] for security_group, after_create {{(pid=93878) _notify_loop /usr/local/lib/python3.8/dist-packages/neutron_lib/callbacks/manager.py:192}}
Aug 13 04:32:40.629922 dv-cinder-760038-6-iscsi neutron-server[93878]: DEBUG neutron.api.rpc.handlers.resources_rpc [None req-2e23edce-17be-41cc-8270-f8ed51196117 admin admin] Pushing event updated for resources: {'SecurityGroup': ['ID=c55d98bc-5d54-4c45-b970-03da74bb6059,revision_number=1']} {{(pid=93878) push /opt/stack/neutron/neutron/api/rpc/handlers/resources_rpc.py:237}}
Aug 13 04:32:40.639173 dv-cinder-760038-6-iscsi neutron-server[93878]: INFO neutron.wsgi [None req-2e23edce-17be-41cc-8270-f8ed51196117 admin admin] 10.222.0.66 "GET /v2.0/security-groups?tenant_id=526ae590235741f0aa96f37822d5711e&name=default HTTP/1.1" status: 200 len: 2975 time: 0.5791926
Aug 13 04:32:40.641901 dv-cinder-760038-6-iscsi neutron-server[93878]: DEBUG neutron.wsgi [-] (93878) accepted ('10.222.0.66', 57400) {{(pid=93878) server /usr/local/lib/python3.8/dist-packages/eventlet/wsgi.py:982}}
Aug 13 04:32:40.742823 dv-cinder-760038-6-iscsi neutron-server[93878]: DEBUG neutron_lib.callbacks.manager [None req-44d7c27c-8aa1-4fb0-804b-e8a6d9f102da admin admin] Notify callbacks [] for security_group, before_delete {{(pid=93878) _notify_loop /usr/local/lib/python3.8/dist-packages/neutron_lib/callbacks/manager.py:192}}
Aug 13 04:32:40.802516 dv-cinder-760038-6-iscsi neutron-server[93878]: DEBUG neutron_lib.callbacks.manager [None req-44d7c27c-8aa1-4fb0-804b-e8a6d9f102da admin admin] Notify callbacks [] for security_group, precommit_delete {{(pid=93878) _notify_loop /usr/local/lib/python3.8/dist-packages/neutron_lib/callbacks/manager.py:192}}
Aug 13 04:32:40.866731 dv-cinder-760038-6-iscsi neutron-server[93880]: DEBUG neutron.plugins.ml2.rpc [None req-95d9adf2-f7b7-4fd4-bb99-38a361029812 None None] Device 3d37be0c-fcf7-48a8-89e6-7c795b8ab0a4 up at agent ovs-agent-dv-cinder-760038-6-iscsi {{(pid=93880) update_device_up /opt/stack/neutron/neutron/plugins/ml2/rpc.py:296}}
Aug 13 04:32:40.881788 dv-cinder-760038-6-iscsi neutron-server[93878]: DEBUG neutron_lib.callbacks.manager [None req-44d7c27c-8aa1-4fb0-804b-e8a6d9f102da admin admin] Notify callbacks ['neutron.plugins.ml2.ovo_rpc._ObjectChangeHandler.handle_event-581514'] for security_group, after_delete {{(pid=93878) _notify_loop /usr/local/lib/python3.8/dist-packages/neutron_lib/callbacks/manager.py:192}}
Aug 13 04:32:40.884633 dv-cinder-760038-6-iscsi neutron-server[93878]: DEBUG neutron_lib.callbacks.manager [None req-44d7c27c-8aa1-4fb0-804b-e8a6d9f102da admin admin] Notify callbacks [] for security_group, before_response {{(pid=93878) _notify_loop /usr/local/lib/python3.8/dist-packages/neutron_lib/callbacks/manager.py:192}}
Aug 13 04:32:40.885864 dv-cinder-760038-6-iscsi neutron-server[93878]: INFO neutron.wsgi [None req-44d7c27c-8aa1-4fb0-804b-e8a6d9f102da admin admin] 10.222.0.66 "DELETE /v2.0/security-groups/c55d98bc-5d54-4c45-b970-03da74bb6059 HTTP/1.1" status: 204 len: 168 time: 0.2423713
Aug 13 04:32:40.894204 dv-cinder-760038-6-iscsi neutron-server[93878]: DEBUG neutron.api.rpc.handlers.resources_rpc [None req-44d7c27c-8aa1-4fb0-804b-e8a6d9f102da admin admin] Pushing event deleted for resources: {'SecurityGroup': ['ID=c55d98bc-5d54-4c45-b970-03da74bb6059,revision_number=None']} {{(pid=93878) push /opt/stack/neutron/neutron/api/rpc/handlers/resources_rpc.py:237}}
Aug 13 04:32:40.956649 dv-cinder-760038-6-iscsi neutron-server[93880]: DEBUG neutron.db.provisioning_blocks [None req-95d9adf2-f7b7-4fd4-bb99-38a361029812 None None] Provisioning for port 3d37be0c-fcf7-48a8-89e6-7c795b8ab0a4 completed by entity L2. {{(pid=93880) provisioning_complete /opt/stack/neutron/neutron/db/provisioning_blocks.py:133}}
Aug 13 04:32:40.966921 dv-cinder-760038-6-iscsi neutron-server[93880]: DEBUG neutron.db.provisioning_blocks [None req-95d9adf2-f7b7-4fd4-bb99-38a361029812 None None] Provisioning complete for port 3d37be0c-fcf7-48a8-89e6-7c795b8ab0a4 triggered by entity L2. {{(pid=93880) provisioning_complete /opt/stack/neutron/neutron/db/provisioning_blocks.py:139}}
Aug 13 04:32:40.968178 dv-cinder-760038-6-iscsi neutron-server[93880]: DEBUG neutron_lib.callbacks.manager [None req-95d9adf2-f7b7-4fd4-bb99-38a361029812 None None] Notify callbacks ['neutron.plugins.ml2.plugin.Ml2Plugin._port_provisioned-3854205'] for port, provisioning_complete {{(pid=93880) _notify_loop /usr/local/lib/python3.8/dist-packages/neutron_lib/callbacks/manager.py:192}}
Aug 13 04:32:41.026850 dv-cinder-760038-6-iscsi neutron-server[93879]: INFO neutron.wsgi [req-575ff55d-1644-4da9-900e-12505b2b2783 req-d8d2eb21-d323-446d-868d-45c5cb01f3ab tempest-AttachVolumeNegativeTest-533815579 tempest-AttachVolumeNegativeTest-533815579-project] 10.222.0.66 "GET /v2.0/ports?device_id=02e6ebd6-f915-43ae-8e4e-c428a81659b3 HTTP/1.1" status: 200 len: 210 time: 0.0641315
Aug 13 04:32:41.083233 dv-cinder-760038-6-iscsi neutron-server[93880]: DEBUG neutron_lib.callbacks.manager [None req-95d9adf2-f7b7-4fd4-bb99-38a361029812 None None] Notify callbacks ['neutron.plugins.ml2.plugin.SecurityGroupDbMixin._ensure_default_security_group_handler-3799102'] for port, before_update {{(pid=93880) _notify_loop /usr/local/lib/python3.8/dist-packages/neutron_lib/callbacks/manager.py:192}}
Aug 13 04:32:41.109662 dv-cinder-760038-6-iscsi neutron-server[93880]: DEBUG neutron.plugins.ml2.db [None req-95d9adf2-f7b7-4fd4-bb99-38a361029812 None None] For port 3d37be0c-fcf7-48a8-89e6-7c795b8ab0a4, host dv-cinder-760038-6-iscsi, got binding levels [PortBindingLevel(driver='openvswitch',host='dv-cinder-760038-6-iscsi',level=0,port_id=3d37be0c-fcf7-48a8-89e6-7c795b8ab0a4,segment=NetworkSegment(f3a5ba2c-b9af-405f-9f2a-04feeb40edf2),segment_id=f3a5ba2c-b9af-405f-9f2a-04feeb40edf2)] {{(pid=93880) get_binding_level_objs /opt/stack/neutron/neutron/plugins/ml2/db.py:74}}
Aug 13 04:32:41.117267 dv-cinder-760038-6-iscsi neutron-server[93880]: DEBUG neutron_lib.callbacks.manager [None req-95d9adf2-f7b7-4fd4-bb99-38a361029812 None None] Notify callbacks ['neutron.plugins.ml2.plugin.SecurityGroupServerNotifierRpcMixin._notify_sg_on_port_change-3800464', 'neutron.plugins.ml2.ovo_rpc._ObjectChangeHandler.handle_event-156846', 'neutron.api.rpc.agentnotifiers.dhcp_rpc_agent_api.DhcpAgentNotifyAPI._native_event_send_dhcp_notification-1010701', 'neutron.db.l3_db.L3RpcNotifierMixin._notify_gateway_port_ip_changed-8740855704468', 'neutron.db.l3_dvrscheduler_db._notify_l3_agent_port_update-8740855315191', 'neutron.db.l3_hascheduler_db._notify_l3_agent_ha_port_update-8740855314701'] for port, after_update {{(pid=93880) _notify_loop /usr/local/lib/python3.8/dist-packages/neutron_lib/callbacks/manager.py:192}}
Aug 13 04:32:41.201034 dv-cinder-760038-6-iscsi neutron-server[93880]: DEBUG neutron.api.rpc.handlers.resources_rpc [None req-95d9adf2-f7b7-4fd4-bb99-38a361029812 None None] Pushing event updated for resources: {'Port': ['ID=3d37be0c-fcf7-48a8-89e6-7c795b8ab0a4,revision_number=4']} {{(pid=93880) push /opt/stack/neutron/neutron/api/rpc/handlers/resources_rpc.py:237}}
Aug 13 04:32:41.211600 dv-cinder-760038-6-iscsi neutron-server[93880]: DEBUG neutron.api.rpc.callbacks.version_manager [None req-95d9adf2-f7b7-4fd4-bb99-38a361029812 None None] Version for resource type AddressGroup changed None to 1.2 on consumer Open vSwitch agent@dv-cinder-760038-6-iscsi {{(pid=93880) _set_version /opt/stack/neutron/neutron/api/rpc/callbacks/version_manager.py:113}}
Aug 13 04:32:41.214856 dv-cinder-760038-6-iscsi neutron-server[93880]: DEBUG neutron.api.rpc.callbacks.version_manager [None req-95d9adf2-f7b7-4fd4-bb99-38a361029812 None None] Version for resource type ConntrackHelper changed None to 1.0 on consumer Open vSwitch agent@dv-cinder-760038-6-iscsi {{(pid=93880) _set_version /opt/stack/neutron/neutron/api/rpc/callbacks/version_manager.py:113}}
Aug 13 04:32:41.215507 dv-cinder-760038-6-iscsi neutron-server[93880]: DEBUG neutron.api.rpc.callbacks.version_manager [None req-95d9adf2-f7b7-4fd4-bb99-38a361029812 None None] Version for resource type Log changed None to 1.0 on consumer Open vSwitch agent@dv-cinder-760038-6-iscsi {{(pid=93880) _set_version /opt/stack/neutron/neutron/api/rpc/callbacks/version_manager.py:113}}
Aug 13 04:32:41.216035 dv-cinder-760038-6-iscsi neutron-server[93880]: DEBUG neutron.api.rpc.callbacks.version_manager [None req-95d9adf2-f7b7-4fd4-bb99-38a361029812 None None] Version for resource type Network changed None to 1.1 on consumer Open vSwitch agent@dv-cinder-760038-6-iscsi {{(pid=93880) _set_version /opt/stack/neutron/neutron/api/rpc/callbacks/version_manager.py:113}}
Aug 13 04:32:41.216523 dv-cinder-760038-6-iscsi neutron-server[93880]: DEBUG neutron.api.rpc.callbacks.version_manager [None req-95d9adf2-f7b7-4fd4-bb99-38a361029812 None None] Version for resource type Port changed None to 1.7 on consumer Open vSwitch agent@dv-cinder-760038-6-iscsi {{(pid=93880) _set_version /opt/stack/neutron/neutron/api/rpc/callbacks/version_manager.py:113}}
Aug 13 04:32:41.217001 dv-cinder-760038-6-iscsi neutron-server[93880]: DEBUG neutron.api.rpc.callbacks.version_manager [None req-95d9adf2-f7b7-4fd4-bb99-38a361029812 None None] Version for resource type PortForwarding changed None to 1.2 on consumer Open vSwitch agent@dv-cinder-760038-6-iscsi {{(pid=93880) _set_version /opt/stack/neutron/neutron/api/rpc/callbacks/version_manager.py:113}}
