Aug 13 04:26:05.442074 dv-cinder-760038-6-iscsi devstack@n-api.service[93184]: DEBUG nova.api.openstack.wsgi [None req-1cafbfb1-76fb-436a-976c-40900d22432d None None] Calling method '>' {{(pid=93184) _process_stack /opt/stack/nova/nova/api/openstack/wsgi.py:513}}
Aug 13 04:26:05.443415 dv-cinder-760038-6-iscsi devstack@n-api.service[93184]: INFO nova.api.openstack.requestlog [None req-1cafbfb1-76fb-436a-976c-40900d22432d None None] 10.222.0.66 "GET /compute/v2.1" status: 200 len: 388 microversion: 2.1 time: 0.001532
Aug 13 04:26:05.443806 dv-cinder-760038-6-iscsi devstack@n-api.service[93184]: [pid: 93184|app: 0|req: 2/2] 10.222.0.66 () {54 vars in 931 bytes} [Fri Aug 13 04:26:05 2021] GET /compute/v2.1 => generated 388 bytes in 3 msecs (HTTP/1.1 200) 9 headers in 357 bytes (1 switches on core 0)
Aug 13 04:26:05.860605 dv-cinder-760038-6-iscsi devstack@n-api.service[93185]: DEBUG nova.api.openstack.wsgi [None req-418ef2bd-5706-4111-8df5-eaa4afb7a873 admin admin] Calling method '>' {{(pid=93185) _process_stack /opt/stack/nova/nova/api/openstack/wsgi.py:513}}
Aug 13 04:26:05.893826 dv-cinder-760038-6-iscsi devstack@n-api.service[93185]: INFO nova.api.openstack.requestlog [None req-418ef2bd-5706-4111-8df5-eaa4afb7a873 admin admin] 10.222.0.66 "GET /compute/v2.1/flavors/detail?is_public=True" status: 200 len: 15 microversion: 2.61 time: 0.442595
Aug 13 04:26:05.894690 dv-cinder-760038-6-iscsi devstack@n-api.service[93185]: [pid: 93185|app: 0|req: 1/3] 10.222.0.66 () {60 vars in 1292 bytes} [Fri Aug 13 04:26:05 2021] GET /compute/v2.1/flavors/detail?is_public=True => generated 15 bytes in 445 msecs (HTTP/1.1 200) 9 headers in 358 bytes (1 switches on core 0)
Aug 13 04:26:08.092444 dv-cinder-760038-6-iscsi devstack@n-api.service[93184]: DEBUG nova.api.openstack.wsgi [None req-1cafbfb1-76fb-436a-976c-40900d22432d None None] Calling method '>' {{(pid=93184) _process_stack /opt/stack/nova/nova/api/openstack/wsgi.py:513}}
Aug 13 04:26:08.093472 dv-cinder-760038-6-iscsi devstack@n-api.service[93184]: INFO nova.api.openstack.requestlog [None req-1cafbfb1-76fb-436a-976c-40900d22432d None None] 10.222.0.66 "GET /compute/v2.1" status: 200 len: 388 microversion: 2.1 time: 0.001504
Aug 13 04:26:08.093948 dv-cinder-760038-6-iscsi devstack@n-api.service[93184]: [pid: 93184|app: 0|req: 3/4] 10.222.0.66 () {54 vars in 931 bytes} [Fri Aug 13 04:26:08 2021] GET /compute/v2.1 => generated 388 bytes in 3 msecs (HTTP/1.1 200) 9 headers in 357 bytes (1 switches on core 0)
Aug 13 04:26:08.156604 dv-cinder-760038-6-iscsi devstack@n-api.service[93185]: DEBUG nova.api.openstack.wsgi [None req-bf3dfc9d-1fcc-4319-804c-1dd56f3b3f80 admin admin] Action: 'create', calling method: >, body: {"flavor": {"swap": 0, "OS-FLV-EXT-DATA:ephemeral": 0, "os-flavor-access:is_public": true, "disk": 1, "vcpus": 1, "id": "c1", "ram": 256, "rxtx_factor": 1.0, "name": "cirros256"}} {{(pid=93185) _process_stack /opt/stack/nova/nova/api/openstack/wsgi.py:511}}
Aug 13 04:26:08.176940 dv-cinder-760038-6-iscsi devstack@n-api.service[93185]: /usr/local/lib/python3.8/dist-packages/oslo_policy/policy.py:1064: UserWarning: Policy os_compute_api:os-flavor-manage:create failed scope check. The token used to make the request was project scoped but the policy requires ['system'] scope. This behavior may change in the future where using the intended scope is required
Aug 13 04:26:08.176940 dv-cinder-760038-6-iscsi devstack@n-api.service[93185]: warnings.warn(msg)
Aug 13 04:26:08.208247 dv-cinder-760038-6-iscsi devstack@n-api.service[93185]: INFO nova.api.openstack.requestlog [None req-bf3dfc9d-1fcc-4319-804c-1dd56f3b3f80 admin admin] 10.222.0.66 "POST /compute/v2.1/flavors" status: 200 len: 407 microversion: 2.61 time: 0.106858
Aug 13 04:26:08.216077 dv-cinder-760038-6-iscsi devstack@n-api.service[93185]: [pid: 93185|app: 0|req: 2/5] 10.222.0.66 () {64 vars in 1283 bytes} [Fri Aug 13 04:26:08 2021] POST /compute/v2.1/flavors => generated 407 bytes in 109 msecs (HTTP/1.1 200) 9 headers in 359 bytes (1 switches on core 0)
Aug 13 04:26:08.430959 dv-cinder-760038-6-iscsi devstack@n-api.service[93184]: DEBUG nova.api.openstack.wsgi [None req-92720a80-1636-4fbd-b66c-44f18dc245d2 admin admin] Action: 'create', calling method: >, body: {"extra_specs": {"hw_rng:allowed": "True"}} {{(pid=93184) _process_stack /opt/stack/nova/nova/api/openstack/wsgi.py:511}}
Aug 13 04:26:08.433335 dv-cinder-760038-6-iscsi devstack@n-api.service[93184]: /usr/local/lib/python3.8/dist-packages/oslo_policy/policy.py:1064: UserWarning: Policy os_compute_api:os-flavor-extra-specs:create failed scope check. The token used to make the request was project scoped but the policy requires ['system'] scope. This behavior may change in the future where using the intended scope is required
Aug 13 04:26:08.433335 dv-cinder-760038-6-iscsi devstack@n-api.service[93184]: warnings.warn(msg)
Aug 13 04:26:08.490701 dv-cinder-760038-6-iscsi devstack@n-api.service[93184]: INFO nova.api.openstack.requestlog [None req-92720a80-1636-4fbd-b66c-44f18dc245d2 admin admin] 10.222.0.66 "POST /compute/v2.1/flavors/c1/os-extra_specs" status: 200 len: 43 microversion: 2.61 time: 0.273317
Aug 13 04:26:08.496921 dv-cinder-760038-6-iscsi devstack@n-api.service[93184]: [pid: 93184|app: 0|req: 4/6] 10.222.0.66 () {64 vars in 1336 bytes} [Fri Aug 13 04:26:08 2021] POST /compute/v2.1/flavors/c1/os-extra_specs => generated 43 bytes in 275 msecs (HTTP/1.1 200) 9 headers in 358 bytes (1 switches on core 0)
Aug 13 04:26:10.684559 dv-cinder-760038-6-iscsi devstack@n-api.service[93185]: DEBUG nova.api.openstack.wsgi [None req-bf3dfc9d-1fcc-4319-804c-1dd56f3b3f80 admin admin] Calling method '>' {{(pid=93185) _process_stack /opt/stack/nova/nova/api/openstack/wsgi.py:513}}
Aug 13 04:26:10.685688 dv-cinder-760038-6-iscsi devstack@n-api.service[93185]: INFO nova.api.openstack.requestlog [None req-bf3dfc9d-1fcc-4319-804c-1dd56f3b3f80 admin admin] 10.222.0.66 "GET /compute/v2.1" status: 200 len: 388 microversion: 2.1 time: 0.001654
Aug 13 04:26:10.686088 dv-cinder-760038-6-iscsi devstack@n-api.service[93185]: [pid: 93185|app: 0|req: 3/7] 10.222.0.66 () {54 vars in 931 bytes} [Fri Aug 13 04:26:10 2021] GET /compute/v2.1 => generated 388 bytes in 3 msecs (HTTP/1.1 200) 9 headers in 357 bytes (1 switches on core 0)
Aug 13 04:26:10.794748 dv-cinder-760038-6-iscsi devstack@n-api.service[93184]: DEBUG nova.api.openstack.wsgi [None req-619b42e5-b73d-492c-b9f1-af18c03c09d2 admin admin] Action: 'create', calling method: >, body: {"flavor": {"name": "ds512M", "os-flavor-access:is_public": true, "ram": 512, "rxtx_factor": 1.0, "disk": 5, "OS-FLV-EXT-DATA:ephemeral": 0, "vcpus": 1, "swap": 0, "id": "d1"}} {{(pid=93184) _process_stack /opt/stack/nova/nova/api/openstack/wsgi.py:511}}
Aug 13 04:26:10.812736 dv-cinder-760038-6-iscsi devstack@n-api.service[93184]: /usr/local/lib/python3.8/dist-packages/oslo_policy/policy.py:1064: UserWarning: Policy os_compute_api:os-flavor-manage:create failed scope check. The token used to make the request was project scoped but the policy requires ['system'] scope. This behavior may change in the future where using the intended scope is required
Aug 13 04:26:10.812736 dv-cinder-760038-6-iscsi devstack@n-api.service[93184]: warnings.warn(msg)
Aug 13 04:26:10.830746 dv-cinder-760038-6-iscsi devstack@n-api.service[93184]: INFO nova.api.openstack.requestlog [None req-619b42e5-b73d-492c-b9f1-af18c03c09d2 admin admin] 10.222.0.66 "POST /compute/v2.1/flavors" status: 200 len: 404 microversion: 2.61 time: 0.137925
Aug 13 04:26:10.831295 dv-cinder-760038-6-iscsi devstack@n-api.service[93184]: [pid: 93184|app: 0|req: 5/8] 10.222.0.66 () {64 vars in 1283 bytes} [Fri Aug 13 04:26:10 2021] POST /compute/v2.1/flavors => generated 404 bytes in 139 msecs (HTTP/1.1 200) 9 headers in 359 bytes (2 switches on core 0)
Aug 13 04:26:10.843778 dv-cinder-760038-6-iscsi devstack@n-api.service[93185]: DEBUG nova.api.openstack.wsgi [None req-0c7f18a1-abce-4a00-b98b-009f44cd6990 admin admin] Action: 'create', calling method: >, body: {"extra_specs": {"hw_rng:allowed": "True"}} {{(pid=93185) _process_stack /opt/stack/nova/nova/api/openstack/wsgi.py:511}}
Aug 13 04:26:10.845782 dv-cinder-760038-6-iscsi devstack@n-api.service[93185]: /usr/local/lib/python3.8/dist-packages/oslo_policy/policy.py:1064: UserWarning: Policy os_compute_api:os-flavor-extra-specs:create failed scope check. The token used to make the request was project scoped but the policy requires ['system'] scope. This behavior may change in the future where using the intended scope is required
Aug 13 04:26:10.845782 dv-cinder-760038-6-iscsi devstack@n-api.service[93185]: warnings.warn(msg)
Aug 13 04:26:10.877383 dv-cinder-760038-6-iscsi devstack@n-api.service[93185]: INFO nova.api.openstack.requestlog [None req-0c7f18a1-abce-4a00-b98b-009f44cd6990 admin admin] 10.222.0.66 "POST /compute/v2.1/flavors/d1/os-extra_specs" status: 200 len: 43 microversion: 2.61 time: 0.037426
Aug 13 04:26:10.878036 dv-cinder-760038-6-iscsi devstack@n-api.service[93185]: [pid: 93185|app: 0|req: 4/9] 10.222.0.66 () {64 vars in 1336 bytes} [Fri Aug 13 04:26:10 2021] POST /compute/v2.1/flavors/d1/os-extra_specs => generated 43 bytes in 39 msecs (HTTP/1.1 200) 9 headers in 358 bytes (2 switches on core 0)
Aug 13 04:26:13.052619 dv-cinder-760038-6-iscsi devstack@n-api.service[93184]: DEBUG nova.api.openstack.wsgi [None req-619b42e5-b73d-492c-b9f1-af18c03c09d2 admin admin] Calling method '>' {{(pid=93184) _process_stack /opt/stack/nova/nova/api/openstack/wsgi.py:513}}
Aug 13 04:26:13.053804 dv-cinder-760038-6-iscsi devstack@n-api.service[93184]: INFO nova.api.openstack.requestlog [None req-619b42e5-b73d-492c-b9f1-af18c03c09d2 admin admin] 10.222.0.66 "GET /compute/v2.1" status: 200 len: 388 microversion: 2.1 time: 0.001686
Aug 13 04:26:13.054297 dv-cinder-760038-6-iscsi devstack@n-api.service[93184]: [pid: 93184|app: 0|req: 6/10] 10.222.0.66 () {54 vars in 931 bytes} [Fri Aug 13 04:26:13 2021] GET /compute/v2.1 => generated 388 bytes in 3 msecs (HTTP/1.1 200) 9 headers in 357 bytes (1 switches on core 0)
Aug 13 04:26:13.117595 dv-cinder-760038-6-iscsi devstack@n-api.service[93185]: DEBUG nova.api.openstack.wsgi [None req-83c57003-3bf5-4235-9ee6-fb5ea968ec5a admin admin] Action: 'create', calling method: >, body: {"flavor": {"os-flavor-access:is_public": true, "swap": 0, "disk": 10, "vcpus": 1, "rxtx_factor": 1.0, "name": "ds1G", "OS-FLV-EXT-DATA:ephemeral": 0, "id": "d2", "ram": 1024}} {{(pid=93185) _process_stack /opt/stack/nova/nova/api/openstack/wsgi.py:511}}
Aug 13 04:26:13.138284 dv-cinder-760038-6-iscsi devstack@n-api.service[93185]: INFO nova.api.openstack.requestlog [None req-83c57003-3bf5-4235-9ee6-fb5ea968ec5a admin admin] 10.222.0.66 "POST /compute/v2.1/flavors" status: 200 len: 404 microversion: 2.61 time: 0.076171
Aug 13 04:26:13.141096 dv-cinder-760038-6-iscsi devstack@n-api.service[93185]: [pid: 93185|app: 0|req: 5/11] 10.222.0.66 () {64 vars in 1283 bytes} [Fri Aug 13 04:26:13 2021] POST /compute/v2.1/flavors => generated 404 bytes in 78 msecs (HTTP/1.1 200) 9 headers in 359 bytes (2 switches on core 0)
Aug 13 04:26:13.150931 dv-cinder-760038-6-iscsi devstack@n-api.service[93184]: DEBUG nova.api.openstack.wsgi [None req-ed31e48b-66fb-42d3-8254-19940e2af242 admin admin] Action: 'create', calling method: >, body: {"extra_specs": {"hw_rng:allowed": "True"}} {{(pid=93184) _process_stack /opt/stack/nova/nova/api/openstack/wsgi.py:511}}
Aug 13 04:26:13.178089 dv-cinder-760038-6-iscsi devstack@n-api.service[93184]: INFO nova.api.openstack.requestlog [None req-ed31e48b-66fb-42d3-8254-19940e2af242 admin admin] 10.222.0.66 "POST /compute/v2.1/flavors/d2/os-extra_specs" status: 200 len: 43 microversion: 2.61 time: 0.030787
Aug 13 04:26:13.179042 dv-cinder-760038-6-iscsi devstack@n-api.service[93184]: [pid: 93184|app: 0|req: 7/12] 10.222.0.66 () {64 vars in 1336 bytes} [Fri Aug 13 04:26:13 2021] POST /compute/v2.1/flavors/d2/os-extra_specs => generated 43 bytes in 32 msecs (HTTP/1.1 200) 9 headers in 358 bytes (2 switches on core 0)
Aug 13 04:26:15.586019 dv-cinder-760038-6-iscsi devstack@n-api.service[93185]: DEBUG nova.api.openstack.wsgi [None req-83c57003-3bf5-4235-9ee6-fb5ea968ec5a admin admin] Calling method '>' {{(pid=93185) _process_stack /opt/stack/nova/nova/api/openstack/wsgi.py:513}}
Aug 13 04:26:15.586962 dv-cinder-760038-6-iscsi devstack@n-api.service[93185]: INFO nova.api.openstack.requestlog [None req-83c57003-3bf5-4235-9ee6-fb5ea968ec5a admin admin] 10.222.0.66 "GET /compute/v2.1" status: 200 len: 388 microversion: 2.1 time: 0.001514
Aug 13 04:26:15.587520 dv-cinder-760038-6-iscsi devstack@n-api.service[93185]: [pid: 93185|app: 0|req: 6/13] 10.222.0.66 () {54 vars in 931 bytes} [Fri Aug 13 04:26:15 2021] GET /compute/v2.1 => generated 388 bytes in 3 msecs (HTTP/1.1 200) 9 headers in 357 bytes (1 switches on core 0)
Aug 13 04:26:15.648342 dv-cinder-760038-6-iscsi devstack@n-api.service[93184]: DEBUG nova.api.openstack.wsgi [None req-1025db94-ac24-45be-b91b-e19e61bf4019 admin admin] Action: 'create', calling method: >, body: {"flavor": {"disk": 10, "OS-FLV-EXT-DATA:ephemeral": 0, "ram": 2048, "id": "d3", "swap": 0, "vcpus": 2, "name": "ds2G", "os-flavor-access:is_public": true, "rxtx_factor": 1.0}} {{(pid=93184) _process_stack /opt/stack/nova/nova/api/openstack/wsgi.py:511}}
Aug 13 04:26:15.667946 dv-cinder-760038-6-iscsi devstack@n-api.service[93184]: INFO nova.api.openstack.requestlog [None req-1025db94-ac24-45be-b91b-e19e61bf4019 admin admin] 10.222.0.66 "POST /compute/v2.1/flavors" status: 200 len: 404 microversion: 2.61 time: 0.074213
Aug 13 04:26:15.669937 dv-cinder-760038-6-iscsi devstack@n-api.service[93184]: [pid: 93184|app: 0|req: 8/14] 10.222.0.66 () {64 vars in 1283 bytes} [Fri Aug 13 04:26:15 2021] POST /compute/v2.1/flavors => generated 404 bytes in 76 msecs (HTTP/1.1 200) 9 headers in 359 bytes (1 switches on core 0)
Aug 13 04:26:15.681121 dv-cinder-760038-6-iscsi devstack@n-api.service[93185]: DEBUG nova.api.openstack.wsgi [None req-270a0a38-8351-49f5-bf9d-29648997a9cf admin admin] Action: 'create', calling method: >, body: {"extra_specs": {"hw_rng:allowed": "True"}} {{(pid=93185) _process_stack /opt/stack/nova/nova/api/openstack/wsgi.py:511}}
Aug 13 04:26:15.705650 dv-cinder-760038-6-iscsi devstack@n-api.service[93185]: INFO nova.api.openstack.requestlog [None req-270a0a38-8351-49f5-bf9d-29648997a9cf admin admin] 10.222.0.66 "POST /compute/v2.1/flavors/d3/os-extra_specs" status: 200 len: 43 microversion: 2.61 time: 0.028107
Aug 13 04:26:15.706253 dv-cinder-760038-6-iscsi devstack@n-api.service[93185]: [pid: 93185|app: 0|req: 7/15] 10.222.0.66 () {64 vars in 1336 bytes} [Fri Aug 13 04:26:15 2021] POST /compute/v2.1/flavors/d3/os-extra_specs => generated 43 bytes in 29 msecs (HTTP/1.1 200) 9 headers in 358 bytes (2 switches on core 0)
Aug 13 04:26:17.891414 dv-cinder-760038-6-iscsi devstack@n-api.service[93184]: DEBUG nova.api.openstack.wsgi [None req-1025db94-ac24-45be-b91b-e19e61bf4019 admin admin] Calling method '>' {{(pid=93184) _process_stack /opt/stack/nova/nova/api/openstack/wsgi.py:513}}
Aug 13 04:26:17.892429 dv-cinder-760038-6-iscsi devstack@n-api.service[93184]: INFO nova.api.openstack.requestlog [None req-1025db94-ac24-45be-b91b-e19e61bf4019 admin admin] 10.222.0.66 "GET /compute/v2.1" status: 200 len: 388 microversion: 2.1 time: 0.001442
Aug 13 04:26:17.892824 dv-cinder-760038-6-iscsi devstack@n-api.service[93184]: [pid: 93184|app: 0|req: 9/16] 10.222.0.66 () {54 vars in 931 bytes} [Fri Aug 13 04:26:17 2021] GET /compute/v2.1 => generated 388 bytes in 2 msecs (HTTP/1.1 200) 9 headers in 357 bytes (1 switches on core 0)
Aug 13 04:26:17.952881 dv-cinder-760038-6-iscsi devstack@n-api.service[93185]: DEBUG nova.api.openstack.wsgi [None req-e9963784-2aba-4c85-8d10-95092b75e4bf admin admin] Action: 'create', calling method: >, body: {"flavor": {"swap": 0, "os-flavor-access:is_public": true, "disk": 20, "ram": 4096, "id": "d4", "OS-FLV-EXT-DATA:ephemeral": 0, "rxtx_factor": 1.0, "vcpus": 4, "name": "ds4G"}} {{(pid=93185) _process_stack /opt/stack/nova/nova/api/openstack/wsgi.py:511}}
Aug 13 04:26:17.973093 dv-cinder-760038-6-iscsi devstack@n-api.service[93185]: INFO nova.api.openstack.requestlog [None req-e9963784-2aba-4c85-8d10-95092b75e4bf admin admin] 10.222.0.66 "POST /compute/v2.1/flavors" status: 200 len: 404 microversion: 2.61 time: 0.073855
Aug 13 04:26:17.974198 dv-cinder-760038-6-iscsi devstack@n-api.service[93185]: [pid: 93185|app: 0|req: 8/17] 10.222.0.66 () {64 vars in 1283 bytes} [Fri Aug 13 04:26:17 2021] POST /compute/v2.1/flavors => generated 404 bytes in 75 msecs (HTTP/1.1 200) 9 headers in 359 bytes (2 switches on core 0)
Aug 13 04:26:17.986576 dv-cinder-760038-6-iscsi devstack@n-api.service[93184]: DEBUG nova.api.openstack.wsgi [None req-027b945c-ce27-4ac2-8b05-bc35ebf6d7ee admin admin] Action: 'create', calling method: >, body: {"extra_specs": {"hw_rng:allowed": "True"}} {{(pid=93184) _process_stack /opt/stack/nova/nova/api/openstack/wsgi.py:511}}
Aug 13 04:26:18.010202 dv-cinder-760038-6-iscsi devstack@n-api.service[93184]: INFO nova.api.openstack.requestlog [None req-027b945c-ce27-4ac2-8b05-bc35ebf6d7ee admin admin] 10.222.0.66 "POST /compute/v2.1/flavors/d4/os-extra_specs" status: 200 len: 43 microversion: 2.61 time: 0.027394
Aug 13 04:26:18.017903 dv-cinder-760038-6-iscsi devstack@n-api.service[93184]: [pid: 93184|app: 0|req: 10/18] 10.222.0.66 () {64 vars in 1336 bytes} [Fri Aug 13 04:26:17 2021] POST /compute/v2.1/flavors/d4/os-extra_specs => generated 43 bytes in 29 msecs (HTTP/1.1 200) 9 headers in 358 bytes (2 switches on core 0)
Aug 13 04:26:20.186026 dv-cinder-760038-6-iscsi devstack@n-api.service[93185]: DEBUG nova.api.openstack.wsgi [None req-e9963784-2aba-4c85-8d10-95092b75e4bf admin admin] Calling method '>' {{(pid=93185) _process_stack /opt/stack/nova/nova/api/openstack/wsgi.py:513}}
Aug 13 04:26:20.187074 dv-cinder-760038-6-iscsi devstack@n-api.service[93185]: INFO nova.api.openstack.requestlog [None req-e9963784-2aba-4c85-8d10-95092b75e4bf admin admin] 10.222.0.66 "GET /compute/v2.1" status: 200 len: 388 microversion: 2.1 time: 0.001622
Aug 13 04:26:20.187471 dv-cinder-760038-6-iscsi devstack@n-api.service[93185]: [pid: 93185|app: 0|req: 9/19] 10.222.0.66 () {54 vars in 931 bytes} [Fri Aug 13 04:26:20 2021] GET /compute/v2.1 => generated 388 bytes in 3 msecs (HTTP/1.1 200) 9 headers in 357 bytes (1 switches on core 0)
Aug 13 04:26:20.247355 dv-cinder-760038-6-iscsi devstack@n-api.service[93184]: DEBUG nova.api.openstack.wsgi [None req-c81e1062-37ba-4eed-9105-30ca1025c19a admin admin] Calling method '>' {{(pid=93184) _process_stack /opt/stack/nova/nova/api/openstack/wsgi.py:513}}
Aug 13 04:26:20.271542 dv-cinder-760038-6-iscsi devstack@n-api.service[93184]: INFO nova.api.openstack.requestlog [None req-c81e1062-37ba-4eed-9105-30ca1025c19a admin admin] 10.222.0.66 "GET /compute/v2.1/flavors/detail?is_public=True" status: 200 len: 2106 microversion: 2.61 time: 0.077189
Aug 13 04:26:20.272177 dv-cinder-760038-6-iscsi devstack@n-api.service[93184]: [pid: 93184|app: 0|req: 11/20] 10.222.0.66 () {60 vars in 1292 bytes} [Fri Aug 13 04:26:20 2021] GET /compute/v2.1/flavors/detail?is_public=True => generated 2106 bytes in 78 msecs (HTTP/1.1 200) 9 headers in 360 bytes (1 switches on core 0)
Aug 13 04:26:22.658299 dv-cinder-760038-6-iscsi devstack@n-api.service[93185]: DEBUG nova.api.openstack.wsgi [None req-e9963784-2aba-4c85-8d10-95092b75e4bf admin admin] Calling method '>' {{(pid=93185) _process_stack /opt/stack/nova/nova/api/openstack/wsgi.py:513}}
Aug 13 04:26:22.660237 dv-cinder-760038-6-iscsi devstack@n-api.service[93185]: INFO nova.api.openstack.requestlog [None req-e9963784-2aba-4c85-8d10-95092b75e4bf admin admin] 10.222.0.66 "GET /compute/v2.1" status: 200 len: 388 microversion: 2.1 time: 0.002624
Aug 13 04:26:22.661106 dv-cinder-760038-6-iscsi devstack@n-api.service[93185]: [pid: 93185|app: 0|req: 10/21] 10.222.0.66 () {54 vars in 931 bytes} [Fri Aug 13 04:26:22 2021] GET /compute/v2.1 => generated 388 bytes in 5 msecs (HTTP/1.1 200) 9 headers in 357 bytes (1 switches on core 0)
Aug 13 04:26:22.728958 dv-cinder-760038-6-iscsi devstack@n-api.service[93184]: DEBUG nova.api.openstack.wsgi [None req-410f8b99-938e-4ae1-b698-2707d7bac108 admin admin] Action: 'create', calling method: >, body: {"flavor": {"vcpus": 1, "id": "1", "OS-FLV-EXT-DATA:ephemeral": 0, "rxtx_factor": 1.0, "swap": 0, "name": "m1.tiny", "os-flavor-access:is_public": true, "ram": 512, "disk": 1}} {{(pid=93184) _process_stack /opt/stack/nova/nova/api/openstack/wsgi.py:511}}
Aug 13 04:26:22.751476 dv-cinder-760038-6-iscsi devstack@n-api.service[93184]: INFO nova.api.openstack.requestlog [None req-410f8b99-938e-4ae1-b698-2707d7bac108 admin admin] 10.222.0.66 "POST /compute/v2.1/flavors" status: 200 len: 402 microversion: 2.61 time: 0.082241
Aug 13 04:26:22.752186 dv-cinder-760038-6-iscsi devstack@n-api.service[93184]: [pid: 93184|app: 0|req: 12/22] 10.222.0.66 () {64 vars in 1283 bytes} [Fri Aug 13 04:26:22 2021] POST /compute/v2.1/flavors => generated 402 bytes in 84 msecs (HTTP/1.1 200) 9 headers in 359 bytes (1 switches on core 0)
Aug 13 04:26:22.766658 dv-cinder-760038-6-iscsi devstack@n-api.service[93185]: DEBUG nova.api.openstack.wsgi [None req-3c45069a-4d30-44fb-8465-a986f0fa9201 admin admin] Action: 'create', calling method: >, body: {"extra_specs": {"hw_rng:allowed": "True"}} {{(pid=93185) _process_stack /opt/stack/nova/nova/api/openstack/wsgi.py:511}}
Aug 13 04:26:22.790867 dv-cinder-760038-6-iscsi devstack@n-api.service[93185]: INFO nova.api.openstack.requestlog [None req-3c45069a-4d30-44fb-8465-a986f0fa9201 admin admin] 10.222.0.66 "POST /compute/v2.1/flavors/1/os-extra_specs" status: 200 len: 43 microversion: 2.61 time: 0.027937
Aug 13 04:26:22.791461 dv-cinder-760038-6-iscsi devstack@n-api.service[93185]: [pid: 93185|app: 0|req: 11/23] 10.222.0.66 () {64 vars in 1333 bytes} [Fri Aug 13 04:26:22 2021] POST /compute/v2.1/flavors/1/os-extra_specs => generated 43 bytes in 30 msecs (HTTP/1.1 200) 9 headers in 358 bytes (2 switches on core 0)
Aug 13 04:26:24.975151 dv-cinder-760038-6-iscsi devstack@n-api.service[93184]: DEBUG nova.api.openstack.wsgi [None req-410f8b99-938e-4ae1-b698-2707d7bac108 admin admin] Calling method '>' {{(pid=93184) _process_stack /opt/stack/nova/nova/api/openstack/wsgi.py:513}}
Aug 13 04:26:24.976159 dv-cinder-760038-6-iscsi devstack@n-api.service[93184]: INFO nova.api.openstack.requestlog [None req-410f8b99-938e-4ae1-b698-2707d7bac108 admin admin] 10.222.0.66 "GET /compute/v2.1" status: 200 len: 388 microversion: 2.1 time: 0.001449
Aug 13 04:26:24.976564 dv-cinder-760038-6-iscsi devstack@n-api.service[93184]: [pid: 93184|app: 0|req: 13/24] 10.222.0.66 () {54 vars in 931 bytes} [Fri Aug 13 04:26:24 2021] GET /compute/v2.1 => generated 388 bytes in 2 msecs (HTTP/1.1 200) 9 headers in 357 bytes (1 switches on core 0)
Aug 13 04:26:25.039718 dv-cinder-760038-6-iscsi devstack@n-api.service[93185]: DEBUG nova.api.openstack.wsgi [None req-31cd4400-c279-4b4d-a5a2-c28f871719ff admin admin] Action: 'create', calling method: >, body: {"flavor": {"disk": 20, "id": "2", "ram": 2048, "OS-FLV-EXT-DATA:ephemeral": 0, "vcpus": 1, "rxtx_factor": 1.0, "swap": 0, "os-flavor-access:is_public": true, "name": "m1.small"}} {{(pid=93185) _process_stack /opt/stack/nova/nova/api/openstack/wsgi.py:511}}
Aug 13 04:26:25.060254 dv-cinder-760038-6-iscsi devstack@n-api.service[93185]: INFO nova.api.openstack.requestlog [None req-31cd4400-c279-4b4d-a5a2-c28f871719ff admin admin] 10.222.0.66 "POST /compute/v2.1/flavors" status: 200 len: 405 microversion: 2.61 time: 0.076635
Aug 13 04:26:25.060841 dv-cinder-760038-6-iscsi devstack@n-api.service[93185]: [pid: 93185|app: 0|req: 12/25] 10.222.0.66 () {64 vars in 1283 bytes} [Fri Aug 13 04:26:24 2021] POST /compute/v2.1/flavors => generated 405 bytes in 78 msecs (HTTP/1.1 200) 9 headers in 359 bytes (2 switches on core 0)
Aug 13 04:26:25.083725 dv-cinder-760038-6-iscsi devstack@n-api.service[93184]: DEBUG nova.api.openstack.wsgi [None req-26ddc0cb-f468-4840-b773-71588733f8ff admin admin] Action: 'create', calling method: >, body: {"extra_specs": {"hw_rng:allowed": "True"}} {{(pid=93184) _process_stack /opt/stack/nova/nova/api/openstack/wsgi.py:511}}
Aug 13 04:26:25.117876 dv-cinder-760038-6-iscsi devstack@n-api.service[93184]: INFO nova.api.openstack.requestlog [None req-26ddc0cb-f468-4840-b773-71588733f8ff admin admin] 10.222.0.66 "POST /compute/v2.1/flavors/2/os-extra_specs" status: 200 len: 43 microversion: 2.61 time: 0.040843
Aug 13 04:26:25.118650 dv-cinder-760038-6-iscsi devstack@n-api.service[93184]: [pid: 93184|app: 0|req: 14/26] 10.222.0.66 () {64 vars in 1333 bytes} [Fri Aug 13 04:26:25 2021] POST /compute/v2.1/flavors/2/os-extra_specs => generated 43 bytes in 44 msecs (HTTP/1.1 200) 9 headers in 358 bytes (1 switches on core 0)
Aug 13 04:26:27.404722 dv-cinder-760038-6-iscsi devstack@n-api.service[93185]: DEBUG nova.api.openstack.wsgi [None req-31cd4400-c279-4b4d-a5a2-c28f871719ff admin admin] Calling method '>' {{(pid=93185) _process_stack /opt/stack/nova/nova/api/openstack/wsgi.py:513}}
Aug 13 04:26:27.405786 dv-cinder-760038-6-iscsi devstack@n-api.service[93185]: INFO nova.api.openstack.requestlog [None req-31cd4400-c279-4b4d-a5a2-c28f871719ff admin admin] 10.222.0.66 "GET /compute/v2.1" status: 200 len: 388 microversion: 2.1 time: 0.001436
Aug 13 04:26:27.406184 dv-cinder-760038-6-iscsi devstack@n-api.service[93185]: [pid: 93185|app: 0|req: 13/27] 10.222.0.66 () {54 vars in 931 bytes} [Fri Aug 13 04:26:27 2021] GET /compute/v2.1 => generated 388 bytes in 2 msecs (HTTP/1.1 200) 9 headers in 357 bytes (1 switches on core 0)
Aug 13 04:26:27.463105 dv-cinder-760038-6-iscsi devstack@n-api.service[93184]: DEBUG nova.api.openstack.wsgi [None req-d6a1919c-09b3-41ad-8233-4ff009a492b9 admin admin] Action: 'create', calling method: >, body: {"flavor": {"ram": 4096, "OS-FLV-EXT-DATA:ephemeral": 0, "id": "3", "os-flavor-access:is_public": true, "vcpus": 2, "disk": 40, "swap": 0, "rxtx_factor": 1.0, "name": "m1.medium"}} {{(pid=93184) _process_stack /opt/stack/nova/nova/api/openstack/wsgi.py:511}}
Aug 13 04:26:27.483508 dv-cinder-760038-6-iscsi devstack@n-api.service[93184]: INFO nova.api.openstack.requestlog [None req-d6a1919c-09b3-41ad-8233-4ff009a492b9 admin admin] 10.222.0.66 "POST /compute/v2.1/flavors" status: 200 len: 406 microversion: 2.61 time: 0.071056
Aug 13 04:26:27.484057 dv-cinder-760038-6-iscsi devstack@n-api.service[93184]: [pid: 93184|app: 0|req: 15/28] 10.222.0.66 () {64 vars in 1283 bytes} [Fri Aug 13 04:26:27 2021] POST /compute/v2.1/flavors => generated 406 bytes in 72 msecs (HTTP/1.1 200) 9 headers in 359 bytes (2 switches on core 0)
Aug 13 04:26:27.496863 dv-cinder-760038-6-iscsi devstack@n-api.service[93185]: DEBUG nova.api.openstack.wsgi [None req-bf4ed2e7-deb8-4574-9aef-17288387a789 admin admin] Action: 'create', calling method: >, body: {"extra_specs": {"hw_rng:allowed": "True"}} {{(pid=93185) _process_stack /opt/stack/nova/nova/api/openstack/wsgi.py:511}}
Aug 13 04:26:27.519770 dv-cinder-760038-6-iscsi devstack@n-api.service[93185]: INFO nova.api.openstack.requestlog [None req-bf4ed2e7-deb8-4574-9aef-17288387a789 admin admin] 10.222.0.66 "POST /compute/v2.1/flavors/3/os-extra_specs" status: 200 len: 43 microversion: 2.61 time: 0.027452
Aug 13 04:26:27.520341 dv-cinder-760038-6-iscsi devstack@n-api.service[93185]: [pid: 93185|app: 0|req: 14/29] 10.222.0.66 () {64 vars in 1333 bytes} [Fri Aug 13 04:26:27 2021] POST /compute/v2.1/flavors/3/os-extra_specs => generated 43 bytes in 29 msecs (HTTP/1.1 200) 9 headers in 358 bytes (2 switches on core 0)
Aug 13 04:26:29.673842 dv-cinder-760038-6-iscsi devstack@n-api.service[93184]: DEBUG nova.api.openstack.wsgi [None req-d6a1919c-09b3-41ad-8233-4ff009a492b9 admin admin] Calling method '>' {{(pid=93184) _process_stack /opt/stack/nova/nova/api/openstack/wsgi.py:513}}
Aug 13 04:26:29.674841 dv-cinder-760038-6-iscsi devstack@n-api.service[93184]: INFO nova.api.openstack.requestlog [None req-d6a1919c-09b3-41ad-8233-4ff009a492b9 admin admin] 10.222.0.66 "GET /compute/v2.1" status: 200 len: 388 microversion: 2.1 time: 0.001490
Aug 13 04:26:29.675243 dv-cinder-760038-6-iscsi devstack@n-api.service[93184]: [pid: 93184|app: 0|req: 16/30] 10.222.0.66 () {54 vars in 931 bytes} [Fri Aug 13 04:26:29 2021] GET /compute/v2.1 => generated 388 bytes in 2 msecs (HTTP/1.1 200) 9 headers in 357 bytes (1 switches on core 0)
Aug 13 04:26:29.731925 dv-cinder-760038-6-iscsi devstack@n-api.service[93185]: DEBUG nova.api.openstack.wsgi [None req-25adf2c3-f47a-483d-87ce-05e23745907f admin admin] Action: 'create', calling method: >, body: {"flavor": {"os-flavor-access:is_public": true, "name": "m1.large", "ram": 8192, "id": "4", "disk": 80, "vcpus": 4, "OS-FLV-EXT-DATA:ephemeral": 0, "swap": 0, "rxtx_factor": 1.0}} {{(pid=93185) _process_stack /opt/stack/nova/nova/api/openstack/wsgi.py:511}}
Aug 13 04:26:29.750077 dv-cinder-760038-6-iscsi devstack@n-api.service[93185]: INFO nova.api.openstack.requestlog [None req-25adf2c3-f47a-483d-87ce-05e23745907f admin admin] 10.222.0.66 "POST /compute/v2.1/flavors" status: 200 len: 405 microversion: 2.61 time: 0.068119
Aug 13 04:26:29.750736 dv-cinder-760038-6-iscsi devstack@n-api.service[93185]: [pid: 93185|app: 0|req: 15/31] 10.222.0.66 () {64 vars in 1283 bytes} [Fri Aug 13 04:26:29 2021] POST /compute/v2.1/flavors => generated 405 bytes in 69 msecs (HTTP/1.1 200) 9 headers in 359 bytes (2 switches on core 0)
Aug 13 04:26:29.762907 dv-cinder-760038-6-iscsi devstack@n-api.service[93184]: DEBUG nova.api.openstack.wsgi [None req-f2a3466c-964f-4708-b7b9-1d436c2ab768 admin admin] Action: 'create', calling method: >, body: {"extra_specs": {"hw_rng:allowed": "True"}} {{(pid=93184) _process_stack /opt/stack/nova/nova/api/openstack/wsgi.py:511}}
Aug 13 04:26:29.785948 dv-cinder-760038-6-iscsi devstack@n-api.service[93184]: INFO nova.api.openstack.requestlog [None req-f2a3466c-964f-4708-b7b9-1d436c2ab768 admin admin] 10.222.0.66 "POST /compute/v2.1/flavors/4/os-extra_specs" status: 200 len: 43 microversion: 2.61 time: 0.026599
Aug 13 04:26:29.786501 dv-cinder-760038-6-iscsi devstack@n-api.service[93184]: [pid: 93184|app: 0|req: 17/32] 10.222.0.66 () {64 vars in 1333 bytes} [Fri Aug 13 04:26:29 2021] POST /compute/v2.1/flavors/4/os-extra_specs => generated 43 bytes in 28 msecs (HTTP/1.1 200) 9 headers in 358 bytes (1 switches on core 0)
Aug 13 04:26:31.972844 dv-cinder-760038-6-iscsi devstack@n-api.service[93185]: DEBUG nova.api.openstack.wsgi [None req-25adf2c3-f47a-483d-87ce-05e23745907f admin admin] Calling method '>' {{(pid=93185) _process_stack /opt/stack/nova/nova/api/openstack/wsgi.py:513}}
Aug 13 04:26:31.973900 dv-cinder-760038-6-iscsi devstack@n-api.service[93185]: INFO nova.api.openstack.requestlog [None req-25adf2c3-f47a-483d-87ce-05e23745907f admin admin] 10.222.0.66 "GET /compute/v2.1" status: 200 len: 388 microversion: 2.1 time: 0.001446
Aug 13 04:26:31.974270 dv-cinder-760038-6-iscsi devstack@n-api.service[93185]: [pid: 93185|app: 0|req: 16/33] 10.222.0.66 () {54 vars in 931 bytes} [Fri Aug 13 04:26:31 2021] GET /compute/v2.1 => generated 388 bytes in 2 msecs (HTTP/1.1 200) 9 headers in 357 bytes (1 switches on core 0)
Aug 13 04:26:32.055077 dv-cinder-760038-6-iscsi devstack@n-api.service[93184]: DEBUG nova.api.openstack.wsgi [None req-d063148e-a5c3-4de7-b7fe-f1afb6dabf55 admin admin] Action: 'create', calling method: >, body: {"flavor": {"ram": 16384, "disk": 160, "id": "5", "rxtx_factor": 1.0, "os-flavor-access:is_public": true, "name": "m1.xlarge", "vcpus": 8, "swap": 0, "OS-FLV-EXT-DATA:ephemeral": 0}} {{(pid=93184) _process_stack /opt/stack/nova/nova/api/openstack/wsgi.py:511}}
Aug 13 04:26:32.082237 dv-cinder-760038-6-iscsi devstack@n-api.service[93184]: INFO nova.api.openstack.requestlog [None req-d063148e-a5c3-4de7-b7fe-f1afb6dabf55 admin admin] 10.222.0.66 "POST /compute/v2.1/flavors" status: 200 len: 408 microversion: 2.61 time: 0.098975
Aug 13 04:26:32.083076 dv-cinder-760038-6-iscsi devstack@n-api.service[93184]: [pid: 93184|app: 0|req: 18/34] 10.222.0.66 () {64 vars in 1283 bytes} [Fri Aug 13 04:26:31 2021] POST /compute/v2.1/flavors => generated 408 bytes in 101 msecs (HTTP/1.1 200) 9 headers in 359 bytes (1 switches on core 0)
Aug 13 04:26:32.096134 dv-cinder-760038-6-iscsi devstack@n-api.service[93185]: DEBUG nova.api.openstack.wsgi [None req-2d2e0ab4-4e62-4bc6-a45b-28333c46f385 admin admin] Action: 'create', calling method: >, body: {"extra_specs": {"hw_rng:allowed": "True"}} {{(pid=93185) _process_stack /opt/stack/nova/nova/api/openstack/wsgi.py:511}}
Aug 13 04:26:32.124324 dv-cinder-760038-6-iscsi devstack@n-api.service[93185]: INFO nova.api.openstack.requestlog [None req-2d2e0ab4-4e62-4bc6-a45b-28333c46f385 admin admin] 10.222.0.66 "POST /compute/v2.1/flavors/5/os-extra_specs" status: 200 len: 43 microversion: 2.61 time: 0.031779
Aug 13 04:26:32.125038 dv-cinder-760038-6-iscsi devstack@n-api.service[93185]: [pid: 93185|app: 0|req: 17/35] 10.222.0.66 () {64 vars in 1333 bytes} [Fri Aug 13 04:26:32 2021] POST /compute/v2.1/flavors/5/os-extra_specs => generated 43 bytes in 33 msecs (HTTP/1.1 200) 9 headers in 358 bytes (2 switches on core 0)
Aug 13 04:27:11.650289 dv-cinder-760038-6-iscsi devstack@n-api.service[93184]: DEBUG nova.api.openstack.wsgi [None req-d063148e-a5c3-4de7-b7fe-f1afb6dabf55 admin admin] Calling method '>' {{(pid=93184) _process_stack /opt/stack/nova/nova/api/openstack/wsgi.py:513}}
Aug 13 04:27:11.652279 dv-cinder-760038-6-iscsi devstack@n-api.service[93184]: INFO nova.api.openstack.requestlog [None req-d063148e-a5c3-4de7-b7fe-f1afb6dabf55 admin admin] 10.222.0.66 "GET /compute/v2.1" status: 200 len: 388 microversion: 2.1 time: 0.002133
Aug 13 04:27:11.652677 dv-cinder-760038-6-iscsi devstack@n-api.service[93184]: [pid: 93184|app: 0|req: 19/36] 10.222.0.66 () {54 vars in 931 bytes} [Fri Aug 13 04:27:11 2021] GET /compute/v2.1 => generated 388 bytes in 4 msecs (HTTP/1.1 200) 9 headers in 357 bytes (1 switches on core 0)
Aug 13 04:27:11.710882 dv-cinder-760038-6-iscsi devstack@n-api.service[93185]: DEBUG nova.api.openstack.wsgi [None req-322671dc-a4e7-49b2-aec7-5f07212c1416 admin admin] Calling method '>' {{(pid=93185) _process_stack /opt/stack/nova/nova/api/openstack/wsgi.py:513}}
Aug 13 04:27:11.727288 dv-cinder-760038-6-iscsi devstack@n-api.service[93185]: INFO nova.api.openstack.requestlog [None req-322671dc-a4e7-49b2-aec7-5f07212c1416 admin admin] 10.222.0.66 "GET /compute/v2.1/flavors/detail?is_public=True" status: 200 len: 4202 microversion: 2.61 time: 0.068348
Aug 13 04:27:11.728341 dv-cinder-760038-6-iscsi devstack@n-api.service[93185]: [pid: 93185|app: 0|req: 18/37] 10.222.0.66 () {60 vars in 1292 bytes} [Fri Aug 13 04:27:11 2021] GET /compute/v2.1/flavors/detail?is_public=True => generated 4202 bytes in 70 msecs (HTTP/1.1 200) 9 headers in 360 bytes (2 switches on core 0)
Aug 13 04:27:13.129690 dv-cinder-760038-6-iscsi devstack@n-api.service[93184]: DEBUG nova.api.openstack.wsgi [None req-d063148e-a5c3-4de7-b7fe-f1afb6dabf55 admin admin] Calling method '>' {{(pid=93184) _process_stack /opt/stack/nova/nova/api/openstack/wsgi.py:513}}
Aug 13 04:27:13.130728 dv-cinder-760038-6-iscsi devstack@n-api.service[93184]: INFO nova.api.openstack.requestlog [None req-d063148e-a5c3-4de7-b7fe-f1afb6dabf55 admin admin] 10.222.0.66 "GET /compute/v2.1" status: 200 len: 388 microversion: 2.1 time: 0.001461
Aug 13 04:27:13.131130 dv-cinder-760038-6-iscsi devstack@n-api.service[93184]: [pid: 93184|app: 0|req: 20/38] 10.222.0.66 () {56 vars in 1075 bytes} [Fri Aug 13 04:27:13 2021] GET /compute/v2.1 => generated 388 bytes in 2 msecs (HTTP/1.1 200) 9 headers in 357 bytes (1 switches on core 0)
Aug 13 04:27:13.325512 dv-cinder-760038-6-iscsi devstack@n-api.service[93185]: DEBUG nova.api.openstack.wsgi [None req-48215731-66c0-4208-9281-3ad1f71dc549 admin admin] Calling method '>' {{(pid=93185) _process_stack /opt/stack/nova/nova/api/openstack/wsgi.py:513}}
Aug 13 04:27:13.331023 dv-cinder-760038-6-iscsi devstack@n-api.service[93185]: INFO nova.api.openstack.wsgi [None req-48215731-66c0-4208-9281-3ad1f71dc549 admin admin] HTTP exception thrown: Flavor 42 could not be found.
Aug 13 04:27:13.331589 dv-cinder-760038-6-iscsi devstack@n-api.service[93185]: DEBUG nova.api.openstack.wsgi [None req-48215731-66c0-4208-9281-3ad1f71dc549 admin admin] Returning 404 to user: Flavor 42 could not be found. {{(pid=93185) __call__ /opt/stack/nova/nova/api/openstack/wsgi.py:927}}
Aug 13 04:27:13.332376 dv-cinder-760038-6-iscsi devstack@n-api.service[93185]: INFO nova.api.openstack.requestlog [None req-48215731-66c0-4208-9281-3ad1f71dc549 admin admin] 10.222.0.66 "GET /compute/v2.1/flavors/42" status: 404 len: 75 microversion: 2.88 time: 0.063632
Aug 13 04:27:13.332883 dv-cinder-760038-6-iscsi devstack@n-api.service[93185]: [pid: 93185|app: 0|req: 19/39] 10.222.0.66 () {60 vars in 1191 bytes} [Fri Aug 13 04:27:13 2021] GET /compute/v2.1/flavors/42 => generated 75 bytes in 65 msecs (HTTP/1.1 404) 9 headers in 380 bytes (1 switches on core 0)
Aug 13 04:27:13.344480 dv-cinder-760038-6-iscsi devstack@n-api.service[93184]: DEBUG nova.api.openstack.wsgi [None req-fed92e9d-df45-4cc7-936e-b0d336433fbf admin admin] Calling method '>' {{(pid=93184) _process_stack /opt/stack/nova/nova/api/openstack/wsgi.py:513}}
Aug 13 04:27:13.364638 dv-cinder-760038-6-iscsi devstack@n-api.service[93184]: INFO nova.api.openstack.requestlog [None req-fed92e9d-df45-4cc7-936e-b0d336433fbf admin admin] 10.222.0.66 "GET /compute/v2.1/flavors?is_public=None" status: 200 len: 2056 microversion: 2.88 time: 0.023684
Aug 13 04:27:13.365663 dv-cinder-760038-6-iscsi devstack@n-api.service[93184]: [pid: 93184|app: 0|req: 21/40] 10.222.0.66 () {60 vars in 1211 bytes} [Fri Aug 13 04:27:13 2021] GET /compute/v2.1/flavors?is_public=None => generated 2056 bytes in 25 msecs (HTTP/1.1 200) 9 headers in 360 bytes (1 switches on core 0)
Aug 13 04:27:13.375767 dv-cinder-760038-6-iscsi devstack@n-api.service[93185]: DEBUG nova.api.openstack.wsgi [None req-05ce4bf1-aa80-42c2-b42b-3fd0d887fb59 admin admin] Calling method '>' {{(pid=93185) _process_stack /opt/stack/nova/nova/api/openstack/wsgi.py:513}}
Aug 13 04:27:13.397033 dv-cinder-760038-6-iscsi devstack@n-api.service[93185]: INFO nova.api.openstack.requestlog [None req-05ce4bf1-aa80-42c2-b42b-3fd0d887fb59 admin admin] 10.222.0.66 "GET /compute/v2.1/flavors?is_public=None" status: 200 len: 2056 microversion: 2.88 time: 0.024759
Aug 13 04:27:13.397565 dv-cinder-760038-6-iscsi devstack@n-api.service[93185]: [pid: 93185|app: 0|req: 20/41] 10.222.0.66 () {60 vars in 1211 bytes} [Fri Aug 13 04:27:13 2021] GET /compute/v2.1/flavors?is_public=None => generated 2056 bytes in 26 msecs (HTTP/1.1 200) 9 headers in 360 bytes (1 switches on core 0)
Aug 13 04:27:13.407251 dv-cinder-760038-6-iscsi devstack@n-api.service[93184]: DEBUG nova.api.openstack.wsgi [None req-0b1cd00c-907e-4980-894e-3bbdbe854548 admin admin] Calling method '>' {{(pid=93184) _process_stack /opt/stack/nova/nova/api/openstack/wsgi.py:513}}
Aug 13 04:27:13.412585 dv-cinder-760038-6-iscsi devstack@n-api.service[93184]: INFO nova.api.openstack.wsgi [None req-0b1cd00c-907e-4980-894e-3bbdbe854548 admin admin] HTTP exception thrown: Flavor 42 could not be found.
Aug 13 04:27:13.413149 dv-cinder-760038-6-iscsi devstack@n-api.service[93184]: DEBUG nova.api.openstack.wsgi [None req-0b1cd00c-907e-4980-894e-3bbdbe854548 admin admin] Returning 404 to user: Flavor 42 could not be found. {{(pid=93184) __call__ /opt/stack/nova/nova/api/openstack/wsgi.py:927}}
Aug 13 04:27:13.413974 dv-cinder-760038-6-iscsi devstack@n-api.service[93184]: INFO nova.api.openstack.requestlog [None req-0b1cd00c-907e-4980-894e-3bbdbe854548 admin admin] 10.222.0.66 "GET /compute/v2.1/flavors/42" status: 404 len: 75 microversion: 2.88 time: 0.010214
Aug 13 04:27:13.414460 dv-cinder-760038-6-iscsi devstack@n-api.service[93184]: [pid: 93184|app: 0|req: 22/42] 10.222.0.66 () {60 vars in 1191 bytes} [Fri Aug 13 04:27:13 2021] GET /compute/v2.1/flavors/42 => generated 75 bytes in 11 msecs (HTTP/1.1 404) 9 headers in 380 bytes (2 switches on core 0)
Aug 13 04:27:14.760593 dv-cinder-760038-6-iscsi devstack@n-api.service[93185]: DEBUG nova.api.openstack.wsgi [None req-05ce4bf1-aa80-42c2-b42b-3fd0d887fb59 admin admin] Calling method '>' {{(pid=93185) _process_stack /opt/stack/nova/nova/api/openstack/wsgi.py:513}}
Aug 13 04:27:14.761609 dv-cinder-760038-6-iscsi devstack@n-api.service[93185]: INFO nova.api.openstack.requestlog [None req-05ce4bf1-aa80-42c2-b42b-3fd0d887fb59 admin admin] 10.222.0.66 "GET /compute/v2.1" status: 200 len: 388 microversion: 2.1 time: 0.001427
Aug 13 04:27:14.762059 dv-cinder-760038-6-iscsi devstack@n-api.service[93185]: [pid: 93185|app: 0|req: 21/43] 10.222.0.66 () {56 vars in 1075 bytes} [Fri Aug 13 04:27:14 2021] GET /compute/v2.1 => generated 388 bytes in 2 msecs (HTTP/1.1 200) 9 headers in 357 bytes (1 switches on core 0)
Aug 13 04:27:14.954415 dv-cinder-760038-6-iscsi devstack@n-api.service[93184]: DEBUG nova.api.openstack.wsgi [None req-fe820562-2715-4b5f-9b68-6aab22bc4874 admin admin] Calling method '>' {{(pid=93184) _process_stack /opt/stack/nova/nova/api/openstack/wsgi.py:513}}
Aug 13 04:27:14.959553 dv-cinder-760038-6-iscsi devstack@n-api.service[93184]: INFO nova.api.openstack.wsgi [None req-fe820562-2715-4b5f-9b68-6aab22bc4874 admin admin] HTTP exception thrown: Flavor 84 could not be found.
Aug 13 04:27:14.960111 dv-cinder-760038-6-iscsi devstack@n-api.service[93184]: DEBUG nova.api.openstack.wsgi [None req-fe820562-2715-4b5f-9b68-6aab22bc4874 admin admin] Returning 404 to user: Flavor 84 could not be found. {{(pid=93184) __call__ /opt/stack/nova/nova/api/openstack/wsgi.py:927}}
Aug 13 04:27:14.960900 dv-cinder-760038-6-iscsi devstack@n-api.service[93184]: INFO nova.api.openstack.requestlog [None req-fe820562-2715-4b5f-9b68-6aab22bc4874 admin admin] 10.222.0.66 "GET /compute/v2.1/flavors/84" status: 404 len: 75 microversion: 2.88 time: 0.059083
Aug 13 04:27:14.961396 dv-cinder-760038-6-iscsi devstack@n-api.service[93184]: [pid: 93184|app: 0|req: 23/44] 10.222.0.66 () {60 vars in 1191 bytes} [Fri Aug 13 04:27:14 2021] GET /compute/v2.1/flavors/84 => generated 75 bytes in 61 msecs (HTTP/1.1 404) 9 headers in 380 bytes (1 switches on core 0)
Aug 13 04:27:14.972648 dv-cinder-760038-6-iscsi devstack@n-api.service[93185]: DEBUG nova.api.openstack.wsgi [None req-19fa7798-0958-4086-98f2-fc4dc90f051b admin admin] Calling method '>' {{(pid=93185) _process_stack /opt/stack/nova/nova/api/openstack/wsgi.py:513}}
Aug 13 04:27:14.986357 dv-cinder-760038-6-iscsi devstack@n-api.service[93185]: INFO nova.api.openstack.requestlog [None req-19fa7798-0958-4086-98f2-fc4dc90f051b admin admin] 10.222.0.66 "GET /compute/v2.1/flavors?is_public=None" status: 200 len: 2056 microversion: 2.88 time: 0.017292
Aug 13 04:27:14.986877 dv-cinder-760038-6-iscsi devstack@n-api.service[93185]: [pid: 93185|app: 0|req: 22/45] 10.222.0.66 () {60 vars in 1211 bytes} [Fri Aug 13 04:27:14 2021] GET /compute/v2.1/flavors?is_public=None => generated 2056 bytes in 18 msecs (HTTP/1.1 200) 9 headers in 360 bytes (2 switches on core 0)
Aug 13 04:27:14.996608 dv-cinder-760038-6-iscsi devstack@n-api.service[93184]: DEBUG nova.api.openstack.wsgi [None req-6eb0a578-5ad9-4be2-be85-8cb90aedf825 admin admin] Calling method '>' {{(pid=93184) _process_stack /opt/stack/nova/nova/api/openstack/wsgi.py:513}}
Aug 13 04:27:15.010190 dv-cinder-760038-6-iscsi devstack@n-api.service[93184]: INFO nova.api.openstack.requestlog [None req-6eb0a578-5ad9-4be2-be85-8cb90aedf825 admin admin] 10.222.0.66 "GET /compute/v2.1/flavors?is_public=None" status: 200 len: 2056 microversion: 2.88 time: 0.017012
Aug 13 04:27:15.010728 dv-cinder-760038-6-iscsi devstack@n-api.service[93184]: [pid: 93184|app: 0|req: 24/46] 10.222.0.66 () {60 vars in 1211 bytes} [Fri Aug 13 04:27:14 2021] GET /compute/v2.1/flavors?is_public=None => generated 2056 bytes in 18 msecs (HTTP/1.1 200) 9 headers in 360 bytes (2 switches on core 0)
Aug 13 04:27:15.020450 dv-cinder-760038-6-iscsi devstack@n-api.service[93185]: DEBUG nova.api.openstack.wsgi [None req-75193760-63ab-4ffd-821d-b78b7ff8744c admin admin] Calling method '>' {{(pid=93185) _process_stack /opt/stack/nova/nova/api/openstack/wsgi.py:513}}
Aug 13 04:27:15.026118 dv-cinder-760038-6-iscsi devstack@n-api.service[93185]: INFO nova.api.openstack.wsgi [None req-75193760-63ab-4ffd-821d-b78b7ff8744c admin admin] HTTP exception thrown: Flavor 84 could not be found.
Aug 13 04:27:15.026681 dv-cinder-760038-6-iscsi devstack@n-api.service[93185]: DEBUG nova.api.openstack.wsgi [None req-75193760-63ab-4ffd-821d-b78b7ff8744c admin admin] Returning 404 to user: Flavor 84 could not be found. {{(pid=93185) __call__ /opt/stack/nova/nova/api/openstack/wsgi.py:927}}
Aug 13 04:27:15.027457 dv-cinder-760038-6-iscsi devstack@n-api.service[93185]: INFO nova.api.openstack.requestlog [None req-75193760-63ab-4ffd-821d-b78b7ff8744c admin admin] 10.222.0.66 "GET /compute/v2.1/flavors/84" status: 404 len: 75 microversion: 2.88 time: 0.010526
Aug 13 04:27:15.027950 dv-cinder-760038-6-iscsi devstack@n-api.service[93185]: [pid: 93185|app: 0|req: 23/47] 10.222.0.66 () {60 vars in 1191 bytes} [Fri Aug 13 04:27:15 2021] GET /compute/v2.1/flavors/84 => generated 75 bytes in 11 msecs (HTTP/1.1 404) 9 headers in 380 bytes (2 switches on core 0)
Aug 13 04:27:16.369270 dv-cinder-760038-6-iscsi devstack@n-api.service[93184]: DEBUG nova.api.openstack.wsgi [None req-6eb0a578-5ad9-4be2-be85-8cb90aedf825 admin admin] Calling method '>' {{(pid=93184) _process_stack /opt/stack/nova/nova/api/openstack/wsgi.py:513}}
Aug 13 04:27:16.370517 dv-cinder-760038-6-iscsi devstack@n-api.service[93184]: INFO nova.api.openstack.requestlog [None req-6eb0a578-5ad9-4be2-be85-8cb90aedf825 admin admin] 10.222.0.66 "GET /compute/v2.1" status: 200 len: 388 microversion: 2.1 time: 0.002079
Aug 13 04:27:16.370823 dv-cinder-760038-6-iscsi devstack@n-api.service[93184]: [pid: 93184|app: 0|req: 25/48] 10.222.0.66 () {56 vars in 1075 bytes} [Fri Aug 13 04:27:16 2021] GET /compute/v2.1 => generated 388 bytes in 3 msecs (HTTP/1.1 200) 9 headers in 357 bytes (1 switches on core 0)
Aug 13 04:27:16.559679 dv-cinder-760038-6-iscsi devstack@n-api.service[93185]: DEBUG nova.api.openstack.wsgi [None req-e2dafe51-b5ca-454d-9686-5d0ae1cfb1ea admin admin] Calling method '>' {{(pid=93185) _process_stack /opt/stack/nova/nova/api/openstack/wsgi.py:513}}
Aug 13 04:27:16.566464 dv-cinder-760038-6-iscsi devstack@n-api.service[93185]: INFO nova.api.openstack.wsgi [None req-e2dafe51-b5ca-454d-9686-5d0ae1cfb1ea admin admin] HTTP exception thrown: Flavor 451 could not be found.
Aug 13 04:27:16.567028 dv-cinder-760038-6-iscsi devstack@n-api.service[93185]: DEBUG nova.api.openstack.wsgi [None req-e2dafe51-b5ca-454d-9686-5d0ae1cfb1ea admin admin] Returning 404 to user: Flavor 451 could not be found. {{(pid=93185) __call__ /opt/stack/nova/nova/api/openstack/wsgi.py:927}}
Aug 13 04:27:16.567810 dv-cinder-760038-6-iscsi devstack@n-api.service[93185]: INFO nova.api.openstack.requestlog [None req-e2dafe51-b5ca-454d-9686-5d0ae1cfb1ea admin admin] 10.222.0.66 "GET /compute/v2.1/flavors/451" status: 404 len: 76 microversion: 2.88 time: 0.059726
Aug 13 04:27:16.568353 dv-cinder-760038-6-iscsi devstack@n-api.service[93185]: [pid: 93185|app: 0|req: 24/49] 10.222.0.66 () {60 vars in 1194 bytes} [Fri Aug 13 04:27:16 2021] GET /compute/v2.1/flavors/451 => generated 76 bytes in 61 msecs (HTTP/1.1 404) 9 headers in 380 bytes (1 switches on core 0)
Aug 13 04:27:16.578687 dv-cinder-760038-6-iscsi devstack@n-api.service[93184]: DEBUG nova.api.openstack.wsgi [None req-5e2013da-631a-48a5-9f61-7aec5855710d admin admin] Calling method '>' {{(pid=93184) _process_stack /opt/stack/nova/nova/api/openstack/wsgi.py:513}}
Aug 13 04:27:16.593541 dv-cinder-760038-6-iscsi devstack@n-api.service[93184]: INFO nova.api.openstack.requestlog [None req-5e2013da-631a-48a5-9f61-7aec5855710d admin admin] 10.222.0.66 "GET /compute/v2.1/flavors?is_public=None" status: 200 len: 2056 microversion: 2.88 time: 0.018502
Aug 13 04:27:16.594068 dv-cinder-760038-6-iscsi devstack@n-api.service[93184]: [pid: 93184|app: 0|req: 26/50] 10.222.0.66 () {60 vars in 1211 bytes} [Fri Aug 13 04:27:16 2021] GET /compute/v2.1/flavors?is_public=None => generated 2056 bytes in 20 msecs (HTTP/1.1 200) 9 headers in 360 bytes (1 switches on core 0)
Aug 13 04:27:16.604371 dv-cinder-760038-6-iscsi devstack@n-api.service[93185]: DEBUG nova.api.openstack.wsgi [None req-6e8750c1-70f0-4d6b-b425-db01601dd62f admin admin] Calling method '>' {{(pid=93185) _process_stack /opt/stack/nova/nova/api/openstack/wsgi.py:513}}
Aug 13 04:27:16.617461 dv-cinder-760038-6-iscsi devstack@n-api.service[93185]: INFO nova.api.openstack.requestlog [None req-6e8750c1-70f0-4d6b-b425-db01601dd62f admin admin] 10.222.0.66 "GET /compute/v2.1/flavors?is_public=None" status: 200 len: 2056 microversion: 2.88 time: 0.017129
Aug 13 04:27:16.618016 dv-cinder-760038-6-iscsi devstack@n-api.service[93185]: [pid: 93185|app: 0|req: 25/51] 10.222.0.66 () {60 vars in 1211 bytes} [Fri Aug 13 04:27:16 2021] GET /compute/v2.1/flavors?is_public=None => generated 2056 bytes in 18 msecs (HTTP/1.1 200) 9 headers in 360 bytes (2 switches on core 0)
Aug 13 04:27:16.627717 dv-cinder-760038-6-iscsi devstack@n-api.service[93184]: DEBUG nova.api.openstack.wsgi [None req-7214b6d6-022d-4d9f-bc4b-d70c7adb1e57 admin admin] Calling method '>' {{(pid=93184) _process_stack /opt/stack/nova/nova/api/openstack/wsgi.py:513}}
Aug 13 04:27:16.633024 dv-cinder-760038-6-iscsi devstack@n-api.service[93184]: INFO nova.api.openstack.wsgi [None req-7214b6d6-022d-4d9f-bc4b-d70c7adb1e57 admin admin] HTTP exception thrown: Flavor 451 could not be found.
