Aug 13 02:39:56.039327 dv-cinder-759994-5-smb devstack@c-api.service[107320]: warnings.warn('Policy enforcement is depending on the value of '
Aug 13 02:39:56.066418 dv-cinder-759994-5-smb devstack@c-api.service[107321]: DEBUG cinder.volume.api [None req-ba1794bc-b7d4-4717-80cf-db9c9c1b90e3 tempest-VolumeTypesAccessTest-574997443 tempest-VolumeTypesAccessTest-574997443-project] Task 'cinder.volume.flows.api.create_volume.EntryCreateTask;volume:create' (12519f7d-7f0f-49c4-9fc7-669b3053a685) transitioned into state 'SUCCESS' from state 'RUNNING' with result '{'volume_id': '5e545c24-7167-4ca8-b622-457226bac5cf', 'volume_properties': VolumeProperties(attach_status='detached',availability_zone='nova',cgsnapshot_id=None,consistencygroup_id=None,display_description=None,display_name='tempest-VolumeTypesAccessTest-Volume-737889110',encryption_key_id=None,group_id=None,group_type_id=,metadata={},multiattach=False,project_id='9cc3bd83eeae413c88916940a03c48f2',qos_specs=None,replication_status=,reservations=['9b1c0235-9607-42bf-a703-b35fe0e06ae5','4aad4f6d-864f-4b00-ba4f-b2c45470686a','18b2acd7-0733-4766-9444-b2eadacce922','1fb1edec-e039-4a67-ad8a-07c38587659b'],size=1,snapshot_id=None,source_replicaid=,source_volid=None,status='creating',user_id='ad045cc732474cfb8ddc5da44cb33d51',volume_type_id=bd2dc6c0-b7a9-4352-9d52-45118ce4aae3), 'volume': Volume(_name_id=None,admin_metadata=,attach_status='detached',availability_zone='nova',bootable=False,cluster=,cluster_name=None,consistencygroup=,consistencygroup_id=None,created_at=2021-08-13T02:39:56Z,deleted=False,deleted_at=None,display_description=None,display_name='tempest-VolumeTypesAccessTest-Volume-737889110',ec2_id=None,encryption_key_id=None,glance_metadata=,group=,group_id=None,host=None,id=5e545c24-7167-4ca8-b622-457226bac5cf,launched_at=None,metadata={},migration_status=None,multiattach=False,previous_status=None,project_id='9cc3bd83eeae413c88916940a03c48f2',provider_auth=None,provider_geometry=None,provider_id=None,provider_location=None,replication_driver_data=None,replication_extended_status=None,replication_status=None,scheduled_at=None,service_uuid=None,shared_targets=True,size=1,snapshot_id=None,snapshots=,source_volid=None,status='creating',terminated_at=None,updated_at=None,user_id='ad045cc732474cfb8ddc5da44cb33d51',volume_attachment=,volume_type=VolumeType(bd2dc6c0-b7a9-4352-9d52-45118ce4aae3),volume_type_id=bd2dc6c0-b7a9-4352-9d52-45118ce4aae3)}' {{(pid=107321) _task_receiver /usr/local/lib/python3.8/dist-packages/taskflow/listeners/logging.py:178}}
Aug 13 02:39:56.068318 dv-cinder-759994-5-smb devstack@c-api.service[107321]: DEBUG cinder.volume.api [None req-ba1794bc-b7d4-4717-80cf-db9c9c1b90e3 tempest-VolumeTypesAccessTest-574997443 tempest-VolumeTypesAccessTest-574997443-project] Task 'cinder.volume.flows.api.create_volume.QuotaCommitTask;volume:create' (add61c44-a71d-4589-a088-4a5a81ae6e57) transitioned into state 'RUNNING' from state 'PENDING' {{(pid=107321) _task_receiver /usr/local/lib/python3.8/dist-packages/taskflow/listeners/logging.py:190}}
Aug 13 02:39:56.108138 dv-cinder-759994-5-smb devstack@c-api.service[107321]: DEBUG cinder.volume.api [None req-ba1794bc-b7d4-4717-80cf-db9c9c1b90e3 tempest-VolumeTypesAccessTest-574997443 tempest-VolumeTypesAccessTest-574997443-project] Task 'cinder.volume.flows.api.create_volume.QuotaCommitTask;volume:create' (add61c44-a71d-4589-a088-4a5a81ae6e57) transitioned into state 'SUCCESS' from state 'RUNNING' with result '{'volume_properties': VolumeProperties(attach_status='detached',availability_zone='nova',cgsnapshot_id=None,consistencygroup_id=None,display_description=None,display_name='tempest-VolumeTypesAccessTest-Volume-737889110',encryption_key_id=None,group_id=None,group_type_id=,metadata={},multiattach=False,project_id='9cc3bd83eeae413c88916940a03c48f2',qos_specs=None,replication_status=,reservations=['9b1c0235-9607-42bf-a703-b35fe0e06ae5','4aad4f6d-864f-4b00-ba4f-b2c45470686a','18b2acd7-0733-4766-9444-b2eadacce922','1fb1edec-e039-4a67-ad8a-07c38587659b'],size=1,snapshot_id=None,source_replicaid=,source_volid=None,status='creating',user_id='ad045cc732474cfb8ddc5da44cb33d51',volume_type_id=bd2dc6c0-b7a9-4352-9d52-45118ce4aae3)}' {{(pid=107321) _task_receiver /usr/local/lib/python3.8/dist-packages/taskflow/listeners/logging.py:178}}
Aug 13 02:39:56.109883 dv-cinder-759994-5-smb devstack@c-api.service[107321]: DEBUG cinder.volume.api [None req-ba1794bc-b7d4-4717-80cf-db9c9c1b90e3 tempest-VolumeTypesAccessTest-574997443 tempest-VolumeTypesAccessTest-574997443-project] Task 'cinder.volume.flows.api.create_volume.VolumeCastTask;volume:create' (96af9f67-1552-4148-9289-168f26b8bb4e) transitioned into state 'RUNNING' from state 'PENDING' {{(pid=107321) _task_receiver /usr/local/lib/python3.8/dist-packages/taskflow/listeners/logging.py:190}}
Aug 13 02:39:56.137847 dv-cinder-759994-5-smb devstack@c-api.service[107321]: DEBUG cinder.volume.api [None req-ba1794bc-b7d4-4717-80cf-db9c9c1b90e3 tempest-VolumeTypesAccessTest-574997443 tempest-VolumeTypesAccessTest-574997443-project] Task 'cinder.volume.flows.api.create_volume.VolumeCastTask;volume:create' (96af9f67-1552-4148-9289-168f26b8bb4e) transitioned into state 'SUCCESS' from state 'RUNNING' with result 'None' {{(pid=107321) _task_receiver /usr/local/lib/python3.8/dist-packages/taskflow/listeners/logging.py:178}}
Aug 13 02:39:56.141041 dv-cinder-759994-5-smb devstack@c-api.service[107321]: DEBUG cinder.volume.api [None req-ba1794bc-b7d4-4717-80cf-db9c9c1b90e3 tempest-VolumeTypesAccessTest-574997443 tempest-VolumeTypesAccessTest-574997443-project] Flow 'volume_create_api' (00560889-4974-45e2-9deb-d4d7b5c2ae94) transitioned into state 'SUCCESS' from state 'RUNNING' {{(pid=107321) _flow_receiver /usr/local/lib/python3.8/dist-packages/taskflow/listeners/logging.py:141}}
Aug 13 02:39:56.142556 dv-cinder-759994-5-smb devstack@c-api.service[107321]: INFO cinder.volume.api [None req-ba1794bc-b7d4-4717-80cf-db9c9c1b90e3 tempest-VolumeTypesAccessTest-574997443 tempest-VolumeTypesAccessTest-574997443-project] Create volume request issued successfully.
Aug 13 02:39:56.161845 dv-cinder-759994-5-smb devstack@c-api.service[107321]: INFO cinder.api.openstack.wsgi [None req-ba1794bc-b7d4-4717-80cf-db9c9c1b90e3 tempest-VolumeTypesAccessTest-574997443 tempest-VolumeTypesAccessTest-574997443-project] http://10.222.0.18/volume/v3/9cc3bd83eeae413c88916940a03c48f2/volumes returned with HTTP 202
Aug 13 02:39:56.163683 dv-cinder-759994-5-smb devstack@c-api.service[107321]: [pid: 107321|app: 0|req: 92/197] 10.222.0.18 () {60 vars in 1236 bytes} [Fri Aug 13 02:39:55 2021] POST /volume/v3/9cc3bd83eeae413c88916940a03c48f2/volumes => generated 860 bytes in 395 msecs (HTTP/1.1 202) 7 headers in 291 bytes (2 switches on core 0)
Aug 13 02:39:56.170551 dv-cinder-759994-5-smb devstack@c-api.service[107321]: INFO cinder.api.openstack.wsgi [None req-dee2d445-ce82-4aee-9180-a89d780e9ebe tempest-VolumeQuotaClassesTest-501359957 tempest-VolumeQuotaClassesTest-501359957-project-admin] PUT http://10.222.0.18/volume/v3/9a7754d481ed447c9a2bf03b4a4be257/os-quota-class-sets/default
Aug 13 02:39:56.171103 dv-cinder-759994-5-smb devstack@c-api.service[107321]: /usr/local/lib/python3.8/dist-packages/webob/acceptparse.py:1047: DeprecationWarning: The behavior of AcceptValidHeader.best_match is currently being maintained for backward compatibility, but it will be deprecated in the future, as it does not conform to the RFC.
Aug 13 02:39:56.171103 dv-cinder-759994-5-smb devstack@c-api.service[107321]: warnings.warn(
Aug 13 02:39:56.172126 dv-cinder-759994-5-smb devstack@c-api.service[107321]: DEBUG cinder.api.openstack.wsgi [None req-dee2d445-ce82-4aee-9180-a89d780e9ebe tempest-VolumeQuotaClassesTest-501359957 tempest-VolumeQuotaClassesTest-501359957-project-admin] Action: 'update', calling method: update, body: {"quota_class_set": {"volumes": 11, "per_volume_gigabytes": -1, "snapshots": 11, "gigabytes": 1001, "backups": 11, "backup_gigabytes": 1001, "volumes_tempest-VolumeQuotaClassesTest-volume-type-360374013": 7, "snapshots_tempest-VolumeQuotaClassesTest-volume-type-360374013": 9, "gigabytes_tempest-VolumeQuotaClassesTest-volume-type-360374013": 3}} {{(pid=107321) _process_stack /opt/stack/cinder/cinder/api/openstack/wsgi.py:854}}
Aug 13 02:39:56.277768 dv-cinder-759994-5-smb devstack@c-api.service[107321]: /usr/local/lib/python3.8/dist-packages/oslo_context/context.py:105: DeprecationWarning: Policy enforcement is depending on the value of is_admin. This key is deprecated. Please update your policy file to use the standard policy values.
Aug 13 02:39:56.277768 dv-cinder-759994-5-smb devstack@c-api.service[107321]: warnings.warn('Policy enforcement is depending on the value of '
Aug 13 02:39:56.351711 dv-cinder-759994-5-smb devstack@c-api.service[107320]: DEBUG cinder.coordination [req-4974edc6-47eb-40a5-92d4-692ea80582a3 req-7e09ccc7-ba53-4a18-96c9-9a05732802ee tempest-DeleteServersTestJSON-5970835 tempest-DeleteServersTestJSON-5970835-project] Lock "b'cinder-attachment_update-5dc06478-9a47-4d81-85f8-804c86db04d0-hv-cinder-75999'" released by "attachment_update" :: held 0.319s {{(pid=107320) _synchronized /opt/stack/cinder/cinder/coordination.py:193}}
Aug 13 02:39:56.352339 dv-cinder-759994-5-smb devstack@c-api.service[107320]: INFO cinder.api.openstack.wsgi [req-4974edc6-47eb-40a5-92d4-692ea80582a3 req-7e09ccc7-ba53-4a18-96c9-9a05732802ee tempest-DeleteServersTestJSON-5970835 tempest-DeleteServersTestJSON-5970835-project] http://10.222.0.18/volume/v3/5f14f5c878c8451597f458f6c7dfaac7/attachments/e43d2fce-3b20-4314-bf4c-795b7fd6a5c7 returned with HTTP 200
Aug 13 02:39:56.353597 dv-cinder-759994-5-smb devstack@c-api.service[107320]: [pid: 107320|app: 0|req: 106/198] 10.222.0.57 () {64 vars in 1478 bytes} [Fri Aug 13 02:39:55 2021] PUT /volume/v3/5f14f5c878c8451597f458f6c7dfaac7/attachments/e43d2fce-3b20-4314-bf4c-795b7fd6a5c7 => generated 652 bytes in 362 msecs (HTTP/1.1 200) 7 headers in 286 bytes (1 switches on core 0)
Aug 13 02:39:56.357808 dv-cinder-759994-5-smb devstack@c-api.service[107320]: INFO cinder.api.openstack.wsgi [None req-543193ea-5002-4eb4-89b3-21de5c1d7fcf tempest-VolumeTypesAccessTest-574997443 tempest-VolumeTypesAccessTest-574997443-project] GET http://10.222.0.18/volume/v3/9cc3bd83eeae413c88916940a03c48f2/volumes/5e545c24-7167-4ca8-b622-457226bac5cf
Aug 13 02:39:56.358257 dv-cinder-759994-5-smb devstack@c-api.service[107320]: DEBUG cinder.api.openstack.wsgi [None req-543193ea-5002-4eb4-89b3-21de5c1d7fcf tempest-VolumeTypesAccessTest-574997443 tempest-VolumeTypesAccessTest-574997443-project] Empty body provided in request {{(pid=107320) get_body /opt/stack/cinder/cinder/api/openstack/wsgi.py:703}}
Aug 13 02:39:56.358422 dv-cinder-759994-5-smb devstack@c-api.service[107320]: /usr/local/lib/python3.8/dist-packages/webob/acceptparse.py:1047: DeprecationWarning: The behavior of AcceptValidHeader.best_match is currently being maintained for backward compatibility, but it will be deprecated in the future, as it does not conform to the RFC.
Aug 13 02:39:56.358422 dv-cinder-759994-5-smb devstack@c-api.service[107320]: warnings.warn(
Aug 13 02:39:56.359041 dv-cinder-759994-5-smb devstack@c-api.service[107320]: DEBUG cinder.api.openstack.wsgi [None req-543193ea-5002-4eb4-89b3-21de5c1d7fcf tempest-VolumeTypesAccessTest-574997443 tempest-VolumeTypesAccessTest-574997443-project] Calling method 'show' {{(pid=107320) _process_stack /opt/stack/cinder/cinder/api/openstack/wsgi.py:856}}
Aug 13 02:39:56.388276 dv-cinder-759994-5-smb devstack@c-api.service[107320]: /usr/local/lib/python3.8/dist-packages/oslo_context/context.py:105: DeprecationWarning: Policy enforcement is depending on the value of is_admin. This key is deprecated. Please update your policy file to use the standard policy values.
Aug 13 02:39:56.388276 dv-cinder-759994-5-smb devstack@c-api.service[107320]: warnings.warn('Policy enforcement is depending on the value of '
Aug 13 02:39:56.397734 dv-cinder-759994-5-smb devstack@c-api.service[107320]: INFO cinder.volume.api [None req-543193ea-5002-4eb4-89b3-21de5c1d7fcf tempest-VolumeTypesAccessTest-574997443 tempest-VolumeTypesAccessTest-574997443-project] Volume info retrieved successfully.
Aug 13 02:39:56.421047 dv-cinder-759994-5-smb devstack@c-api.service[107320]: INFO cinder.api.openstack.wsgi [None req-543193ea-5002-4eb4-89b3-21de5c1d7fcf tempest-VolumeTypesAccessTest-574997443 tempest-VolumeTypesAccessTest-574997443-project] http://10.222.0.18/volume/v3/9cc3bd83eeae413c88916940a03c48f2/volumes/5e545c24-7167-4ca8-b622-457226bac5cf returned with HTTP 200
Aug 13 02:39:56.423086 dv-cinder-759994-5-smb devstack@c-api.service[107320]: [pid: 107320|app: 0|req: 107/199] 10.222.0.18 () {58 vars in 1325 bytes} [Fri Aug 13 02:39:56 2021] GET /volume/v3/9cc3bd83eeae413c88916940a03c48f2/volumes/5e545c24-7167-4ca8-b622-457226bac5cf => generated 952 bytes in 69 msecs (HTTP/1.1 200) 7 headers in 285 bytes (1 switches on core 0)
Aug 13 02:39:56.495096 dv-cinder-759994-5-smb devstack@c-api.service[107321]: INFO cinder.api.openstack.wsgi [None req-dee2d445-ce82-4aee-9180-a89d780e9ebe tempest-VolumeQuotaClassesTest-501359957 tempest-VolumeQuotaClassesTest-501359957-project-admin] http://10.222.0.18/volume/v3/9a7754d481ed447c9a2bf03b4a4be257/os-quota-class-sets/default returned with HTTP 200
Aug 13 02:39:56.496284 dv-cinder-759994-5-smb devstack@c-api.service[107321]: [pid: 107321|app: 0|req: 93/200] 10.222.0.18 () {60 vars in 1295 bytes} [Fri Aug 13 02:39:56 2021] PUT /volume/v3/9a7754d481ed447c9a2bf03b4a4be257/os-quota-class-sets/default => generated 735 bytes in 332 msecs (HTTP/1.1 200) 7 headers in 285 bytes (1 switches on core 0)
Aug 13 02:39:56.509043 dv-cinder-759994-5-smb devstack@c-api.service[107320]: INFO cinder.api.openstack.wsgi [None req-29f73426-5d96-4462-9928-291d55a599a4 tempest-VolumeQuotaClassesTest-501359957 tempest-VolumeQuotaClassesTest-501359957-project-admin] GET http://10.222.0.18/volume/v3/9a7754d481ed447c9a2bf03b4a4be257/os-quota-sets/9a7754d481ed447c9a2bf03b4a4be257/defaults
Aug 13 02:39:56.509497 dv-cinder-759994-5-smb devstack@c-api.service[107320]: DEBUG cinder.api.openstack.wsgi [None req-29f73426-5d96-4462-9928-291d55a599a4 tempest-VolumeQuotaClassesTest-501359957 tempest-VolumeQuotaClassesTest-501359957-project-admin] Empty body provided in request {{(pid=107320) get_body /opt/stack/cinder/cinder/api/openstack/wsgi.py:703}}
Aug 13 02:39:56.509666 dv-cinder-759994-5-smb devstack@c-api.service[107320]: /usr/local/lib/python3.8/dist-packages/webob/acceptparse.py:1047: DeprecationWarning: The behavior of AcceptValidHeader.best_match is currently being maintained for backward compatibility, but it will be deprecated in the future, as it does not conform to the RFC.
Aug 13 02:39:56.509666 dv-cinder-759994-5-smb devstack@c-api.service[107320]: warnings.warn(
Aug 13 02:39:56.509982 dv-cinder-759994-5-smb devstack@c-api.service[107320]: DEBUG cinder.api.openstack.wsgi [None req-29f73426-5d96-4462-9928-291d55a599a4 tempest-VolumeQuotaClassesTest-501359957 tempest-VolumeQuotaClassesTest-501359957-project-admin] Calling method 'defaults' {{(pid=107320) _process_stack /opt/stack/cinder/cinder/api/openstack/wsgi.py:856}}
Aug 13 02:39:56.541818 dv-cinder-759994-5-smb devstack@c-api.service[107320]: WARNING cinder.quota [None req-29f73426-5d96-4462-9928-291d55a599a4 tempest-VolumeQuotaClassesTest-501359957 tempest-VolumeQuotaClassesTest-501359957-project-admin] Deprecated: Default quota for resource: volumes_tempest-VolumeTypesAccessTest-volume-type-382212095 is set by the default quota flag: quota_volumes_tempest-VolumeTypesAccessTest-volume-type-382212095, it is now deprecated. Please use the default quota class for default quota.
Aug 13 02:39:56.542574 dv-cinder-759994-5-smb devstack@c-api.service[107320]: WARNING cinder.quota [None req-29f73426-5d96-4462-9928-291d55a599a4 tempest-VolumeQuotaClassesTest-501359957 tempest-VolumeQuotaClassesTest-501359957-project-admin] Deprecated: Default quota for resource: gigabytes_tempest-VolumeTypesAccessTest-volume-type-382212095 is set by the default quota flag: quota_gigabytes_tempest-VolumeTypesAccessTest-volume-type-382212095, it is now deprecated. Please use the default quota class for default quota.
Aug 13 02:39:56.543318 dv-cinder-759994-5-smb devstack@c-api.service[107320]: WARNING cinder.quota [None req-29f73426-5d96-4462-9928-291d55a599a4 tempest-VolumeQuotaClassesTest-501359957 tempest-VolumeQuotaClassesTest-501359957-project-admin] Deprecated: Default quota for resource: snapshots_tempest-VolumeTypesAccessTest-volume-type-382212095 is set by the default quota flag: quota_snapshots_tempest-VolumeTypesAccessTest-volume-type-382212095, it is now deprecated. Please use the default quota class for default quota.
Aug 13 02:39:56.567734 dv-cinder-759994-5-smb devstack@c-api.service[107320]: INFO cinder.api.openstack.wsgi [None req-29f73426-5d96-4462-9928-291d55a599a4 tempest-VolumeQuotaClassesTest-501359957 tempest-VolumeQuotaClassesTest-501359957-project-admin] http://10.222.0.18/volume/v3/9a7754d481ed447c9a2bf03b4a4be257/os-quota-sets/9a7754d481ed447c9a2bf03b4a4be257/defaults returned with HTTP 200
Aug 13 02:39:56.573748 dv-cinder-759994-5-smb devstack@c-api.service[107320]: [pid: 107320|app: 0|req: 108/201] 10.222.0.18 () {58 vars in 1358 bytes} [Fri Aug 13 02:39:56 2021] GET /volume/v3/9a7754d481ed447c9a2bf03b4a4be257/os-quota-sets/9a7754d481ed447c9a2bf03b4a4be257/defaults => generated 771 bytes in 71 msecs (HTTP/1.1 200) 7 headers in 285 bytes (1 switches on core 0)
Aug 13 02:39:56.752850 dv-cinder-759994-5-smb devstack@c-api.service[107321]: INFO cinder.api.openstack.wsgi [None req-836baf4f-02c3-49cf-9d4a-07ccaaae8a5d tempest-DeleteServersTestJSON-5970835 tempest-DeleteServersTestJSON-5970835-project] GET http://10.222.0.18/volume/v3/5f14f5c878c8451597f458f6c7dfaac7/volumes/5dc06478-9a47-4d81-85f8-804c86db04d0
Aug 13 02:39:56.753519 dv-cinder-759994-5-smb devstack@c-api.service[107321]: DEBUG cinder.api.openstack.wsgi [None req-836baf4f-02c3-49cf-9d4a-07ccaaae8a5d tempest-DeleteServersTestJSON-5970835 tempest-DeleteServersTestJSON-5970835-project] Empty body provided in request {{(pid=107321) get_body /opt/stack/cinder/cinder/api/openstack/wsgi.py:703}}
Aug 13 02:39:56.754424 dv-cinder-759994-5-smb devstack@c-api.service[107321]: DEBUG cinder.api.openstack.wsgi [None req-836baf4f-02c3-49cf-9d4a-07ccaaae8a5d tempest-DeleteServersTestJSON-5970835 tempest-DeleteServersTestJSON-5970835-project] Calling method 'show' {{(pid=107321) _process_stack /opt/stack/cinder/cinder/api/openstack/wsgi.py:856}}
Aug 13 02:39:56.771138 dv-cinder-759994-5-smb devstack@c-api.service[107321]: /usr/local/lib/python3.8/dist-packages/oslo_context/context.py:105: DeprecationWarning: Policy enforcement is depending on the value of is_admin. This key is deprecated. Please update your policy file to use the standard policy values.
Aug 13 02:39:56.771138 dv-cinder-759994-5-smb devstack@c-api.service[107321]: warnings.warn('Policy enforcement is depending on the value of '
Aug 13 02:39:56.791180 dv-cinder-759994-5-smb devstack@c-api.service[107321]: INFO cinder.volume.api [None req-836baf4f-02c3-49cf-9d4a-07ccaaae8a5d tempest-DeleteServersTestJSON-5970835 tempest-DeleteServersTestJSON-5970835-project] Volume info retrieved successfully.
Aug 13 02:39:56.809656 dv-cinder-759994-5-smb devstack@c-api.service[107321]: /usr/local/lib/python3.8/dist-packages/oslo_context/context.py:105: DeprecationWarning: Policy enforcement is depending on the value of is_admin. This key is deprecated. Please update your policy file to use the standard policy values.
Aug 13 02:39:56.809656 dv-cinder-759994-5-smb devstack@c-api.service[107321]: warnings.warn('Policy enforcement is depending on the value of '
Aug 13 02:39:56.821525 dv-cinder-759994-5-smb devstack@c-api.service[107321]: INFO cinder.api.openstack.wsgi [None req-836baf4f-02c3-49cf-9d4a-07ccaaae8a5d tempest-DeleteServersTestJSON-5970835 tempest-DeleteServersTestJSON-5970835-project] http://10.222.0.18/volume/v3/5f14f5c878c8451597f458f6c7dfaac7/volumes/5dc06478-9a47-4d81-85f8-804c86db04d0 returned with HTTP 200
Aug 13 02:39:56.822773 dv-cinder-759994-5-smb devstack@c-api.service[107321]: [pid: 107321|app: 0|req: 94/202] 10.222.0.18 () {58 vars in 1325 bytes} [Fri Aug 13 02:39:56 2021] GET /volume/v3/5f14f5c878c8451597f458f6c7dfaac7/volumes/5dc06478-9a47-4d81-85f8-804c86db04d0 => generated 912 bytes in 74 msecs (HTTP/1.1 200) 7 headers in 285 bytes (1 switches on core 0)
Aug 13 02:39:57.332250 dv-cinder-759994-5-smb devstack@c-api.service[107320]: INFO cinder.api.openstack.wsgi [None req-ab2e79a4-fd41-45ce-bb35-50bbe0874039 tempest-VolumeTypesExtraSpecsTest-236650102 tempest-VolumeTypesExtraSpecsTest-236650102-project-admin] POST http://10.222.0.18/volume/v3/5bf155c98c744a7d97d4168e17b2b502/types
Aug 13 02:39:57.333056 dv-cinder-759994-5-smb devstack@c-api.service[107320]: DEBUG cinder.api.openstack.wsgi [None req-ab2e79a4-fd41-45ce-bb35-50bbe0874039 tempest-VolumeTypesExtraSpecsTest-236650102 tempest-VolumeTypesExtraSpecsTest-236650102-project-admin] Action: 'create', calling method: _create, body: {"volume_type": {"name": "tempest-VolumeTypesExtraSpecsTest-volume-type-1770282656"}} {{(pid=107320) _process_stack /opt/stack/cinder/cinder/api/openstack/wsgi.py:854}}
Aug 13 02:39:57.362568 dv-cinder-759994-5-smb devstack@c-api.service[107320]: INFO cinder.api.openstack.wsgi [None req-ab2e79a4-fd41-45ce-bb35-50bbe0874039 tempest-VolumeTypesExtraSpecsTest-236650102 tempest-VolumeTypesExtraSpecsTest-236650102-project-admin] http://10.222.0.18/volume/v3/5bf155c98c744a7d97d4168e17b2b502/types returned with HTTP 200
Aug 13 02:39:57.372078 dv-cinder-759994-5-smb devstack@c-api.service[107320]: [pid: 107320|app: 0|req: 109/203] 10.222.0.18 () {60 vars in 1229 bytes} [Fri Aug 13 02:39:57 2021] POST /volume/v3/5bf155c98c744a7d97d4168e17b2b502/types => generated 231 bytes in 331 msecs (HTTP/1.1 200) 7 headers in 285 bytes (1 switches on core 0)
Aug 13 02:39:57.377484 dv-cinder-759994-5-smb devstack@c-api.service[107321]: INFO cinder.api.openstack.wsgi [None req-b527c182-db0e-4bf0-8c15-b6b05871c89d tempest-VolumeTypesExtraSpecsTest-236650102 tempest-VolumeTypesExtraSpecsTest-236650102-project-admin] POST http://10.222.0.18/volume/v3/5bf155c98c744a7d97d4168e17b2b502/types/0f2ffd73-bd2f-4cc0-bc09-37b1908914f8/extra_specs
Aug 13 02:39:57.377918 dv-cinder-759994-5-smb devstack@c-api.service[107321]: /usr/local/lib/python3.8/dist-packages/webob/acceptparse.py:1047: DeprecationWarning: The behavior of AcceptValidHeader.best_match is currently being maintained for backward compatibility, but it will be deprecated in the future, as it does not conform to the RFC.
Aug 13 02:39:57.377918 dv-cinder-759994-5-smb devstack@c-api.service[107321]: warnings.warn(
Aug 13 02:39:57.378208 dv-cinder-759994-5-smb devstack@c-api.service[107321]: DEBUG cinder.api.openstack.wsgi [None req-b527c182-db0e-4bf0-8c15-b6b05871c89d tempest-VolumeTypesExtraSpecsTest-236650102 tempest-VolumeTypesExtraSpecsTest-236650102-project-admin] Action: 'create', calling method: create, body: {"extra_specs": {"spec3": "val1"}} {{(pid=107321) _process_stack /opt/stack/cinder/cinder/api/openstack/wsgi.py:854}}
Aug 13 02:39:57.438817 dv-cinder-759994-5-smb devstack@c-api.service[107320]: INFO cinder.api.openstack.wsgi [None req-9ccaeae7-a835-4e23-9084-e64282c3cbd2 tempest-VolumeTypesAccessTest-574997443 tempest-VolumeTypesAccessTest-574997443-project] GET http://10.222.0.18/volume/v3/9cc3bd83eeae413c88916940a03c48f2/volumes/5e545c24-7167-4ca8-b622-457226bac5cf
Aug 13 02:39:57.439271 dv-cinder-759994-5-smb devstack@c-api.service[107320]: DEBUG cinder.api.openstack.wsgi [None req-9ccaeae7-a835-4e23-9084-e64282c3cbd2 tempest-VolumeTypesAccessTest-574997443 tempest-VolumeTypesAccessTest-574997443-project] Empty body provided in request {{(pid=107320) get_body /opt/stack/cinder/cinder/api/openstack/wsgi.py:703}}
Aug 13 02:39:57.439692 dv-cinder-759994-5-smb devstack@c-api.service[107320]: DEBUG cinder.api.openstack.wsgi [None req-9ccaeae7-a835-4e23-9084-e64282c3cbd2 tempest-VolumeTypesAccessTest-574997443 tempest-VolumeTypesAccessTest-574997443-project] Calling method 'show' {{(pid=107320) _process_stack /opt/stack/cinder/cinder/api/openstack/wsgi.py:856}}
Aug 13 02:39:57.455752 dv-cinder-759994-5-smb devstack@c-api.service[107320]: /usr/local/lib/python3.8/dist-packages/oslo_context/context.py:105: DeprecationWarning: Policy enforcement is depending on the value of is_admin. This key is deprecated. Please update your policy file to use the standard policy values.
Aug 13 02:39:57.455752 dv-cinder-759994-5-smb devstack@c-api.service[107320]: warnings.warn('Policy enforcement is depending on the value of '
Aug 13 02:39:57.465471 dv-cinder-759994-5-smb devstack@c-api.service[107320]: INFO cinder.volume.api [None req-9ccaeae7-a835-4e23-9084-e64282c3cbd2 tempest-VolumeTypesAccessTest-574997443 tempest-VolumeTypesAccessTest-574997443-project] Volume info retrieved successfully.
Aug 13 02:39:57.470827 dv-cinder-759994-5-smb devstack@c-api.service[107321]: INFO cinder.api.openstack.wsgi [None req-b527c182-db0e-4bf0-8c15-b6b05871c89d tempest-VolumeTypesExtraSpecsTest-236650102 tempest-VolumeTypesExtraSpecsTest-236650102-project-admin] http://10.222.0.18/volume/v3/5bf155c98c744a7d97d4168e17b2b502/types/0f2ffd73-bd2f-4cc0-bc09-37b1908914f8/extra_specs returned with HTTP 200
Aug 13 02:39:57.471741 dv-cinder-759994-5-smb devstack@c-api.service[107321]: [pid: 107321|app: 0|req: 95/204] 10.222.0.18 () {60 vars in 1376 bytes} [Fri Aug 13 02:39:57 2021] POST /volume/v3/5bf155c98c744a7d97d4168e17b2b502/types/0f2ffd73-bd2f-4cc0-bc09-37b1908914f8/extra_specs => generated 34 bytes in 99 msecs (HTTP/1.1 200) 7 headers in 284 bytes (1 switches on core 0)
Aug 13 02:39:57.482929 dv-cinder-759994-5-smb devstack@c-api.service[107321]: INFO cinder.api.openstack.wsgi [None req-117453a4-bc39-442a-8e46-ec931b306b29 tempest-VolumeTypesExtraSpecsTest-236650102 tempest-VolumeTypesExtraSpecsTest-236650102-project-admin] GET http://10.222.0.18/volume/v3/5bf155c98c744a7d97d4168e17b2b502/types/0f2ffd73-bd2f-4cc0-bc09-37b1908914f8/extra_specs/spec3
Aug 13 02:39:57.483495 dv-cinder-759994-5-smb devstack@c-api.service[107321]: DEBUG cinder.api.openstack.wsgi [None req-117453a4-bc39-442a-8e46-ec931b306b29 tempest-VolumeTypesExtraSpecsTest-236650102 tempest-VolumeTypesExtraSpecsTest-236650102-project-admin] Empty body provided in request {{(pid=107321) get_body /opt/stack/cinder/cinder/api/openstack/wsgi.py:703}}
Aug 13 02:39:57.484030 dv-cinder-759994-5-smb devstack@c-api.service[107321]: DEBUG cinder.api.openstack.wsgi [None req-117453a4-bc39-442a-8e46-ec931b306b29 tempest-VolumeTypesExtraSpecsTest-236650102 tempest-VolumeTypesExtraSpecsTest-236650102-project-admin] Calling method 'show' {{(pid=107321) _process_stack /opt/stack/cinder/cinder/api/openstack/wsgi.py:856}}
Aug 13 02:39:57.488225 dv-cinder-759994-5-smb devstack@c-api.service[107320]: INFO cinder.api.openstack.wsgi [None req-9ccaeae7-a835-4e23-9084-e64282c3cbd2 tempest-VolumeTypesAccessTest-574997443 tempest-VolumeTypesAccessTest-574997443-project] http://10.222.0.18/volume/v3/9cc3bd83eeae413c88916940a03c48f2/volumes/5e545c24-7167-4ca8-b622-457226bac5cf returned with HTTP 200
Aug 13 02:39:57.489771 dv-cinder-759994-5-smb devstack@c-api.service[107320]: [pid: 107320|app: 0|req: 110/205] 10.222.0.18 () {58 vars in 1325 bytes} [Fri Aug 13 02:39:57 2021] GET /volume/v3/9cc3bd83eeae413c88916940a03c48f2/volumes/5e545c24-7167-4ca8-b622-457226bac5cf => generated 953 bytes in 56 msecs (HTTP/1.1 200) 7 headers in 285 bytes (2 switches on core 0)
Aug 13 02:39:57.498594 dv-cinder-759994-5-smb devstack@c-api.service[107321]: INFO cinder.api.openstack.wsgi [None req-117453a4-bc39-442a-8e46-ec931b306b29 tempest-VolumeTypesExtraSpecsTest-236650102 tempest-VolumeTypesExtraSpecsTest-236650102-project-admin] http://10.222.0.18/volume/v3/5bf155c98c744a7d97d4168e17b2b502/types/0f2ffd73-bd2f-4cc0-bc09-37b1908914f8/extra_specs/spec3 returned with HTTP 200
Aug 13 02:39:57.505500 dv-cinder-759994-5-smb devstack@c-api.service[107321]: [pid: 107321|app: 0|req: 96/206] 10.222.0.18 () {58 vars in 1373 bytes} [Fri Aug 13 02:39:57 2021] GET /volume/v3/5bf155c98c744a7d97d4168e17b2b502/types/0f2ffd73-bd2f-4cc0-bc09-37b1908914f8/extra_specs/spec3 => generated 17 bytes in 28 msecs (HTTP/1.1 200) 7 headers in 284 bytes (2 switches on core 0)
Aug 13 02:39:57.510356 dv-cinder-759994-5-smb devstack@c-api.service[107320]: INFO cinder.api.openstack.wsgi [None req-ca95079d-188b-458e-879d-602067637460 tempest-VolumeTypesAccessTest-2118019190 tempest-VolumeTypesAccessTest-2118019190-project-admin] POST http://10.222.0.18/volume/v3/61e9653b40884df7bde5f32f7e27c7cc/types/bd2dc6c0-b7a9-4352-9d52-45118ce4aae3/action
Aug 13 02:39:57.510783 dv-cinder-759994-5-smb devstack@c-api.service[107320]: /usr/local/lib/python3.8/dist-packages/webob/acceptparse.py:1047: DeprecationWarning: The behavior of AcceptValidHeader.best_match is currently being maintained for backward compatibility, but it will be deprecated in the future, as it does not conform to the RFC.
Aug 13 02:39:57.510783 dv-cinder-759994-5-smb devstack@c-api.service[107320]: warnings.warn(
Aug 13 02:39:57.511161 dv-cinder-759994-5-smb devstack@c-api.service[107320]: DEBUG cinder.api.openstack.wsgi [None req-ca95079d-188b-458e-879d-602067637460 tempest-VolumeTypesAccessTest-2118019190 tempest-VolumeTypesAccessTest-2118019190-project-admin] Action body: b'{"removeProjectAccess": {"project": "9cc3bd83eeae413c88916940a03c48f2"}}' {{(pid=107320) get_method /opt/stack/cinder/cinder/api/openstack/wsgi.py:971}}
Aug 13 02:39:57.511489 dv-cinder-759994-5-smb devstack@c-api.service[107320]: DEBUG cinder.api.openstack.wsgi [None req-ca95079d-188b-458e-879d-602067637460 tempest-VolumeTypesAccessTest-2118019190 tempest-VolumeTypesAccessTest-2118019190-project-admin] Action: 'action', calling method: _removeProjectAccess, body: {"removeProjectAccess": {"project": "9cc3bd83eeae413c88916940a03c48f2"}} {{(pid=107320) _process_stack /opt/stack/cinder/cinder/api/openstack/wsgi.py:854}}
Aug 13 02:39:57.522217 dv-cinder-759994-5-smb devstack@c-api.service[107321]: INFO cinder.api.openstack.wsgi [None req-957dc000-71bb-466a-b163-9a453c1b5e81 tempest-VolumeTypesExtraSpecsTest-236650102 tempest-VolumeTypesExtraSpecsTest-236650102-project-admin] DELETE http://10.222.0.18/volume/v3/5bf155c98c744a7d97d4168e17b2b502/types/0f2ffd73-bd2f-4cc0-bc09-37b1908914f8/extra_specs/spec3
Aug 13 02:39:57.523102 dv-cinder-759994-5-smb devstack@c-api.service[107321]: DEBUG cinder.api.openstack.wsgi [None req-957dc000-71bb-466a-b163-9a453c1b5e81 tempest-VolumeTypesExtraSpecsTest-236650102 tempest-VolumeTypesExtraSpecsTest-236650102-project-admin] Empty body provided in request {{(pid=107321) get_body /opt/stack/cinder/cinder/api/openstack/wsgi.py:703}}
Aug 13 02:39:57.523416 dv-cinder-759994-5-smb devstack@c-api.service[107321]: DEBUG cinder.api.openstack.wsgi [None req-957dc000-71bb-466a-b163-9a453c1b5e81 tempest-VolumeTypesExtraSpecsTest-236650102 tempest-VolumeTypesExtraSpecsTest-236650102-project-admin] Calling method 'delete' {{(pid=107321) _process_stack /opt/stack/cinder/cinder/api/openstack/wsgi.py:856}}
Aug 13 02:39:57.555778 dv-cinder-759994-5-smb devstack@c-api.service[107320]: INFO cinder.api.openstack.wsgi [None req-ca95079d-188b-458e-879d-602067637460 tempest-VolumeTypesAccessTest-2118019190 tempest-VolumeTypesAccessTest-2118019190-project-admin] http://10.222.0.18/volume/v3/61e9653b40884df7bde5f32f7e27c7cc/types/bd2dc6c0-b7a9-4352-9d52-45118ce4aae3/action returned with HTTP 202
Aug 13 02:39:57.556620 dv-cinder-759994-5-smb devstack@c-api.service[107320]: [pid: 107320|app: 0|req: 111/207] 10.222.0.18 () {60 vars in 1361 bytes} [Fri Aug 13 02:39:57 2021] POST /volume/v3/61e9653b40884df7bde5f32f7e27c7cc/types/bd2dc6c0-b7a9-4352-9d52-45118ce4aae3/action => generated 0 bytes in 53 msecs (HTTP/1.1 202) 6 headers in 233 bytes (1 switches on core 0)
Aug 13 02:39:57.572909 dv-cinder-759994-5-smb devstack@c-api.service[107320]: INFO cinder.api.openstack.wsgi [None req-77b6e3f8-0dc2-456f-9e6b-e4a9b893afe4 tempest-VolumeQuotaClassesTest-501359957 tempest-VolumeQuotaClassesTest-501359957-project-admin] GET http://10.222.0.18/volume/v3/9a7754d481ed447c9a2bf03b4a4be257/os-quota-sets/250e1011a2f9422d899f6d0872e116d8/defaults
Aug 13 02:39:57.572909 dv-cinder-759994-5-smb devstack@c-api.service[107320]: DEBUG cinder.api.openstack.wsgi [None req-77b6e3f8-0dc2-456f-9e6b-e4a9b893afe4 tempest-VolumeQuotaClassesTest-501359957 tempest-VolumeQuotaClassesTest-501359957-project-admin] Empty body provided in request {{(pid=107320) get_body /opt/stack/cinder/cinder/api/openstack/wsgi.py:703}}
Aug 13 02:39:57.572909 dv-cinder-759994-5-smb devstack@c-api.service[107320]: DEBUG cinder.api.openstack.wsgi [None req-77b6e3f8-0dc2-456f-9e6b-e4a9b893afe4 tempest-VolumeQuotaClassesTest-501359957 tempest-VolumeQuotaClassesTest-501359957-project-admin] Calling method 'defaults' {{(pid=107320) _process_stack /opt/stack/cinder/cinder/api/openstack/wsgi.py:856}}
Aug 13 02:39:57.574941 dv-cinder-759994-5-smb devstack@c-api.service[107321]: INFO cinder.api.openstack.wsgi [None req-957dc000-71bb-466a-b163-9a453c1b5e81 tempest-VolumeTypesExtraSpecsTest-236650102 tempest-VolumeTypesExtraSpecsTest-236650102-project-admin] http://10.222.0.18/volume/v3/5bf155c98c744a7d97d4168e17b2b502/types/0f2ffd73-bd2f-4cc0-bc09-37b1908914f8/extra_specs/spec3 returned with HTTP 202
Aug 13 02:39:57.588703 dv-cinder-759994-5-smb devstack@c-api.service[107321]: [pid: 107321|app: 0|req: 97/208] 10.222.0.18 () {58 vars in 1376 bytes} [Fri Aug 13 02:39:57 2021] DELETE /volume/v3/5bf155c98c744a7d97d4168e17b2b502/types/0f2ffd73-bd2f-4cc0-bc09-37b1908914f8/extra_specs/spec3 => generated 0 bytes in 83 msecs (HTTP/1.1 202) 7 headers in 289 bytes (1 switches on core 0)
Aug 13 02:39:57.590723 dv-cinder-759994-5-smb devstack@c-api.service[107320]: WARNING cinder.quota [None req-77b6e3f8-0dc2-456f-9e6b-e4a9b893afe4 tempest-VolumeQuotaClassesTest-501359957 tempest-VolumeQuotaClassesTest-501359957-project-admin] Deprecated: Default quota for resource: volumes_tempest-VolumeTypesExtraSpecsTest-volume-type-1770282656 is set by the default quota flag: quota_volumes_tempest-VolumeTypesExtraSpecsTest-volume-type-1770282656, it is now deprecated. Please use the default quota class for default quota.
Aug 13 02:39:57.591593 dv-cinder-759994-5-smb devstack@c-api.service[107320]: WARNING cinder.quota [None req-77b6e3f8-0dc2-456f-9e6b-e4a9b893afe4 tempest-VolumeQuotaClassesTest-501359957 tempest-VolumeQuotaClassesTest-501359957-project-admin] Deprecated: Default quota for resource: gigabytes_tempest-VolumeTypesExtraSpecsTest-volume-type-1770282656 is set by the default quota flag: quota_gigabytes_tempest-VolumeTypesExtraSpecsTest-volume-type-1770282656, it is now deprecated. Please use the default quota class for default quota.
Aug 13 02:39:57.592486 dv-cinder-759994-5-smb devstack@c-api.service[107320]: WARNING cinder.quota [None req-77b6e3f8-0dc2-456f-9e6b-e4a9b893afe4 tempest-VolumeQuotaClassesTest-501359957 tempest-VolumeQuotaClassesTest-501359957-project-admin] Deprecated: Default quota for resource: snapshots_tempest-VolumeTypesExtraSpecsTest-volume-type-1770282656 is set by the default quota flag: quota_snapshots_tempest-VolumeTypesExtraSpecsTest-volume-type-1770282656, it is now deprecated. Please use the default quota class for default quota.
Aug 13 02:39:57.596184 dv-cinder-759994-5-smb devstack@c-api.service[107321]: INFO cinder.api.openstack.wsgi [None req-730b2ec0-aaea-4eb6-9e3f-9b52b57c4414 tempest-VolumeTypesAccessTest-2118019190 tempest-VolumeTypesAccessTest-2118019190-project-admin] POST http://10.222.0.18/volume/v3/61e9653b40884df7bde5f32f7e27c7cc/types
Aug 13 02:39:57.596976 dv-cinder-759994-5-smb devstack@c-api.service[107321]: DEBUG cinder.api.openstack.wsgi [None req-730b2ec0-aaea-4eb6-9e3f-9b52b57c4414 tempest-VolumeTypesAccessTest-2118019190 tempest-VolumeTypesAccessTest-2118019190-project-admin] Action: 'create', calling method: _create, body: {"volume_type": {"name": "tempest-VolumeTypesAccessTest-volume-type-2106996129", "os-volume-type-access:is_public": false}} {{(pid=107321) _process_stack /opt/stack/cinder/cinder/api/openstack/wsgi.py:854}}
Aug 13 02:39:57.616592 dv-cinder-759994-5-smb devstack@c-api.service[107320]: INFO cinder.api.openstack.wsgi [None req-77b6e3f8-0dc2-456f-9e6b-e4a9b893afe4 tempest-VolumeQuotaClassesTest-501359957 tempest-VolumeQuotaClassesTest-501359957-project-admin] http://10.222.0.18/volume/v3/9a7754d481ed447c9a2bf03b4a4be257/os-quota-sets/250e1011a2f9422d899f6d0872e116d8/defaults returned with HTTP 200
Aug 13 02:39:57.620120 dv-cinder-759994-5-smb devstack@c-api.service[107320]: [pid: 107320|app: 0|req: 112/209] 10.222.0.18 () {58 vars in 1358 bytes} [Fri Aug 13 02:39:57 2021] GET /volume/v3/9a7754d481ed447c9a2bf03b4a4be257/os-quota-sets/250e1011a2f9422d899f6d0872e116d8/defaults => generated 991 bytes in 60 msecs (HTTP/1.1 200) 7 headers in 285 bytes (1 switches on core 0)
Aug 13 02:39:57.641515 dv-cinder-759994-5-smb devstack@c-api.service[107320]: INFO cinder.api.openstack.wsgi [None req-7024e914-495d-46b4-b9ea-84a932676744 tempest-VolumeTypesExtraSpecsTest-236650102 tempest-VolumeTypesExtraSpecsTest-236650102-project-admin] GET http://10.222.0.18/volume/v3/5bf155c98c744a7d97d4168e17b2b502/types/0f2ffd73-bd2f-4cc0-bc09-37b1908914f8/extra_specs/spec3
Aug 13 02:39:57.642552 dv-cinder-759994-5-smb devstack@c-api.service[107320]: DEBUG cinder.api.openstack.wsgi [None req-7024e914-495d-46b4-b9ea-84a932676744 tempest-VolumeTypesExtraSpecsTest-236650102 tempest-VolumeTypesExtraSpecsTest-236650102-project-admin] Empty body provided in request {{(pid=107320) get_body /opt/stack/cinder/cinder/api/openstack/wsgi.py:703}}
Aug 13 02:39:57.643448 dv-cinder-759994-5-smb devstack@c-api.service[107320]: DEBUG cinder.api.openstack.wsgi [None req-7024e914-495d-46b4-b9ea-84a932676744 tempest-VolumeTypesExtraSpecsTest-236650102 tempest-VolumeTypesExtraSpecsTest-236650102-project-admin] Calling method 'show' {{(pid=107320) _process_stack /opt/stack/cinder/cinder/api/openstack/wsgi.py:856}}
Aug 13 02:39:57.646379 dv-cinder-759994-5-smb devstack@c-api.service[107321]: INFO cinder.api.openstack.wsgi [None req-730b2ec0-aaea-4eb6-9e3f-9b52b57c4414 tempest-VolumeTypesAccessTest-2118019190 tempest-VolumeTypesAccessTest-2118019190-project-admin] http://10.222.0.18/volume/v3/61e9653b40884df7bde5f32f7e27c7cc/types returned with HTTP 200
Aug 13 02:39:57.648103 dv-cinder-759994-5-smb devstack@c-api.service[107321]: [pid: 107321|app: 0|req: 98/210] 10.222.0.18 () {60 vars in 1230 bytes} [Fri Aug 13 02:39:57 2021] POST /volume/v3/61e9653b40884df7bde5f32f7e27c7cc/types => generated 229 bytes in 59 msecs (HTTP/1.1 200) 7 headers in 285 bytes (1 switches on core 0)
Aug 13 02:39:57.656986 dv-cinder-759994-5-smb devstack@c-api.service[107321]: INFO cinder.api.openstack.wsgi [None req-eb2c136d-0553-44c6-8425-4e7741e28ba1 tempest-VolumeTypesAccessTest-2118019190 tempest-VolumeTypesAccessTest-2118019190-project-admin] POST http://10.222.0.18/volume/v3/61e9653b40884df7bde5f32f7e27c7cc/types/39eeac7c-3ec9-46b4-b9f5-483495a28ae1/action
Aug 13 02:39:57.657753 dv-cinder-759994-5-smb devstack@c-api.service[107321]: DEBUG cinder.api.openstack.wsgi [None req-eb2c136d-0553-44c6-8425-4e7741e28ba1 tempest-VolumeTypesAccessTest-2118019190 tempest-VolumeTypesAccessTest-2118019190-project-admin] Action body: b'{"addProjectAccess": {"project": "9cc3bd83eeae413c88916940a03c48f2"}}' {{(pid=107321) get_method /opt/stack/cinder/cinder/api/openstack/wsgi.py:971}}
Aug 13 02:39:57.657969 dv-cinder-759994-5-smb devstack@c-api.service[107321]: DEBUG cinder.api.openstack.wsgi [None req-eb2c136d-0553-44c6-8425-4e7741e28ba1 tempest-VolumeTypesAccessTest-2118019190 tempest-VolumeTypesAccessTest-2118019190-project-admin] Action: 'action', calling method: _addProjectAccess, body: {"addProjectAccess": {"project": "9cc3bd83eeae413c88916940a03c48f2"}} {{(pid=107321) _process_stack /opt/stack/cinder/cinder/api/openstack/wsgi.py:854}}
Aug 13 02:39:57.667054 dv-cinder-759994-5-smb devstack@c-api.service[107320]: INFO cinder.api.openstack.wsgi [None req-7024e914-495d-46b4-b9ea-84a932676744 tempest-VolumeTypesExtraSpecsTest-236650102 tempest-VolumeTypesExtraSpecsTest-236650102-project-admin] http://10.222.0.18/volume/v3/5bf155c98c744a7d97d4168e17b2b502/types/0f2ffd73-bd2f-4cc0-bc09-37b1908914f8/extra_specs/spec3 returned with HTTP 404
Aug 13 02:39:57.668311 dv-cinder-759994-5-smb devstack@c-api.service[107320]: [pid: 107320|app: 0|req: 113/211] 10.222.0.18 () {58 vars in 1373 bytes} [Fri Aug 13 02:39:57 2021] GET /volume/v3/5bf155c98c744a7d97d4168e17b2b502/types/0f2ffd73-bd2f-4cc0-bc09-37b1908914f8/extra_specs/spec3 => generated 129 bytes in 50 msecs (HTTP/1.1 404) 7 headers in 292 bytes (1 switches on core 0)
Aug 13 02:39:57.678644 dv-cinder-759994-5-smb devstack@c-api.service[107320]: INFO cinder.api.openstack.wsgi [None req-4a1092e5-4786-4d85-806d-6885894fbb9b tempest-VolumeTypesExtraSpecsTest-236650102 tempest-VolumeTypesExtraSpecsTest-236650102-project-admin] POST http://10.222.0.18/volume/v3/5bf155c98c744a7d97d4168e17b2b502/types/0f2ffd73-bd2f-4cc0-bc09-37b1908914f8/extra_specs
Aug 13 02:39:57.679531 dv-cinder-759994-5-smb devstack@c-api.service[107320]: DEBUG cinder.api.openstack.wsgi [None req-4a1092e5-4786-4d85-806d-6885894fbb9b tempest-VolumeTypesExtraSpecsTest-236650102 tempest-VolumeTypesExtraSpecsTest-236650102-project-admin] Action: 'create', calling method: create, body: {"extra_specs": {"spec1": "val1"}} {{(pid=107320) _process_stack /opt/stack/cinder/cinder/api/openstack/wsgi.py:854}}
Aug 13 02:39:57.703034 dv-cinder-759994-5-smb devstack@c-api.service[107321]: INFO cinder.api.openstack.wsgi [None req-eb2c136d-0553-44c6-8425-4e7741e28ba1 tempest-VolumeTypesAccessTest-2118019190 tempest-VolumeTypesAccessTest-2118019190-project-admin] http://10.222.0.18/volume/v3/61e9653b40884df7bde5f32f7e27c7cc/types/39eeac7c-3ec9-46b4-b9f5-483495a28ae1/action returned with HTTP 202
Aug 13 02:39:57.708026 dv-cinder-759994-5-smb devstack@c-api.service[107321]: [pid: 107321|app: 0|req: 99/212] 10.222.0.18 () {60 vars in 1361 bytes} [Fri Aug 13 02:39:57 2021] POST /volume/v3/61e9653b40884df7bde5f32f7e27c7cc/types/39eeac7c-3ec9-46b4-b9f5-483495a28ae1/action => generated 0 bytes in 54 msecs (HTTP/1.1 202) 6 headers in 233 bytes (1 switches on core 0)
Aug 13 02:39:57.718722 dv-cinder-759994-5-smb devstack@c-api.service[107321]: INFO cinder.api.openstack.wsgi [req-4974edc6-47eb-40a5-92d4-692ea80582a3 req-1d905d6d-4ee0-4d7e-afff-b165847ea65b tempest-DeleteServersTestJSON-5970835 tempest-DeleteServersTestJSON-5970835-project] POST http://10.222.0.18/volume/v3/5f14f5c878c8451597f458f6c7dfaac7/attachments/e43d2fce-3b20-4314-bf4c-795b7fd6a5c7/action
Aug 13 02:39:57.722255 dv-cinder-759994-5-smb devstack@c-api.service[107321]: DEBUG cinder.api.openstack.wsgi [req-4974edc6-47eb-40a5-92d4-692ea80582a3 req-1d905d6d-4ee0-4d7e-afff-b165847ea65b tempest-DeleteServersTestJSON-5970835 tempest-DeleteServersTestJSON-5970835-project] Action body: b'{"os-complete": null}' {{(pid=107321) get_method /opt/stack/cinder/cinder/api/openstack/wsgi.py:971}}
Aug 13 02:39:57.722591 dv-cinder-759994-5-smb devstack@c-api.service[107321]: DEBUG cinder.api.openstack.wsgi [req-4974edc6-47eb-40a5-92d4-692ea80582a3 req-1d905d6d-4ee0-4d7e-afff-b165847ea65b tempest-DeleteServersTestJSON-5970835 tempest-DeleteServersTestJSON-5970835-project] Action: 'action', calling method: version_select, body: {"os-complete": null} {{(pid=107321) _process_stack /opt/stack/cinder/cinder/api/openstack/wsgi.py:854}}
Aug 13 02:39:57.772729 dv-cinder-759994-5-smb devstack@c-api.service[107321]: /usr/local/lib/python3.8/dist-packages/oslo_context/context.py:105: DeprecationWarning: Policy enforcement is depending on the value of is_admin. This key is deprecated. Please update your policy file to use the standard policy values.
Aug 13 02:39:57.772729 dv-cinder-759994-5-smb devstack@c-api.service[107321]: warnings.warn('Policy enforcement is depending on the value of '
Aug 13 02:39:57.777171 dv-cinder-759994-5-smb devstack@c-api.service[107320]: INFO cinder.api.openstack.wsgi [None req-4a1092e5-4786-4d85-806d-6885894fbb9b tempest-VolumeTypesExtraSpecsTest-236650102 tempest-VolumeTypesExtraSpecsTest-236650102-project-admin] http://10.222.0.18/volume/v3/5bf155c98c744a7d97d4168e17b2b502/types/0f2ffd73-bd2f-4cc0-bc09-37b1908914f8/extra_specs returned with HTTP 200
Aug 13 02:39:57.785379 dv-cinder-759994-5-smb devstack@c-api.service[107320]: [pid: 107320|app: 0|req: 114/213] 10.222.0.18 () {60 vars in 1376 bytes} [Fri Aug 13 02:39:57 2021] POST /volume/v3/5bf155c98c744a7d97d4168e17b2b502/types/0f2ffd73-bd2f-4cc0-bc09-37b1908914f8/extra_specs => generated 34 bytes in 111 msecs (HTTP/1.1 200) 7 headers in 284 bytes (2 switches on core 0)
Aug 13 02:39:57.791927 dv-cinder-759994-5-smb devstack@c-api.service[107320]: INFO cinder.api.openstack.wsgi [None req-0e723afe-14a4-4df9-8b34-729f82940472 tempest-VolumeTypesAccessTest-2118019190 tempest-VolumeTypesAccessTest-2118019190-project-admin] POST http://10.222.0.18/volume/v3/61e9653b40884df7bde5f32f7e27c7cc/types/39eeac7c-3ec9-46b4-b9f5-483495a28ae1/action
Aug 13 02:39:57.796358 dv-cinder-759994-5-smb devstack@c-api.service[107320]: DEBUG cinder.api.openstack.wsgi [None req-0e723afe-14a4-4df9-8b34-729f82940472 tempest-VolumeTypesAccessTest-2118019190 tempest-VolumeTypesAccessTest-2118019190-project-admin] Action body: b'{"addProjectAccess": {"project": "d1b75da2422348cdbdafe1cad364d320"}}' {{(pid=107320) get_method /opt/stack/cinder/cinder/api/openstack/wsgi.py:971}}
Aug 13 02:39:57.796811 dv-cinder-759994-5-smb devstack@c-api.service[107320]: DEBUG cinder.api.openstack.wsgi [None req-0e723afe-14a4-4df9-8b34-729f82940472 tempest-VolumeTypesAccessTest-2118019190 tempest-VolumeTypesAccessTest-2118019190-project-admin] Action: 'action', calling method: _addProjectAccess, body: {"addProjectAccess": {"project": "d1b75da2422348cdbdafe1cad364d320"}} {{(pid=107320) _process_stack /opt/stack/cinder/cinder/api/openstack/wsgi.py:854}}
Aug 13 02:39:57.798886 dv-cinder-759994-5-smb devstack@c-api.service[107321]: INFO cinder.api.openstack.wsgi [req-4974edc6-47eb-40a5-92d4-692ea80582a3 req-1d905d6d-4ee0-4d7e-afff-b165847ea65b tempest-DeleteServersTestJSON-5970835 tempest-DeleteServersTestJSON-5970835-project] http://10.222.0.18/volume/v3/5f14f5c878c8451597f458f6c7dfaac7/attachments/e43d2fce-3b20-4314-bf4c-795b7fd6a5c7/action returned with HTTP 204
Aug 13 02:39:57.803371 dv-cinder-759994-5-smb devstack@c-api.service[107321]: [pid: 107321|app: 0|req: 100/214] 10.222.0.57 () {64 vars in 1499 bytes} [Fri Aug 13 02:39:57 2021] POST /volume/v3/5f14f5c878c8451597f458f6c7dfaac7/attachments/e43d2fce-3b20-4314-bf4c-795b7fd6a5c7/action => generated 0 bytes in 95 msecs (HTTP/1.1 204) 7 headers in 292 bytes (1 switches on core 0)
Aug 13 02:39:57.814868 dv-cinder-759994-5-smb devstack@c-api.service[107321]: INFO cinder.api.openstack.wsgi [None req-50fb063a-06a6-479c-9de6-fd4d508c8639 tempest-VolumeTypesExtraSpecsTest-236650102 tempest-VolumeTypesExtraSpecsTest-236650102-project-admin] GET http://10.222.0.18/volume/v3/5bf155c98c744a7d97d4168e17b2b502/types/0f2ffd73-bd2f-4cc0-bc09-37b1908914f8/extra_specs
Aug 13 02:39:57.817230 dv-cinder-759994-5-smb devstack@c-api.service[107321]: DEBUG cinder.api.openstack.wsgi [None req-50fb063a-06a6-479c-9de6-fd4d508c8639 tempest-VolumeTypesExtraSpecsTest-236650102 tempest-VolumeTypesExtraSpecsTest-236650102-project-admin] Empty body provided in request {{(pid=107321) get_body /opt/stack/cinder/cinder/api/openstack/wsgi.py:703}}
Aug 13 02:39:57.818297 dv-cinder-759994-5-smb devstack@c-api.service[107321]: /usr/local/lib/python3.8/dist-packages/webob/acceptparse.py:1047: DeprecationWarning: The behavior of AcceptValidHeader.best_match is currently being maintained for backward compatibility, but it will be deprecated in the future, as it does not conform to the RFC.
Aug 13 02:39:57.818297 dv-cinder-759994-5-smb devstack@c-api.service[107321]: warnings.warn(
Aug 13 02:39:57.819583 dv-cinder-759994-5-smb devstack@c-api.service[107321]: DEBUG cinder.api.openstack.wsgi [None req-50fb063a-06a6-479c-9de6-fd4d508c8639 tempest-VolumeTypesExtraSpecsTest-236650102 tempest-VolumeTypesExtraSpecsTest-236650102-project-admin] Calling method 'index' {{(pid=107321) _process_stack /opt/stack/cinder/cinder/api/openstack/wsgi.py:856}}
Aug 13 02:39:57.834125 dv-cinder-759994-5-smb devstack@c-api.service[107320]: INFO cinder.api.openstack.wsgi [None req-0e723afe-14a4-4df9-8b34-729f82940472 tempest-VolumeTypesAccessTest-2118019190 tempest-VolumeTypesAccessTest-2118019190-project-admin] http://10.222.0.18/volume/v3/61e9653b40884df7bde5f32f7e27c7cc/types/39eeac7c-3ec9-46b4-b9f5-483495a28ae1/action returned with HTTP 202
Aug 13 02:39:57.840132 dv-cinder-759994-5-smb devstack@c-api.service[107321]: INFO cinder.api.openstack.wsgi [None req-50fb063a-06a6-479c-9de6-fd4d508c8639 tempest-VolumeTypesExtraSpecsTest-236650102 tempest-VolumeTypesExtraSpecsTest-236650102-project-admin] http://10.222.0.18/volume/v3/5bf155c98c744a7d97d4168e17b2b502/types/0f2ffd73-bd2f-4cc0-bc09-37b1908914f8/extra_specs returned with HTTP 200
Aug 13 02:39:57.840394 dv-cinder-759994-5-smb devstack@c-api.service[107320]: [pid: 107320|app: 0|req: 115/215] 10.222.0.18 () {60 vars in 1361 bytes} [Fri Aug 13 02:39:57 2021] POST /volume/v3/61e9653b40884df7bde5f32f7e27c7cc/types/39eeac7c-3ec9-46b4-b9f5-483495a28ae1/action => generated 0 bytes in 54 msecs (HTTP/1.1 202) 6 headers in 233 bytes (1 switches on core 0)
