Sep 03 17:14:52.592631 dv-cinder-759987-7-smb devstack@c-api.service[100912]: /usr/local/lib/python3.8/dist-packages/oslo_context/context.py:105: DeprecationWarning: Policy enforcement is depending on the value of is_admin. This key is deprecated. Please update your policy file to use the standard policy values.
Sep 03 17:14:52.592631 dv-cinder-759987-7-smb devstack@c-api.service[100912]: warnings.warn('Policy enforcement is depending on the value of '
Sep 03 17:14:52.597255 dv-cinder-759987-7-smb devstack@c-api.service[100911]: [pid: 100911|app: 0|req: 154/312] 10.222.0.43 () {60 vars in 1393 bytes} [Fri Sep 3 17:14:52 2021] DELETE /volume/v3/8dacaf69ad39480d91141f6e472cbb42/group_snapshots/8b67b6cc-e142-420d-9b90-ab9fc8b63f2e => generated 0 bytes in 167 msecs (HTTP/1.1 202) 6 headers in 234 bytes (1 switches on core 0)
Sep 03 17:14:52.607756 dv-cinder-759987-7-smb devstack@c-api.service[100911]: INFO cinder.api.openstack.wsgi [None req-71fbe5c5-919c-4910-a7dd-723384abe62c tempest-GroupSnapshotsTest-698912750 tempest-GroupSnapshotsTest-698912750-project] GET http://10.222.0.43/volume/v3/8dacaf69ad39480d91141f6e472cbb42/volumes/detail
Sep 03 17:14:52.610578 dv-cinder-759987-7-smb devstack@c-api.service[100912]: INFO cinder.volume.api [None req-4ec6652f-b03b-477d-8e51-028e76473dab tempest-AttachVolumeNegativeTest-1792011027 tempest-AttachVolumeNegativeTest-1792011027-project] Volume info retrieved successfully.
Sep 03 17:14:52.610987 dv-cinder-759987-7-smb devstack@c-api.service[100911]: DEBUG cinder.api.openstack.wsgi [None req-71fbe5c5-919c-4910-a7dd-723384abe62c tempest-GroupSnapshotsTest-698912750 tempest-GroupSnapshotsTest-698912750-project] Empty body provided in request {{(pid=100911) get_body /opt/stack/cinder/cinder/api/openstack/wsgi.py:703}}
Sep 03 17:14:52.611429 dv-cinder-759987-7-smb devstack@c-api.service[100911]: /usr/local/lib/python3.8/dist-packages/webob/acceptparse.py:1047: DeprecationWarning: The behavior of AcceptValidHeader.best_match is currently being maintained for backward compatibility, but it will be deprecated in the future, as it does not conform to the RFC.
Sep 03 17:14:52.611429 dv-cinder-759987-7-smb devstack@c-api.service[100911]: warnings.warn(
Sep 03 17:14:52.613383 dv-cinder-759987-7-smb devstack@c-api.service[100911]: DEBUG cinder.api.openstack.wsgi [None req-71fbe5c5-919c-4910-a7dd-723384abe62c tempest-GroupSnapshotsTest-698912750 tempest-GroupSnapshotsTest-698912750-project] Calling method 'detail' {{(pid=100911) _process_stack /opt/stack/cinder/cinder/api/openstack/wsgi.py:856}}
Sep 03 17:14:52.616974 dv-cinder-759987-7-smb devstack@c-api.service[100911]: DEBUG cinder.api.api_utils [None req-71fbe5c5-919c-4910-a7dd-723384abe62c tempest-GroupSnapshotsTest-698912750 tempest-GroupSnapshotsTest-698912750-project] Removing options '' from query. {{(pid=100911) remove_invalid_filter_options /opt/stack/cinder/cinder/api/api_utils.py:73}}
Sep 03 17:14:52.618697 dv-cinder-759987-7-smb devstack@c-api.service[100911]: /usr/local/lib/python3.8/dist-packages/oslo_context/context.py:105: DeprecationWarning: Policy enforcement is depending on the value of is_admin. This key is deprecated. Please update your policy file to use the standard policy values.
Sep 03 17:14:52.618697 dv-cinder-759987-7-smb devstack@c-api.service[100911]: warnings.warn('Policy enforcement is depending on the value of '
Sep 03 17:14:52.624307 dv-cinder-759987-7-smb devstack@c-api.service[100911]: DEBUG cinder.volume.api [None req-71fbe5c5-919c-4910-a7dd-723384abe62c tempest-GroupSnapshotsTest-698912750 tempest-GroupSnapshotsTest-698912750-project] Searching by: MultiDict([('no_migration_targets', True)]). {{(pid=100911) get_all /opt/stack/cinder/cinder/volume/api.py:619}}
Sep 03 17:14:52.645556 dv-cinder-759987-7-smb devstack@c-api.service[100912]: /usr/local/lib/python3.8/dist-packages/oslo_context/context.py:105: DeprecationWarning: Policy enforcement is depending on the value of is_admin. This key is deprecated. Please update your policy file to use the standard policy values.
Sep 03 17:14:52.645556 dv-cinder-759987-7-smb devstack@c-api.service[100912]: warnings.warn('Policy enforcement is depending on the value of '
Sep 03 17:14:52.681401 dv-cinder-759987-7-smb devstack@c-api.service[100912]: INFO cinder.api.openstack.wsgi [None req-4ec6652f-b03b-477d-8e51-028e76473dab tempest-AttachVolumeNegativeTest-1792011027 tempest-AttachVolumeNegativeTest-1792011027-project] http://10.222.0.43/volume/v3/a4f703252a244825ae184e3f31e06d66/volumes/b9213884-ca6c-4412-ab1a-ede376888ace returned with HTTP 200
Sep 03 17:14:52.682277 dv-cinder-759987-7-smb devstack@c-api.service[100912]: [pid: 100912|app: 0|req: 159/313] 10.222.0.43 () {58 vars in 1325 bytes} [Fri Sep 3 17:14:52 2021] GET /volume/v3/a4f703252a244825ae184e3f31e06d66/volumes/b9213884-ca6c-4412-ab1a-ede376888ace => generated 1209 bytes in 134 msecs (HTTP/1.1 200) 7 headers in 286 bytes (1 switches on core 0)
Sep 03 17:14:52.701053 dv-cinder-759987-7-smb devstack@c-api.service[100912]: INFO cinder.api.openstack.wsgi [req-74b4f790-4fce-40db-9df3-e9a21e98a154 req-13613621-1bc6-4942-a1a2-e4eb293a6581 tempest-DeleteServersTestJSON-797481939 tempest-DeleteServersTestJSON-797481939-project] POST http://10.222.0.43/volume/v3/ba6c383538ff4c9e97cac79a72d3ff33/attachments/3e086424-53cc-4c11-9c16-071a32dc95cf/action
Sep 03 17:14:52.702580 dv-cinder-759987-7-smb devstack@c-api.service[100912]: /usr/local/lib/python3.8/dist-packages/webob/acceptparse.py:1047: DeprecationWarning: The behavior of AcceptValidHeader.best_match is currently being maintained for backward compatibility, but it will be deprecated in the future, as it does not conform to the RFC.
Sep 03 17:14:52.702580 dv-cinder-759987-7-smb devstack@c-api.service[100912]: warnings.warn(
Sep 03 17:14:52.714516 dv-cinder-759987-7-smb devstack@c-api.service[100912]: DEBUG cinder.api.openstack.wsgi [req-74b4f790-4fce-40db-9df3-e9a21e98a154 req-13613621-1bc6-4942-a1a2-e4eb293a6581 tempest-DeleteServersTestJSON-797481939 tempest-DeleteServersTestJSON-797481939-project] Action body: b'{"os-complete": null}' {{(pid=100912) get_method /opt/stack/cinder/cinder/api/openstack/wsgi.py:971}}
Sep 03 17:14:52.718768 dv-cinder-759987-7-smb devstack@c-api.service[100912]: DEBUG cinder.api.openstack.wsgi [req-74b4f790-4fce-40db-9df3-e9a21e98a154 req-13613621-1bc6-4942-a1a2-e4eb293a6581 tempest-DeleteServersTestJSON-797481939 tempest-DeleteServersTestJSON-797481939-project] Action: 'action', calling method: version_select, body: {"os-complete": null} {{(pid=100912) _process_stack /opt/stack/cinder/cinder/api/openstack/wsgi.py:854}}
Sep 03 17:14:52.732981 dv-cinder-759987-7-smb devstack@c-api.service[100911]: INFO cinder.volume.api [None req-71fbe5c5-919c-4910-a7dd-723384abe62c tempest-GroupSnapshotsTest-698912750 tempest-GroupSnapshotsTest-698912750-project] Get all volumes completed successfully.
Sep 03 17:14:52.734539 dv-cinder-759987-7-smb devstack@c-api.service[100911]: WARNING stevedore.named [None req-71fbe5c5-919c-4910-a7dd-723384abe62c tempest-GroupSnapshotsTest-698912750 tempest-GroupSnapshotsTest-698912750-project] Could not load cinder.keymgr.conf_key_mgr.ConfKeyManager
Sep 03 17:14:52.734933 dv-cinder-759987-7-smb devstack@c-api.service[100911]: WARNING castellan.key_manager [None req-71fbe5c5-919c-4910-a7dd-723384abe62c tempest-GroupSnapshotsTest-698912750 tempest-GroupSnapshotsTest-698912750-project] Deprecation Warning : cinder.keymgr.conf_key_mgr.ConfKeyManager is not a stevedore based driver, trying to load it as a class: stevedore.exception.NoMatches: No 'castellan.drivers' driver found, looking for 'cinder.keymgr.conf_key_mgr.ConfKeyManager'
Sep 03 17:14:52.744878 dv-cinder-759987-7-smb devstack@c-api.service[100911]: DEBUG oslo_db.sqlalchemy.engines [None req-71fbe5c5-919c-4910-a7dd-723384abe62c tempest-GroupSnapshotsTest-698912750 tempest-GroupSnapshotsTest-698912750-project] MySQL server mode set to STRICT_TRANS_TABLES,STRICT_ALL_TABLES,NO_ZERO_IN_DATE,NO_ZERO_DATE,ERROR_FOR_DIVISION_BY_ZERO,TRADITIONAL,NO_ENGINE_SUBSTITUTION {{(pid=100911) _check_effective_sql_mode /usr/local/lib/python3.8/dist-packages/oslo_db/sqlalchemy/engines.py:314}}
Sep 03 17:14:52.757948 dv-cinder-759987-7-smb devstack@c-api.service[100911]: /usr/local/lib/python3.8/dist-packages/oslo_context/context.py:105: DeprecationWarning: Policy enforcement is depending on the value of is_admin. This key is deprecated. Please update your policy file to use the standard policy values.
Sep 03 17:14:52.757948 dv-cinder-759987-7-smb devstack@c-api.service[100911]: warnings.warn('Policy enforcement is depending on the value of '
Sep 03 17:14:52.769103 dv-cinder-759987-7-smb devstack@c-api.service[100911]: WARNING stevedore.named [None req-71fbe5c5-919c-4910-a7dd-723384abe62c tempest-GroupSnapshotsTest-698912750 tempest-GroupSnapshotsTest-698912750-project] Could not load cinder.keymgr.conf_key_mgr.ConfKeyManager
Sep 03 17:14:52.769730 dv-cinder-759987-7-smb devstack@c-api.service[100911]: WARNING castellan.key_manager [None req-71fbe5c5-919c-4910-a7dd-723384abe62c tempest-GroupSnapshotsTest-698912750 tempest-GroupSnapshotsTest-698912750-project] Deprecation Warning : cinder.keymgr.conf_key_mgr.ConfKeyManager is not a stevedore based driver, trying to load it as a class: stevedore.exception.NoMatches: No 'castellan.drivers' driver found, looking for 'cinder.keymgr.conf_key_mgr.ConfKeyManager'
Sep 03 17:14:52.770405 dv-cinder-759987-7-smb devstack@c-api.service[100912]: /usr/local/lib/python3.8/dist-packages/oslo_context/context.py:105: DeprecationWarning: Policy enforcement is depending on the value of is_admin. This key is deprecated. Please update your policy file to use the standard policy values.
Sep 03 17:14:52.770405 dv-cinder-759987-7-smb devstack@c-api.service[100912]: warnings.warn('Policy enforcement is depending on the value of '
Sep 03 17:14:52.785883 dv-cinder-759987-7-smb devstack@c-api.service[100911]: DEBUG oslo_db.sqlalchemy.engines [None req-71fbe5c5-919c-4910-a7dd-723384abe62c tempest-GroupSnapshotsTest-698912750 tempest-GroupSnapshotsTest-698912750-project] MySQL server mode set to STRICT_TRANS_TABLES,STRICT_ALL_TABLES,NO_ZERO_IN_DATE,NO_ZERO_DATE,ERROR_FOR_DIVISION_BY_ZERO,TRADITIONAL,NO_ENGINE_SUBSTITUTION {{(pid=100911) _check_effective_sql_mode /usr/local/lib/python3.8/dist-packages/oslo_db/sqlalchemy/engines.py:314}}
Sep 03 17:14:52.795463 dv-cinder-759987-7-smb devstack@c-api.service[100911]: /usr/local/lib/python3.8/dist-packages/oslo_context/context.py:105: DeprecationWarning: Policy enforcement is depending on the value of is_admin. This key is deprecated. Please update your policy file to use the standard policy values.
Sep 03 17:14:52.795463 dv-cinder-759987-7-smb devstack@c-api.service[100911]: warnings.warn('Policy enforcement is depending on the value of '
Sep 03 17:14:52.805476 dv-cinder-759987-7-smb devstack@c-api.service[100912]: INFO cinder.api.openstack.wsgi [req-74b4f790-4fce-40db-9df3-e9a21e98a154 req-13613621-1bc6-4942-a1a2-e4eb293a6581 tempest-DeleteServersTestJSON-797481939 tempest-DeleteServersTestJSON-797481939-project] http://10.222.0.43/volume/v3/ba6c383538ff4c9e97cac79a72d3ff33/attachments/3e086424-53cc-4c11-9c16-071a32dc95cf/action returned with HTTP 204
Sep 03 17:14:52.806825 dv-cinder-759987-7-smb devstack@c-api.service[100912]: [pid: 100912|app: 0|req: 160/314] 10.222.0.53 () {64 vars in 1499 bytes} [Fri Sep 3 17:14:52 2021] POST /volume/v3/ba6c383538ff4c9e97cac79a72d3ff33/attachments/3e086424-53cc-4c11-9c16-071a32dc95cf/action => generated 0 bytes in 121 msecs (HTTP/1.1 204) 7 headers in 292 bytes (1 switches on core 0)
Sep 03 17:14:52.818446 dv-cinder-759987-7-smb devstack@c-api.service[100911]: INFO cinder.api.openstack.wsgi [None req-71fbe5c5-919c-4910-a7dd-723384abe62c tempest-GroupSnapshotsTest-698912750 tempest-GroupSnapshotsTest-698912750-project] http://10.222.0.43/volume/v3/8dacaf69ad39480d91141f6e472cbb42/volumes/detail returned with HTTP 200
Sep 03 17:14:52.836115 dv-cinder-759987-7-smb devstack@c-api.service[100912]: INFO cinder.api.openstack.wsgi [None req-37b882ce-0fcf-45b2-b623-5f479acf378f tempest-GroupSnapshotsTest-698912750 tempest-GroupSnapshotsTest-698912750-project] GET http://10.222.0.43/volume/v3/8dacaf69ad39480d91141f6e472cbb42/snapshots/detail
Sep 03 17:14:52.836861 dv-cinder-759987-7-smb devstack@c-api.service[100912]: DEBUG cinder.api.openstack.wsgi [None req-37b882ce-0fcf-45b2-b623-5f479acf378f tempest-GroupSnapshotsTest-698912750 tempest-GroupSnapshotsTest-698912750-project] Empty body provided in request {{(pid=100912) get_body /opt/stack/cinder/cinder/api/openstack/wsgi.py:703}}
Sep 03 17:14:52.837121 dv-cinder-759987-7-smb devstack@c-api.service[100912]: /usr/local/lib/python3.8/dist-packages/webob/acceptparse.py:1047: DeprecationWarning: The behavior of AcceptValidHeader.best_match is currently being maintained for backward compatibility, but it will be deprecated in the future, as it does not conform to the RFC.
Sep 03 17:14:52.837121 dv-cinder-759987-7-smb devstack@c-api.service[100912]: warnings.warn(
Sep 03 17:14:52.837594 dv-cinder-759987-7-smb devstack@c-api.service[100912]: DEBUG cinder.api.openstack.wsgi [None req-37b882ce-0fcf-45b2-b623-5f479acf378f tempest-GroupSnapshotsTest-698912750 tempest-GroupSnapshotsTest-698912750-project] Calling method 'detail' {{(pid=100912) _process_stack /opt/stack/cinder/cinder/api/openstack/wsgi.py:856}}
Sep 03 17:14:52.838288 dv-cinder-759987-7-smb devstack@c-api.service[100912]: DEBUG cinder.api.api_utils [None req-37b882ce-0fcf-45b2-b623-5f479acf378f tempest-GroupSnapshotsTest-698912750 tempest-GroupSnapshotsTest-698912750-project] Removing options '' from query. {{(pid=100912) remove_invalid_filter_options /opt/stack/cinder/cinder/api/api_utils.py:73}}
Sep 03 17:14:52.843518 dv-cinder-759987-7-smb devstack@c-api.service[100912]: DEBUG cinder.db.sqlalchemy.api [None req-37b882ce-0fcf-45b2-b623-5f479acf378f tempest-GroupSnapshotsTest-698912750 tempest-GroupSnapshotsTest-698912750-project] Building query based on filter {{(pid=100912) _process_snaps_filters /opt/stack/cinder/cinder/db/sqlalchemy/api.py:3141}}
Sep 03 17:14:52.844356 dv-cinder-759987-7-smb devstack@c-api.service[100911]: [pid: 100911|app: 0|req: 155/315] 10.222.0.43 () {60 vars in 1276 bytes} [Fri Sep 3 17:14:52 2021] GET /volume/v3/8dacaf69ad39480d91141f6e472cbb42/volumes/detail => generated 1993 bytes in 234 msecs (HTTP/1.1 200) 7 headers in 287 bytes (1 switches on core 0)
Sep 03 17:14:52.857558 dv-cinder-759987-7-smb devstack@c-api.service[100912]: INFO cinder.volume.api [None req-37b882ce-0fcf-45b2-b623-5f479acf378f tempest-GroupSnapshotsTest-698912750 tempest-GroupSnapshotsTest-698912750-project] Get all snapshots completed successfully.
Sep 03 17:14:52.859830 dv-cinder-759987-7-smb devstack@c-api.service[100912]: /usr/local/lib/python3.8/dist-packages/oslo_context/context.py:105: DeprecationWarning: Policy enforcement is depending on the value of is_admin. This key is deprecated. Please update your policy file to use the standard policy values.
Sep 03 17:14:52.859830 dv-cinder-759987-7-smb devstack@c-api.service[100912]: warnings.warn('Policy enforcement is depending on the value of '
Sep 03 17:14:52.866384 dv-cinder-759987-7-smb devstack@c-api.service[100912]: INFO cinder.api.openstack.wsgi [None req-37b882ce-0fcf-45b2-b623-5f479acf378f tempest-GroupSnapshotsTest-698912750 tempest-GroupSnapshotsTest-698912750-project] http://10.222.0.43/volume/v3/8dacaf69ad39480d91141f6e472cbb42/snapshots/detail returned with HTTP 200
Sep 03 17:14:52.868521 dv-cinder-759987-7-smb devstack@c-api.service[100912]: [pid: 100912|app: 0|req: 161/316] 10.222.0.43 () {58 vars in 1241 bytes} [Fri Sep 3 17:14:52 2021] GET /volume/v3/8dacaf69ad39480d91141f6e472cbb42/snapshots/detail => generated 1061 bytes in 37 msecs (HTTP/1.1 200) 7 headers in 286 bytes (2 switches on core 0)
Sep 03 17:14:52.883205 dv-cinder-759987-7-smb devstack@c-api.service[100911]: INFO cinder.api.openstack.wsgi [None req-28986e08-5b24-4bd6-a5f7-b49ee8c3ae2c tempest-GroupSnapshotsTest-698912750 tempest-GroupSnapshotsTest-698912750-project] GET http://10.222.0.43/volume/v3/8dacaf69ad39480d91141f6e472cbb42/snapshots/842cf09f-ca30-4551-851a-ec5f86c112e9
Sep 03 17:14:52.883820 dv-cinder-759987-7-smb devstack@c-api.service[100911]: DEBUG cinder.api.openstack.wsgi [None req-28986e08-5b24-4bd6-a5f7-b49ee8c3ae2c tempest-GroupSnapshotsTest-698912750 tempest-GroupSnapshotsTest-698912750-project] Empty body provided in request {{(pid=100911) get_body /opt/stack/cinder/cinder/api/openstack/wsgi.py:703}}
Sep 03 17:14:52.884095 dv-cinder-759987-7-smb devstack@c-api.service[100911]: /usr/local/lib/python3.8/dist-packages/webob/acceptparse.py:1047: DeprecationWarning: The behavior of AcceptValidHeader.best_match is currently being maintained for backward compatibility, but it will be deprecated in the future, as it does not conform to the RFC.
Sep 03 17:14:52.884095 dv-cinder-759987-7-smb devstack@c-api.service[100911]: warnings.warn(
Sep 03 17:14:52.884592 dv-cinder-759987-7-smb devstack@c-api.service[100911]: DEBUG cinder.api.openstack.wsgi [None req-28986e08-5b24-4bd6-a5f7-b49ee8c3ae2c tempest-GroupSnapshotsTest-698912750 tempest-GroupSnapshotsTest-698912750-project] Calling method 'show' {{(pid=100911) _process_stack /opt/stack/cinder/cinder/api/openstack/wsgi.py:856}}
Sep 03 17:14:52.917564 dv-cinder-759987-7-smb devstack@c-api.service[100911]: /usr/local/lib/python3.8/dist-packages/oslo_context/context.py:105: DeprecationWarning: Policy enforcement is depending on the value of is_admin. This key is deprecated. Please update your policy file to use the standard policy values.
Sep 03 17:14:52.917564 dv-cinder-759987-7-smb devstack@c-api.service[100911]: warnings.warn('Policy enforcement is depending on the value of '
Sep 03 17:14:52.918771 dv-cinder-759987-7-smb devstack@c-api.service[100911]: INFO cinder.volume.api [None req-28986e08-5b24-4bd6-a5f7-b49ee8c3ae2c tempest-GroupSnapshotsTest-698912750 tempest-GroupSnapshotsTest-698912750-project] Snapshot retrieved successfully.
Sep 03 17:14:52.925016 dv-cinder-759987-7-smb devstack@c-api.service[100911]: INFO cinder.api.openstack.wsgi [None req-28986e08-5b24-4bd6-a5f7-b49ee8c3ae2c tempest-GroupSnapshotsTest-698912750 tempest-GroupSnapshotsTest-698912750-project] http://10.222.0.43/volume/v3/8dacaf69ad39480d91141f6e472cbb42/snapshots/842cf09f-ca30-4551-851a-ec5f86c112e9 returned with HTTP 200
Sep 03 17:14:52.927869 dv-cinder-759987-7-smb devstack@c-api.service[100911]: [pid: 100911|app: 0|req: 156/317] 10.222.0.43 () {58 vars in 1331 bytes} [Fri Sep 3 17:14:52 2021] GET /volume/v3/8dacaf69ad39480d91141f6e472cbb42/snapshots/842cf09f-ca30-4551-851a-ec5f86c112e9 => generated 535 bytes in 53 msecs (HTTP/1.1 200) 7 headers in 285 bytes (1 switches on core 0)
Sep 03 17:14:53.358240 dv-cinder-759987-7-smb devstack@c-api.service[100912]: INFO cinder.api.openstack.wsgi [None req-63722192-71af-46e6-a00d-af84f61572d2 tempest-DeleteServersTestJSON-797481939 tempest-DeleteServersTestJSON-797481939-project] GET http://10.222.0.43/volume/v3/ba6c383538ff4c9e97cac79a72d3ff33/volumes/eac95877-b941-4f83-a5ad-b0daabfc2bd9
Sep 03 17:14:53.359430 dv-cinder-759987-7-smb devstack@c-api.service[100912]: DEBUG cinder.api.openstack.wsgi [None req-63722192-71af-46e6-a00d-af84f61572d2 tempest-DeleteServersTestJSON-797481939 tempest-DeleteServersTestJSON-797481939-project] Empty body provided in request {{(pid=100912) get_body /opt/stack/cinder/cinder/api/openstack/wsgi.py:703}}
Sep 03 17:14:53.359929 dv-cinder-759987-7-smb devstack@c-api.service[100912]: /usr/local/lib/python3.8/dist-packages/webob/acceptparse.py:1047: DeprecationWarning: The behavior of AcceptValidHeader.best_match is currently being maintained for backward compatibility, but it will be deprecated in the future, as it does not conform to the RFC.
Sep 03 17:14:53.359929 dv-cinder-759987-7-smb devstack@c-api.service[100912]: warnings.warn(
Sep 03 17:14:53.360616 dv-cinder-759987-7-smb devstack@c-api.service[100912]: DEBUG cinder.api.openstack.wsgi [None req-63722192-71af-46e6-a00d-af84f61572d2 tempest-DeleteServersTestJSON-797481939 tempest-DeleteServersTestJSON-797481939-project] Calling method 'show' {{(pid=100912) _process_stack /opt/stack/cinder/cinder/api/openstack/wsgi.py:856}}
Sep 03 17:14:53.386904 dv-cinder-759987-7-smb devstack@c-api.service[100911]: INFO cinder.api.openstack.wsgi [None req-2a649d3c-e75c-4fdc-b63a-8fa55d148d70 tempest-VolumesCloneTest-1478093228 tempest-VolumesCloneTest-1478093228-project] GET http://10.222.0.43/volume/v3/abf506e736634076b65614e5b4fc8e28/volumes/7f0fbc12-370b-4526-ad6c-fcb39e91165e
Sep 03 17:14:53.388144 dv-cinder-759987-7-smb devstack@c-api.service[100911]: DEBUG cinder.api.openstack.wsgi [None req-2a649d3c-e75c-4fdc-b63a-8fa55d148d70 tempest-VolumesCloneTest-1478093228 tempest-VolumesCloneTest-1478093228-project] Empty body provided in request {{(pid=100911) get_body /opt/stack/cinder/cinder/api/openstack/wsgi.py:703}}
Sep 03 17:14:53.388521 dv-cinder-759987-7-smb devstack@c-api.service[100911]: /usr/local/lib/python3.8/dist-packages/webob/acceptparse.py:1047: DeprecationWarning: The behavior of AcceptValidHeader.best_match is currently being maintained for backward compatibility, but it will be deprecated in the future, as it does not conform to the RFC.
Sep 03 17:14:53.388521 dv-cinder-759987-7-smb devstack@c-api.service[100911]: warnings.warn(
Sep 03 17:14:53.389128 dv-cinder-759987-7-smb devstack@c-api.service[100911]: DEBUG cinder.api.openstack.wsgi [None req-2a649d3c-e75c-4fdc-b63a-8fa55d148d70 tempest-VolumesCloneTest-1478093228 tempest-VolumesCloneTest-1478093228-project] Calling method 'show' {{(pid=100911) _process_stack /opt/stack/cinder/cinder/api/openstack/wsgi.py:856}}
Sep 03 17:14:53.404668 dv-cinder-759987-7-smb devstack@c-api.service[100912]: /usr/local/lib/python3.8/dist-packages/oslo_context/context.py:105: DeprecationWarning: Policy enforcement is depending on the value of is_admin. This key is deprecated. Please update your policy file to use the standard policy values.
Sep 03 17:14:53.404668 dv-cinder-759987-7-smb devstack@c-api.service[100912]: warnings.warn('Policy enforcement is depending on the value of '
Sep 03 17:14:53.412553 dv-cinder-759987-7-smb devstack@c-api.service[100911]: /usr/local/lib/python3.8/dist-packages/oslo_context/context.py:105: DeprecationWarning: Policy enforcement is depending on the value of is_admin. This key is deprecated. Please update your policy file to use the standard policy values.
Sep 03 17:14:53.412553 dv-cinder-759987-7-smb devstack@c-api.service[100911]: warnings.warn('Policy enforcement is depending on the value of '
Sep 03 17:14:53.420740 dv-cinder-759987-7-smb devstack@c-api.service[100911]: INFO cinder.volume.api [None req-2a649d3c-e75c-4fdc-b63a-8fa55d148d70 tempest-VolumesCloneTest-1478093228 tempest-VolumesCloneTest-1478093228-project] Volume info retrieved successfully.
Sep 03 17:14:53.433861 dv-cinder-759987-7-smb devstack@c-api.service[100912]: INFO cinder.volume.api [None req-63722192-71af-46e6-a00d-af84f61572d2 tempest-DeleteServersTestJSON-797481939 tempest-DeleteServersTestJSON-797481939-project] Volume info retrieved successfully.
Sep 03 17:14:53.445959 dv-cinder-759987-7-smb devstack@c-api.service[100911]: INFO cinder.api.openstack.wsgi [None req-2a649d3c-e75c-4fdc-b63a-8fa55d148d70 tempest-VolumesCloneTest-1478093228 tempest-VolumesCloneTest-1478093228-project] http://10.222.0.43/volume/v3/abf506e736634076b65614e5b4fc8e28/volumes/7f0fbc12-370b-4526-ad6c-fcb39e91165e returned with HTTP 200
Sep 03 17:14:53.454410 dv-cinder-759987-7-smb devstack@c-api.service[100912]: /usr/local/lib/python3.8/dist-packages/oslo_context/context.py:105: DeprecationWarning: Policy enforcement is depending on the value of is_admin. This key is deprecated. Please update your policy file to use the standard policy values.
Sep 03 17:14:53.454410 dv-cinder-759987-7-smb devstack@c-api.service[100912]: warnings.warn('Policy enforcement is depending on the value of '
Sep 03 17:14:53.455950 dv-cinder-759987-7-smb devstack@c-api.service[100911]: [pid: 100911|app: 0|req: 157/318] 10.222.0.43 () {58 vars in 1325 bytes} [Fri Sep 3 17:14:53 2021] GET /volume/v3/abf506e736634076b65614e5b4fc8e28/volumes/7f0fbc12-370b-4526-ad6c-fcb39e91165e => generated 908 bytes in 73 msecs (HTTP/1.1 200) 7 headers in 285 bytes (2 switches on core 0)
Sep 03 17:14:53.471128 dv-cinder-759987-7-smb devstack@c-api.service[100912]: INFO cinder.api.openstack.wsgi [None req-63722192-71af-46e6-a00d-af84f61572d2 tempest-DeleteServersTestJSON-797481939 tempest-DeleteServersTestJSON-797481939-project] http://10.222.0.43/volume/v3/ba6c383538ff4c9e97cac79a72d3ff33/volumes/eac95877-b941-4f83-a5ad-b0daabfc2bd9 returned with HTTP 200
Sep 03 17:14:53.480618 dv-cinder-759987-7-smb devstack@c-api.service[100912]: [pid: 100912|app: 0|req: 162/319] 10.222.0.43 () {58 vars in 1325 bytes} [Fri Sep 3 17:14:53 2021] GET /volume/v3/ba6c383538ff4c9e97cac79a72d3ff33/volumes/eac95877-b941-4f83-a5ad-b0daabfc2bd9 => generated 1206 bytes in 118 msecs (HTTP/1.1 200) 7 headers in 286 bytes (1 switches on core 0)
Sep 03 17:14:53.490172 dv-cinder-759987-7-smb devstack@c-api.service[100911]: INFO cinder.api.openstack.wsgi [None req-8c0d1f2e-8745-4dad-8f2a-0a4d7d237521 tempest-DeleteServersTestJSON-797481939 tempest-DeleteServersTestJSON-797481939-project] GET http://10.222.0.43/volume/v3/ba6c383538ff4c9e97cac79a72d3ff33/volumes/eac95877-b941-4f83-a5ad-b0daabfc2bd9
Sep 03 17:14:53.490735 dv-cinder-759987-7-smb devstack@c-api.service[100911]: DEBUG cinder.api.openstack.wsgi [None req-8c0d1f2e-8745-4dad-8f2a-0a4d7d237521 tempest-DeleteServersTestJSON-797481939 tempest-DeleteServersTestJSON-797481939-project] Empty body provided in request {{(pid=100911) get_body /opt/stack/cinder/cinder/api/openstack/wsgi.py:703}}
Sep 03 17:14:53.491004 dv-cinder-759987-7-smb devstack@c-api.service[100911]: /usr/local/lib/python3.8/dist-packages/webob/acceptparse.py:1047: DeprecationWarning: The behavior of AcceptValidHeader.best_match is currently being maintained for backward compatibility, but it will be deprecated in the future, as it does not conform to the RFC.
Sep 03 17:14:53.491004 dv-cinder-759987-7-smb devstack@c-api.service[100911]: warnings.warn(
Sep 03 17:14:53.491474 dv-cinder-759987-7-smb devstack@c-api.service[100911]: DEBUG cinder.api.openstack.wsgi [None req-8c0d1f2e-8745-4dad-8f2a-0a4d7d237521 tempest-DeleteServersTestJSON-797481939 tempest-DeleteServersTestJSON-797481939-project] Calling method 'show' {{(pid=100911) _process_stack /opt/stack/cinder/cinder/api/openstack/wsgi.py:856}}
Sep 03 17:14:53.528244 dv-cinder-759987-7-smb devstack@c-api.service[100911]: /usr/local/lib/python3.8/dist-packages/oslo_context/context.py:105: DeprecationWarning: Policy enforcement is depending on the value of is_admin. This key is deprecated. Please update your policy file to use the standard policy values.
Sep 03 17:14:53.528244 dv-cinder-759987-7-smb devstack@c-api.service[100911]: warnings.warn('Policy enforcement is depending on the value of '
Sep 03 17:14:53.551203 dv-cinder-759987-7-smb devstack@c-api.service[100911]: INFO cinder.volume.api [None req-8c0d1f2e-8745-4dad-8f2a-0a4d7d237521 tempest-DeleteServersTestJSON-797481939 tempest-DeleteServersTestJSON-797481939-project] Volume info retrieved successfully.
Sep 03 17:14:53.568085 dv-cinder-759987-7-smb devstack@c-api.service[100911]: /usr/local/lib/python3.8/dist-packages/oslo_context/context.py:105: DeprecationWarning: Policy enforcement is depending on the value of is_admin. This key is deprecated. Please update your policy file to use the standard policy values.
Sep 03 17:14:53.568085 dv-cinder-759987-7-smb devstack@c-api.service[100911]: warnings.warn('Policy enforcement is depending on the value of '
Sep 03 17:14:53.592195 dv-cinder-759987-7-smb devstack@c-api.service[100911]: INFO cinder.api.openstack.wsgi [None req-8c0d1f2e-8745-4dad-8f2a-0a4d7d237521 tempest-DeleteServersTestJSON-797481939 tempest-DeleteServersTestJSON-797481939-project] http://10.222.0.43/volume/v3/ba6c383538ff4c9e97cac79a72d3ff33/volumes/eac95877-b941-4f83-a5ad-b0daabfc2bd9 returned with HTTP 200
Sep 03 17:14:53.598039 dv-cinder-759987-7-smb devstack@c-api.service[100911]: [pid: 100911|app: 0|req: 158/320] 10.222.0.43 () {58 vars in 1325 bytes} [Fri Sep 3 17:14:53 2021] GET /volume/v3/ba6c383538ff4c9e97cac79a72d3ff33/volumes/eac95877-b941-4f83-a5ad-b0daabfc2bd9 => generated 1206 bytes in 113 msecs (HTTP/1.1 200) 7 headers in 286 bytes (1 switches on core 0)
Sep 03 17:14:53.938487 dv-cinder-759987-7-smb devstack@c-api.service[100912]: INFO cinder.api.openstack.wsgi [None req-3b8e193d-5379-4d26-94ee-531956dcc515 tempest-GroupSnapshotsTest-698912750 tempest-GroupSnapshotsTest-698912750-project] GET http://10.222.0.43/volume/v3/8dacaf69ad39480d91141f6e472cbb42/snapshots/842cf09f-ca30-4551-851a-ec5f86c112e9
Sep 03 17:14:53.938971 dv-cinder-759987-7-smb devstack@c-api.service[100912]: DEBUG cinder.api.openstack.wsgi [None req-3b8e193d-5379-4d26-94ee-531956dcc515 tempest-GroupSnapshotsTest-698912750 tempest-GroupSnapshotsTest-698912750-project] Empty body provided in request {{(pid=100912) get_body /opt/stack/cinder/cinder/api/openstack/wsgi.py:703}}
Sep 03 17:14:53.939191 dv-cinder-759987-7-smb devstack@c-api.service[100912]: /usr/local/lib/python3.8/dist-packages/webob/acceptparse.py:1047: DeprecationWarning: The behavior of AcceptValidHeader.best_match is currently being maintained for backward compatibility, but it will be deprecated in the future, as it does not conform to the RFC.
Sep 03 17:14:53.939191 dv-cinder-759987-7-smb devstack@c-api.service[100912]: warnings.warn(
Sep 03 17:14:53.939453 dv-cinder-759987-7-smb devstack@c-api.service[100912]: DEBUG cinder.api.openstack.wsgi [None req-3b8e193d-5379-4d26-94ee-531956dcc515 tempest-GroupSnapshotsTest-698912750 tempest-GroupSnapshotsTest-698912750-project] Calling method 'show' {{(pid=100912) _process_stack /opt/stack/cinder/cinder/api/openstack/wsgi.py:856}}
Sep 03 17:14:53.959245 dv-cinder-759987-7-smb devstack@c-api.service[100912]: INFO cinder.api.openstack.wsgi [None req-3b8e193d-5379-4d26-94ee-531956dcc515 tempest-GroupSnapshotsTest-698912750 tempest-GroupSnapshotsTest-698912750-project] http://10.222.0.43/volume/v3/8dacaf69ad39480d91141f6e472cbb42/snapshots/842cf09f-ca30-4551-851a-ec5f86c112e9 returned with HTTP 404
Sep 03 17:14:53.960560 dv-cinder-759987-7-smb devstack@c-api.service[100912]: [pid: 100912|app: 0|req: 163/321] 10.222.0.43 () {58 vars in 1331 bytes} [Fri Sep 3 17:14:53 2021] GET /volume/v3/8dacaf69ad39480d91141f6e472cbb42/snapshots/842cf09f-ca30-4551-851a-ec5f86c112e9 => generated 111 bytes in 26 msecs (HTTP/1.1 404) 7 headers in 292 bytes (1 switches on core 0)
Sep 03 17:14:53.971188 dv-cinder-759987-7-smb devstack@c-api.service[100911]: INFO cinder.api.openstack.wsgi [None req-8be65a4a-6db1-49cb-9d9f-a6f36b25674b tempest-GroupSnapshotsTest-698912750 tempest-GroupSnapshotsTest-698912750-project] GET http://10.222.0.43/volume/v3/8dacaf69ad39480d91141f6e472cbb42/snapshots/f319ee8a-7ba5-4611-af41-5ed2d93253ef
Sep 03 17:14:53.977252 dv-cinder-759987-7-smb devstack@c-api.service[100911]: DEBUG cinder.api.openstack.wsgi [None req-8be65a4a-6db1-49cb-9d9f-a6f36b25674b tempest-GroupSnapshotsTest-698912750 tempest-GroupSnapshotsTest-698912750-project] Empty body provided in request {{(pid=100911) get_body /opt/stack/cinder/cinder/api/openstack/wsgi.py:703}}
Sep 03 17:14:53.977468 dv-cinder-759987-7-smb devstack@c-api.service[100911]: /usr/local/lib/python3.8/dist-packages/webob/acceptparse.py:1047: DeprecationWarning: The behavior of AcceptValidHeader.best_match is currently being maintained for backward compatibility, but it will be deprecated in the future, as it does not conform to the RFC.
Sep 03 17:14:53.977468 dv-cinder-759987-7-smb devstack@c-api.service[100911]: warnings.warn(
Sep 03 17:14:53.977758 dv-cinder-759987-7-smb devstack@c-api.service[100911]: DEBUG cinder.api.openstack.wsgi [None req-8be65a4a-6db1-49cb-9d9f-a6f36b25674b tempest-GroupSnapshotsTest-698912750 tempest-GroupSnapshotsTest-698912750-project] Calling method 'show' {{(pid=100911) _process_stack /opt/stack/cinder/cinder/api/openstack/wsgi.py:856}}
Sep 03 17:14:53.994524 dv-cinder-759987-7-smb devstack@c-api.service[100911]: INFO cinder.api.openstack.wsgi [None req-8be65a4a-6db1-49cb-9d9f-a6f36b25674b tempest-GroupSnapshotsTest-698912750 tempest-GroupSnapshotsTest-698912750-project] http://10.222.0.43/volume/v3/8dacaf69ad39480d91141f6e472cbb42/snapshots/f319ee8a-7ba5-4611-af41-5ed2d93253ef returned with HTTP 404
Sep 03 17:14:53.995693 dv-cinder-759987-7-smb devstack@c-api.service[100911]: [pid: 100911|app: 0|req: 159/322] 10.222.0.43 () {58 vars in 1331 bytes} [Fri Sep 3 17:14:53 2021] GET /volume/v3/8dacaf69ad39480d91141f6e472cbb42/snapshots/f319ee8a-7ba5-4611-af41-5ed2d93253ef => generated 111 bytes in 29 msecs (HTTP/1.1 404) 7 headers in 292 bytes (1 switches on core 0)
Sep 03 17:14:54.003239 dv-cinder-759987-7-smb devstack@c-api.service[100911]: INFO cinder.api.openstack.wsgi [None req-9a09f49f-fe97-4505-ac4e-6da19b8a0022 tempest-GroupSnapshotsTest-698912750 tempest-GroupSnapshotsTest-698912750-project] GET http://10.222.0.43/volume/v3/8dacaf69ad39480d91141f6e472cbb42/group_snapshots/8b67b6cc-e142-420d-9b90-ab9fc8b63f2e
Sep 03 17:14:54.003732 dv-cinder-759987-7-smb devstack@c-api.service[100911]: DEBUG cinder.api.openstack.wsgi [None req-9a09f49f-fe97-4505-ac4e-6da19b8a0022 tempest-GroupSnapshotsTest-698912750 tempest-GroupSnapshotsTest-698912750-project] Empty body provided in request {{(pid=100911) get_body /opt/stack/cinder/cinder/api/openstack/wsgi.py:703}}
Sep 03 17:14:54.004135 dv-cinder-759987-7-smb devstack@c-api.service[100911]: DEBUG cinder.api.openstack.wsgi [None req-9a09f49f-fe97-4505-ac4e-6da19b8a0022 tempest-GroupSnapshotsTest-698912750 tempest-GroupSnapshotsTest-698912750-project] Calling method 'version_select' {{(pid=100911) _process_stack /opt/stack/cinder/cinder/api/openstack/wsgi.py:856}}
Sep 03 17:14:54.004480 dv-cinder-759987-7-smb devstack@c-api.service[100911]: DEBUG cinder.api.v3.group_snapshots [None req-9a09f49f-fe97-4505-ac4e-6da19b8a0022 tempest-GroupSnapshotsTest-698912750 tempest-GroupSnapshotsTest-698912750-project] show called for member 8b67b6cc-e142-420d-9b90-ab9fc8b63f2e {{(pid=100911) show /opt/stack/cinder/cinder/api/v3/group_snapshots.py:58}}
Sep 03 17:14:54.015483 dv-cinder-759987-7-smb devstack@c-api.service[100911]: INFO cinder.api.openstack.wsgi [None req-9a09f49f-fe97-4505-ac4e-6da19b8a0022 tempest-GroupSnapshotsTest-698912750 tempest-GroupSnapshotsTest-698912750-project] http://10.222.0.43/volume/v3/8dacaf69ad39480d91141f6e472cbb42/group_snapshots/8b67b6cc-e142-420d-9b90-ab9fc8b63f2e returned with HTTP 404
Sep 03 17:14:54.016570 dv-cinder-759987-7-smb devstack@c-api.service[100911]: [pid: 100911|app: 0|req: 160/323] 10.222.0.43 () {60 vars in 1390 bytes} [Fri Sep 3 17:14:53 2021] GET /volume/v3/8dacaf69ad39480d91141f6e472cbb42/group_snapshots/8b67b6cc-e142-420d-9b90-ab9fc8b63f2e => generated 116 bytes in 17 msecs (HTTP/1.1 404) 7 headers in 293 bytes (2 switches on core 0)
Sep 03 17:14:54.024925 dv-cinder-759987-7-smb devstack@c-api.service[100911]: INFO cinder.api.openstack.wsgi [None req-678631d6-12ab-405b-9ebf-8aa2160f2b55 tempest-GroupSnapshotsTest-698912750 tempest-GroupSnapshotsTest-698912750-project] DELETE http://10.222.0.43/volume/v3/8dacaf69ad39480d91141f6e472cbb42/group_snapshots/8b67b6cc-e142-420d-9b90-ab9fc8b63f2e
Sep 03 17:14:54.025401 dv-cinder-759987-7-smb devstack@c-api.service[100911]: DEBUG cinder.api.openstack.wsgi [None req-678631d6-12ab-405b-9ebf-8aa2160f2b55 tempest-GroupSnapshotsTest-698912750 tempest-GroupSnapshotsTest-698912750-project] Empty body provided in request {{(pid=100911) get_body /opt/stack/cinder/cinder/api/openstack/wsgi.py:703}}
Sep 03 17:14:54.025808 dv-cinder-759987-7-smb devstack@c-api.service[100911]: DEBUG cinder.api.openstack.wsgi [None req-678631d6-12ab-405b-9ebf-8aa2160f2b55 tempest-GroupSnapshotsTest-698912750 tempest-GroupSnapshotsTest-698912750-project] Calling method 'version_select' {{(pid=100911) _process_stack /opt/stack/cinder/cinder/api/openstack/wsgi.py:856}}
Sep 03 17:14:54.026143 dv-cinder-759987-7-smb devstack@c-api.service[100911]: DEBUG cinder.api.v3.group_snapshots [None req-678631d6-12ab-405b-9ebf-8aa2160f2b55 tempest-GroupSnapshotsTest-698912750 tempest-GroupSnapshotsTest-698912750-project] delete called for member 8b67b6cc-e142-420d-9b90-ab9fc8b63f2e {{(pid=100911) delete /opt/stack/cinder/cinder/api/v3/group_snapshots.py:72}}
Sep 03 17:14:54.026420 dv-cinder-759987-7-smb devstack@c-api.service[100911]: INFO cinder.api.v3.group_snapshots [None req-678631d6-12ab-405b-9ebf-8aa2160f2b55 tempest-GroupSnapshotsTest-698912750 tempest-GroupSnapshotsTest-698912750-project] Delete group_snapshot with id: 8b67b6cc-e142-420d-9b90-ab9fc8b63f2e
Sep 03 17:14:54.036684 dv-cinder-759987-7-smb devstack@c-api.service[100911]: INFO cinder.api.openstack.wsgi [None req-678631d6-12ab-405b-9ebf-8aa2160f2b55 tempest-GroupSnapshotsTest-698912750 tempest-GroupSnapshotsTest-698912750-project] http://10.222.0.43/volume/v3/8dacaf69ad39480d91141f6e472cbb42/group_snapshots/8b67b6cc-e142-420d-9b90-ab9fc8b63f2e returned with HTTP 404
Sep 03 17:14:54.037834 dv-cinder-759987-7-smb devstack@c-api.service[100911]: [pid: 100911|app: 0|req: 161/324] 10.222.0.43 () {60 vars in 1393 bytes} [Fri Sep 3 17:14:54 2021] DELETE /volume/v3/8dacaf69ad39480d91141f6e472cbb42/group_snapshots/8b67b6cc-e142-420d-9b90-ab9fc8b63f2e => generated 116 bytes in 16 msecs (HTTP/1.1 404) 7 headers in 293 bytes (2 switches on core 0)
Sep 03 17:14:54.044992 dv-cinder-759987-7-smb devstack@c-api.service[100911]: INFO cinder.api.openstack.wsgi [None req-3886be2a-8cb2-41ba-bfd3-e7f078bda5c0 tempest-GroupSnapshotsTest-698912750 tempest-GroupSnapshotsTest-698912750-project] GET http://10.222.0.43/volume/v3/8dacaf69ad39480d91141f6e472cbb42/volumes/detail
Sep 03 17:14:54.045351 dv-cinder-759987-7-smb devstack@c-api.service[100911]: DEBUG cinder.api.openstack.wsgi [None req-3886be2a-8cb2-41ba-bfd3-e7f078bda5c0 tempest-GroupSnapshotsTest-698912750 tempest-GroupSnapshotsTest-698912750-project] Empty body provided in request {{(pid=100911) get_body /opt/stack/cinder/cinder/api/openstack/wsgi.py:703}}
Sep 03 17:14:54.045779 dv-cinder-759987-7-smb devstack@c-api.service[100911]: DEBUG cinder.api.openstack.wsgi [None req-3886be2a-8cb2-41ba-bfd3-e7f078bda5c0 tempest-GroupSnapshotsTest-698912750 tempest-GroupSnapshotsTest-698912750-project] Calling method 'detail' {{(pid=100911) _process_stack /opt/stack/cinder/cinder/api/openstack/wsgi.py:856}}
Sep 03 17:14:54.046362 dv-cinder-759987-7-smb devstack@c-api.service[100911]: DEBUG cinder.api.api_utils [None req-3886be2a-8cb2-41ba-bfd3-e7f078bda5c0 tempest-GroupSnapshotsTest-698912750 tempest-GroupSnapshotsTest-698912750-project] Removing options '' from query. {{(pid=100911) remove_invalid_filter_options /opt/stack/cinder/cinder/api/api_utils.py:73}}
Sep 03 17:14:54.048118 dv-cinder-759987-7-smb devstack@c-api.service[100911]: DEBUG cinder.volume.api [None req-3886be2a-8cb2-41ba-bfd3-e7f078bda5c0 tempest-GroupSnapshotsTest-698912750 tempest-GroupSnapshotsTest-698912750-project] Searching by: MultiDict([('no_migration_targets', True)]). {{(pid=100911) get_all /opt/stack/cinder/cinder/volume/api.py:619}}
Sep 03 17:14:54.123466 dv-cinder-759987-7-smb devstack@c-api.service[100911]: INFO cinder.volume.api [None req-3886be2a-8cb2-41ba-bfd3-e7f078bda5c0 tempest-GroupSnapshotsTest-698912750 tempest-GroupSnapshotsTest-698912750-project] Get all volumes completed successfully.
Sep 03 17:14:54.129875 dv-cinder-759987-7-smb devstack@c-api.service[100912]: INFO cinder.api.openstack.wsgi [None req-5d09daa9-6a8d-4779-bac0-3df507cc9005 tempest-VolumesDeleteCascade-676659163 tempest-VolumesDeleteCascade-676659163-project] POST http://10.222.0.43/volume/v3/941a5bb5e38942da93a43d0612b51a7d/volumes
Sep 03 17:14:54.130533 dv-cinder-759987-7-smb devstack@c-api.service[100912]: DEBUG cinder.api.openstack.wsgi [None req-5d09daa9-6a8d-4779-bac0-3df507cc9005 tempest-VolumesDeleteCascade-676659163 tempest-VolumesDeleteCascade-676659163-project] Action: 'create', calling method: create, body: {"volume": {"size": 1, "name": "tempest-VolumesDeleteCascade-Volume-96647888"}} {{(pid=100912) _process_stack /opt/stack/cinder/cinder/api/openstack/wsgi.py:854}}
Sep 03 17:14:54.131993 dv-cinder-759987-7-smb devstack@c-api.service[100912]: DEBUG cinder.api.v3.volumes [None req-5d09daa9-6a8d-4779-bac0-3df507cc9005 tempest-VolumesDeleteCascade-676659163 tempest-VolumesDeleteCascade-676659163-project] Create volume request body: {'volume': {'size': 1, 'name': 'tempest-VolumesDeleteCascade-Volume-96647888'}} {{(pid=100912) create /opt/stack/cinder/cinder/api/v3/volumes.py:298}}
Sep 03 17:14:54.132456 dv-cinder-759987-7-smb devstack@c-api.service[100912]: INFO cinder.api.v3.volumes [None req-5d09daa9-6a8d-4779-bac0-3df507cc9005 tempest-VolumesDeleteCascade-676659163 tempest-VolumesDeleteCascade-676659163-project] Create volume of 1 GB
Sep 03 17:14:54.137027 dv-cinder-759987-7-smb devstack@c-api.service[100911]: WARNING stevedore.named [None req-3886be2a-8cb2-41ba-bfd3-e7f078bda5c0 tempest-GroupSnapshotsTest-698912750 tempest-GroupSnapshotsTest-698912750-project] Could not load cinder.keymgr.conf_key_mgr.ConfKeyManager
Sep 03 17:14:54.137428 dv-cinder-759987-7-smb devstack@c-api.service[100911]: WARNING castellan.key_manager [None req-3886be2a-8cb2-41ba-bfd3-e7f078bda5c0 tempest-GroupSnapshotsTest-698912750 tempest-GroupSnapshotsTest-698912750-project] Deprecation Warning : cinder.keymgr.conf_key_mgr.ConfKeyManager is not a stevedore based driver, trying to load it as a class: stevedore.exception.NoMatches: No 'castellan.drivers' driver found, looking for 'cinder.keymgr.conf_key_mgr.ConfKeyManager'
Sep 03 17:14:54.144114 dv-cinder-759987-7-smb devstack@c-api.service[100912]: INFO cinder.volume.api [None req-5d09daa9-6a8d-4779-bac0-3df507cc9005 tempest-VolumesDeleteCascade-676659163 tempest-VolumesDeleteCascade-676659163-project] Availability Zones retrieved successfully.
Sep 03 17:14:54.156013 dv-cinder-759987-7-smb devstack@c-api.service[100911]: DEBUG oslo_db.sqlalchemy.engines [None req-3886be2a-8cb2-41ba-bfd3-e7f078bda5c0 tempest-GroupSnapshotsTest-698912750 tempest-GroupSnapshotsTest-698912750-project] MySQL server mode set to STRICT_TRANS_TABLES,STRICT_ALL_TABLES,NO_ZERO_IN_DATE,NO_ZERO_DATE,ERROR_FOR_DIVISION_BY_ZERO,TRADITIONAL,NO_ENGINE_SUBSTITUTION {{(pid=100911) _check_effective_sql_mode /usr/local/lib/python3.8/dist-packages/oslo_db/sqlalchemy/engines.py:314}}
Sep 03 17:14:54.174118 dv-cinder-759987-7-smb devstack@c-api.service[100911]: /usr/local/lib/python3.8/dist-packages/oslo_context/context.py:105: DeprecationWarning: Policy enforcement is depending on the value of is_admin. This key is deprecated. Please update your policy file to use the standard policy values.
Sep 03 17:14:54.174118 dv-cinder-759987-7-smb devstack@c-api.service[100911]: warnings.warn('Policy enforcement is depending on the value of '
Sep 03 17:14:54.186887 dv-cinder-759987-7-smb devstack@c-api.service[100912]: DEBUG cinder.volume.api [None req-5d09daa9-6a8d-4779-bac0-3df507cc9005 tempest-VolumesDeleteCascade-676659163 tempest-VolumesDeleteCascade-676659163-project] Flow 'volume_create_api' (dc1a89f8-8e9c-4823-9440-4a14de69f6fe) transitioned into state 'RUNNING' from state 'PENDING' {{(pid=100912) _flow_receiver /usr/local/lib/python3.8/dist-packages/taskflow/listeners/logging.py:141}}
Sep 03 17:14:54.187609 dv-cinder-759987-7-smb devstack@c-api.service[100911]: WARNING stevedore.named [None req-3886be2a-8cb2-41ba-bfd3-e7f078bda5c0 tempest-GroupSnapshotsTest-698912750 tempest-GroupSnapshotsTest-698912750-project] Could not load cinder.keymgr.conf_key_mgr.ConfKeyManager
Sep 03 17:14:54.188208 dv-cinder-759987-7-smb devstack@c-api.service[100911]: WARNING castellan.key_manager [None req-3886be2a-8cb2-41ba-bfd3-e7f078bda5c0 tempest-GroupSnapshotsTest-698912750 tempest-GroupSnapshotsTest-698912750-project] Deprecation Warning : cinder.keymgr.conf_key_mgr.ConfKeyManager is not a stevedore based driver, trying to load it as a class: stevedore.exception.NoMatches: No 'castellan.drivers' driver found, looking for 'cinder.keymgr.conf_key_mgr.ConfKeyManager'
Sep 03 17:14:54.193295 dv-cinder-759987-7-smb devstack@c-api.service[100912]: DEBUG cinder.volume.api [None req-5d09daa9-6a8d-4779-bac0-3df507cc9005 tempest-VolumesDeleteCascade-676659163 tempest-VolumesDeleteCascade-676659163-project] Task 'cinder.volume.flows.api.create_volume.ExtractVolumeRequestTask;volume:create' (44cc202e-5d7b-44c7-8c0f-8fcd1571e08e) transitioned into state 'RUNNING' from state 'PENDING' {{(pid=100912) _task_receiver /usr/local/lib/python3.8/dist-packages/taskflow/listeners/logging.py:190}}
Sep 03 17:14:54.195308 dv-cinder-759987-7-smb devstack@c-api.service[100912]: DEBUG cinder.volume.flows.api.create_volume [None req-5d09daa9-6a8d-4779-bac0-3df507cc9005 tempest-VolumesDeleteCascade-676659163 tempest-VolumesDeleteCascade-676659163-project] Validating volume size '1' using validate_int {{(pid=100912) _extract_size /opt/stack/cinder/cinder/volume/flows/api/create_volume.py:225}}
Sep 03 17:14:54.200107 dv-cinder-759987-7-smb devstack@c-api.service[100911]: DEBUG oslo_db.sqlalchemy.engines [None req-3886be2a-8cb2-41ba-bfd3-e7f078bda5c0 tempest-GroupSnapshotsTest-698912750 tempest-GroupSnapshotsTest-698912750-project] MySQL server mode set to STRICT_TRANS_TABLES,STRICT_ALL_TABLES,NO_ZERO_IN_DATE,NO_ZERO_DATE,ERROR_FOR_DIVISION_BY_ZERO,TRADITIONAL,NO_ENGINE_SUBSTITUTION {{(pid=100911) _check_effective_sql_mode /usr/local/lib/python3.8/dist-packages/oslo_db/sqlalchemy/engines.py:314}}
Sep 03 17:14:54.217249 dv-cinder-759987-7-smb devstack@c-api.service[100911]: /usr/local/lib/python3.8/dist-packages/oslo_context/context.py:105: DeprecationWarning: Policy enforcement is depending on the value of is_admin. This key is deprecated. Please update your policy file to use the standard policy values.
Sep 03 17:14:54.217249 dv-cinder-759987-7-smb devstack@c-api.service[100911]: warnings.warn('Policy enforcement is depending on the value of '
Sep 03 17:14:54.245178 dv-cinder-759987-7-smb devstack@c-api.service[100911]: INFO cinder.api.openstack.wsgi [None req-3886be2a-8cb2-41ba-bfd3-e7f078bda5c0 tempest-GroupSnapshotsTest-698912750 tempest-GroupSnapshotsTest-698912750-project] http://10.222.0.43/volume/v3/8dacaf69ad39480d91141f6e472cbb42/volumes/detail returned with HTTP 200
Sep 03 17:14:54.260938 dv-cinder-759987-7-smb devstack@c-api.service[100911]: [pid: 100911|app: 0|req: 162/325] 10.222.0.43 () {60 vars in 1276 bytes} [Fri Sep 3 17:14:54 2021] GET /volume/v3/8dacaf69ad39480d91141f6e472cbb42/volumes/detail => generated 1993 bytes in 216 msecs (HTTP/1.1 200) 7 headers in 287 bytes (2 switches on core 0)
Sep 03 17:14:54.266263 dv-cinder-759987-7-smb devstack@c-api.service[100911]: INFO cinder.api.openstack.wsgi [None req-11dc13c7-bfbb-41f5-a7da-2ce9411e90fe tempest-GroupSnapshotsTest-698912750 tempest-GroupSnapshotsTest-698912750-project] POST http://10.222.0.43/volume/v3/8dacaf69ad39480d91141f6e472cbb42/groups/f84b100c-85c7-4203-b803-0a91d1c1faff/action
Sep 03 17:14:54.271092 dv-cinder-759987-7-smb devstack@c-api.service[100911]: /usr/local/lib/python3.8/dist-packages/webob/acceptparse.py:1047: DeprecationWarning: The behavior of AcceptValidHeader.best_match is currently being maintained for backward compatibility, but it will be deprecated in the future, as it does not conform to the RFC.
Sep 03 17:14:54.271092 dv-cinder-759987-7-smb devstack@c-api.service[100911]: warnings.warn(
Sep 03 17:14:54.271891 dv-cinder-759987-7-smb devstack@c-api.service[100911]: DEBUG cinder.api.openstack.wsgi [None req-11dc13c7-bfbb-41f5-a7da-2ce9411e90fe tempest-GroupSnapshotsTest-698912750 tempest-GroupSnapshotsTest-698912750-project] Action body: b'{"delete": {"delete-volumes": true}}' {{(pid=100911) get_method /opt/stack/cinder/cinder/api/openstack/wsgi.py:971}}
Sep 03 17:14:54.276861 dv-cinder-759987-7-smb devstack@c-api.service[100911]: DEBUG cinder.api.openstack.wsgi [None req-11dc13c7-bfbb-41f5-a7da-2ce9411e90fe tempest-GroupSnapshotsTest-698912750 tempest-GroupSnapshotsTest-698912750-project] Action: 'action', calling method: delete_group, body: {"delete": {"delete-volumes": true}} {{(pid=100911) _process_stack /opt/stack/cinder/cinder/api/openstack/wsgi.py:854}}
Sep 03 17:14:54.278245 dv-cinder-759987-7-smb devstack@c-api.service[100911]: DEBUG cinder.api.v3.groups [None req-11dc13c7-bfbb-41f5-a7da-2ce9411e90fe tempest-GroupSnapshotsTest-698912750 tempest-GroupSnapshotsTest-698912750-project] delete called for group f84b100c-85c7-4203-b803-0a91d1c1faff {{(pid=100911) _delete /opt/stack/cinder/cinder/api/v3/groups.py:117}}
Sep 03 17:14:54.278648 dv-cinder-759987-7-smb devstack@c-api.service[100911]: INFO cinder.api.v3.groups [None req-11dc13c7-bfbb-41f5-a7da-2ce9411e90fe tempest-GroupSnapshotsTest-698912750 tempest-GroupSnapshotsTest-698912750-project] Delete group with id: f84b100c-85c7-4203-b803-0a91d1c1faff
