Aug 13 04:13:31.478141 dv-cinder-759987-6-iscsi devstack@n-api.service[108756]: DEBUG oslo_concurrency.lockutils [None req-751391a6-05ca-497b-a29f-23e6324d242e tempest-AttachVolumeTestJSON-274816573 tempest-AttachVolumeTestJSON-274816573-project] Lock "794380d6-d333-4562-8409-8de8aa2f65ec" released by "nova.context.set_target_cell..get_or_set_cached_cell_and_set_connections" :: held 0.001s {{(pid=108756) inner /usr/local/lib/python3.8/dist-packages/oslo_concurrency/lockutils.py:367}}
Aug 13 04:13:31.952899 dv-cinder-759987-6-iscsi devstack@n-api.service[108756]: DEBUG nova.policy [None req-751391a6-05ca-497b-a29f-23e6324d242e tempest-AttachVolumeTestJSON-274816573 tempest-AttachVolumeTestJSON-274816573-project] Policy check for os_compute_api:os-extended-server-attributes failed with credentials {'is_admin': False, 'user_id': '0b103af28c8a46d4956248ad2c85f198', 'user_domain_id': 'default', 'system_scope': None, 'domain_id': None, 'project_id': '002375b8005d44a193b301833aa330dc', 'project_domain_id': 'default', 'roles': ['member', 'reader'], 'is_admin_project': True, 'service_user_id': None, 'service_user_domain_id': None, 'service_project_id': None, 'service_project_domain_id': None, 'service_roles': []} {{(pid=108756) authorize /opt/stack/nova/nova/policy.py:199}}
Aug 13 04:13:31.957668 dv-cinder-759987-6-iscsi devstack@n-api.service[108755]: DEBUG nova.policy [None req-2e981291-a3cc-4ddc-b5ee-8cf8130ba222 tempest-DeleteServersTestJSON-1820089070 tempest-DeleteServersTestJSON-1820089070-project] Policy check for os_compute_api:os-extended-server-attributes failed with credentials {'is_admin': False, 'user_id': 'a12f7b6d2897458091c3efa6c6d1a323', 'user_domain_id': 'default', 'system_scope': None, 'domain_id': None, 'project_id': '2311ab203f964f96870aa9aae3be3d0d', 'project_domain_id': 'default', 'roles': ['member', 'reader'], 'is_admin_project': True, 'service_user_id': None, 'service_user_domain_id': None, 'service_project_id': None, 'service_project_domain_id': None, 'service_roles': []} {{(pid=108755) authorize /opt/stack/nova/nova/policy.py:199}}
Aug 13 04:13:31.967013 dv-cinder-759987-6-iscsi devstack@n-api.service[108755]: INFO nova.api.openstack.requestlog [None req-2e981291-a3cc-4ddc-b5ee-8cf8130ba222 tempest-DeleteServersTestJSON-1820089070 tempest-DeleteServersTestJSON-1820089070-project] 10.222.0.32 "GET /compute/v2.1/servers/42b96aa5-1b4b-4df1-9244-25ad34642b13" status: 200 len: 1315 microversion: 2.1 time: 0.576509
Aug 13 04:13:31.970838 dv-cinder-759987-6-iscsi devstack@n-api.service[108755]: [pid: 108755|app: 0|req: 48/95] 10.222.0.32 () {58 vars in 1236 bytes} [Fri Aug 13 04:13:31 2021] GET /compute/v2.1/servers/42b96aa5-1b4b-4df1-9244-25ad34642b13 => generated 1315 bytes in 581 msecs (HTTP/1.1 200) 9 headers in 358 bytes (1 switches on core 0)
Aug 13 04:13:31.985435 dv-cinder-759987-6-iscsi devstack@n-api.service[108756]: INFO nova.api.openstack.requestlog [None req-751391a6-05ca-497b-a29f-23e6324d242e tempest-AttachVolumeTestJSON-274816573 tempest-AttachVolumeTestJSON-274816573-project] 10.222.0.32 "GET /compute/v2.1/servers/52b213d0-7bf9-48cc-b947-af88a381aee5" status: 200 len: 1364 microversion: 2.1 time: 0.528940
Aug 13 04:13:31.989437 dv-cinder-759987-6-iscsi devstack@n-api.service[108756]: [pid: 108756|app: 0|req: 48/96] 10.222.0.32 () {58 vars in 1236 bytes} [Fri Aug 13 04:13:31 2021] GET /compute/v2.1/servers/52b213d0-7bf9-48cc-b947-af88a381aee5 => generated 1364 bytes in 535 msecs (HTTP/1.1 200) 9 headers in 358 bytes (1 switches on core 0)
Aug 13 04:13:31.997753 dv-cinder-759987-6-iscsi devstack@n-api.service[108755]: DEBUG nova.api.openstack.wsgi [None req-f102185b-6278-4b0a-b349-2c10cd1e18fa tempest-VolumesTestJSON-114406782 tempest-VolumesTestJSON-114406782-project] Calling method '.version_select at 0x7fef9282c4c0>' {{(pid=108755) _process_stack /opt/stack/nova/nova/api/openstack/wsgi.py:513}}
Aug 13 04:13:32.002081 dv-cinder-759987-6-iscsi devstack@n-api.service[108756]: DEBUG nova.api.openstack.wsgi [None req-e2ac9ac3-24db-4854-bd43-6fc9779c3236 tempest-AttachVolumeNegativeTest-1183009194 tempest-AttachVolumeNegativeTest-1183009194-project] Calling method '>' {{(pid=108756) _process_stack /opt/stack/nova/nova/api/openstack/wsgi.py:513}}
Aug 13 04:13:32.003169 dv-cinder-759987-6-iscsi devstack@n-api.service[108756]: DEBUG nova.compute.api [None req-e2ac9ac3-24db-4854-bd43-6fc9779c3236 tempest-AttachVolumeNegativeTest-1183009194 tempest-AttachVolumeNegativeTest-1183009194-project] [instance: b2caf8fb-8e6f-4ead-9c0b-fb864a814fdc] Fetching instance by UUID {{(pid=108756) get /opt/stack/nova/nova/compute/api.py:2791}}
Aug 13 04:13:32.034272 dv-cinder-759987-6-iscsi devstack@n-api.service[108756]: DEBUG oslo_concurrency.lockutils [None req-e2ac9ac3-24db-4854-bd43-6fc9779c3236 tempest-AttachVolumeNegativeTest-1183009194 tempest-AttachVolumeNegativeTest-1183009194-project] Lock "794380d6-d333-4562-8409-8de8aa2f65ec" acquired by "nova.context.set_target_cell..get_or_set_cached_cell_and_set_connections" :: waited 0.000s {{(pid=108756) inner /usr/local/lib/python3.8/dist-packages/oslo_concurrency/lockutils.py:355}}
Aug 13 04:13:32.035483 dv-cinder-759987-6-iscsi devstack@n-api.service[108756]: DEBUG oslo_concurrency.lockutils [None req-e2ac9ac3-24db-4854-bd43-6fc9779c3236 tempest-AttachVolumeNegativeTest-1183009194 tempest-AttachVolumeNegativeTest-1183009194-project] Lock "794380d6-d333-4562-8409-8de8aa2f65ec" released by "nova.context.set_target_cell..get_or_set_cached_cell_and_set_connections" :: held 0.002s {{(pid=108756) inner /usr/local/lib/python3.8/dist-packages/oslo_concurrency/lockutils.py:367}}
Aug 13 04:13:32.036604 dv-cinder-759987-6-iscsi devstack@n-api.service[108756]: DEBUG oslo_concurrency.lockutils [None req-e2ac9ac3-24db-4854-bd43-6fc9779c3236 tempest-AttachVolumeNegativeTest-1183009194 tempest-AttachVolumeNegativeTest-1183009194-project] Lock "794380d6-d333-4562-8409-8de8aa2f65ec" acquired by "nova.context.set_target_cell..get_or_set_cached_cell_and_set_connections" :: waited 0.000s {{(pid=108756) inner /usr/local/lib/python3.8/dist-packages/oslo_concurrency/lockutils.py:355}}
Aug 13 04:13:32.037845 dv-cinder-759987-6-iscsi devstack@n-api.service[108756]: DEBUG oslo_concurrency.lockutils [None req-e2ac9ac3-24db-4854-bd43-6fc9779c3236 tempest-AttachVolumeNegativeTest-1183009194 tempest-AttachVolumeNegativeTest-1183009194-project] Lock "794380d6-d333-4562-8409-8de8aa2f65ec" released by "nova.context.set_target_cell..get_or_set_cached_cell_and_set_connections" :: held 0.001s {{(pid=108756) inner /usr/local/lib/python3.8/dist-packages/oslo_concurrency/lockutils.py:367}}
Aug 13 04:13:32.113802 dv-cinder-759987-6-iscsi devstack@n-api.service[108755]: INFO nova.api.openstack.requestlog [None req-f102185b-6278-4b0a-b349-2c10cd1e18fa tempest-VolumesTestJSON-114406782 tempest-VolumesTestJSON-114406782-project] 10.222.0.32 "GET /compute/v2.1/os-volumes?limit=2" status: 200 len: 694 microversion: 2.1 time: 0.132029
Aug 13 04:13:32.114530 dv-cinder-759987-6-iscsi devstack@n-api.service[108755]: [pid: 108755|app: 0|req: 49/97] 10.222.0.32 () {58 vars in 1149 bytes} [Fri Aug 13 04:13:31 2021] GET /compute/v2.1/os-volumes?limit=2 => generated 694 bytes in 134 msecs (HTTP/1.1 200) 9 headers in 357 bytes (1 switches on core 0)
Aug 13 04:13:32.129917 dv-cinder-759987-6-iscsi devstack@n-api.service[108755]: DEBUG nova.api.openstack.wsgi [None req-21e2f7ce-95b2-46a7-90e7-215e1a3d6a37 tempest-VolumesTestJSON-114406782 tempest-VolumesTestJSON-114406782-project] Calling method '.version_select at 0x7fef92788f70>' {{(pid=108755) _process_stack /opt/stack/nova/nova/api/openstack/wsgi.py:513}}
Aug 13 04:13:32.227205 dv-cinder-759987-6-iscsi devstack@n-api.service[108756]: DEBUG nova.policy [None req-e2ac9ac3-24db-4854-bd43-6fc9779c3236 tempest-AttachVolumeNegativeTest-1183009194 tempest-AttachVolumeNegativeTest-1183009194-project] Policy check for os_compute_api:os-extended-server-attributes failed with credentials {'is_admin': False, 'user_id': 'a2cdc395a8a847a182205e7ca870845a', 'user_domain_id': 'default', 'system_scope': None, 'domain_id': None, 'project_id': '57c824b311c64fcfa2b8b63a8d6f6ea3', 'project_domain_id': 'default', 'roles': ['member', 'reader'], 'is_admin_project': True, 'service_user_id': None, 'service_user_domain_id': None, 'service_project_id': None, 'service_project_domain_id': None, 'service_roles': []} {{(pid=108756) authorize /opt/stack/nova/nova/policy.py:199}}
Aug 13 04:13:32.237028 dv-cinder-759987-6-iscsi devstack@n-api.service[108756]: INFO nova.api.openstack.requestlog [None req-e2ac9ac3-24db-4854-bd43-6fc9779c3236 tempest-AttachVolumeNegativeTest-1183009194 tempest-AttachVolumeNegativeTest-1183009194-project] 10.222.0.32 "GET /compute/v2.1/servers/b2caf8fb-8e6f-4ead-9c0b-fb864a814fdc" status: 200 len: 1318 microversion: 2.1 time: 0.244726
Aug 13 04:13:32.237631 dv-cinder-759987-6-iscsi devstack@n-api.service[108756]: [pid: 108756|app: 0|req: 49/98] 10.222.0.32 () {58 vars in 1236 bytes} [Fri Aug 13 04:13:31 2021] GET /compute/v2.1/servers/b2caf8fb-8e6f-4ead-9c0b-fb864a814fdc => generated 1318 bytes in 246 msecs (HTTP/1.1 200) 9 headers in 358 bytes (1 switches on core 0)
Aug 13 04:13:32.242682 dv-cinder-759987-6-iscsi devstack@n-api.service[108756]: DEBUG nova.api.openstack.wsgi [req-edd22832-8eb2-457b-b524-77e0fc7aae83 req-ad49d250-ac48-4605-9f6a-1be3f0c1c20b service nova] Action: 'create', calling method: >, body: {"events": [{"name": "network-changed", "server_uuid": "52b213d0-7bf9-48cc-b947-af88a381aee5", "tag": "bcefc9c5-499e-454b-9fa1-7cde646b8055"}]} {{(pid=108756) _process_stack /opt/stack/nova/nova/api/openstack/wsgi.py:511}}
Aug 13 04:13:32.244507 dv-cinder-759987-6-iscsi devstack@n-api.service[108756]: /usr/local/lib/python3.8/dist-packages/oslo_policy/policy.py:1064: UserWarning: Policy os_compute_api:os-server-external-events:create failed scope check. The token used to make the request was project scoped but the policy requires ['system'] scope. This behavior may change in the future where using the intended scope is required
Aug 13 04:13:32.244507 dv-cinder-759987-6-iscsi devstack@n-api.service[108756]: warnings.warn(msg)
Aug 13 04:13:32.254245 dv-cinder-759987-6-iscsi devstack@n-api.service[108756]: DEBUG oslo_concurrency.lockutils [req-edd22832-8eb2-457b-b524-77e0fc7aae83 req-ad49d250-ac48-4605-9f6a-1be3f0c1c20b service nova] Lock "794380d6-d333-4562-8409-8de8aa2f65ec" acquired by "nova.context.set_target_cell..get_or_set_cached_cell_and_set_connections" :: waited 0.000s {{(pid=108756) inner /usr/local/lib/python3.8/dist-packages/oslo_concurrency/lockutils.py:355}}
Aug 13 04:13:32.254685 dv-cinder-759987-6-iscsi devstack@n-api.service[108756]: DEBUG oslo_concurrency.lockutils [req-edd22832-8eb2-457b-b524-77e0fc7aae83 req-ad49d250-ac48-4605-9f6a-1be3f0c1c20b service nova] Lock "794380d6-d333-4562-8409-8de8aa2f65ec" released by "nova.context.set_target_cell..get_or_set_cached_cell_and_set_connections" :: held 0.001s {{(pid=108756) inner /usr/local/lib/python3.8/dist-packages/oslo_concurrency/lockutils.py:367}}
Aug 13 04:13:32.270034 dv-cinder-759987-6-iscsi devstack@n-api.service[108755]: INFO nova.api.openstack.requestlog [None req-21e2f7ce-95b2-46a7-90e7-215e1a3d6a37 tempest-VolumesTestJSON-114406782 tempest-VolumesTestJSON-114406782-project] 10.222.0.32 "GET /compute/v2.1/os-volumes" status: 200 len: 1035 microversion: 2.1 time: 0.145000
Aug 13 04:13:32.277365 dv-cinder-759987-6-iscsi devstack@n-api.service[108755]: [pid: 108755|app: 0|req: 50/99] 10.222.0.32 () {58 vars in 1134 bytes} [Fri Aug 13 04:13:32 2021] GET /compute/v2.1/os-volumes => generated 1035 bytes in 153 msecs (HTTP/1.1 200) 9 headers in 358 bytes (2 switches on core 0)
Aug 13 04:13:32.281571 dv-cinder-759987-6-iscsi devstack@n-api.service[108756]: INFO nova.api.openstack.compute.server_external_events [req-edd22832-8eb2-457b-b524-77e0fc7aae83 req-ad49d250-ac48-4605-9f6a-1be3f0c1c20b service nova] Creating event network-changed:bcefc9c5-499e-454b-9fa1-7cde646b8055 for instance 52b213d0-7bf9-48cc-b947-af88a381aee5 on hv-cinder-75998
Aug 13 04:13:32.283493 dv-cinder-759987-6-iscsi devstack@n-api.service[108755]: DEBUG nova.api.openstack.wsgi [None req-01f80517-40ca-4e27-a187-4f745e044090 tempest-VolumesTestJSON-114406782 tempest-VolumesTestJSON-114406782-project] Calling method '.version_select at 0x7fef9277cd30>' {{(pid=108755) _process_stack /opt/stack/nova/nova/api/openstack/wsgi.py:513}}
Aug 13 04:13:32.287851 dv-cinder-759987-6-iscsi devstack@n-api.service[108756]: INFO nova.api.openstack.requestlog [req-edd22832-8eb2-457b-b524-77e0fc7aae83 req-ad49d250-ac48-4605-9f6a-1be3f0c1c20b service nova] 10.222.0.32 "POST /compute/v2.1/os-server-external-events" status: 200 len: 179 microversion: 2.1 time: 0.049047
Aug 13 04:13:32.289070 dv-cinder-759987-6-iscsi devstack@n-api.service[108756]: [pid: 108756|app: 0|req: 50/100] 10.222.0.32 () {64 vars in 1318 bytes} [Fri Aug 13 04:13:32 2021] POST /compute/v2.1/os-server-external-events => generated 179 bytes in 51 msecs (HTTP/1.1 200) 9 headers in 357 bytes (1 switches on core 0)
Aug 13 04:13:32.401772 dv-cinder-759987-6-iscsi devstack@n-api.service[108756]: DEBUG nova.api.openstack.wsgi [None req-a15d5d4e-c6c4-44ea-a94c-a93924438263 tempest-ServerRescueNegativeTestJSON-320197947 tempest-ServerRescueNegativeTestJSON-320197947-project] Calling method '>' {{(pid=108756) _process_stack /opt/stack/nova/nova/api/openstack/wsgi.py:513}}
Aug 13 04:13:32.402510 dv-cinder-759987-6-iscsi devstack@n-api.service[108756]: DEBUG nova.compute.api [None req-a15d5d4e-c6c4-44ea-a94c-a93924438263 tempest-ServerRescueNegativeTestJSON-320197947 tempest-ServerRescueNegativeTestJSON-320197947-project] [instance: 65eb66e2-13e1-496d-91eb-a23335e41555] Fetching instance by UUID {{(pid=108756) get /opt/stack/nova/nova/compute/api.py:2791}}
Aug 13 04:13:32.406978 dv-cinder-759987-6-iscsi devstack@n-api.service[108755]: INFO nova.api.openstack.requestlog [None req-01f80517-40ca-4e27-a187-4f745e044090 tempest-VolumesTestJSON-114406782 tempest-VolumesTestJSON-114406782-project] 10.222.0.32 "GET /compute/v2.1/os-volumes?offset=1&limit=1" status: 200 len: 353 microversion: 2.1 time: 0.127891
Aug 13 04:13:32.408907 dv-cinder-759987-6-iscsi devstack@n-api.service[108755]: [pid: 108755|app: 0|req: 51/101] 10.222.0.32 () {58 vars in 1167 bytes} [Fri Aug 13 04:13:32 2021] GET /compute/v2.1/os-volumes?offset=1&limit=1 => generated 353 bytes in 131 msecs (HTTP/1.1 200) 9 headers in 357 bytes (1 switches on core 0)
Aug 13 04:13:32.417138 dv-cinder-759987-6-iscsi devstack@n-api.service[108756]: DEBUG oslo_concurrency.lockutils [None req-a15d5d4e-c6c4-44ea-a94c-a93924438263 tempest-ServerRescueNegativeTestJSON-320197947 tempest-ServerRescueNegativeTestJSON-320197947-project] Lock "794380d6-d333-4562-8409-8de8aa2f65ec" acquired by "nova.context.set_target_cell..get_or_set_cached_cell_and_set_connections" :: waited 0.000s {{(pid=108756) inner /usr/local/lib/python3.8/dist-packages/oslo_concurrency/lockutils.py:355}}
Aug 13 04:13:32.417138 dv-cinder-759987-6-iscsi devstack@n-api.service[108756]: DEBUG oslo_concurrency.lockutils [None req-a15d5d4e-c6c4-44ea-a94c-a93924438263 tempest-ServerRescueNegativeTestJSON-320197947 tempest-ServerRescueNegativeTestJSON-320197947-project] Lock "794380d6-d333-4562-8409-8de8aa2f65ec" released by "nova.context.set_target_cell..get_or_set_cached_cell_and_set_connections" :: held 0.001s {{(pid=108756) inner /usr/local/lib/python3.8/dist-packages/oslo_concurrency/lockutils.py:367}}
Aug 13 04:13:32.417138 dv-cinder-759987-6-iscsi devstack@n-api.service[108756]: DEBUG oslo_concurrency.lockutils [None req-a15d5d4e-c6c4-44ea-a94c-a93924438263 tempest-ServerRescueNegativeTestJSON-320197947 tempest-ServerRescueNegativeTestJSON-320197947-project] Lock "794380d6-d333-4562-8409-8de8aa2f65ec" acquired by "nova.context.set_target_cell..get_or_set_cached_cell_and_set_connections" :: waited 0.000s {{(pid=108756) inner /usr/local/lib/python3.8/dist-packages/oslo_concurrency/lockutils.py:355}}
Aug 13 04:13:32.417138 dv-cinder-759987-6-iscsi devstack@n-api.service[108756]: DEBUG oslo_concurrency.lockutils [None req-a15d5d4e-c6c4-44ea-a94c-a93924438263 tempest-ServerRescueNegativeTestJSON-320197947 tempest-ServerRescueNegativeTestJSON-320197947-project] Lock "794380d6-d333-4562-8409-8de8aa2f65ec" released by "nova.context.set_target_cell..get_or_set_cached_cell_and_set_connections" :: held 0.000s {{(pid=108756) inner /usr/local/lib/python3.8/dist-packages/oslo_concurrency/lockutils.py:367}}
Aug 13 04:13:32.424173 dv-cinder-759987-6-iscsi devstack@n-api.service[108755]: DEBUG nova.api.openstack.wsgi [None req-65c9a315-20b9-4527-b320-a894b08b5b8d tempest-VolumesTestJSON-114406782 tempest-VolumesTestJSON-114406782-project] Calling method '.version_select at 0x7fef927889d0>' {{(pid=108755) _process_stack /opt/stack/nova/nova/api/openstack/wsgi.py:513}}
Aug 13 04:13:32.535665 dv-cinder-759987-6-iscsi devstack@n-api.service[108755]: INFO nova.api.openstack.requestlog [None req-65c9a315-20b9-4527-b320-a894b08b5b8d tempest-VolumesTestJSON-114406782 tempest-VolumesTestJSON-114406782-project] 10.222.0.32 "GET /compute/v2.1/os-volumes/detail?limit=2" status: 200 len: 694 microversion: 2.1 time: 0.116173
Aug 13 04:13:32.548855 dv-cinder-759987-6-iscsi devstack@n-api.service[108755]: [pid: 108755|app: 0|req: 52/102] 10.222.0.32 () {58 vars in 1170 bytes} [Fri Aug 13 04:13:32 2021] GET /compute/v2.1/os-volumes/detail?limit=2 => generated 694 bytes in 120 msecs (HTTP/1.1 200) 9 headers in 357 bytes (1 switches on core 0)
Aug 13 04:13:32.553917 dv-cinder-759987-6-iscsi devstack@n-api.service[108755]: DEBUG nova.api.openstack.wsgi [None req-a5cfa132-02bc-4bf8-a63e-f7dde235c061 tempest-VolumesTestJSON-114406782 tempest-VolumesTestJSON-114406782-project] Calling method '.version_select at 0x7fef927d0700>' {{(pid=108755) _process_stack /opt/stack/nova/nova/api/openstack/wsgi.py:513}}
Aug 13 04:13:32.603845 dv-cinder-759987-6-iscsi devstack@n-api.service[108756]: DEBUG nova.policy [None req-a15d5d4e-c6c4-44ea-a94c-a93924438263 tempest-ServerRescueNegativeTestJSON-320197947 tempest-ServerRescueNegativeTestJSON-320197947-project] Policy check for os_compute_api:os-extended-server-attributes failed with credentials {'is_admin': False, 'user_id': '03f8dfb61cf4430a9fd4aa90390f6460', 'user_domain_id': 'default', 'system_scope': None, 'domain_id': None, 'project_id': '6525e39355904810b4595b1ab780a756', 'project_domain_id': 'default', 'roles': ['member', 'reader'], 'is_admin_project': True, 'service_user_id': None, 'service_user_domain_id': None, 'service_project_id': None, 'service_project_domain_id': None, 'service_roles': []} {{(pid=108756) authorize /opt/stack/nova/nova/policy.py:199}}
Aug 13 04:13:32.616302 dv-cinder-759987-6-iscsi devstack@n-api.service[108756]: INFO nova.api.openstack.requestlog [None req-a15d5d4e-c6c4-44ea-a94c-a93924438263 tempest-ServerRescueNegativeTestJSON-320197947 tempest-ServerRescueNegativeTestJSON-320197947-project] 10.222.0.32 "GET /compute/v2.1/servers/65eb66e2-13e1-496d-91eb-a23335e41555" status: 200 len: 1322 microversion: 2.1 time: 0.218110
Aug 13 04:13:32.617522 dv-cinder-759987-6-iscsi devstack@n-api.service[108756]: [pid: 108756|app: 0|req: 51/103] 10.222.0.32 () {58 vars in 1236 bytes} [Fri Aug 13 04:13:32 2021] GET /compute/v2.1/servers/65eb66e2-13e1-496d-91eb-a23335e41555 => generated 1322 bytes in 220 msecs (HTTP/1.1 200) 9 headers in 358 bytes (1 switches on core 0)
Aug 13 04:13:32.668562 dv-cinder-759987-6-iscsi devstack@n-api.service[108755]: INFO nova.api.openstack.requestlog [None req-a5cfa132-02bc-4bf8-a63e-f7dde235c061 tempest-VolumesTestJSON-114406782 tempest-VolumesTestJSON-114406782-project] 10.222.0.32 "GET /compute/v2.1/os-volumes/detail" status: 200 len: 1035 microversion: 2.1 time: 0.117511
Aug 13 04:13:32.669145 dv-cinder-759987-6-iscsi devstack@n-api.service[108755]: [pid: 108755|app: 0|req: 53/104] 10.222.0.32 () {58 vars in 1155 bytes} [Fri Aug 13 04:13:32 2021] GET /compute/v2.1/os-volumes/detail => generated 1035 bytes in 120 msecs (HTTP/1.1 200) 9 headers in 358 bytes (2 switches on core 0)
Aug 13 04:13:32.679672 dv-cinder-759987-6-iscsi devstack@n-api.service[108756]: DEBUG nova.api.openstack.wsgi [None req-a0e22cbc-2feb-40a4-bd18-8ddfc5719bd7 tempest-VolumesTestJSON-114406782 tempest-VolumesTestJSON-114406782-project] Calling method '.version_select at 0x7fef9279fca0>' {{(pid=108756) _process_stack /opt/stack/nova/nova/api/openstack/wsgi.py:513}}
Aug 13 04:13:32.815057 dv-cinder-759987-6-iscsi devstack@n-api.service[108756]: INFO nova.api.openstack.requestlog [None req-a0e22cbc-2feb-40a4-bd18-8ddfc5719bd7 tempest-VolumesTestJSON-114406782 tempest-VolumesTestJSON-114406782-project] 10.222.0.32 "GET /compute/v2.1/os-volumes/detail?offset=1&limit=1" status: 200 len: 353 microversion: 2.1 time: 0.138774
Aug 13 04:13:32.815834 dv-cinder-759987-6-iscsi devstack@n-api.service[108756]: [pid: 108756|app: 0|req: 52/105] 10.222.0.32 () {58 vars in 1188 bytes} [Fri Aug 13 04:13:32 2021] GET /compute/v2.1/os-volumes/detail?offset=1&limit=1 => generated 353 bytes in 140 msecs (HTTP/1.1 200) 9 headers in 357 bytes (1 switches on core 0)
Aug 13 04:13:32.827547 dv-cinder-759987-6-iscsi devstack@n-api.service[108755]: DEBUG nova.api.openstack.wsgi [None req-e0f6bf26-8ec2-4aa2-9fd4-09a1244d8fc5 tempest-VolumesTestJSON-114406782 tempest-VolumesTestJSON-114406782-project] Calling method '.version_select at 0x7fef9277ce50>' {{(pid=108755) _process_stack /opt/stack/nova/nova/api/openstack/wsgi.py:513}}
Aug 13 04:13:32.932471 dv-cinder-759987-6-iscsi devstack@n-api.service[108755]: INFO nova.api.openstack.requestlog [None req-e0f6bf26-8ec2-4aa2-9fd4-09a1244d8fc5 tempest-VolumesTestJSON-114406782 tempest-VolumesTestJSON-114406782-project] 10.222.0.32 "GET /compute/v2.1/os-volumes/detail" status: 200 len: 1035 microversion: 2.1 time: 0.108509
Aug 13 04:13:32.933287 dv-cinder-759987-6-iscsi devstack@n-api.service[108755]: [pid: 108755|app: 0|req: 54/106] 10.222.0.32 () {58 vars in 1155 bytes} [Fri Aug 13 04:13:32 2021] GET /compute/v2.1/os-volumes/detail => generated 1035 bytes in 110 msecs (HTTP/1.1 200) 9 headers in 358 bytes (1 switches on core 0)
Aug 13 04:13:32.989317 dv-cinder-759987-6-iscsi devstack@n-api.service[108756]: DEBUG nova.api.openstack.wsgi [None req-232b81ec-b5b8-46ea-a39f-2f64ad7a7d83 tempest-DeleteServersTestJSON-1820089070 tempest-DeleteServersTestJSON-1820089070-project] Calling method '>' {{(pid=108756) _process_stack /opt/stack/nova/nova/api/openstack/wsgi.py:513}}
Aug 13 04:13:32.990214 dv-cinder-759987-6-iscsi devstack@n-api.service[108756]: DEBUG nova.compute.api [None req-232b81ec-b5b8-46ea-a39f-2f64ad7a7d83 tempest-DeleteServersTestJSON-1820089070 tempest-DeleteServersTestJSON-1820089070-project] [instance: 42b96aa5-1b4b-4df1-9244-25ad34642b13] Fetching instance by UUID {{(pid=108756) get /opt/stack/nova/nova/compute/api.py:2791}}
Aug 13 04:13:32.998490 dv-cinder-759987-6-iscsi devstack@n-api.service[108756]: DEBUG oslo_concurrency.lockutils [None req-232b81ec-b5b8-46ea-a39f-2f64ad7a7d83 tempest-DeleteServersTestJSON-1820089070 tempest-DeleteServersTestJSON-1820089070-project] Lock "794380d6-d333-4562-8409-8de8aa2f65ec" acquired by "nova.context.set_target_cell..get_or_set_cached_cell_and_set_connections" :: waited 0.000s {{(pid=108756) inner /usr/local/lib/python3.8/dist-packages/oslo_concurrency/lockutils.py:355}}
Aug 13 04:13:32.998936 dv-cinder-759987-6-iscsi devstack@n-api.service[108756]: DEBUG oslo_concurrency.lockutils [None req-232b81ec-b5b8-46ea-a39f-2f64ad7a7d83 tempest-DeleteServersTestJSON-1820089070 tempest-DeleteServersTestJSON-1820089070-project] Lock "794380d6-d333-4562-8409-8de8aa2f65ec" released by "nova.context.set_target_cell..get_or_set_cached_cell_and_set_connections" :: held 0.001s {{(pid=108756) inner /usr/local/lib/python3.8/dist-packages/oslo_concurrency/lockutils.py:367}}
Aug 13 04:13:33.000294 dv-cinder-759987-6-iscsi devstack@n-api.service[108756]: DEBUG oslo_concurrency.lockutils [None req-232b81ec-b5b8-46ea-a39f-2f64ad7a7d83 tempest-DeleteServersTestJSON-1820089070 tempest-DeleteServersTestJSON-1820089070-project] Lock "794380d6-d333-4562-8409-8de8aa2f65ec" acquired by "nova.context.set_target_cell..get_or_set_cached_cell_and_set_connections" :: waited 0.000s {{(pid=108756) inner /usr/local/lib/python3.8/dist-packages/oslo_concurrency/lockutils.py:355}}
Aug 13 04:13:33.001261 dv-cinder-759987-6-iscsi devstack@n-api.service[108756]: DEBUG oslo_concurrency.lockutils [None req-232b81ec-b5b8-46ea-a39f-2f64ad7a7d83 tempest-DeleteServersTestJSON-1820089070 tempest-DeleteServersTestJSON-1820089070-project] Lock "794380d6-d333-4562-8409-8de8aa2f65ec" released by "nova.context.set_target_cell..get_or_set_cached_cell_and_set_connections" :: held 0.001s {{(pid=108756) inner /usr/local/lib/python3.8/dist-packages/oslo_concurrency/lockutils.py:367}}
Aug 13 04:13:33.014746 dv-cinder-759987-6-iscsi devstack@n-api.service[108755]: DEBUG nova.api.openstack.wsgi [None req-a865e7d6-b9cf-4dd1-a2b7-aa8eb96dc7b5 tempest-AttachVolumeTestJSON-274816573 tempest-AttachVolumeTestJSON-274816573-project] Calling method '>' {{(pid=108755) _process_stack /opt/stack/nova/nova/api/openstack/wsgi.py:513}}
Aug 13 04:13:33.016472 dv-cinder-759987-6-iscsi devstack@n-api.service[108755]: DEBUG nova.compute.api [None req-a865e7d6-b9cf-4dd1-a2b7-aa8eb96dc7b5 tempest-AttachVolumeTestJSON-274816573 tempest-AttachVolumeTestJSON-274816573-project] [instance: 52b213d0-7bf9-48cc-b947-af88a381aee5] Fetching instance by UUID {{(pid=108755) get /opt/stack/nova/nova/compute/api.py:2791}}
Aug 13 04:13:33.029102 dv-cinder-759987-6-iscsi devstack@n-api.service[108755]: DEBUG oslo_concurrency.lockutils [None req-a865e7d6-b9cf-4dd1-a2b7-aa8eb96dc7b5 tempest-AttachVolumeTestJSON-274816573 tempest-AttachVolumeTestJSON-274816573-project] Lock "794380d6-d333-4562-8409-8de8aa2f65ec" acquired by "nova.context.set_target_cell..get_or_set_cached_cell_and_set_connections" :: waited 0.000s {{(pid=108755) inner /usr/local/lib/python3.8/dist-packages/oslo_concurrency/lockutils.py:355}}
Aug 13 04:13:33.032524 dv-cinder-759987-6-iscsi devstack@n-api.service[108755]: DEBUG oslo_concurrency.lockutils [None req-a865e7d6-b9cf-4dd1-a2b7-aa8eb96dc7b5 tempest-AttachVolumeTestJSON-274816573 tempest-AttachVolumeTestJSON-274816573-project] Lock "794380d6-d333-4562-8409-8de8aa2f65ec" released by "nova.context.set_target_cell..get_or_set_cached_cell_and_set_connections" :: held 0.002s {{(pid=108755) inner /usr/local/lib/python3.8/dist-packages/oslo_concurrency/lockutils.py:367}}
Aug 13 04:13:33.034241 dv-cinder-759987-6-iscsi devstack@n-api.service[108755]: DEBUG oslo_concurrency.lockutils [None req-a865e7d6-b9cf-4dd1-a2b7-aa8eb96dc7b5 tempest-AttachVolumeTestJSON-274816573 tempest-AttachVolumeTestJSON-274816573-project] Lock "794380d6-d333-4562-8409-8de8aa2f65ec" acquired by "nova.context.set_target_cell..get_or_set_cached_cell_and_set_connections" :: waited 0.000s {{(pid=108755) inner /usr/local/lib/python3.8/dist-packages/oslo_concurrency/lockutils.py:355}}
Aug 13 04:13:33.035181 dv-cinder-759987-6-iscsi devstack@n-api.service[108755]: DEBUG oslo_concurrency.lockutils [None req-a865e7d6-b9cf-4dd1-a2b7-aa8eb96dc7b5 tempest-AttachVolumeTestJSON-274816573 tempest-AttachVolumeTestJSON-274816573-project] Lock "794380d6-d333-4562-8409-8de8aa2f65ec" released by "nova.context.set_target_cell..get_or_set_cached_cell_and_set_connections" :: held 0.001s {{(pid=108755) inner /usr/local/lib/python3.8/dist-packages/oslo_concurrency/lockutils.py:367}}
Aug 13 04:13:33.297447 dv-cinder-759987-6-iscsi devstack@n-api.service[108756]: DEBUG nova.policy [None req-232b81ec-b5b8-46ea-a39f-2f64ad7a7d83 tempest-DeleteServersTestJSON-1820089070 tempest-DeleteServersTestJSON-1820089070-project] Policy check for os_compute_api:os-extended-server-attributes failed with credentials {'is_admin': False, 'user_id': 'a12f7b6d2897458091c3efa6c6d1a323', 'user_domain_id': 'default', 'system_scope': None, 'domain_id': None, 'project_id': '2311ab203f964f96870aa9aae3be3d0d', 'project_domain_id': 'default', 'roles': ['member', 'reader'], 'is_admin_project': True, 'service_user_id': None, 'service_user_domain_id': None, 'service_project_id': None, 'service_project_domain_id': None, 'service_roles': []} {{(pid=108756) authorize /opt/stack/nova/nova/policy.py:199}}
Aug 13 04:13:33.298022 dv-cinder-759987-6-iscsi devstack@n-api.service[108755]: DEBUG nova.policy [None req-a865e7d6-b9cf-4dd1-a2b7-aa8eb96dc7b5 tempest-AttachVolumeTestJSON-274816573 tempest-AttachVolumeTestJSON-274816573-project] Policy check for os_compute_api:os-extended-server-attributes failed with credentials {'is_admin': False, 'user_id': '0b103af28c8a46d4956248ad2c85f198', 'user_domain_id': 'default', 'system_scope': None, 'domain_id': None, 'project_id': '002375b8005d44a193b301833aa330dc', 'project_domain_id': 'default', 'roles': ['member', 'reader'], 'is_admin_project': True, 'service_user_id': None, 'service_user_domain_id': None, 'service_project_id': None, 'service_project_domain_id': None, 'service_roles': []} {{(pid=108755) authorize /opt/stack/nova/nova/policy.py:199}}
Aug 13 04:13:33.304981 dv-cinder-759987-6-iscsi devstack@n-api.service[108756]: INFO nova.api.openstack.requestlog [None req-232b81ec-b5b8-46ea-a39f-2f64ad7a7d83 tempest-DeleteServersTestJSON-1820089070 tempest-DeleteServersTestJSON-1820089070-project] 10.222.0.32 "GET /compute/v2.1/servers/42b96aa5-1b4b-4df1-9244-25ad34642b13" status: 200 len: 1315 microversion: 2.1 time: 0.321628
Aug 13 04:13:33.306584 dv-cinder-759987-6-iscsi devstack@n-api.service[108756]: [pid: 108756|app: 0|req: 53/107] 10.222.0.32 () {58 vars in 1236 bytes} [Fri Aug 13 04:13:32 2021] GET /compute/v2.1/servers/42b96aa5-1b4b-4df1-9244-25ad34642b13 => generated 1315 bytes in 324 msecs (HTTP/1.1 200) 9 headers in 358 bytes (1 switches on core 0)
Aug 13 04:13:33.311705 dv-cinder-759987-6-iscsi devstack@n-api.service[108756]: DEBUG nova.api.openstack.wsgi [None req-df418be1-75f2-49d9-be06-9d5eca4326ff tempest-AttachVolumeNegativeTest-1183009194 tempest-AttachVolumeNegativeTest-1183009194-project] Calling method '>' {{(pid=108756) _process_stack /opt/stack/nova/nova/api/openstack/wsgi.py:513}}
Aug 13 04:13:33.313607 dv-cinder-759987-6-iscsi devstack@n-api.service[108756]: DEBUG nova.compute.api [None req-df418be1-75f2-49d9-be06-9d5eca4326ff tempest-AttachVolumeNegativeTest-1183009194 tempest-AttachVolumeNegativeTest-1183009194-project] [instance: b2caf8fb-8e6f-4ead-9c0b-fb864a814fdc] Fetching instance by UUID {{(pid=108756) get /opt/stack/nova/nova/compute/api.py:2791}}
Aug 13 04:13:33.332819 dv-cinder-759987-6-iscsi devstack@n-api.service[108756]: DEBUG oslo_concurrency.lockutils [None req-df418be1-75f2-49d9-be06-9d5eca4326ff tempest-AttachVolumeNegativeTest-1183009194 tempest-AttachVolumeNegativeTest-1183009194-project] Lock "794380d6-d333-4562-8409-8de8aa2f65ec" acquired by "nova.context.set_target_cell..get_or_set_cached_cell_and_set_connections" :: waited 0.000s {{(pid=108756) inner /usr/local/lib/python3.8/dist-packages/oslo_concurrency/lockutils.py:355}}
Aug 13 04:13:33.333588 dv-cinder-759987-6-iscsi devstack@n-api.service[108755]: INFO nova.api.openstack.requestlog [None req-a865e7d6-b9cf-4dd1-a2b7-aa8eb96dc7b5 tempest-AttachVolumeTestJSON-274816573 tempest-AttachVolumeTestJSON-274816573-project] 10.222.0.32 "GET /compute/v2.1/servers/52b213d0-7bf9-48cc-b947-af88a381aee5" status: 200 len: 1364 microversion: 2.1 time: 0.322428
Aug 13 04:13:33.333820 dv-cinder-759987-6-iscsi devstack@n-api.service[108756]: DEBUG oslo_concurrency.lockutils [None req-df418be1-75f2-49d9-be06-9d5eca4326ff tempest-AttachVolumeNegativeTest-1183009194 tempest-AttachVolumeNegativeTest-1183009194-project] Lock "794380d6-d333-4562-8409-8de8aa2f65ec" released by "nova.context.set_target_cell..get_or_set_cached_cell_and_set_connections" :: held 0.001s {{(pid=108756) inner /usr/local/lib/python3.8/dist-packages/oslo_concurrency/lockutils.py:367}}
Aug 13 04:13:33.335003 dv-cinder-759987-6-iscsi devstack@n-api.service[108756]: DEBUG oslo_concurrency.lockutils [None req-df418be1-75f2-49d9-be06-9d5eca4326ff tempest-AttachVolumeNegativeTest-1183009194 tempest-AttachVolumeNegativeTest-1183009194-project] Lock "794380d6-d333-4562-8409-8de8aa2f65ec" acquired by "nova.context.set_target_cell..get_or_set_cached_cell_and_set_connections" :: waited 0.000s {{(pid=108756) inner /usr/local/lib/python3.8/dist-packages/oslo_concurrency/lockutils.py:355}}
Aug 13 04:13:33.335158 dv-cinder-759987-6-iscsi devstack@n-api.service[108755]: [pid: 108755|app: 0|req: 55/108] 10.222.0.32 () {58 vars in 1236 bytes} [Fri Aug 13 04:13:33 2021] GET /compute/v2.1/servers/52b213d0-7bf9-48cc-b947-af88a381aee5 => generated 1364 bytes in 326 msecs (HTTP/1.1 200) 9 headers in 358 bytes (2 switches on core 0)
Aug 13 04:13:33.335734 dv-cinder-759987-6-iscsi devstack@n-api.service[108756]: DEBUG oslo_concurrency.lockutils [None req-df418be1-75f2-49d9-be06-9d5eca4326ff tempest-AttachVolumeNegativeTest-1183009194 tempest-AttachVolumeNegativeTest-1183009194-project] Lock "794380d6-d333-4562-8409-8de8aa2f65ec" released by "nova.context.set_target_cell..get_or_set_cached_cell_and_set_connections" :: held 0.001s {{(pid=108756) inner /usr/local/lib/python3.8/dist-packages/oslo_concurrency/lockutils.py:367}}
Aug 13 04:13:33.503179 dv-cinder-759987-6-iscsi devstack@n-api.service[108756]: DEBUG nova.policy [None req-df418be1-75f2-49d9-be06-9d5eca4326ff tempest-AttachVolumeNegativeTest-1183009194 tempest-AttachVolumeNegativeTest-1183009194-project] Policy check for os_compute_api:os-extended-server-attributes failed with credentials {'is_admin': False, 'user_id': 'a2cdc395a8a847a182205e7ca870845a', 'user_domain_id': 'default', 'system_scope': None, 'domain_id': None, 'project_id': '57c824b311c64fcfa2b8b63a8d6f6ea3', 'project_domain_id': 'default', 'roles': ['member', 'reader'], 'is_admin_project': True, 'service_user_id': None, 'service_user_domain_id': None, 'service_project_id': None, 'service_project_domain_id': None, 'service_roles': []} {{(pid=108756) authorize /opt/stack/nova/nova/policy.py:199}}
Aug 13 04:13:33.515722 dv-cinder-759987-6-iscsi devstack@n-api.service[108756]: INFO nova.api.openstack.requestlog [None req-df418be1-75f2-49d9-be06-9d5eca4326ff tempest-AttachVolumeNegativeTest-1183009194 tempest-AttachVolumeNegativeTest-1183009194-project] 10.222.0.32 "GET /compute/v2.1/servers/b2caf8fb-8e6f-4ead-9c0b-fb864a814fdc" status: 200 len: 1318 microversion: 2.1 time: 0.207684
Aug 13 04:13:33.517485 dv-cinder-759987-6-iscsi devstack@n-api.service[108756]: [pid: 108756|app: 0|req: 54/109] 10.222.0.32 () {58 vars in 1236 bytes} [Fri Aug 13 04:13:33 2021] GET /compute/v2.1/servers/b2caf8fb-8e6f-4ead-9c0b-fb864a814fdc => generated 1318 bytes in 209 msecs (HTTP/1.1 200) 9 headers in 358 bytes (1 switches on core 0)
Aug 13 04:13:33.634004 dv-cinder-759987-6-iscsi devstack@n-api.service[108755]: DEBUG nova.api.openstack.wsgi [None req-ebb6471d-159b-4d0c-86d2-336b3a854bb0 tempest-ServerRescueNegativeTestJSON-320197947 tempest-ServerRescueNegativeTestJSON-320197947-project] Calling method '>' {{(pid=108755) _process_stack /opt/stack/nova/nova/api/openstack/wsgi.py:513}}
Aug 13 04:13:33.634766 dv-cinder-759987-6-iscsi devstack@n-api.service[108755]: DEBUG nova.compute.api [None req-ebb6471d-159b-4d0c-86d2-336b3a854bb0 tempest-ServerRescueNegativeTestJSON-320197947 tempest-ServerRescueNegativeTestJSON-320197947-project] [instance: 65eb66e2-13e1-496d-91eb-a23335e41555] Fetching instance by UUID {{(pid=108755) get /opt/stack/nova/nova/compute/api.py:2791}}
Aug 13 04:13:33.652143 dv-cinder-759987-6-iscsi devstack@n-api.service[108755]: DEBUG oslo_concurrency.lockutils [None req-ebb6471d-159b-4d0c-86d2-336b3a854bb0 tempest-ServerRescueNegativeTestJSON-320197947 tempest-ServerRescueNegativeTestJSON-320197947-project] Lock "794380d6-d333-4562-8409-8de8aa2f65ec" acquired by "nova.context.set_target_cell..get_or_set_cached_cell_and_set_connections" :: waited 0.000s {{(pid=108755) inner /usr/local/lib/python3.8/dist-packages/oslo_concurrency/lockutils.py:355}}
Aug 13 04:13:33.652702 dv-cinder-759987-6-iscsi devstack@n-api.service[108755]: DEBUG oslo_concurrency.lockutils [None req-ebb6471d-159b-4d0c-86d2-336b3a854bb0 tempest-ServerRescueNegativeTestJSON-320197947 tempest-ServerRescueNegativeTestJSON-320197947-project] Lock "794380d6-d333-4562-8409-8de8aa2f65ec" released by "nova.context.set_target_cell..get_or_set_cached_cell_and_set_connections" :: held 0.002s {{(pid=108755) inner /usr/local/lib/python3.8/dist-packages/oslo_concurrency/lockutils.py:367}}
Aug 13 04:13:33.654228 dv-cinder-759987-6-iscsi devstack@n-api.service[108755]: DEBUG oslo_concurrency.lockutils [None req-ebb6471d-159b-4d0c-86d2-336b3a854bb0 tempest-ServerRescueNegativeTestJSON-320197947 tempest-ServerRescueNegativeTestJSON-320197947-project] Lock "794380d6-d333-4562-8409-8de8aa2f65ec" acquired by "nova.context.set_target_cell..get_or_set_cached_cell_and_set_connections" :: waited 0.000s {{(pid=108755) inner /usr/local/lib/python3.8/dist-packages/oslo_concurrency/lockutils.py:355}}
Aug 13 04:13:33.654723 dv-cinder-759987-6-iscsi devstack@n-api.service[108755]: DEBUG oslo_concurrency.lockutils [None req-ebb6471d-159b-4d0c-86d2-336b3a854bb0 tempest-ServerRescueNegativeTestJSON-320197947 tempest-ServerRescueNegativeTestJSON-320197947-project] Lock "794380d6-d333-4562-8409-8de8aa2f65ec" released by "nova.context.set_target_cell..get_or_set_cached_cell_and_set_connections" :: held 0.000s {{(pid=108755) inner /usr/local/lib/python3.8/dist-packages/oslo_concurrency/lockutils.py:367}}
Aug 13 04:13:33.804692 dv-cinder-759987-6-iscsi devstack@n-api.service[108755]: DEBUG nova.policy [None req-ebb6471d-159b-4d0c-86d2-336b3a854bb0 tempest-ServerRescueNegativeTestJSON-320197947 tempest-ServerRescueNegativeTestJSON-320197947-project] Policy check for os_compute_api:os-extended-server-attributes failed with credentials {'is_admin': False, 'user_id': '03f8dfb61cf4430a9fd4aa90390f6460', 'user_domain_id': 'default', 'system_scope': None, 'domain_id': None, 'project_id': '6525e39355904810b4595b1ab780a756', 'project_domain_id': 'default', 'roles': ['member', 'reader'], 'is_admin_project': True, 'service_user_id': None, 'service_user_domain_id': None, 'service_project_id': None, 'service_project_domain_id': None, 'service_roles': []} {{(pid=108755) authorize /opt/stack/nova/nova/policy.py:199}}
Aug 13 04:13:33.822908 dv-cinder-759987-6-iscsi devstack@n-api.service[108755]: INFO nova.api.openstack.requestlog [None req-ebb6471d-159b-4d0c-86d2-336b3a854bb0 tempest-ServerRescueNegativeTestJSON-320197947 tempest-ServerRescueNegativeTestJSON-320197947-project] 10.222.0.32 "GET /compute/v2.1/servers/65eb66e2-13e1-496d-91eb-a23335e41555" status: 200 len: 1322 microversion: 2.1 time: 0.192014
Aug 13 04:13:33.826287 dv-cinder-759987-6-iscsi devstack@n-api.service[108755]: [pid: 108755|app: 0|req: 56/110] 10.222.0.32 () {58 vars in 1236 bytes} [Fri Aug 13 04:13:33 2021] GET /compute/v2.1/servers/65eb66e2-13e1-496d-91eb-a23335e41555 => generated 1322 bytes in 197 msecs (HTTP/1.1 200) 9 headers in 358 bytes (1 switches on core 0)
Aug 13 04:13:34.336487 dv-cinder-759987-6-iscsi devstack@n-api.service[108756]: DEBUG nova.api.openstack.wsgi [None req-39e2e869-211f-42ae-b1bf-af86d4cbf081 tempest-DeleteServersTestJSON-1820089070 tempest-DeleteServersTestJSON-1820089070-project] Calling method '>' {{(pid=108756) _process_stack /opt/stack/nova/nova/api/openstack/wsgi.py:513}}
Aug 13 04:13:34.337146 dv-cinder-759987-6-iscsi devstack@n-api.service[108756]: DEBUG nova.compute.api [None req-39e2e869-211f-42ae-b1bf-af86d4cbf081 tempest-DeleteServersTestJSON-1820089070 tempest-DeleteServersTestJSON-1820089070-project] [instance: 42b96aa5-1b4b-4df1-9244-25ad34642b13] Fetching instance by UUID {{(pid=108756) get /opt/stack/nova/nova/compute/api.py:2791}}
Aug 13 04:13:34.344982 dv-cinder-759987-6-iscsi devstack@n-api.service[108756]: DEBUG oslo_concurrency.lockutils [None req-39e2e869-211f-42ae-b1bf-af86d4cbf081 tempest-DeleteServersTestJSON-1820089070 tempest-DeleteServersTestJSON-1820089070-project] Lock "794380d6-d333-4562-8409-8de8aa2f65ec" acquired by "nova.context.set_target_cell..get_or_set_cached_cell_and_set_connections" :: waited 0.000s {{(pid=108756) inner /usr/local/lib/python3.8/dist-packages/oslo_concurrency/lockutils.py:355}}
Aug 13 04:13:34.345582 dv-cinder-759987-6-iscsi devstack@n-api.service[108756]: DEBUG oslo_concurrency.lockutils [None req-39e2e869-211f-42ae-b1bf-af86d4cbf081 tempest-DeleteServersTestJSON-1820089070 tempest-DeleteServersTestJSON-1820089070-project] Lock "794380d6-d333-4562-8409-8de8aa2f65ec" released by "nova.context.set_target_cell..get_or_set_cached_cell_and_set_connections" :: held 0.001s {{(pid=108756) inner /usr/local/lib/python3.8/dist-packages/oslo_concurrency/lockutils.py:367}}
Aug 13 04:13:34.346524 dv-cinder-759987-6-iscsi devstack@n-api.service[108756]: DEBUG oslo_concurrency.lockutils [None req-39e2e869-211f-42ae-b1bf-af86d4cbf081 tempest-DeleteServersTestJSON-1820089070 tempest-DeleteServersTestJSON-1820089070-project] Lock "794380d6-d333-4562-8409-8de8aa2f65ec" acquired by "nova.context.set_target_cell..get_or_set_cached_cell_and_set_connections" :: waited 0.000s {{(pid=108756) inner /usr/local/lib/python3.8/dist-packages/oslo_concurrency/lockutils.py:355}}
Aug 13 04:13:34.346955 dv-cinder-759987-6-iscsi devstack@n-api.service[108756]: DEBUG oslo_concurrency.lockutils [None req-39e2e869-211f-42ae-b1bf-af86d4cbf081 tempest-DeleteServersTestJSON-1820089070 tempest-DeleteServersTestJSON-1820089070-project] Lock "794380d6-d333-4562-8409-8de8aa2f65ec" released by "nova.context.set_target_cell..get_or_set_cached_cell_and_set_connections" :: held 0.000s {{(pid=108756) inner /usr/local/lib/python3.8/dist-packages/oslo_concurrency/lockutils.py:367}}
Aug 13 04:13:34.350810 dv-cinder-759987-6-iscsi devstack@n-api.service[108755]: DEBUG nova.api.openstack.wsgi [None req-e78cd5ea-ea5a-46ff-8528-245d383eca4a tempest-AttachVolumeTestJSON-274816573 tempest-AttachVolumeTestJSON-274816573-project] Calling method '>' {{(pid=108755) _process_stack /opt/stack/nova/nova/api/openstack/wsgi.py:513}}
Aug 13 04:13:34.351423 dv-cinder-759987-6-iscsi devstack@n-api.service[108755]: DEBUG nova.compute.api [None req-e78cd5ea-ea5a-46ff-8528-245d383eca4a tempest-AttachVolumeTestJSON-274816573 tempest-AttachVolumeTestJSON-274816573-project] [instance: 52b213d0-7bf9-48cc-b947-af88a381aee5] Fetching instance by UUID {{(pid=108755) get /opt/stack/nova/nova/compute/api.py:2791}}
Aug 13 04:13:34.357397 dv-cinder-759987-6-iscsi devstack@n-api.service[108755]: DEBUG oslo_concurrency.lockutils [None req-e78cd5ea-ea5a-46ff-8528-245d383eca4a tempest-AttachVolumeTestJSON-274816573 tempest-AttachVolumeTestJSON-274816573-project] Lock "794380d6-d333-4562-8409-8de8aa2f65ec" acquired by "nova.context.set_target_cell..get_or_set_cached_cell_and_set_connections" :: waited 0.000s {{(pid=108755) inner /usr/local/lib/python3.8/dist-packages/oslo_concurrency/lockutils.py:355}}
Aug 13 04:13:34.357851 dv-cinder-759987-6-iscsi devstack@n-api.service[108755]: DEBUG oslo_concurrency.lockutils [None req-e78cd5ea-ea5a-46ff-8528-245d383eca4a tempest-AttachVolumeTestJSON-274816573 tempest-AttachVolumeTestJSON-274816573-project] Lock "794380d6-d333-4562-8409-8de8aa2f65ec" released by "nova.context.set_target_cell..get_or_set_cached_cell_and_set_connections" :: held 0.001s {{(pid=108755) inner /usr/local/lib/python3.8/dist-packages/oslo_concurrency/lockutils.py:367}}
Aug 13 04:13:34.358636 dv-cinder-759987-6-iscsi devstack@n-api.service[108755]: DEBUG oslo_concurrency.lockutils [None req-e78cd5ea-ea5a-46ff-8528-245d383eca4a tempest-AttachVolumeTestJSON-274816573 tempest-AttachVolumeTestJSON-274816573-project] Lock "794380d6-d333-4562-8409-8de8aa2f65ec" acquired by "nova.context.set_target_cell..get_or_set_cached_cell_and_set_connections" :: waited 0.000s {{(pid=108755) inner /usr/local/lib/python3.8/dist-packages/oslo_concurrency/lockutils.py:355}}
Aug 13 04:13:34.359665 dv-cinder-759987-6-iscsi devstack@n-api.service[108755]: DEBUG oslo_concurrency.lockutils [None req-e78cd5ea-ea5a-46ff-8528-245d383eca4a tempest-AttachVolumeTestJSON-274816573 tempest-AttachVolumeTestJSON-274816573-project] Lock "794380d6-d333-4562-8409-8de8aa2f65ec" released by "nova.context.set_target_cell..get_or_set_cached_cell_and_set_connections" :: held 0.000s {{(pid=108755) inner /usr/local/lib/python3.8/dist-packages/oslo_concurrency/lockutils.py:367}}
Aug 13 04:13:34.531965 dv-cinder-759987-6-iscsi devstack@n-api.service[108756]: DEBUG nova.policy [None req-39e2e869-211f-42ae-b1bf-af86d4cbf081 tempest-DeleteServersTestJSON-1820089070 tempest-DeleteServersTestJSON-1820089070-project] Policy check for os_compute_api:os-extended-server-attributes failed with credentials {'is_admin': False, 'user_id': 'a12f7b6d2897458091c3efa6c6d1a323', 'user_domain_id': 'default', 'system_scope': None, 'domain_id': None, 'project_id': '2311ab203f964f96870aa9aae3be3d0d', 'project_domain_id': 'default', 'roles': ['member', 'reader'], 'is_admin_project': True, 'service_user_id': None, 'service_user_domain_id': None, 'service_project_id': None, 'service_project_domain_id': None, 'service_roles': []} {{(pid=108756) authorize /opt/stack/nova/nova/policy.py:199}}
Aug 13 04:13:34.541058 dv-cinder-759987-6-iscsi devstack@n-api.service[108756]: INFO nova.api.openstack.requestlog [None req-39e2e869-211f-42ae-b1bf-af86d4cbf081 tempest-DeleteServersTestJSON-1820089070 tempest-DeleteServersTestJSON-1820089070-project] 10.222.0.32 "GET /compute/v2.1/servers/42b96aa5-1b4b-4df1-9244-25ad34642b13" status: 200 len: 1315 microversion: 2.1 time: 0.208228
Aug 13 04:13:34.545738 dv-cinder-759987-6-iscsi devstack@n-api.service[108756]: [pid: 108756|app: 0|req: 55/111] 10.222.0.32 () {58 vars in 1236 bytes} [Fri Aug 13 04:13:34 2021] GET /compute/v2.1/servers/42b96aa5-1b4b-4df1-9244-25ad34642b13 => generated 1315 bytes in 210 msecs (HTTP/1.1 200) 9 headers in 358 bytes (1 switches on core 0)
Aug 13 04:13:34.545932 dv-cinder-759987-6-iscsi devstack@n-api.service[108755]: DEBUG nova.policy [None req-e78cd5ea-ea5a-46ff-8528-245d383eca4a tempest-AttachVolumeTestJSON-274816573 tempest-AttachVolumeTestJSON-274816573-project] Policy check for os_compute_api:os-extended-server-attributes failed with credentials {'is_admin': False, 'user_id': '0b103af28c8a46d4956248ad2c85f198', 'user_domain_id': 'default', 'system_scope': None, 'domain_id': None, 'project_id': '002375b8005d44a193b301833aa330dc', 'project_domain_id': 'default', 'roles': ['member', 'reader'], 'is_admin_project': True, 'service_user_id': None, 'service_user_domain_id': None, 'service_project_id': None, 'service_project_domain_id': None, 'service_roles': []} {{(pid=108755) authorize /opt/stack/nova/nova/policy.py:199}}
Aug 13 04:13:34.554025 dv-cinder-759987-6-iscsi devstack@n-api.service[108755]: INFO nova.api.openstack.requestlog [None req-e78cd5ea-ea5a-46ff-8528-245d383eca4a tempest-AttachVolumeTestJSON-274816573 tempest-AttachVolumeTestJSON-274816573-project] 10.222.0.32 "GET /compute/v2.1/servers/52b213d0-7bf9-48cc-b947-af88a381aee5" status: 200 len: 1364 microversion: 2.1 time: 0.207118
Aug 13 04:13:34.558716 dv-cinder-759987-6-iscsi devstack@n-api.service[108756]: DEBUG nova.api.openstack.wsgi [None req-4244c690-070e-430d-8851-25ed259a1672 tempest-AttachVolumeNegativeTest-1183009194 tempest-AttachVolumeNegativeTest-1183009194-project] Calling method '>' {{(pid=108756) _process_stack /opt/stack/nova/nova/api/openstack/wsgi.py:513}}
Aug 13 04:13:34.559515 dv-cinder-759987-6-iscsi devstack@n-api.service[108756]: DEBUG nova.compute.api [None req-4244c690-070e-430d-8851-25ed259a1672 tempest-AttachVolumeNegativeTest-1183009194 tempest-AttachVolumeNegativeTest-1183009194-project] [instance: b2caf8fb-8e6f-4ead-9c0b-fb864a814fdc] Fetching instance by UUID {{(pid=108756) get /opt/stack/nova/nova/compute/api.py:2791}}
Aug 13 04:13:34.563532 dv-cinder-759987-6-iscsi devstack@n-api.service[108755]: [pid: 108755|app: 0|req: 57/112] 10.222.0.32 () {58 vars in 1236 bytes} [Fri Aug 13 04:13:34 2021] GET /compute/v2.1/servers/52b213d0-7bf9-48cc-b947-af88a381aee5 => generated 1364 bytes in 217 msecs (HTTP/1.1 200) 9 headers in 358 bytes (2 switches on core 0)
Aug 13 04:13:34.568631 dv-cinder-759987-6-iscsi devstack@n-api.service[108756]: DEBUG oslo_concurrency.lockutils [None req-4244c690-070e-430d-8851-25ed259a1672 tempest-AttachVolumeNegativeTest-1183009194 tempest-AttachVolumeNegativeTest-1183009194-project] Lock "794380d6-d333-4562-8409-8de8aa2f65ec" acquired by "nova.context.set_target_cell..get_or_set_cached_cell_and_set_connections" :: waited 0.000s {{(pid=108756) inner /usr/local/lib/python3.8/dist-packages/oslo_concurrency/lockutils.py:355}}
Aug 13 04:13:34.568631 dv-cinder-759987-6-iscsi devstack@n-api.service[108756]: DEBUG oslo_concurrency.lockutils [None req-4244c690-070e-430d-8851-25ed259a1672 tempest-AttachVolumeNegativeTest-1183009194 tempest-AttachVolumeNegativeTest-1183009194-project] Lock "794380d6-d333-4562-8409-8de8aa2f65ec" released by "nova.context.set_target_cell..get_or_set_cached_cell_and_set_connections" :: held 0.001s {{(pid=108756) inner /usr/local/lib/python3.8/dist-packages/oslo_concurrency/lockutils.py:367}}
Aug 13 04:13:34.568631 dv-cinder-759987-6-iscsi devstack@n-api.service[108756]: DEBUG oslo_concurrency.lockutils [None req-4244c690-070e-430d-8851-25ed259a1672 tempest-AttachVolumeNegativeTest-1183009194 tempest-AttachVolumeNegativeTest-1183009194-project] Lock "794380d6-d333-4562-8409-8de8aa2f65ec" acquired by "nova.context.set_target_cell..get_or_set_cached_cell_and_set_connections" :: waited 0.000s {{(pid=108756) inner /usr/local/lib/python3.8/dist-packages/oslo_concurrency/lockutils.py:355}}
