Sep 03 17:24:05.281420 dv-cinder-759962-8-smb devstack@n-api.service[93589]: DEBUG oslo_concurrency.lockutils [None req-149da834-01b6-4549-a875-913f1f4fb41c None None] Lock "ca316373-cfbc-4e0a-a93c-901555aa6aa5" released by "nova.context.set_target_cell.<locals>.get_or_set_cached_cell_and_set_connections" :: held 0.002s {{(pid=93589) inner /usr/local/lib/python3.8/dist-packages/oslo_concurrency/lockutils.py:367}}
Sep 03 17:24:05.281958 dv-cinder-759962-8-smb devstack@n-api.service[93590]: DEBUG oslo_concurrency.lockutils [None req-4c8e18db-f564-472a-998b-cfb609a9dd40 None None] Lock "00000000-0000-0000-0000-000000000000" acquired by "nova.context.set_target_cell.<locals>.get_or_set_cached_cell_and_set_connections" :: waited 0.000s {{(pid=93590) inner /usr/local/lib/python3.8/dist-packages/oslo_concurrency/lockutils.py:355}}
Sep 03 17:24:05.283581 dv-cinder-759962-8-smb devstack@n-api.service[93590]: DEBUG oslo_concurrency.lockutils [None req-4c8e18db-f564-472a-998b-cfb609a9dd40 None None] Lock "00000000-0000-0000-0000-000000000000" released by "nova.context.set_target_cell.<locals>.get_or_set_cached_cell_and_set_connections" :: held 0.002s {{(pid=93590) inner /usr/local/lib/python3.8/dist-packages/oslo_concurrency/lockutils.py:367}}
Sep 03 17:24:05.284408 dv-cinder-759962-8-smb devstack@n-api.service[93590]: DEBUG oslo_concurrency.lockutils [None req-4c8e18db-f564-472a-998b-cfb609a9dd40 None None] Lock "ca316373-cfbc-4e0a-a93c-901555aa6aa5" acquired by "nova.context.set_target_cell.<locals>.get_or_set_cached_cell_and_set_connections" :: waited 0.000s {{(pid=93590) inner /usr/local/lib/python3.8/dist-packages/oslo_concurrency/lockutils.py:355}}
Sep 03 17:24:05.286353 dv-cinder-759962-8-smb devstack@n-api.service[93590]: DEBUG oslo_concurrency.lockutils [None req-4c8e18db-f564-472a-998b-cfb609a9dd40 None None] Lock "ca316373-cfbc-4e0a-a93c-901555aa6aa5" released by "nova.context.set_target_cell.<locals>.get_or_set_cached_cell_and_set_connections" :: held 0.002s {{(pid=93590) inner /usr/local/lib/python3.8/dist-packages/oslo_concurrency/lockutils.py:367}}
Sep 03 17:24:05.292069 dv-cinder-759962-8-smb devstack@n-api.service[93589]: DEBUG oslo_db.sqlalchemy.engines [None req-149da834-01b6-4549-a875-913f1f4fb41c None None] MySQL server mode set to STRICT_TRANS_TABLES,STRICT_ALL_TABLES,NO_ZERO_IN_DATE,NO_ZERO_DATE,ERROR_FOR_DIVISION_BY_ZERO,TRADITIONAL,NO_ENGINE_SUBSTITUTION {{(pid=93589) _check_effective_sql_mode /usr/local/lib/python3.8/dist-packages/oslo_db/sqlalchemy/engines.py:314}}
Sep 03 17:24:05.293531 dv-cinder-759962-8-smb devstack@n-api.service[93589]: DEBUG oslo_db.sqlalchemy.engines [None req-149da834-01b6-4549-a875-913f1f4fb41c None None] MySQL server mode set to STRICT_TRANS_TABLES,STRICT_ALL_TABLES,NO_ZERO_IN_DATE,NO_ZERO_DATE,ERROR_FOR_DIVISION_BY_ZERO,TRADITIONAL,NO_ENGINE_SUBSTITUTION {{(pid=93589) _check_effective_sql_mode /usr/local/lib/python3.8/dist-packages/oslo_db/sqlalchemy/engines.py:314}}
Sep 03 17:24:05.298772 dv-cinder-759962-8-smb devstack@n-api.service[93590]: DEBUG oslo_db.sqlalchemy.engines [None req-4c8e18db-f564-472a-998b-cfb609a9dd40 None None] MySQL server mode set to STRICT_TRANS_TABLES,STRICT_ALL_TABLES,NO_ZERO_IN_DATE,NO_ZERO_DATE,ERROR_FOR_DIVISION_BY_ZERO,TRADITIONAL,NO_ENGINE_SUBSTITUTION {{(pid=93590) _check_effective_sql_mode /usr/local/lib/python3.8/dist-packages/oslo_db/sqlalchemy/engines.py:314}}
Sep 03 17:24:05.305002 dv-cinder-759962-8-smb devstack@n-api.service[93590]: DEBUG oslo_db.sqlalchemy.engines [None req-4c8e18db-f564-472a-998b-cfb609a9dd40 None None] MySQL server mode set to STRICT_TRANS_TABLES,STRICT_ALL_TABLES,NO_ZERO_IN_DATE,NO_ZERO_DATE,ERROR_FOR_DIVISION_BY_ZERO,TRADITIONAL,NO_ENGINE_SUBSTITUTION {{(pid=93590) _check_effective_sql_mode /usr/local/lib/python3.8/dist-packages/oslo_db/sqlalchemy/engines.py:314}}
Sep 03 17:24:05.551564 dv-cinder-759962-8-smb devstack@n-api.service[93589]: DEBUG oslo_db.sqlalchemy.engines [None req-149da834-01b6-4549-a875-913f1f4fb41c None None] MySQL server mode set to STRICT_TRANS_TABLES,STRICT_ALL_TABLES,NO_ZERO_IN_DATE,NO_ZERO_DATE,ERROR_FOR_DIVISION_BY_ZERO,TRADITIONAL,NO_ENGINE_SUBSTITUTION {{(pid=93589) _check_effective_sql_mode /usr/local/lib/python3.8/dist-packages/oslo_db/sqlalchemy/engines.py:314}}
Sep 03 17:24:05.556214 dv-cinder-759962-8-smb devstack@n-api.service[93590]: DEBUG oslo_db.sqlalchemy.engines [None req-4c8e18db-f564-472a-998b-cfb609a9dd40 None None] MySQL server mode set to STRICT_TRANS_TABLES,STRICT_ALL_TABLES,NO_ZERO_IN_DATE,NO_ZERO_DATE,ERROR_FOR_DIVISION_BY_ZERO,TRADITIONAL,NO_ENGINE_SUBSTITUTION {{(pid=93590) _check_effective_sql_mode /usr/local/lib/python3.8/dist-packages/oslo_db/sqlalchemy/engines.py:314}}
Sep 03 17:24:05.993045 dv-cinder-759962-8-smb devstack@n-api.service[93589]: WARNING keystonemiddleware.auth_token [None req-149da834-01b6-4549-a875-913f1f4fb41c None None] AuthToken middleware is set with keystone_authtoken.service_token_roles_required set to False. This is backwards compatible but deprecated behaviour. Please set this to True.
Sep 03 17:24:06.000074 dv-cinder-759962-8-smb devstack@n-api.service[93589]: WARNING keystonemiddleware.auth_token [None req-149da834-01b6-4549-a875-913f1f4fb41c None None] Configuring www_authenticate_uri to point to the public identity endpoint is required; clients may not be able to authenticate against an admin endpoint
Sep 03 17:24:06.024475 dv-cinder-759962-8-smb devstack@n-api.service[93590]: WARNING keystonemiddleware.auth_token [None req-4c8e18db-f564-472a-998b-cfb609a9dd40 None None] AuthToken middleware is set with keystone_authtoken.service_token_roles_required set to False. This is backwards compatible but deprecated behaviour. Please set this to True.
Sep 03 17:24:06.030931 dv-cinder-759962-8-smb devstack@n-api.service[93590]: WARNING keystonemiddleware.auth_token [None req-4c8e18db-f564-472a-998b-cfb609a9dd40 None None] Configuring www_authenticate_uri to point to the public identity endpoint is required; clients may not be able to authenticate against an admin endpoint
Sep 03 17:24:06.342088 dv-cinder-759962-8-smb devstack@n-api.service[93589]: WARNING keystonemiddleware.auth_token [None req-149da834-01b6-4549-a875-913f1f4fb41c None None] AuthToken middleware is set with keystone_authtoken.service_token_roles_required set to False. This is backwards compatible but deprecated behaviour. Please set this to True.
Sep 03 17:24:06.347218 dv-cinder-759962-8-smb devstack@n-api.service[93589]: WARNING keystonemiddleware.auth_token [None req-149da834-01b6-4549-a875-913f1f4fb41c None None] Configuring www_authenticate_uri to point to the public identity endpoint is required; clients may not be able to authenticate against an admin endpoint
Sep 03 17:24:06.352473 dv-cinder-759962-8-smb devstack@n-api.service[93589]: WSGI app 0 (mountpoint='') ready in 6 seconds on interpreter 0x557e897529c0 pid: 93589 (default app)
Sep 03 17:24:06.354556 dv-cinder-759962-8-smb devstack@n-api.service[93589]: DEBUG nova.api.openstack.wsgi [None req-149da834-01b6-4549-a875-913f1f4fb41c None None] Calling method '<bound method VersionsV2.index of <nova.api.openstack.compute.versions.VersionsV2 object at 0x7f1036e663a0>>' {{(pid=93589) _process_stack /opt/stack/nova/nova/api/openstack/wsgi.py:513}}
Sep 03 17:24:06.355739 dv-cinder-759962-8-smb devstack@n-api.service[93589]: INFO nova.api.openstack.requestlog [None req-149da834-01b6-4549-a875-913f1f4fb41c None None] 10.222.0.20 "GET /compute/v2.1/" status: 200 len: 388 microversion: 2.1 time: 0.001762
Sep 03 17:24:06.356788 dv-cinder-759962-8-smb devstack@n-api.service[93589]: [pid: 93589|app: 0|req: 1/1] 10.222.0.20 () {50 vars in 789 bytes} [Fri Sep  3 17:24:06 2021] GET /compute/v2.1/ => generated 388 bytes in 4 msecs (HTTP/1.1 200) 9 headers in 357 bytes (1 switches on core 0)
Sep 03 17:24:06.373326 dv-cinder-759962-8-smb devstack@n-api.service[93590]: WARNING keystonemiddleware.auth_token [None req-4c8e18db-f564-472a-998b-cfb609a9dd40 None None] AuthToken middleware is set with keystone_authtoken.service_token_roles_required set to False. This is backwards compatible but deprecated behaviour. Please set this to True.
Sep 03 17:24:06.378463 dv-cinder-759962-8-smb devstack@n-api.service[93590]: WARNING keystonemiddleware.auth_token [None req-4c8e18db-f564-472a-998b-cfb609a9dd40 None None] Configuring www_authenticate_uri to point to the public identity endpoint is required; clients may not be able to authenticate against an admin endpoint
Sep 03 17:24:06.383734 dv-cinder-759962-8-smb devstack@n-api.service[93590]: WSGI app 0 (mountpoint='') ready in 6 seconds on interpreter 0x557e897529c0 pid: 93590 (default app)
Sep 03 17:25:28.636988 dv-cinder-759962-8-smb devstack@n-api.service[93589]: DEBUG nova.api.openstack.wsgi [None req-149da834-01b6-4549-a875-913f1f4fb41c None None] Calling method '<bound method VersionsV2.index of <nova.api.openstack.compute.versions.VersionsV2 object at 0x7f1036e663a0>>' {{(pid=93589) _process_stack /opt/stack/nova/nova/api/openstack/wsgi.py:513}}
Sep 03 17:25:28.644438 dv-cinder-759962-8-smb devstack@n-api.service[93589]: INFO nova.api.openstack.requestlog [None req-149da834-01b6-4549-a875-913f1f4fb41c None None] 10.222.0.20 "GET /compute/v2.1" status: 200 len: 388 microversion: 2.1 time: 0.001949
Sep 03 17:25:28.644438 dv-cinder-759962-8-smb devstack@n-api.service[93589]: [pid: 93589|app: 0|req: 2/2] 10.222.0.20 () {54 vars in 931 bytes} [Fri Sep  3 17:25:28 2021] GET /compute/v2.1 => generated 388 bytes in 3 msecs (HTTP/1.1 200) 9 headers in 357 bytes (1 switches on core 0)
Sep 03 17:25:29.063905 dv-cinder-759962-8-smb devstack@n-api.service[93590]: DEBUG nova.api.openstack.wsgi [None req-dd206a62-3496-4d62-b910-1d7044795a61 admin admin] Calling method '<bound method FlavorsController.detail of <nova.api.openstack.compute.flavors.FlavorsController object at 0x7f103699c970>>' {{(pid=93590) _process_stack /opt/stack/nova/nova/api/openstack/wsgi.py:513}}
Sep 03 17:25:29.095095 dv-cinder-759962-8-smb devstack@n-api.service[93590]: INFO nova.api.openstack.requestlog [None req-dd206a62-3496-4d62-b910-1d7044795a61 admin admin] 10.222.0.20 "GET /compute/v2.1/flavors/detail?is_public=True" status: 200 len: 15 microversion: 2.61 time: 0.448474
Sep 03 17:25:29.095835 dv-cinder-759962-8-smb devstack@n-api.service[93590]: [pid: 93590|app: 0|req: 1/3] 10.222.0.20 () {60 vars in 1292 bytes} [Fri Sep  3 17:25:28 2021] GET /compute/v2.1/flavors/detail?is_public=True => generated 15 bytes in 450 msecs (HTTP/1.1 200) 9 headers in 358 bytes (1 switches on core 0)
Sep 03 17:25:31.295073 dv-cinder-759962-8-smb devstack@n-api.service[93589]: DEBUG nova.api.openstack.wsgi [None req-149da834-01b6-4549-a875-913f1f4fb41c None None] Calling method '<bound method VersionsV2.index of <nova.api.openstack.compute.versions.VersionsV2 object at 0x7f1036e663a0>>' {{(pid=93589) _process_stack /opt/stack/nova/nova/api/openstack/wsgi.py:513}}
Sep 03 17:25:31.296214 dv-cinder-759962-8-smb devstack@n-api.service[93589]: INFO nova.api.openstack.requestlog [None req-149da834-01b6-4549-a875-913f1f4fb41c None None] 10.222.0.20 "GET /compute/v2.1" status: 200 len: 388 microversion: 2.1 time: 0.001563
Sep 03 17:25:31.296651 dv-cinder-759962-8-smb devstack@n-api.service[93589]: [pid: 93589|app: 0|req: 3/4] 10.222.0.20 () {54 vars in 931 bytes} [Fri Sep  3 17:25:31 2021] GET /compute/v2.1 => generated 388 bytes in 3 msecs (HTTP/1.1 200) 9 headers in 357 bytes (1 switches on core 0)
Sep 03 17:25:31.364472 dv-cinder-759962-8-smb devstack@n-api.service[93590]: DEBUG nova.api.openstack.wsgi [None req-06e5ea6f-3162-4e51-b83f-5dfc74dd9507 admin admin] Action: 'create', calling method: <bound method FlavorManageController._create of <nova.api.openstack.compute.flavor_manage.FlavorManageController object at 0x7f103699c9a0>>, body: {"flavor": {"swap": 0, "disk": 1, "vcpus": 1, "rxtx_factor": 1.0, "OS-FLV-EXT-DATA:ephemeral": 0, "name": "cirros256", "os-flavor-access:is_public": true, "ram": 256, "id": "c1"}} {{(pid=93590) _process_stack /opt/stack/nova/nova/api/openstack/wsgi.py:511}}
Sep 03 17:25:31.382815 dv-cinder-759962-8-smb devstack@n-api.service[93590]: /usr/local/lib/python3.8/dist-packages/oslo_policy/policy.py:1064: UserWarning: Policy os_compute_api:os-flavor-manage:create failed scope check. The token used to make the request was project scoped but the policy requires ['system'] scope. This behavior may change in the future where using the intended scope is required
Sep 03 17:25:31.382815 dv-cinder-759962-8-smb devstack@n-api.service[93590]:   warnings.warn(msg)
Sep 03 17:25:31.461311 dv-cinder-759962-8-smb devstack@n-api.service[93590]: INFO nova.api.openstack.requestlog [None req-06e5ea6f-3162-4e51-b83f-5dfc74dd9507 admin admin] 10.222.0.20 "POST /compute/v2.1/flavors" status: 200 len: 407 microversion: 2.61 time: 0.157132
Sep 03 17:25:31.462765 dv-cinder-759962-8-smb devstack@n-api.service[93590]: [pid: 93590|app: 0|req: 2/5] 10.222.0.20 () {64 vars in 1283 bytes} [Fri Sep  3 17:25:31 2021] POST /compute/v2.1/flavors => generated 407 bytes in 159 msecs (HTTP/1.1 200) 9 headers in 359 bytes (1 switches on core 0)
Sep 03 17:25:31.681474 dv-cinder-759962-8-smb devstack@n-api.service[93589]: DEBUG nova.api.openstack.wsgi [None req-59310db9-1f63-433f-8092-81c6f55a621b admin admin] Action: 'create', calling method: <bound method FlavorExtraSpecsController.create of <nova.api.openstack.compute.flavors_extraspecs.FlavorExtraSpecsController object at 0x7f10369af9a0>>, body: {"extra_specs": {"hw_rng:allowed": "True"}} {{(pid=93589) _process_stack /opt/stack/nova/nova/api/openstack/wsgi.py:511}}
Sep 03 17:25:31.683770 dv-cinder-759962-8-smb devstack@n-api.service[93589]: /usr/local/lib/python3.8/dist-packages/oslo_policy/policy.py:1064: UserWarning: Policy os_compute_api:os-flavor-extra-specs:create failed scope check. The token used to make the request was project scoped but the policy requires ['system'] scope. This behavior may change in the future where using the intended scope is required
Sep 03 17:25:31.683770 dv-cinder-759962-8-smb devstack@n-api.service[93589]:   warnings.warn(msg)
Sep 03 17:25:31.797405 dv-cinder-759962-8-smb devstack@n-api.service[93589]: INFO nova.api.openstack.requestlog [None req-59310db9-1f63-433f-8092-81c6f55a621b admin admin] 10.222.0.20 "POST /compute/v2.1/flavors/c1/os-extra_specs" status: 200 len: 43 microversion: 2.61 time: 0.326193
Sep 03 17:25:31.798301 dv-cinder-759962-8-smb devstack@n-api.service[93589]: [pid: 93589|app: 0|req: 4/6] 10.222.0.20 () {64 vars in 1336 bytes} [Fri Sep  3 17:25:31 2021] POST /compute/v2.1/flavors/c1/os-extra_specs => generated 43 bytes in 328 msecs (HTTP/1.1 200) 9 headers in 358 bytes (1 switches on core 0)
Sep 03 17:25:33.997624 dv-cinder-759962-8-smb devstack@n-api.service[93590]: DEBUG nova.api.openstack.wsgi [None req-06e5ea6f-3162-4e51-b83f-5dfc74dd9507 admin admin] Calling method '<bound method VersionsV2.index of <nova.api.openstack.compute.versions.VersionsV2 object at 0x7f1036e644f0>>' {{(pid=93590) _process_stack /opt/stack/nova/nova/api/openstack/wsgi.py:513}}
Sep 03 17:25:33.998679 dv-cinder-759962-8-smb devstack@n-api.service[93590]: INFO nova.api.openstack.requestlog [None req-06e5ea6f-3162-4e51-b83f-5dfc74dd9507 admin admin] 10.222.0.20 "GET /compute/v2.1" status: 200 len: 388 microversion: 2.1 time: 0.001477
Sep 03 17:25:33.999076 dv-cinder-759962-8-smb devstack@n-api.service[93590]: [pid: 93590|app: 0|req: 3/7] 10.222.0.20 () {54 vars in 931 bytes} [Fri Sep  3 17:25:33 2021] GET /compute/v2.1 => generated 388 bytes in 2 msecs (HTTP/1.1 200) 9 headers in 357 bytes (1 switches on core 0)
Sep 03 17:25:34.104803 dv-cinder-759962-8-smb devstack@n-api.service[93589]: DEBUG nova.api.openstack.wsgi [None req-34968684-3398-44c7-88b4-fed1438384a4 admin admin] Action: 'create', calling method: <bound method FlavorManageController._create of <nova.api.openstack.compute.flavor_manage.FlavorManageController object at 0x7f10369a3be0>>, body: {"flavor": {"id": "d1", "rxtx_factor": 1.0, "swap": 0, "name": "ds512M", "os-flavor-access:is_public": true, "OS-FLV-EXT-DATA:ephemeral": 0, "disk": 5, "ram": 512, "vcpus": 1}} {{(pid=93589) _process_stack /opt/stack/nova/nova/api/openstack/wsgi.py:511}}
Sep 03 17:25:34.122688 dv-cinder-759962-8-smb devstack@n-api.service[93589]: /usr/local/lib/python3.8/dist-packages/oslo_policy/policy.py:1064: UserWarning: Policy os_compute_api:os-flavor-manage:create failed scope check. The token used to make the request was project scoped but the policy requires ['system'] scope. This behavior may change in the future where using the intended scope is required
Sep 03 17:25:34.122688 dv-cinder-759962-8-smb devstack@n-api.service[93589]:   warnings.warn(msg)
Sep 03 17:25:34.222844 dv-cinder-759962-8-smb devstack@n-api.service[93589]: INFO nova.api.openstack.requestlog [None req-34968684-3398-44c7-88b4-fed1438384a4 admin admin] 10.222.0.20 "POST /compute/v2.1/flavors" status: 200 len: 404 microversion: 2.61 time: 0.217359
Sep 03 17:25:34.224053 dv-cinder-759962-8-smb devstack@n-api.service[93589]: [pid: 93589|app: 0|req: 5/8] 10.222.0.20 () {64 vars in 1283 bytes} [Fri Sep  3 17:25:34 2021] POST /compute/v2.1/flavors => generated 404 bytes in 219 msecs (HTTP/1.1 200) 9 headers in 359 bytes (1 switches on core 0)
Sep 03 17:25:34.236860 dv-cinder-759962-8-smb devstack@n-api.service[93590]: DEBUG nova.api.openstack.wsgi [None req-0f30ca42-4cfe-4194-9f8d-88dd157b813e admin admin] Action: 'create', calling method: <bound method FlavorExtraSpecsController.create of <nova.api.openstack.compute.flavors_extraspecs.FlavorExtraSpecsController object at 0x7f10369a9760>>, body: {"extra_specs": {"hw_rng:allowed": "True"}} {{(pid=93590) _process_stack /opt/stack/nova/nova/api/openstack/wsgi.py:511}}
Sep 03 17:25:34.238517 dv-cinder-759962-8-smb devstack@n-api.service[93590]: /usr/local/lib/python3.8/dist-packages/oslo_policy/policy.py:1064: UserWarning: Policy os_compute_api:os-flavor-extra-specs:create failed scope check. The token used to make the request was project scoped but the policy requires ['system'] scope. This behavior may change in the future where using the intended scope is required
Sep 03 17:25:34.238517 dv-cinder-759962-8-smb devstack@n-api.service[93590]:   warnings.warn(msg)
Sep 03 17:25:34.331160 dv-cinder-759962-8-smb devstack@n-api.service[93590]: INFO nova.api.openstack.requestlog [None req-0f30ca42-4cfe-4194-9f8d-88dd157b813e admin admin] 10.222.0.20 "POST /compute/v2.1/flavors/d1/os-extra_specs" status: 200 len: 43 microversion: 2.61 time: 0.097962
Sep 03 17:25:34.332029 dv-cinder-759962-8-smb devstack@n-api.service[93590]: [pid: 93590|app: 0|req: 4/9] 10.222.0.20 () {64 vars in 1336 bytes} [Fri Sep  3 17:25:34 2021] POST /compute/v2.1/flavors/d1/os-extra_specs => generated 43 bytes in 100 msecs (HTTP/1.1 200) 9 headers in 358 bytes (1 switches on core 0)
Sep 03 17:25:36.560785 dv-cinder-759962-8-smb devstack@n-api.service[93589]: DEBUG nova.api.openstack.wsgi [None req-34968684-3398-44c7-88b4-fed1438384a4 admin admin] Calling method '<bound method VersionsV2.index of <nova.api.openstack.compute.versions.VersionsV2 object at 0x7f1036e663a0>>' {{(pid=93589) _process_stack /opt/stack/nova/nova/api/openstack/wsgi.py:513}}
Sep 03 17:25:36.562641 dv-cinder-759962-8-smb devstack@n-api.service[93589]: INFO nova.api.openstack.requestlog [None req-34968684-3398-44c7-88b4-fed1438384a4 admin admin] 10.222.0.20 "GET /compute/v2.1" status: 200 len: 388 microversion: 2.1 time: 0.002030
Sep 03 17:25:36.563266 dv-cinder-759962-8-smb devstack@n-api.service[93589]: [pid: 93589|app: 0|req: 6/10] 10.222.0.20 () {54 vars in 931 bytes} [Fri Sep  3 17:25:36 2021] GET /compute/v2.1 => generated 388 bytes in 3 msecs (HTTP/1.1 200) 9 headers in 357 bytes (1 switches on core 0)
Sep 03 17:25:36.623624 dv-cinder-759962-8-smb devstack@n-api.service[93590]: DEBUG nova.api.openstack.wsgi [None req-c2746f69-93ac-4c64-913b-99af66a1fef2 admin admin] Action: 'create', calling method: <bound method FlavorManageController._create of <nova.api.openstack.compute.flavor_manage.FlavorManageController object at 0x7f103699c9a0>>, body: {"flavor": {"rxtx_factor": 1.0, "name": "ds1G", "disk": 10, "ram": 1024, "OS-FLV-EXT-DATA:ephemeral": 0, "os-flavor-access:is_public": true, "vcpus": 1, "swap": 0, "id": "d2"}} {{(pid=93590) _process_stack /opt/stack/nova/nova/api/openstack/wsgi.py:511}}
Sep 03 17:25:36.719193 dv-cinder-759962-8-smb devstack@n-api.service[93590]: INFO nova.api.openstack.requestlog [None req-c2746f69-93ac-4c64-913b-99af66a1fef2 admin admin] 10.222.0.20 "POST /compute/v2.1/flavors" status: 200 len: 404 microversion: 2.61 time: 0.148503
Sep 03 17:25:36.720144 dv-cinder-759962-8-smb devstack@n-api.service[93590]: [pid: 93590|app: 0|req: 5/11] 10.222.0.20 () {64 vars in 1283 bytes} [Fri Sep  3 17:25:36 2021] POST /compute/v2.1/flavors => generated 404 bytes in 151 msecs (HTTP/1.1 200) 9 headers in 359 bytes (2 switches on core 0)
Sep 03 17:25:36.732553 dv-cinder-759962-8-smb devstack@n-api.service[93589]: DEBUG nova.api.openstack.wsgi [None req-58c88904-10d2-451c-aba5-8b46732d994a admin admin] Action: 'create', calling method: <bound method FlavorExtraSpecsController.create of <nova.api.openstack.compute.flavors_extraspecs.FlavorExtraSpecsController object at 0x7f10369af9a0>>, body: {"extra_specs": {"hw_rng:allowed": "True"}} {{(pid=93589) _process_stack /opt/stack/nova/nova/api/openstack/wsgi.py:511}}
Sep 03 17:25:36.815938 dv-cinder-759962-8-smb devstack@n-api.service[93589]: INFO nova.api.openstack.requestlog [None req-58c88904-10d2-451c-aba5-8b46732d994a admin admin] 10.222.0.20 "POST /compute/v2.1/flavors/d2/os-extra_specs" status: 200 len: 43 microversion: 2.61 time: 0.086589
Sep 03 17:25:36.816809 dv-cinder-759962-8-smb devstack@n-api.service[93589]: [pid: 93589|app: 0|req: 7/12] 10.222.0.20 () {64 vars in 1336 bytes} [Fri Sep  3 17:25:36 2021] POST /compute/v2.1/flavors/d2/os-extra_specs => generated 43 bytes in 88 msecs (HTTP/1.1 200) 9 headers in 358 bytes (1 switches on core 0)
Sep 03 17:25:39.038306 dv-cinder-759962-8-smb devstack@n-api.service[93590]: DEBUG nova.api.openstack.wsgi [None req-c2746f69-93ac-4c64-913b-99af66a1fef2 admin admin] Calling method '<bound method VersionsV2.index of <nova.api.openstack.compute.versions.VersionsV2 object at 0x7f1036e644f0>>' {{(pid=93590) _process_stack /opt/stack/nova/nova/api/openstack/wsgi.py:513}}
Sep 03 17:25:39.039875 dv-cinder-759962-8-smb devstack@n-api.service[93590]: INFO nova.api.openstack.requestlog [None req-c2746f69-93ac-4c64-913b-99af66a1fef2 admin admin] 10.222.0.20 "GET /compute/v2.1" status: 200 len: 388 microversion: 2.1 time: 0.001549
Sep 03 17:25:39.040279 dv-cinder-759962-8-smb devstack@n-api.service[93590]: [pid: 93590|app: 0|req: 6/13] 10.222.0.20 () {54 vars in 931 bytes} [Fri Sep  3 17:25:39 2021] GET /compute/v2.1 => generated 388 bytes in 3 msecs (HTTP/1.1 200) 9 headers in 357 bytes (1 switches on core 0)
Sep 03 17:25:39.101210 dv-cinder-759962-8-smb devstack@n-api.service[93589]: DEBUG nova.api.openstack.wsgi [None req-c07bd45d-28ed-4b9c-a2f8-e657a5e9dd77 admin admin] Action: 'create', calling method: <bound method FlavorManageController._create of <nova.api.openstack.compute.flavor_manage.FlavorManageController object at 0x7f10369a3be0>>, body: {"flavor": {"os-flavor-access:is_public": true, "id": "d3", "vcpus": 2, "rxtx_factor": 1.0, "swap": 0, "name": "ds2G", "OS-FLV-EXT-DATA:ephemeral": 0, "ram": 2048, "disk": 10}} {{(pid=93589) _process_stack /opt/stack/nova/nova/api/openstack/wsgi.py:511}}
Sep 03 17:25:39.172550 dv-cinder-759962-8-smb devstack@n-api.service[93589]: INFO nova.api.openstack.requestlog [None req-c07bd45d-28ed-4b9c-a2f8-e657a5e9dd77 admin admin] 10.222.0.20 "POST /compute/v2.1/flavors" status: 200 len: 404 microversion: 2.61 time: 0.125274
Sep 03 17:25:39.173105 dv-cinder-759962-8-smb devstack@n-api.service[93589]: [pid: 93589|app: 0|req: 8/14] 10.222.0.20 () {64 vars in 1283 bytes} [Fri Sep  3 17:25:39 2021] POST /compute/v2.1/flavors => generated 404 bytes in 126 msecs (HTTP/1.1 200) 9 headers in 359 bytes (1 switches on core 0)
Sep 03 17:25:39.185710 dv-cinder-759962-8-smb devstack@n-api.service[93590]: DEBUG nova.api.openstack.wsgi [None req-78defff4-f6d8-4af2-ab2a-1e29d6213fc8 admin admin] Action: 'create', calling method: <bound method FlavorExtraSpecsController.create of <nova.api.openstack.compute.flavors_extraspecs.FlavorExtraSpecsController object at 0x7f10369a9760>>, body: {"extra_specs": {"hw_rng:allowed": "True"}} {{(pid=93590) _process_stack /opt/stack/nova/nova/api/openstack/wsgi.py:511}}
Sep 03 17:25:39.277947 dv-cinder-759962-8-smb devstack@n-api.service[93590]: INFO nova.api.openstack.requestlog [None req-78defff4-f6d8-4af2-ab2a-1e29d6213fc8 admin admin] 10.222.0.20 "POST /compute/v2.1/flavors/d3/os-extra_specs" status: 200 len: 43 microversion: 2.61 time: 0.095837
Sep 03 17:25:39.282645 dv-cinder-759962-8-smb devstack@n-api.service[93590]: [pid: 93590|app: 0|req: 7/15] 10.222.0.20 () {64 vars in 1336 bytes} [Fri Sep  3 17:25:39 2021] POST /compute/v2.1/flavors/d3/os-extra_specs => generated 43 bytes in 97 msecs (HTTP/1.1 200) 9 headers in 358 bytes (2 switches on core 0)
Sep 03 17:25:41.477134 dv-cinder-759962-8-smb devstack@n-api.service[93589]: DEBUG nova.api.openstack.wsgi [None req-c07bd45d-28ed-4b9c-a2f8-e657a5e9dd77 admin admin] Calling method '<bound method VersionsV2.index of <nova.api.openstack.compute.versions.VersionsV2 object at 0x7f1036e663a0>>' {{(pid=93589) _process_stack /opt/stack/nova/nova/api/openstack/wsgi.py:513}}
Sep 03 17:25:41.478172 dv-cinder-759962-8-smb devstack@n-api.service[93589]: INFO nova.api.openstack.requestlog [None req-c07bd45d-28ed-4b9c-a2f8-e657a5e9dd77 admin admin] 10.222.0.20 "GET /compute/v2.1" status: 200 len: 388 microversion: 2.1 time: 0.001513
Sep 03 17:25:41.478578 dv-cinder-759962-8-smb devstack@n-api.service[93589]: [pid: 93589|app: 0|req: 9/16] 10.222.0.20 () {54 vars in 931 bytes} [Fri Sep  3 17:25:41 2021] GET /compute/v2.1 => generated 388 bytes in 2 msecs (HTTP/1.1 200) 9 headers in 357 bytes (1 switches on core 0)
Sep 03 17:25:41.544358 dv-cinder-759962-8-smb devstack@n-api.service[93590]: DEBUG nova.api.openstack.wsgi [None req-e84aaf43-806c-4f71-b9f8-76139cc9f960 admin admin] Action: 'create', calling method: <bound method FlavorManageController._create of <nova.api.openstack.compute.flavor_manage.FlavorManageController object at 0x7f103699c9a0>>, body: {"flavor": {"id": "d4", "name": "ds4G", "os-flavor-access:is_public": true, "ram": 4096, "disk": 20, "rxtx_factor": 1.0, "swap": 0, "vcpus": 4, "OS-FLV-EXT-DATA:ephemeral": 0}} {{(pid=93590) _process_stack /opt/stack/nova/nova/api/openstack/wsgi.py:511}}
Sep 03 17:25:41.671962 dv-cinder-759962-8-smb devstack@n-api.service[93590]: INFO nova.api.openstack.requestlog [None req-e84aaf43-806c-4f71-b9f8-76139cc9f960 admin admin] 10.222.0.20 "POST /compute/v2.1/flavors" status: 200 len: 404 microversion: 2.61 time: 0.178617
Sep 03 17:25:41.671962 dv-cinder-759962-8-smb devstack@n-api.service[93590]: [pid: 93590|app: 0|req: 8/17] 10.222.0.20 () {64 vars in 1283 bytes} [Fri Sep  3 17:25:41 2021] POST /compute/v2.1/flavors => generated 404 bytes in 180 msecs (HTTP/1.1 200) 9 headers in 359 bytes (1 switches on core 0)
Sep 03 17:25:41.677025 dv-cinder-759962-8-smb devstack@n-api.service[93589]: DEBUG nova.api.openstack.wsgi [None req-75cab9f9-e93c-40b6-bd8e-8d369b2069d1 admin admin] Action: 'create', calling method: <bound method FlavorExtraSpecsController.create of <nova.api.openstack.compute.flavors_extraspecs.FlavorExtraSpecsController object at 0x7f10369af9a0>>, body: {"extra_specs": {"hw_rng:allowed": "True"}} {{(pid=93589) _process_stack /opt/stack/nova/nova/api/openstack/wsgi.py:511}}
Sep 03 17:25:41.752995 dv-cinder-759962-8-smb devstack@n-api.service[93589]: INFO nova.api.openstack.requestlog [None req-75cab9f9-e93c-40b6-bd8e-8d369b2069d1 admin admin] 10.222.0.20 "POST /compute/v2.1/flavors/d4/os-extra_specs" status: 200 len: 43 microversion: 2.61 time: 0.079741
Sep 03 17:25:41.753673 dv-cinder-759962-8-smb devstack@n-api.service[93589]: [pid: 93589|app: 0|req: 10/18] 10.222.0.20 () {64 vars in 1336 bytes} [Fri Sep  3 17:25:41 2021] POST /compute/v2.1/flavors/d4/os-extra_specs => generated 43 bytes in 81 msecs (HTTP/1.1 200) 9 headers in 358 bytes (1 switches on core 0)
Sep 03 17:25:43.968763 dv-cinder-759962-8-smb devstack@n-api.service[93590]: DEBUG nova.api.openstack.wsgi [None req-e84aaf43-806c-4f71-b9f8-76139cc9f960 admin admin] Calling method '<bound method VersionsV2.index of <nova.api.openstack.compute.versions.VersionsV2 object at 0x7f1036e644f0>>' {{(pid=93590) _process_stack /opt/stack/nova/nova/api/openstack/wsgi.py:513}}
Sep 03 17:25:43.969816 dv-cinder-759962-8-smb devstack@n-api.service[93590]: INFO nova.api.openstack.requestlog [None req-e84aaf43-806c-4f71-b9f8-76139cc9f960 admin admin] 10.222.0.20 "GET /compute/v2.1" status: 200 len: 388 microversion: 2.1 time: 0.001396
Sep 03 17:25:43.975607 dv-cinder-759962-8-smb devstack@n-api.service[93590]: [pid: 93590|app: 0|req: 9/19] 10.222.0.20 () {54 vars in 931 bytes} [Fri Sep  3 17:25:43 2021] GET /compute/v2.1 => generated 388 bytes in 7 msecs (HTTP/1.1 200) 9 headers in 357 bytes (1 switches on core 0)
Sep 03 17:25:44.042000 dv-cinder-759962-8-smb devstack@n-api.service[93589]: DEBUG nova.api.openstack.wsgi [None req-1aa60ca3-f0f3-4600-9914-c20e4465f3b3 admin admin] Calling method '<bound method FlavorsController.detail of <nova.api.openstack.compute.flavors.FlavorsController object at 0x7f10369a3bb0>>' {{(pid=93589) _process_stack /opt/stack/nova/nova/api/openstack/wsgi.py:513}}
Sep 03 17:25:44.067816 dv-cinder-759962-8-smb devstack@n-api.service[93589]: INFO nova.api.openstack.requestlog [None req-1aa60ca3-f0f3-4600-9914-c20e4465f3b3 admin admin] 10.222.0.20 "GET /compute/v2.1/flavors/detail?is_public=True" status: 200 len: 2106 microversion: 2.61 time: 0.091048
Sep 03 17:25:44.068689 dv-cinder-759962-8-smb devstack@n-api.service[93589]: [pid: 93589|app: 0|req: 11/20] 10.222.0.20 () {60 vars in 1292 bytes} [Fri Sep  3 17:25:43 2021] GET /compute/v2.1/flavors/detail?is_public=True => generated 2106 bytes in 92 msecs (HTTP/1.1 200) 9 headers in 360 bytes (2 switches on core 0)
Sep 03 17:25:46.231057 dv-cinder-759962-8-smb devstack@n-api.service[93590]: DEBUG nova.api.openstack.wsgi [None req-e84aaf43-806c-4f71-b9f8-76139cc9f960 admin admin] Calling method '<bound method VersionsV2.index of <nova.api.openstack.compute.versions.VersionsV2 object at 0x7f1036e644f0>>' {{(pid=93590) _process_stack /opt/stack/nova/nova/api/openstack/wsgi.py:513}}
Sep 03 17:25:46.232058 dv-cinder-759962-8-smb devstack@n-api.service[93590]: INFO nova.api.openstack.requestlog [None req-e84aaf43-806c-4f71-b9f8-76139cc9f960 admin admin] 10.222.0.20 "GET /compute/v2.1" status: 200 len: 388 microversion: 2.1 time: 0.001424
Sep 03 17:25:46.232454 dv-cinder-759962-8-smb devstack@n-api.service[93590]: [pid: 93590|app: 0|req: 10/21] 10.222.0.20 () {54 vars in 931 bytes} [Fri Sep  3 17:25:46 2021] GET /compute/v2.1 => generated 388 bytes in 2 msecs (HTTP/1.1 200) 9 headers in 357 bytes (2 switches on core 0)
Sep 03 17:25:46.292960 dv-cinder-759962-8-smb devstack@n-api.service[93589]: DEBUG nova.api.openstack.wsgi [None req-c8b868f9-f7e8-4e62-a5a0-bf98919d2aa8 admin admin] Action: 'create', calling method: <bound method FlavorManageController._create of <nova.api.openstack.compute.flavor_manage.FlavorManageController object at 0x7f10369a3be0>>, body: {"flavor": {"disk": 1, "OS-FLV-EXT-DATA:ephemeral": 0, "os-flavor-access:is_public": true, "ram": 512, "id": "1", "rxtx_factor": 1.0, "swap": 0, "vcpus": 1, "name": "m1.tiny"}} {{(pid=93589) _process_stack /opt/stack/nova/nova/api/openstack/wsgi.py:511}}
Sep 03 17:25:46.366138 dv-cinder-759962-8-smb devstack@n-api.service[93589]: INFO nova.api.openstack.requestlog [None req-c8b868f9-f7e8-4e62-a5a0-bf98919d2aa8 admin admin] 10.222.0.20 "POST /compute/v2.1/flavors" status: 200 len: 402 microversion: 2.61 time: 0.127220
Sep 03 17:25:46.366545 dv-cinder-759962-8-smb devstack@n-api.service[93589]: [pid: 93589|app: 0|req: 12/22] 10.222.0.20 () {64 vars in 1283 bytes} [Fri Sep  3 17:25:46 2021] POST /compute/v2.1/flavors => generated 402 bytes in 128 msecs (HTTP/1.1 200) 9 headers in 359 bytes (2 switches on core 0)
Sep 03 17:25:46.378577 dv-cinder-759962-8-smb devstack@n-api.service[93590]: DEBUG nova.api.openstack.wsgi [None req-eae408c3-0347-442c-9fac-3b56484b26b0 admin admin] Action: 'create', calling method: <bound method FlavorExtraSpecsController.create of <nova.api.openstack.compute.flavors_extraspecs.FlavorExtraSpecsController object at 0x7f10369a9760>>, body: {"extra_specs": {"hw_rng:allowed": "True"}} {{(pid=93590) _process_stack /opt/stack/nova/nova/api/openstack/wsgi.py:511}}
Sep 03 17:25:46.449080 dv-cinder-759962-8-smb devstack@n-api.service[93590]: INFO nova.api.openstack.requestlog [None req-eae408c3-0347-442c-9fac-3b56484b26b0 admin admin] 10.222.0.20 "POST /compute/v2.1/flavors/1/os-extra_specs" status: 200 len: 43 microversion: 2.61 time: 0.074021
Sep 03 17:25:46.449664 dv-cinder-759962-8-smb devstack@n-api.service[93590]: [pid: 93590|app: 0|req: 11/23] 10.222.0.20 () {64 vars in 1333 bytes} [Fri Sep  3 17:25:46 2021] POST /compute/v2.1/flavors/1/os-extra_specs => generated 43 bytes in 75 msecs (HTTP/1.1 200) 9 headers in 358 bytes (1 switches on core 0)
Sep 03 17:25:48.612427 dv-cinder-759962-8-smb devstack@n-api.service[93589]: DEBUG nova.api.openstack.wsgi [None req-c8b868f9-f7e8-4e62-a5a0-bf98919d2aa8 admin admin] Calling method '<bound method VersionsV2.index of <nova.api.openstack.compute.versions.VersionsV2 object at 0x7f1036e663a0>>' {{(pid=93589) _process_stack /opt/stack/nova/nova/api/openstack/wsgi.py:513}}
Sep 03 17:25:48.613434 dv-cinder-759962-8-smb devstack@n-api.service[93589]: INFO nova.api.openstack.requestlog [None req-c8b868f9-f7e8-4e62-a5a0-bf98919d2aa8 admin admin] 10.222.0.20 "GET /compute/v2.1" status: 200 len: 388 microversion: 2.1 time: 0.001499
Sep 03 17:25:48.613847 dv-cinder-759962-8-smb devstack@n-api.service[93589]: [pid: 93589|app: 0|req: 13/24] 10.222.0.20 () {54 vars in 931 bytes} [Fri Sep  3 17:25:48 2021] GET /compute/v2.1 => generated 388 bytes in 2 msecs (HTTP/1.1 200) 9 headers in 357 bytes (1 switches on core 0)
Sep 03 17:25:48.686126 dv-cinder-759962-8-smb devstack@n-api.service[93590]: DEBUG nova.api.openstack.wsgi [None req-0b3301b6-955d-4abf-8633-1e7721c23d0a admin admin] Action: 'create', calling method: <bound method FlavorManageController._create of <nova.api.openstack.compute.flavor_manage.FlavorManageController object at 0x7f103699c9a0>>, body: {"flavor": {"id": "2", "name": "m1.small", "ram": 2048, "OS-FLV-EXT-DATA:ephemeral": 0, "swap": 0, "disk": 20, "os-flavor-access:is_public": true, "vcpus": 1, "rxtx_factor": 1.0}} {{(pid=93590) _process_stack /opt/stack/nova/nova/api/openstack/wsgi.py:511}}
Sep 03 17:25:48.760233 dv-cinder-759962-8-smb devstack@n-api.service[93590]: INFO nova.api.openstack.requestlog [None req-0b3301b6-955d-4abf-8633-1e7721c23d0a admin admin] 10.222.0.20 "POST /compute/v2.1/flavors" status: 200 len: 405 microversion: 2.61 time: 0.140149
Sep 03 17:25:48.760943 dv-cinder-759962-8-smb devstack@n-api.service[93590]: [pid: 93590|app: 0|req: 12/25] 10.222.0.20 () {64 vars in 1283 bytes} [Fri Sep  3 17:25:48 2021] POST /compute/v2.1/flavors => generated 405 bytes in 141 msecs (HTTP/1.1 200) 9 headers in 359 bytes (1 switches on core 0)
Sep 03 17:25:48.773011 dv-cinder-759962-8-smb devstack@n-api.service[93589]: DEBUG nova.api.openstack.wsgi [None req-8aa28d35-a31a-47ea-b008-c544ca78b4c7 admin admin] Action: 'create', calling method: <bound method FlavorExtraSpecsController.create of <nova.api.openstack.compute.flavors_extraspecs.FlavorExtraSpecsController object at 0x7f10369af9a0>>, body: {"extra_specs": {"hw_rng:allowed": "True"}} {{(pid=93589) _process_stack /opt/stack/nova/nova/api/openstack/wsgi.py:511}}
Sep 03 17:25:48.831625 dv-cinder-759962-8-smb devstack@n-api.service[93589]: INFO nova.api.openstack.requestlog [None req-8aa28d35-a31a-47ea-b008-c544ca78b4c7 admin admin] 10.222.0.20 "POST /compute/v2.1/flavors/2/os-extra_specs" status: 200 len: 43 microversion: 2.61 time: 0.062081
Sep 03 17:25:48.832134 dv-cinder-759962-8-smb devstack@n-api.service[93589]: [pid: 93589|app: 0|req: 14/26] 10.222.0.20 () {64 vars in 1333 bytes} [Fri Sep  3 17:25:48 2021] POST /compute/v2.1/flavors/2/os-extra_specs => generated 43 bytes in 63 msecs (HTTP/1.1 200) 9 headers in 358 bytes (1 switches on core 0)
Sep 03 17:25:50.996467 dv-cinder-759962-8-smb devstack@n-api.service[93590]: DEBUG nova.api.openstack.wsgi [None req-0b3301b6-955d-4abf-8633-1e7721c23d0a admin admin] Calling method '<bound method VersionsV2.index of <nova.api.openstack.compute.versions.VersionsV2 object at 0x7f1036e644f0>>' {{(pid=93590) _process_stack /opt/stack/nova/nova/api/openstack/wsgi.py:513}}
Sep 03 17:25:50.997607 dv-cinder-759962-8-smb devstack@n-api.service[93590]: INFO nova.api.openstack.requestlog [None req-0b3301b6-955d-4abf-8633-1e7721c23d0a admin admin] 10.222.0.20 "GET /compute/v2.1" status: 200 len: 388 microversion: 2.1 time: 0.001557
Sep 03 17:25:50.998143 dv-cinder-759962-8-smb devstack@n-api.service[93590]: [pid: 93590|app: 0|req: 13/27] 10.222.0.20 () {54 vars in 931 bytes} [Fri Sep  3 17:25:50 2021] GET /compute/v2.1 => generated 388 bytes in 3 msecs (HTTP/1.1 200) 9 headers in 357 bytes (1 switches on core 0)
Sep 03 17:25:51.055743 dv-cinder-759962-8-smb devstack@n-api.service[93589]: DEBUG nova.api.openstack.wsgi [None req-9b2d6507-c81e-4bca-91a9-2ddd87f6070a admin admin] Action: 'create', calling method: <bound method FlavorManageController._create of <nova.api.openstack.compute.flavor_manage.FlavorManageController object at 0x7f10369a3be0>>, body: {"flavor": {"OS-FLV-EXT-DATA:ephemeral": 0, "disk": 40, "vcpus": 2, "swap": 0, "os-flavor-access:is_public": true, "id": "3", "name": "m1.medium", "ram": 4096, "rxtx_factor": 1.0}} {{(pid=93589) _process_stack /opt/stack/nova/nova/api/openstack/wsgi.py:511}}
Sep 03 17:25:51.155757 dv-cinder-759962-8-smb devstack@n-api.service[93589]: INFO nova.api.openstack.requestlog [None req-9b2d6507-c81e-4bca-91a9-2ddd87f6070a admin admin] 10.222.0.20 "POST /compute/v2.1/flavors" status: 200 len: 406 microversion: 2.61 time: 0.151237
Sep 03 17:25:51.156312 dv-cinder-759962-8-smb devstack@n-api.service[93589]: [pid: 93589|app: 0|req: 15/28] 10.222.0.20 () {64 vars in 1283 bytes} [Fri Sep  3 17:25:51 2021] POST /compute/v2.1/flavors => generated 406 bytes in 152 msecs (HTTP/1.1 200) 9 headers in 359 bytes (2 switches on core 0)
Sep 03 17:25:51.169589 dv-cinder-759962-8-smb devstack@n-api.service[93590]: DEBUG nova.api.openstack.wsgi [None req-02f2b0de-86d5-4f5f-882a-0883bc785da5 admin admin] Action: 'create', calling method: <bound method FlavorExtraSpecsController.create of <nova.api.openstack.compute.flavors_extraspecs.FlavorExtraSpecsController object at 0x7f10369a9760>>, body: {"extra_specs": {"hw_rng:allowed": "True"}} {{(pid=93590) _process_stack /opt/stack/nova/nova/api/openstack/wsgi.py:511}}
Sep 03 17:25:51.254934 dv-cinder-759962-8-smb devstack@n-api.service[93590]: INFO nova.api.openstack.requestlog [None req-02f2b0de-86d5-4f5f-882a-0883bc785da5 admin admin] 10.222.0.20 "POST /compute/v2.1/flavors/3/os-extra_specs" status: 200 len: 43 microversion: 2.61 time: 0.089315
Sep 03 17:25:51.255544 dv-cinder-759962-8-smb devstack@n-api.service[93590]: [pid: 93590|app: 0|req: 14/29] 10.222.0.20 () {64 vars in 1333 bytes} [Fri Sep  3 17:25:51 2021] POST /compute/v2.1/flavors/3/os-extra_specs => generated 43 bytes in 91 msecs (HTTP/1.1 200) 9 headers in 358 bytes (2 switches on core 0)
Sep 03 17:25:53.472477 dv-cinder-759962-8-smb devstack@n-api.service[93589]: DEBUG nova.api.openstack.wsgi [None req-9b2d6507-c81e-4bca-91a9-2ddd87f6070a admin admin] Calling method '<bound method VersionsV2.index of <nova.api.openstack.compute.versions.VersionsV2 object at 0x7f1036e663a0>>' {{(pid=93589) _process_stack /opt/stack/nova/nova/api/openstack/wsgi.py:513}}
Sep 03 17:25:53.473672 dv-cinder-759962-8-smb devstack@n-api.service[93589]: INFO nova.api.openstack.requestlog [None req-9b2d6507-c81e-4bca-91a9-2ddd87f6070a admin admin] 10.222.0.20 "GET /compute/v2.1" status: 200 len: 388 microversion: 2.1 time: 0.001687
Sep 03 17:25:53.474185 dv-cinder-759962-8-smb devstack@n-api.service[93589]: [pid: 93589|app: 0|req: 16/30] 10.222.0.20 () {54 vars in 931 bytes} [Fri Sep  3 17:25:53 2021] GET /compute/v2.1 => generated 388 bytes in 3 msecs (HTTP/1.1 200) 9 headers in 357 bytes (1 switches on core 0)
Sep 03 17:25:53.539257 dv-cinder-759962-8-smb devstack@n-api.service[93590]: DEBUG nova.api.openstack.wsgi [None req-006babc2-95c9-4e7a-8c28-c2aeb790b0f7 admin admin] Action: 'create', calling method: <bound method FlavorManageController._create of <nova.api.openstack.compute.flavor_manage.FlavorManageController object at 0x7f103699c9a0>>, body: {"flavor": {"name": "m1.large", "vcpus": 4, "rxtx_factor": 1.0, "swap": 0, "os-flavor-access:is_public": true, "ram": 8192, "id": "4", "OS-FLV-EXT-DATA:ephemeral": 0, "disk": 80}} {{(pid=93590) _process_stack /opt/stack/nova/nova/api/openstack/wsgi.py:511}}
Sep 03 17:25:53.600094 dv-cinder-759962-8-smb devstack@n-api.service[93590]: INFO nova.api.openstack.requestlog [None req-006babc2-95c9-4e7a-8c28-c2aeb790b0f7 admin admin] 10.222.0.20 "POST /compute/v2.1/flavors" status: 200 len: 405 microversion: 2.61 time: 0.119512
Sep 03 17:25:53.601120 dv-cinder-759962-8-smb devstack@n-api.service[93590]: [pid: 93590|app: 0|req: 15/31] 10.222.0.20 () {64 vars in 1283 bytes} [Fri Sep  3 17:25:53 2021] POST /compute/v2.1/flavors => generated 405 bytes in 121 msecs (HTTP/1.1 200) 9 headers in 359 bytes (1 switches on core 0)
Sep 03 17:25:53.613297 dv-cinder-759962-8-smb devstack@n-api.service[93589]: DEBUG nova.api.openstack.wsgi [None req-2449b01c-c932-4485-bce6-225084b1581c admin admin] Action: 'create', calling method: <bound method FlavorExtraSpecsController.create of <nova.api.openstack.compute.flavors_extraspecs.FlavorExtraSpecsController object at 0x7f10369af9a0>>, body: {"extra_specs": {"hw_rng:allowed": "True"}} {{(pid=93589) _process_stack /opt/stack/nova/nova/api/openstack/wsgi.py:511}}
Sep 03 17:25:53.678044 dv-cinder-759962-8-smb devstack@n-api.service[93589]: INFO nova.api.openstack.requestlog [None req-2449b01c-c932-4485-bce6-225084b1581c admin admin] 10.222.0.20 "POST /compute/v2.1/flavors/4/os-extra_specs" status: 200 len: 43 microversion: 2.61 time: 0.068389
Sep 03 17:25:53.678646 dv-cinder-759962-8-smb devstack@n-api.service[93589]: [pid: 93589|app: 0|req: 17/32] 10.222.0.20 () {64 vars in 1333 bytes} [Fri Sep  3 17:25:53 2021] POST /compute/v2.1/flavors/4/os-extra_specs => generated 43 bytes in 70 msecs (HTTP/1.1 200) 9 headers in 358 bytes (2 switches on core 0)
Sep 03 17:25:55.910308 dv-cinder-759962-8-smb devstack@n-api.service[93590]: DEBUG nova.api.openstack.wsgi [None req-006babc2-95c9-4e7a-8c28-c2aeb790b0f7 admin admin] Calling method '<bound method VersionsV2.index of <nova.api.openstack.compute.versions.VersionsV2 object at 0x7f1036e644f0>>' {{(pid=93590) _process_stack /opt/stack/nova/nova/api/openstack/wsgi.py:513}}
Sep 03 17:25:55.911978 dv-cinder-759962-8-smb devstack@n-api.service[93590]: INFO nova.api.openstack.requestlog [None req-006babc2-95c9-4e7a-8c28-c2aeb790b0f7 admin admin] 10.222.0.20 "GET /compute/v2.1" status: 200 len: 388 microversion: 2.1 time: 0.002079
Sep 03 17:25:55.912377 dv-cinder-759962-8-smb devstack@n-api.service[93590]: [pid: 93590|app: 0|req: 16/33] 10.222.0.20 () {54 vars in 931 bytes} [Fri Sep  3 17:25:55 2021] GET /compute/v2.1 => generated 388 bytes in 3 msecs (HTTP/1.1 200) 9 headers in 357 bytes (1 switches on core 0)
Sep 03 17:25:55.974444 dv-cinder-759962-8-smb devstack@n-api.service[93589]: DEBUG nova.api.openstack.wsgi [None req-bba085c1-32cd-4ee7-b64c-f6c19432cff0 admin admin] Action: 'create', calling method: <bound method FlavorManageController._create of <nova.api.openstack.compute.flavor_manage.FlavorManageController object at 0x7f10369a3be0>>, body: {"flavor": {"swap": 0, "id": "5", "OS-FLV-EXT-DATA:ephemeral": 0, "disk": 160, "rxtx_factor": 1.0, "ram": 16384, "os-flavor-access:is_public": true, "name": "m1.xlarge", "vcpus": 8}} {{(pid=93589) _process_stack /opt/stack/nova/nova/api/openstack/wsgi.py:511}}
Sep 03 17:25:56.075277 dv-cinder-759962-8-smb devstack@n-api.service[93589]: INFO nova.api.openstack.requestlog [None req-bba085c1-32cd-4ee7-b64c-f6c19432cff0 admin admin] 10.222.0.20 "POST /compute/v2.1/flavors" status: 200 len: 408 microversion: 2.61 time: 0.155909
Sep 03 17:25:56.076180 dv-cinder-759962-8-smb devstack@n-api.service[93589]: [pid: 93589|app: 0|req: 18/34] 10.222.0.20 () {64 vars in 1283 bytes} [Fri Sep  3 17:25:55 2021] POST /compute/v2.1/flavors => generated 408 bytes in 157 msecs (HTTP/1.1 200) 9 headers in 359 bytes (1 switches on core 0)
Sep 03 17:25:56.089136 dv-cinder-759962-8-smb devstack@n-api.service[93590]: DEBUG nova.api.openstack.wsgi [None req-7b7fd6b8-70bd-4923-b9ba-b1a958f60468 admin admin] Action: 'create', calling method: <bound method FlavorExtraSpecsController.create of <nova.api.openstack.compute.flavors_extraspecs.FlavorExtraSpecsController object at 0x7f10369a9760>>, body: {"extra_specs": {"hw_rng:allowed": "True"}} {{(pid=93590) _process_stack /opt/stack/nova/nova/api/openstack/wsgi.py:511}}
Sep 03 17:25:56.176990 dv-cinder-759962-8-smb devstack@n-api.service[93590]: INFO nova.api.openstack.requestlog [None req-7b7fd6b8-70bd-4923-b9ba-b1a958f60468 admin admin] 10.222.0.20 "POST /compute/v2.1/flavors/5/os-extra_specs" status: 200 len: 43 microversion: 2.61 time: 0.092267
Sep 03 17:25:56.195700 dv-cinder-759962-8-smb devstack@n-api.service[93590]: [pid: 93590|app: 0|req: 17/35] 10.222.0.20 () {64 vars in 1333 bytes} [Fri Sep  3 17:25:56 2021] POST /compute/v2.1/flavors/5/os-extra_specs => generated 43 bytes in 111 msecs (HTTP/1.1 200) 9 headers in 358 bytes (1 switches on core 0)
Sep 03 17:26:35.742865 dv-cinder-759962-8-smb devstack@n-api.service[93589]: DEBUG nova.api.openstack.wsgi [None req-bba085c1-32cd-4ee7-b64c-f6c19432cff0 admin admin] Calling method '<bound method VersionsV2.index of <nova.api.openstack.compute.versions.VersionsV2 object at 0x7f1036e663a0>>' {{(pid=93589) _process_stack /opt/stack/nova/nova/api/openstack/wsgi.py:513}}
Sep 03 17:26:35.743873 dv-cinder-759962-8-smb devstack@n-api.service[93589]: INFO nova.api.openstack.requestlog [None req-bba085c1-32cd-4ee7-b64c-f6c19432cff0 admin admin] 10.222.0.20 "GET /compute/v2.1" status: 200 len: 388 microversion: 2.1 time: 0.001444
Sep 03 17:26:35.744272 dv-cinder-759962-8-smb devstack@n-api.service[93589]: [pid: 93589|app: 0|req: 19/36] 10.222.0.20 () {54 vars in 931 bytes} [Fri Sep  3 17:26:35 2021] GET /compute/v2.1 => generated 388 bytes in 2 msecs (HTTP/1.1 200) 9 headers in 357 bytes (1 switches on core 0)
Sep 03 17:26:35.801078 dv-cinder-759962-8-smb devstack@n-api.service[93590]: DEBUG nova.api.openstack.wsgi [None req-1f4c9d87-a4a0-44b1-9d82-7bbcde1045f7 admin admin] Calling method '<bound method FlavorsController.detail of <nova.api.openstack.compute.flavors.FlavorsController object at 0x7f103699c970>>' {{(pid=93590) _process_stack /opt/stack/nova/nova/api/openstack/wsgi.py:513}}
Sep 03 17:26:35.819018 dv-cinder-759962-8-smb devstack@n-api.service[93590]: INFO nova.api.openstack.requestlog [None req-1f4c9d87-a4a0-44b1-9d82-7bbcde1045f7 admin admin] 10.222.0.20 "GET /compute/v2.1/flavors/detail?is_public=True" status: 200 len: 4202 microversion: 2.61 time: 0.068340
Sep 03 17:26:35.819541 dv-cinder-759962-8-smb devstack@n-api.service[93590]: [pid: 93590|app: 0|req: 18/37] 10.222.0.20 () {60 vars in 1292 bytes} [Fri Sep  3 17:26:35 2021] GET /compute/v2.1/flavors/detail?is_public=True => generated 4202 bytes in 69 msecs (HTTP/1.1 200) 9 headers in 360 bytes (2 switches on core 0)
Sep 03 17:26:37.226040 dv-cinder-759962-8-smb devstack@n-api.service[93589]: DEBUG nova.api.openstack.wsgi [None req-bba085c1-32cd-4ee7-b64c-f6c19432cff0 admin admin] Calling method '<bound method VersionsV2.index of <nova.api.openstack.compute.versions.VersionsV2 object at 0x7f1036e663a0>>' {{(pid=93589) _process_stack /opt/stack/nova/nova/api/openstack/wsgi.py:513}}
Sep 03 17:26:37.227055 dv-cinder-759962-8-smb devstack@n-api.service[93589]: INFO nova.api.openstack.requestlog [None req-bba085c1-32cd-4ee7-b64c-f6c19432cff0 admin admin] 10.222.0.20 "GET /compute/v2.1" status: 200 len: 388 microversion: 2.1 time: 0.001431
Sep 03 17:26:37.227450 dv-cinder-759962-8-smb devstack@n-api.service[93589]: [pid: 93589|app: 0|req: 20/38] 10.222.0.20 () {56 vars in 1075 bytes} [Fri Sep  3 17:26:37 2021] GET /compute/v2.1 => generated 388 bytes in 2 msecs (HTTP/1.1 200) 9 headers in 357 bytes (1 switches on core 0)
Sep 03 17:26:37.415801 dv-cinder-759962-8-smb devstack@n-api.service[93590]: DEBUG nova.api.openstack.wsgi [None req-a964875c-20f6-4c29-afec-cf2775c62c46 admin admin] Calling method '<bound method FlavorsController.show of <nova.api.openstack.compute.flavors.FlavorsController object at 0x7f103699f340>>' {{(pid=93590) _process_stack /opt/stack/nova/nova/api/openstack/wsgi.py:513}}
Sep 03 17:26:37.421350 dv-cinder-759962-8-smb devstack@n-api.service[93590]: INFO nova.api.openstack.wsgi [None req-a964875c-20f6-4c29-afec-cf2775c62c46 admin admin] HTTP exception thrown: Flavor 42 could not be found.
Sep 03 17:26:37.421913 dv-cinder-759962-8-smb devstack@n-api.service[93590]: DEBUG nova.api.openstack.wsgi [None req-a964875c-20f6-4c29-afec-cf2775c62c46 admin admin] Returning 404 to user: Flavor 42 could not be found. {{(pid=93590) __call__ /opt/stack/nova/nova/api/openstack/wsgi.py:936}}
