Sep 03 17:33:12.887130 dv-cinder-759962-8-smb devstack@n-api.service[115222]: DEBUG nova.compute.api [None req-af7015ee-1b8b-47a6-86e5-ad9ba8db84b6 tempest-AttachVolumeNegativeTest-521809772 tempest-AttachVolumeNegativeTest-521809772-project] [instance: 46d23bfa-9066-4485-9cb8-7274466b66df] Fetching instance by UUID {{(pid=115222) get /opt/stack/nova/nova/compute/api.py:2863}}
Sep 03 17:33:12.892808 dv-cinder-759962-8-smb devstack@n-api.service[115221]: DEBUG nova.api.openstack.wsgi [None req-21dc793a-fed9-4d3b-81e4-ccb747a263bf tempest-AttachVolumeShelveTestJSON-1387984657 tempest-AttachVolumeShelveTestJSON-1387984657-project] Action: 'create', calling method: <bound method ServersController.create of <nova.api.openstack.compute.servers.ServersController object at 0x7fc6c931f130>>, body: {"server": {"name": "tempest-AttachVolumeShelveTestJSON-server-1304085455", "imageRef": "f2c24eb3-a076-4e3d-8294-91f7fdc32e2a", "flavorRef": "452", "adminPass": "***", "networks": [{"uuid": "83db8fb5-999c-4b73-bc68-e5b4426c8428"}], "security_groups": [{"name": "tempest-securitygroup--767741653"}], "key_name": "tempest-keypair-1911587095", "user_data": "IyEvYmluL3NoCmVjaG8gIlByaW50aW5nIHVidW50dSB1c2VyIGF1dGhvcml6ZWQga2V5cyIKY2F0IH51YnVudHUvLnNzaC9hdXRob3JpemVkX2tleXMgfHwgdHJ1ZQo="}} {{(pid=115221) _process_stack /opt/stack/nova/nova/api/openstack/wsgi.py:511}}
Sep 03 17:33:12.904525 dv-cinder-759962-8-smb devstack@n-api.service[115222]: DEBUG oslo_concurrency.lockutils [None req-af7015ee-1b8b-47a6-86e5-ad9ba8db84b6 tempest-AttachVolumeNegativeTest-521809772 tempest-AttachVolumeNegativeTest-521809772-project] Lock "ca316373-cfbc-4e0a-a93c-901555aa6aa5" acquired by "nova.context.set_target_cell.<locals>.get_or_set_cached_cell_and_set_connections" :: waited 0.000s {{(pid=115222) inner /usr/local/lib/python3.8/dist-packages/oslo_concurrency/lockutils.py:355}}
Sep 03 17:33:12.906147 dv-cinder-759962-8-smb devstack@n-api.service[115222]: DEBUG oslo_concurrency.lockutils [None req-af7015ee-1b8b-47a6-86e5-ad9ba8db84b6 tempest-AttachVolumeNegativeTest-521809772 tempest-AttachVolumeNegativeTest-521809772-project] Lock "ca316373-cfbc-4e0a-a93c-901555aa6aa5" released by "nova.context.set_target_cell.<locals>.get_or_set_cached_cell_and_set_connections" :: held 0.002s {{(pid=115222) inner /usr/local/lib/python3.8/dist-packages/oslo_concurrency/lockutils.py:367}}
Sep 03 17:33:12.909792 dv-cinder-759962-8-smb devstack@n-api.service[115222]: DEBUG oslo_concurrency.lockutils [None req-af7015ee-1b8b-47a6-86e5-ad9ba8db84b6 tempest-AttachVolumeNegativeTest-521809772 tempest-AttachVolumeNegativeTest-521809772-project] Lock "ca316373-cfbc-4e0a-a93c-901555aa6aa5" acquired by "nova.context.set_target_cell.<locals>.get_or_set_cached_cell_and_set_connections" :: waited 0.000s {{(pid=115222) inner /usr/local/lib/python3.8/dist-packages/oslo_concurrency/lockutils.py:355}}
Sep 03 17:33:12.910264 dv-cinder-759962-8-smb devstack@n-api.service[115222]: DEBUG oslo_concurrency.lockutils [None req-af7015ee-1b8b-47a6-86e5-ad9ba8db84b6 tempest-AttachVolumeNegativeTest-521809772 tempest-AttachVolumeNegativeTest-521809772-project] Lock "ca316373-cfbc-4e0a-a93c-901555aa6aa5" released by "nova.context.set_target_cell.<locals>.get_or_set_cached_cell_and_set_connections" :: held 0.003s {{(pid=115222) inner /usr/local/lib/python3.8/dist-packages/oslo_concurrency/lockutils.py:367}}
Sep 03 17:33:13.030876 dv-cinder-759962-8-smb devstack@n-api.service[115221]: DEBUG nova.network.neutron [None req-21dc793a-fed9-4d3b-81e4-ccb747a263bf tempest-AttachVolumeShelveTestJSON-1387984657 tempest-AttachVolumeShelveTestJSON-1387984657-project] validate_networks() for [('83db8fb5-999c-4b73-bc68-e5b4426c8428', None, None, None, None, None)] {{(pid=115221) validate_networks /opt/stack/nova/nova/network/neutron.py:2475}}
Sep 03 17:33:13.648407 dv-cinder-759962-8-smb devstack@n-api.service[115222]: DEBUG nova.policy [None req-af7015ee-1b8b-47a6-86e5-ad9ba8db84b6 tempest-AttachVolumeNegativeTest-521809772 tempest-AttachVolumeNegativeTest-521809772-project] Policy check for os_compute_api:os-extended-server-attributes failed with credentials {'is_admin': False, 'user_id': '20c4bbddd30842689f0c1e21090960b9', 'user_domain_id': 'default', 'system_scope': None, 'domain_id': None, 'project_id': 'e4e0b1f47b314b00b7cf486d72c37346', 'project_domain_id': 'default', 'roles': ['member', 'reader'], 'is_admin_project': True, 'service_user_id': None, 'service_user_domain_id': None, 'service_project_id': None, 'service_project_domain_id': None, 'service_roles': []} {{(pid=115222) authorize /opt/stack/nova/nova/policy.py:199}}
Sep 03 17:33:13.660890 dv-cinder-759962-8-smb devstack@n-api.service[115222]: INFO nova.api.openstack.requestlog [None req-af7015ee-1b8b-47a6-86e5-ad9ba8db84b6 tempest-AttachVolumeNegativeTest-521809772 tempest-AttachVolumeNegativeTest-521809772-project] 10.222.0.20 "GET /compute/v2.1/servers/46d23bfa-9066-4485-9cb8-7274466b66df" status: 200 len: 1317 microversion: 2.1 time: 0.777671
Sep 03 17:33:13.668660 dv-cinder-759962-8-smb devstack@n-api.service[115222]: [pid: 115222|app: 0|req: 23/50] 10.222.0.20 () {58 vars in 1236 bytes} [Fri Sep  3 17:33:12 2021] GET /compute/v2.1/servers/46d23bfa-9066-4485-9cb8-7274466b66df => generated 1317 bytes in 788 msecs (HTTP/1.1 200) 9 headers in 358 bytes (1 switches on core 0)
Sep 03 17:33:13.674462 dv-cinder-759962-8-smb devstack@n-api.service[115222]: DEBUG nova.api.openstack.wsgi [None req-8ca53237-3f23-42c1-b249-267675e3d947 tempest-AttachVolumeTestJSON-1833044534 tempest-AttachVolumeTestJSON-1833044534-project] Calling method '<bound method ServersController.show of <nova.api.openstack.compute.servers.ServersController object at 0x7fc6c92cde20>>' {{(pid=115222) _process_stack /opt/stack/nova/nova/api/openstack/wsgi.py:513}}
Sep 03 17:33:13.679839 dv-cinder-759962-8-smb devstack@n-api.service[115222]: DEBUG nova.compute.api [None req-8ca53237-3f23-42c1-b249-267675e3d947 tempest-AttachVolumeTestJSON-1833044534 tempest-AttachVolumeTestJSON-1833044534-project] [instance: 27e0fa3c-4255-4b96-ad9f-b644a7b5e7eb] Fetching instance by UUID {{(pid=115222) get /opt/stack/nova/nova/compute/api.py:2863}}
Sep 03 17:33:13.681664 dv-cinder-759962-8-smb devstack@n-api.service[115222]: DEBUG oslo_concurrency.lockutils [None req-8ca53237-3f23-42c1-b249-267675e3d947 tempest-AttachVolumeTestJSON-1833044534 tempest-AttachVolumeTestJSON-1833044534-project] Lock "ca316373-cfbc-4e0a-a93c-901555aa6aa5" acquired by "nova.context.set_target_cell.<locals>.get_or_set_cached_cell_and_set_connections" :: waited 0.000s {{(pid=115222) inner /usr/local/lib/python3.8/dist-packages/oslo_concurrency/lockutils.py:355}}
Sep 03 17:33:13.682142 dv-cinder-759962-8-smb devstack@n-api.service[115222]: DEBUG oslo_concurrency.lockutils [None req-8ca53237-3f23-42c1-b249-267675e3d947 tempest-AttachVolumeTestJSON-1833044534 tempest-AttachVolumeTestJSON-1833044534-project] Lock "ca316373-cfbc-4e0a-a93c-901555aa6aa5" released by "nova.context.set_target_cell.<locals>.get_or_set_cached_cell_and_set_connections" :: held 0.001s {{(pid=115222) inner /usr/local/lib/python3.8/dist-packages/oslo_concurrency/lockutils.py:367}}
Sep 03 17:33:13.682918 dv-cinder-759962-8-smb devstack@n-api.service[115222]: DEBUG oslo_concurrency.lockutils [None req-8ca53237-3f23-42c1-b249-267675e3d947 tempest-AttachVolumeTestJSON-1833044534 tempest-AttachVolumeTestJSON-1833044534-project] Lock "ca316373-cfbc-4e0a-a93c-901555aa6aa5" acquired by "nova.context.set_target_cell.<locals>.get_or_set_cached_cell_and_set_connections" :: waited 0.000s {{(pid=115222) inner /usr/local/lib/python3.8/dist-packages/oslo_concurrency/lockutils.py:355}}
Sep 03 17:33:13.684017 dv-cinder-759962-8-smb devstack@n-api.service[115222]: DEBUG oslo_concurrency.lockutils [None req-8ca53237-3f23-42c1-b249-267675e3d947 tempest-AttachVolumeTestJSON-1833044534 tempest-AttachVolumeTestJSON-1833044534-project] Lock "ca316373-cfbc-4e0a-a93c-901555aa6aa5" released by "nova.context.set_target_cell.<locals>.get_or_set_cached_cell_and_set_connections" :: held 0.001s {{(pid=115222) inner /usr/local/lib/python3.8/dist-packages/oslo_concurrency/lockutils.py:367}}
Sep 03 17:33:13.776489 dv-cinder-759962-8-smb devstack@n-api.service[115222]: DEBUG nova.policy [None req-8ca53237-3f23-42c1-b249-267675e3d947 tempest-AttachVolumeTestJSON-1833044534 tempest-AttachVolumeTestJSON-1833044534-project] Policy check for os_compute_api:os-extended-server-attributes failed with credentials {'is_admin': False, 'user_id': '8e349ce25aca46639ca7eb6eff4a8283', 'user_domain_id': 'default', 'system_scope': None, 'domain_id': None, 'project_id': '332bced1e55f4d4f936cabd560187e5c', 'project_domain_id': 'default', 'roles': ['member', 'reader'], 'is_admin_project': True, 'service_user_id': None, 'service_user_domain_id': None, 'service_project_id': None, 'service_project_domain_id': None, 'service_roles': []} {{(pid=115222) authorize /opt/stack/nova/nova/policy.py:199}}
Sep 03 17:33:13.795690 dv-cinder-759962-8-smb devstack@n-api.service[115222]: INFO nova.api.openstack.requestlog [None req-8ca53237-3f23-42c1-b249-267675e3d947 tempest-AttachVolumeTestJSON-1833044534 tempest-AttachVolumeTestJSON-1833044534-project] 10.222.0.20 "GET /compute/v2.1/servers/27e0fa3c-4255-4b96-ad9f-b644a7b5e7eb" status: 200 len: 1294 microversion: 2.1 time: 0.115318
Sep 03 17:33:13.799307 dv-cinder-759962-8-smb devstack@n-api.service[115222]: [pid: 115222|app: 0|req: 24/51] 10.222.0.20 () {58 vars in 1236 bytes} [Fri Sep  3 17:33:13 2021] GET /compute/v2.1/servers/27e0fa3c-4255-4b96-ad9f-b644a7b5e7eb => generated 1294 bytes in 130 msecs (HTTP/1.1 200) 9 headers in 358 bytes (1 switches on core 0)
Sep 03 17:33:13.809389 dv-cinder-759962-8-smb devstack@n-api.service[115222]: DEBUG nova.api.openstack.wsgi [None req-a1862d2e-d6ee-4f02-89ea-1289fa9b69d8 tempest-ServerRescueNegativeTestJSON-1591336428 tempest-ServerRescueNegativeTestJSON-1591336428-project] Calling method '<bound method ServersController.show of <nova.api.openstack.compute.servers.ServersController object at 0x7fc6c92cde20>>' {{(pid=115222) _process_stack /opt/stack/nova/nova/api/openstack/wsgi.py:513}}
Sep 03 17:33:13.815146 dv-cinder-759962-8-smb devstack@n-api.service[115222]: DEBUG nova.compute.api [None req-a1862d2e-d6ee-4f02-89ea-1289fa9b69d8 tempest-ServerRescueNegativeTestJSON-1591336428 tempest-ServerRescueNegativeTestJSON-1591336428-project] [instance: e3fd3090-7e04-440c-8670-aecec80a3612] Fetching instance by UUID {{(pid=115222) get /opt/stack/nova/nova/compute/api.py:2863}}
Sep 03 17:33:13.827764 dv-cinder-759962-8-smb devstack@n-api.service[115222]: DEBUG oslo_concurrency.lockutils [None req-a1862d2e-d6ee-4f02-89ea-1289fa9b69d8 tempest-ServerRescueNegativeTestJSON-1591336428 tempest-ServerRescueNegativeTestJSON-1591336428-project] Lock "ca316373-cfbc-4e0a-a93c-901555aa6aa5" acquired by "nova.context.set_target_cell.<locals>.get_or_set_cached_cell_and_set_connections" :: waited 0.000s {{(pid=115222) inner /usr/local/lib/python3.8/dist-packages/oslo_concurrency/lockutils.py:355}}
Sep 03 17:33:13.828101 dv-cinder-759962-8-smb devstack@n-api.service[115222]: DEBUG oslo_concurrency.lockutils [None req-a1862d2e-d6ee-4f02-89ea-1289fa9b69d8 tempest-ServerRescueNegativeTestJSON-1591336428 tempest-ServerRescueNegativeTestJSON-1591336428-project] Lock "ca316373-cfbc-4e0a-a93c-901555aa6aa5" released by "nova.context.set_target_cell.<locals>.get_or_set_cached_cell_and_set_connections" :: held 0.001s {{(pid=115222) inner /usr/local/lib/python3.8/dist-packages/oslo_concurrency/lockutils.py:367}}
Sep 03 17:33:13.828885 dv-cinder-759962-8-smb devstack@n-api.service[115222]: DEBUG oslo_concurrency.lockutils [None req-a1862d2e-d6ee-4f02-89ea-1289fa9b69d8 tempest-ServerRescueNegativeTestJSON-1591336428 tempest-ServerRescueNegativeTestJSON-1591336428-project] Lock "ca316373-cfbc-4e0a-a93c-901555aa6aa5" acquired by "nova.context.set_target_cell.<locals>.get_or_set_cached_cell_and_set_connections" :: waited 0.000s {{(pid=115222) inner /usr/local/lib/python3.8/dist-packages/oslo_concurrency/lockutils.py:355}}
Sep 03 17:33:13.829322 dv-cinder-759962-8-smb devstack@n-api.service[115222]: DEBUG oslo_concurrency.lockutils [None req-a1862d2e-d6ee-4f02-89ea-1289fa9b69d8 tempest-ServerRescueNegativeTestJSON-1591336428 tempest-ServerRescueNegativeTestJSON-1591336428-project] Lock "ca316373-cfbc-4e0a-a93c-901555aa6aa5" released by "nova.context.set_target_cell.<locals>.get_or_set_cached_cell_and_set_connections" :: held 0.000s {{(pid=115222) inner /usr/local/lib/python3.8/dist-packages/oslo_concurrency/lockutils.py:367}}
Sep 03 17:33:13.974110 dv-cinder-759962-8-smb devstack@n-api.service[115222]: DEBUG nova.policy [None req-a1862d2e-d6ee-4f02-89ea-1289fa9b69d8 tempest-ServerRescueNegativeTestJSON-1591336428 tempest-ServerRescueNegativeTestJSON-1591336428-project] Policy check for os_compute_api:os-extended-server-attributes failed with credentials {'is_admin': False, 'user_id': '897e3a39284842caae5d21093e9a1175', 'user_domain_id': 'default', 'system_scope': None, 'domain_id': None, 'project_id': '5937a6e05abf4a068ff442a03aa12bac', 'project_domain_id': 'default', 'roles': ['member', 'reader'], 'is_admin_project': True, 'service_user_id': None, 'service_user_domain_id': None, 'service_project_id': None, 'service_project_domain_id': None, 'service_roles': []} {{(pid=115222) authorize /opt/stack/nova/nova/policy.py:199}}
Sep 03 17:33:13.985808 dv-cinder-759962-8-smb devstack@n-api.service[115222]: INFO nova.api.openstack.requestlog [None req-a1862d2e-d6ee-4f02-89ea-1289fa9b69d8 tempest-ServerRescueNegativeTestJSON-1591336428 tempest-ServerRescueNegativeTestJSON-1591336428-project] 10.222.0.20 "GET /compute/v2.1/servers/e3fd3090-7e04-440c-8670-aecec80a3612" status: 200 len: 1226 microversion: 2.1 time: 0.185400
Sep 03 17:33:13.986410 dv-cinder-759962-8-smb devstack@n-api.service[115222]: [pid: 115222|app: 0|req: 25/52] 10.222.0.20 () {58 vars in 1236 bytes} [Fri Sep  3 17:33:13 2021] GET /compute/v2.1/servers/e3fd3090-7e04-440c-8670-aecec80a3612 => generated 1226 bytes in 187 msecs (HTTP/1.1 200) 9 headers in 358 bytes (1 switches on core 0)
Sep 03 17:33:14.003705 dv-cinder-759962-8-smb devstack@n-api.service[115222]: DEBUG nova.api.openstack.wsgi [None req-5d7aee2d-77df-4598-be4c-978d84a3f713 tempest-DeleteServersTestJSON-1170341899 tempest-DeleteServersTestJSON-1170341899-project] Calling method '<bound method ServersController.show of <nova.api.openstack.compute.servers.ServersController object at 0x7fc6c92cde20>>' {{(pid=115222) _process_stack /opt/stack/nova/nova/api/openstack/wsgi.py:513}}
Sep 03 17:33:14.011441 dv-cinder-759962-8-smb devstack@n-api.service[115222]: DEBUG nova.compute.api [None req-5d7aee2d-77df-4598-be4c-978d84a3f713 tempest-DeleteServersTestJSON-1170341899 tempest-DeleteServersTestJSON-1170341899-project] [instance: 53a9d72e-dcf0-4be5-85e7-4561f6295498] Fetching instance by UUID {{(pid=115222) get /opt/stack/nova/nova/compute/api.py:2863}}
Sep 03 17:33:14.027615 dv-cinder-759962-8-smb devstack@n-api.service[115222]: DEBUG oslo_concurrency.lockutils [None req-5d7aee2d-77df-4598-be4c-978d84a3f713 tempest-DeleteServersTestJSON-1170341899 tempest-DeleteServersTestJSON-1170341899-project] Lock "ca316373-cfbc-4e0a-a93c-901555aa6aa5" acquired by "nova.context.set_target_cell.<locals>.get_or_set_cached_cell_and_set_connections" :: waited 0.002s {{(pid=115222) inner /usr/local/lib/python3.8/dist-packages/oslo_concurrency/lockutils.py:355}}
Sep 03 17:33:14.031143 dv-cinder-759962-8-smb devstack@n-api.service[115222]: DEBUG oslo_concurrency.lockutils [None req-5d7aee2d-77df-4598-be4c-978d84a3f713 tempest-DeleteServersTestJSON-1170341899 tempest-DeleteServersTestJSON-1170341899-project] Lock "ca316373-cfbc-4e0a-a93c-901555aa6aa5" released by "nova.context.set_target_cell.<locals>.get_or_set_cached_cell_and_set_connections" :: held 0.002s {{(pid=115222) inner /usr/local/lib/python3.8/dist-packages/oslo_concurrency/lockutils.py:367}}
Sep 03 17:33:14.032202 dv-cinder-759962-8-smb devstack@n-api.service[115222]: DEBUG oslo_concurrency.lockutils [None req-5d7aee2d-77df-4598-be4c-978d84a3f713 tempest-DeleteServersTestJSON-1170341899 tempest-DeleteServersTestJSON-1170341899-project] Lock "ca316373-cfbc-4e0a-a93c-901555aa6aa5" acquired by "nova.context.set_target_cell.<locals>.get_or_set_cached_cell_and_set_connections" :: waited 0.000s {{(pid=115222) inner /usr/local/lib/python3.8/dist-packages/oslo_concurrency/lockutils.py:355}}
Sep 03 17:33:14.037112 dv-cinder-759962-8-smb devstack@n-api.service[115222]: DEBUG oslo_concurrency.lockutils [None req-5d7aee2d-77df-4598-be4c-978d84a3f713 tempest-DeleteServersTestJSON-1170341899 tempest-DeleteServersTestJSON-1170341899-project] Lock "ca316373-cfbc-4e0a-a93c-901555aa6aa5" released by "nova.context.set_target_cell.<locals>.get_or_set_cached_cell_and_set_connections" :: held 0.004s {{(pid=115222) inner /usr/local/lib/python3.8/dist-packages/oslo_concurrency/lockutils.py:367}}
Sep 03 17:33:14.323036 dv-cinder-759962-8-smb devstack@n-api.service[115221]: DEBUG nova.virt.hardware [None req-21dc793a-fed9-4d3b-81e4-ccb747a263bf tempest-AttachVolumeShelveTestJSON-1387984657 tempest-AttachVolumeShelveTestJSON-1387984657-project] Flavor limits 0:0:0 {{(pid=115221) get_cpu_topology_constraints /opt/stack/nova/nova/virt/hardware.py:343}}
Sep 03 17:33:14.323552 dv-cinder-759962-8-smb devstack@n-api.service[115221]: DEBUG nova.virt.hardware [None req-21dc793a-fed9-4d3b-81e4-ccb747a263bf tempest-AttachVolumeShelveTestJSON-1387984657 tempest-AttachVolumeShelveTestJSON-1387984657-project] Image limits 0:0:0 {{(pid=115221) get_cpu_topology_constraints /opt/stack/nova/nova/virt/hardware.py:347}}
Sep 03 17:33:14.324267 dv-cinder-759962-8-smb devstack@n-api.service[115221]: DEBUG nova.virt.hardware [None req-21dc793a-fed9-4d3b-81e4-ccb747a263bf tempest-AttachVolumeShelveTestJSON-1387984657 tempest-AttachVolumeShelveTestJSON-1387984657-project] Flavor pref 0:0:0 {{(pid=115221) get_cpu_topology_constraints /opt/stack/nova/nova/virt/hardware.py:383}}
Sep 03 17:33:14.325025 dv-cinder-759962-8-smb devstack@n-api.service[115221]: DEBUG nova.virt.hardware [None req-21dc793a-fed9-4d3b-81e4-ccb747a263bf tempest-AttachVolumeShelveTestJSON-1387984657 tempest-AttachVolumeShelveTestJSON-1387984657-project] Image pref 0:0:0 {{(pid=115221) get_cpu_topology_constraints /opt/stack/nova/nova/virt/hardware.py:387}}
Sep 03 17:33:14.325581 dv-cinder-759962-8-smb devstack@n-api.service[115221]: DEBUG nova.virt.hardware [None req-21dc793a-fed9-4d3b-81e4-ccb747a263bf tempest-AttachVolumeShelveTestJSON-1387984657 tempest-AttachVolumeShelveTestJSON-1387984657-project] Chose sockets=0, cores=0, threads=0; limits were sockets=65536, cores=65536, threads=65536 {{(pid=115221) get_cpu_topology_constraints /opt/stack/nova/nova/virt/hardware.py:425}}
Sep 03 17:33:14.338894 dv-cinder-759962-8-smb devstack@n-api.service[115221]: DEBUG oslo_concurrency.lockutils [None req-21dc793a-fed9-4d3b-81e4-ccb747a263bf tempest-AttachVolumeShelveTestJSON-1387984657 tempest-AttachVolumeShelveTestJSON-1387984657-project] Lock "00000000-0000-0000-0000-000000000000" acquired by "nova.context.set_target_cell.<locals>.get_or_set_cached_cell_and_set_connections" :: waited 0.000s {{(pid=115221) inner /usr/local/lib/python3.8/dist-packages/oslo_concurrency/lockutils.py:355}}
Sep 03 17:33:14.344872 dv-cinder-759962-8-smb devstack@n-api.service[115222]: DEBUG nova.policy [None req-5d7aee2d-77df-4598-be4c-978d84a3f713 tempest-DeleteServersTestJSON-1170341899 tempest-DeleteServersTestJSON-1170341899-project] Policy check for os_compute_api:os-extended-server-attributes failed with credentials {'is_admin': False, 'user_id': 'ca2e27339fc445f597a58857703a8e43', 'user_domain_id': 'default', 'system_scope': None, 'domain_id': None, 'project_id': 'e6b09f209be446789f86a69d54248588', 'project_domain_id': 'default', 'roles': ['member', 'reader'], 'is_admin_project': True, 'service_user_id': None, 'service_user_domain_id': None, 'service_project_id': None, 'service_project_domain_id': None, 'service_roles': []} {{(pid=115222) authorize /opt/stack/nova/nova/policy.py:199}}
Sep 03 17:33:14.349105 dv-cinder-759962-8-smb devstack@n-api.service[115221]: DEBUG oslo_concurrency.lockutils [None req-21dc793a-fed9-4d3b-81e4-ccb747a263bf tempest-AttachVolumeShelveTestJSON-1387984657 tempest-AttachVolumeShelveTestJSON-1387984657-project] Lock "00000000-0000-0000-0000-000000000000" released by "nova.context.set_target_cell.<locals>.get_or_set_cached_cell_and_set_connections" :: held 0.010s {{(pid=115221) inner /usr/local/lib/python3.8/dist-packages/oslo_concurrency/lockutils.py:367}}
Sep 03 17:33:14.350005 dv-cinder-759962-8-smb devstack@n-api.service[115221]: DEBUG oslo_concurrency.lockutils [None req-21dc793a-fed9-4d3b-81e4-ccb747a263bf tempest-AttachVolumeShelveTestJSON-1387984657 tempest-AttachVolumeShelveTestJSON-1387984657-project] Lock "ca316373-cfbc-4e0a-a93c-901555aa6aa5" acquired by "nova.context.set_target_cell.<locals>.get_or_set_cached_cell_and_set_connections" :: waited 0.000s {{(pid=115221) inner /usr/local/lib/python3.8/dist-packages/oslo_concurrency/lockutils.py:355}}
Sep 03 17:33:14.350477 dv-cinder-759962-8-smb devstack@n-api.service[115221]: DEBUG oslo_concurrency.lockutils [None req-21dc793a-fed9-4d3b-81e4-ccb747a263bf tempest-AttachVolumeShelveTestJSON-1387984657 tempest-AttachVolumeShelveTestJSON-1387984657-project] Lock "ca316373-cfbc-4e0a-a93c-901555aa6aa5" released by "nova.context.set_target_cell.<locals>.get_or_set_cached_cell_and_set_connections" :: held 0.000s {{(pid=115221) inner /usr/local/lib/python3.8/dist-packages/oslo_concurrency/lockutils.py:367}}
Sep 03 17:33:14.365895 dv-cinder-759962-8-smb devstack@n-api.service[115222]: INFO nova.api.openstack.requestlog [None req-5d7aee2d-77df-4598-be4c-978d84a3f713 tempest-DeleteServersTestJSON-1170341899 tempest-DeleteServersTestJSON-1170341899-project] 10.222.0.20 "GET /compute/v2.1/servers/53a9d72e-dcf0-4be5-85e7-4561f6295498" status: 200 len: 1314 microversion: 2.1 time: 0.366679
Sep 03 17:33:14.369516 dv-cinder-759962-8-smb devstack@n-api.service[115222]: [pid: 115222|app: 0|req: 26/53] 10.222.0.20 () {58 vars in 1236 bytes} [Fri Sep  3 17:33:13 2021] GET /compute/v2.1/servers/53a9d72e-dcf0-4be5-85e7-4561f6295498 => generated 1314 bytes in 382 msecs (HTTP/1.1 200) 9 headers in 358 bytes (1 switches on core 0)
Sep 03 17:33:14.387514 dv-cinder-759962-8-smb devstack@n-api.service[115221]: DEBUG nova.quota [None req-21dc793a-fed9-4d3b-81e4-ccb747a263bf tempest-AttachVolumeShelveTestJSON-1387984657 tempest-AttachVolumeShelveTestJSON-1387984657-project] Getting quotas for project 2170ea0fe9b04ee0a9c3c9a75b193f60. Resources: {'ram', 'instances', 'cores'} {{(pid=115221) _get_quotas /opt/stack/nova/nova/quota.py:387}}
Sep 03 17:33:14.391807 dv-cinder-759962-8-smb devstack@n-api.service[115221]: DEBUG nova.quota [None req-21dc793a-fed9-4d3b-81e4-ccb747a263bf tempest-AttachVolumeShelveTestJSON-1387984657 tempest-AttachVolumeShelveTestJSON-1387984657-project] Getting quotas for user d4297b45d94a4339b60e59befd17d4e5 and project 2170ea0fe9b04ee0a9c3c9a75b193f60. Resources: {'ram', 'instances', 'cores'} {{(pid=115221) _get_quotas /opt/stack/nova/nova/quota.py:377}}
Sep 03 17:33:14.409523 dv-cinder-759962-8-smb devstack@n-api.service[115221]: DEBUG nova.compute.api [None req-21dc793a-fed9-4d3b-81e4-ccb747a263bf tempest-AttachVolumeShelveTestJSON-1387984657 tempest-AttachVolumeShelveTestJSON-1387984657-project] Going to run 1 instances... {{(pid=115221) _provision_instances /opt/stack/nova/nova/compute/api.py:1350}}
Sep 03 17:33:14.412003 dv-cinder-759962-8-smb devstack@n-api.service[115221]: DEBUG nova.compute.api [None req-21dc793a-fed9-4d3b-81e4-ccb747a263bf tempest-AttachVolumeShelveTestJSON-1387984657 tempest-AttachVolumeShelveTestJSON-1387984657-project] [instance: 8156913f-ed31-4316-b5cf-f9dc6f6a3fcd] block_device_mapping [BlockDeviceMapping(attachment_id=<?>,boot_index=0,connection_info=None,created_at=<?>,delete_on_termination=True,deleted=<?>,deleted_at=<?>,destination_type='local',device_name=None,device_type='disk',disk_bus=None,guest_format=None,id=<?>,image_id='f2c24eb3-a076-4e3d-8294-91f7fdc32e2a',instance=<?>,instance_uuid=<?>,no_device=False,snapshot_id=None,source_type='image',tag=None,updated_at=<?>,uuid=<?>,volume_id=None,volume_size=None,volume_type=None)] {{(pid=115221) _bdm_validate_set_size_and_instance /opt/stack/nova/nova/compute/api.py:1757}}
Sep 03 17:33:14.678466 dv-cinder-759962-8-smb devstack@n-api.service[115222]: DEBUG nova.api.openstack.wsgi [None req-4c855f06-5bdd-4cae-8de2-cf4332275f34 tempest-AttachVolumeNegativeTest-521809772 tempest-AttachVolumeNegativeTest-521809772-project] Calling method '<bound method ServersController.show of <nova.api.openstack.compute.servers.ServersController object at 0x7fc6c92cde20>>' {{(pid=115222) _process_stack /opt/stack/nova/nova/api/openstack/wsgi.py:513}}
Sep 03 17:33:14.679087 dv-cinder-759962-8-smb devstack@n-api.service[115222]: DEBUG nova.compute.api [None req-4c855f06-5bdd-4cae-8de2-cf4332275f34 tempest-AttachVolumeNegativeTest-521809772 tempest-AttachVolumeNegativeTest-521809772-project] [instance: 46d23bfa-9066-4485-9cb8-7274466b66df] Fetching instance by UUID {{(pid=115222) get /opt/stack/nova/nova/compute/api.py:2863}}
Sep 03 17:33:14.685579 dv-cinder-759962-8-smb devstack@n-api.service[115222]: DEBUG oslo_concurrency.lockutils [None req-4c855f06-5bdd-4cae-8de2-cf4332275f34 tempest-AttachVolumeNegativeTest-521809772 tempest-AttachVolumeNegativeTest-521809772-project] Lock "ca316373-cfbc-4e0a-a93c-901555aa6aa5" acquired by "nova.context.set_target_cell.<locals>.get_or_set_cached_cell_and_set_connections" :: waited 0.000s {{(pid=115222) inner /usr/local/lib/python3.8/dist-packages/oslo_concurrency/lockutils.py:355}}
Sep 03 17:33:14.686239 dv-cinder-759962-8-smb devstack@n-api.service[115222]: DEBUG oslo_concurrency.lockutils [None req-4c855f06-5bdd-4cae-8de2-cf4332275f34 tempest-AttachVolumeNegativeTest-521809772 tempest-AttachVolumeNegativeTest-521809772-project] Lock "ca316373-cfbc-4e0a-a93c-901555aa6aa5" released by "nova.context.set_target_cell.<locals>.get_or_set_cached_cell_and_set_connections" :: held 0.001s {{(pid=115222) inner /usr/local/lib/python3.8/dist-packages/oslo_concurrency/lockutils.py:367}}
Sep 03 17:33:14.687003 dv-cinder-759962-8-smb devstack@n-api.service[115222]: DEBUG oslo_concurrency.lockutils [None req-4c855f06-5bdd-4cae-8de2-cf4332275f34 tempest-AttachVolumeNegativeTest-521809772 tempest-AttachVolumeNegativeTest-521809772-project] Lock "ca316373-cfbc-4e0a-a93c-901555aa6aa5" acquired by "nova.context.set_target_cell.<locals>.get_or_set_cached_cell_and_set_connections" :: waited 0.000s {{(pid=115222) inner /usr/local/lib/python3.8/dist-packages/oslo_concurrency/lockutils.py:355}}
Sep 03 17:33:14.687432 dv-cinder-759962-8-smb devstack@n-api.service[115222]: DEBUG oslo_concurrency.lockutils [None req-4c855f06-5bdd-4cae-8de2-cf4332275f34 tempest-AttachVolumeNegativeTest-521809772 tempest-AttachVolumeNegativeTest-521809772-project] Lock "ca316373-cfbc-4e0a-a93c-901555aa6aa5" released by "nova.context.set_target_cell.<locals>.get_or_set_cached_cell_and_set_connections" :: held 0.000s {{(pid=115222) inner /usr/local/lib/python3.8/dist-packages/oslo_concurrency/lockutils.py:367}}
Sep 03 17:33:14.827519 dv-cinder-759962-8-smb devstack@n-api.service[115221]: INFO nova.api.openstack.requestlog [None req-21dc793a-fed9-4d3b-81e4-ccb747a263bf tempest-AttachVolumeShelveTestJSON-1387984657 tempest-AttachVolumeShelveTestJSON-1387984657-project] 10.222.0.20 "POST /compute/v2.1/servers" status: 202 len: 401 microversion: 2.20 time: 1.946437
Sep 03 17:33:14.829127 dv-cinder-759962-8-smb devstack@n-api.service[115221]: [pid: 115221|app: 0|req: 28/54] 10.222.0.20 () {62 vars in 1188 bytes} [Fri Sep  3 17:33:12 2021] POST /compute/v2.1/servers => generated 401 bytes in 1949 msecs (HTTP/1.1 202) 10 headers in 453 bytes (1 switches on core 0)
Sep 03 17:33:14.835504 dv-cinder-759962-8-smb devstack@n-api.service[115221]: DEBUG nova.api.openstack.wsgi [None req-6db67397-c322-47c5-b431-6b73ec23e9d0 tempest-AttachVolumeTestJSON-1833044534 tempest-AttachVolumeTestJSON-1833044534-project] Calling method '<bound method ServersController.show of <nova.api.openstack.compute.servers.ServersController object at 0x7fc6c92d15b0>>' {{(pid=115221) _process_stack /opt/stack/nova/nova/api/openstack/wsgi.py:513}}
Sep 03 17:33:14.844676 dv-cinder-759962-8-smb devstack@n-api.service[115222]: DEBUG nova.policy [None req-4c855f06-5bdd-4cae-8de2-cf4332275f34 tempest-AttachVolumeNegativeTest-521809772 tempest-AttachVolumeNegativeTest-521809772-project] Policy check for os_compute_api:os-extended-server-attributes failed with credentials {'is_admin': False, 'user_id': '20c4bbddd30842689f0c1e21090960b9', 'user_domain_id': 'default', 'system_scope': None, 'domain_id': None, 'project_id': 'e4e0b1f47b314b00b7cf486d72c37346', 'project_domain_id': 'default', 'roles': ['member', 'reader'], 'is_admin_project': True, 'service_user_id': None, 'service_user_domain_id': None, 'service_project_id': None, 'service_project_domain_id': None, 'service_roles': []} {{(pid=115222) authorize /opt/stack/nova/nova/policy.py:199}}
Sep 03 17:33:14.851763 dv-cinder-759962-8-smb devstack@n-api.service[115221]: DEBUG nova.compute.api [None req-6db67397-c322-47c5-b431-6b73ec23e9d0 tempest-AttachVolumeTestJSON-1833044534 tempest-AttachVolumeTestJSON-1833044534-project] [instance: 27e0fa3c-4255-4b96-ad9f-b644a7b5e7eb] Fetching instance by UUID {{(pid=115221) get /opt/stack/nova/nova/compute/api.py:2863}}
Sep 03 17:33:14.877042 dv-cinder-759962-8-smb devstack@n-api.service[115221]: DEBUG oslo_concurrency.lockutils [None req-6db67397-c322-47c5-b431-6b73ec23e9d0 tempest-AttachVolumeTestJSON-1833044534 tempest-AttachVolumeTestJSON-1833044534-project] Lock "ca316373-cfbc-4e0a-a93c-901555aa6aa5" acquired by "nova.context.set_target_cell.<locals>.get_or_set_cached_cell_and_set_connections" :: waited 0.000s {{(pid=115221) inner /usr/local/lib/python3.8/dist-packages/oslo_concurrency/lockutils.py:355}}
Sep 03 17:33:14.879679 dv-cinder-759962-8-smb devstack@n-api.service[115222]: INFO nova.api.openstack.requestlog [None req-4c855f06-5bdd-4cae-8de2-cf4332275f34 tempest-AttachVolumeNegativeTest-521809772 tempest-AttachVolumeNegativeTest-521809772-project] 10.222.0.20 "GET /compute/v2.1/servers/46d23bfa-9066-4485-9cb8-7274466b66df" status: 200 len: 1317 microversion: 2.1 time: 0.201810
Sep 03 17:33:14.880604 dv-cinder-759962-8-smb devstack@n-api.service[115221]: DEBUG oslo_concurrency.lockutils [None req-6db67397-c322-47c5-b431-6b73ec23e9d0 tempest-AttachVolumeTestJSON-1833044534 tempest-AttachVolumeTestJSON-1833044534-project] Lock "ca316373-cfbc-4e0a-a93c-901555aa6aa5" released by "nova.context.set_target_cell.<locals>.get_or_set_cached_cell_and_set_connections" :: held 0.004s {{(pid=115221) inner /usr/local/lib/python3.8/dist-packages/oslo_concurrency/lockutils.py:367}}
Sep 03 17:33:14.881649 dv-cinder-759962-8-smb devstack@n-api.service[115221]: DEBUG oslo_concurrency.lockutils [None req-6db67397-c322-47c5-b431-6b73ec23e9d0 tempest-AttachVolumeTestJSON-1833044534 tempest-AttachVolumeTestJSON-1833044534-project] Lock "ca316373-cfbc-4e0a-a93c-901555aa6aa5" acquired by "nova.context.set_target_cell.<locals>.get_or_set_cached_cell_and_set_connections" :: waited 0.000s {{(pid=115221) inner /usr/local/lib/python3.8/dist-packages/oslo_concurrency/lockutils.py:355}}
Sep 03 17:33:14.886777 dv-cinder-759962-8-smb devstack@n-api.service[115221]: DEBUG oslo_concurrency.lockutils [None req-6db67397-c322-47c5-b431-6b73ec23e9d0 tempest-AttachVolumeTestJSON-1833044534 tempest-AttachVolumeTestJSON-1833044534-project] Lock "ca316373-cfbc-4e0a-a93c-901555aa6aa5" released by "nova.context.set_target_cell.<locals>.get_or_set_cached_cell_and_set_connections" :: held 0.005s {{(pid=115221) inner /usr/local/lib/python3.8/dist-packages/oslo_concurrency/lockutils.py:367}}
Sep 03 17:33:14.897250 dv-cinder-759962-8-smb devstack@n-api.service[115222]: [pid: 115222|app: 0|req: 27/55] 10.222.0.20 () {58 vars in 1236 bytes} [Fri Sep  3 17:33:14 2021] GET /compute/v2.1/servers/46d23bfa-9066-4485-9cb8-7274466b66df => generated 1317 bytes in 223 msecs (HTTP/1.1 200) 9 headers in 358 bytes (2 switches on core 0)
Sep 03 17:33:14.936831 dv-cinder-759962-8-smb devstack@n-api.service[115222]: DEBUG nova.api.openstack.wsgi [None req-8d5c32ff-2858-46f6-9d9d-2e0b57e3c93d tempest-AttachVolumeShelveTestJSON-1387984657 tempest-AttachVolumeShelveTestJSON-1387984657-project] Calling method '<bound method ServersController.show of <nova.api.openstack.compute.servers.ServersController object at 0x7fc6c92cde20>>' {{(pid=115222) _process_stack /opt/stack/nova/nova/api/openstack/wsgi.py:513}}
Sep 03 17:33:14.941992 dv-cinder-759962-8-smb devstack@n-api.service[115222]: DEBUG nova.compute.api [None req-8d5c32ff-2858-46f6-9d9d-2e0b57e3c93d tempest-AttachVolumeShelveTestJSON-1387984657 tempest-AttachVolumeShelveTestJSON-1387984657-project] [instance: 8156913f-ed31-4316-b5cf-f9dc6f6a3fcd] Fetching instance by UUID {{(pid=115222) get /opt/stack/nova/nova/compute/api.py:2863}}
Sep 03 17:33:15.100216 dv-cinder-759962-8-smb devstack@n-api.service[115222]: DEBUG nova.policy [None req-8d5c32ff-2858-46f6-9d9d-2e0b57e3c93d tempest-AttachVolumeShelveTestJSON-1387984657 tempest-AttachVolumeShelveTestJSON-1387984657-project] Policy check for os_compute_api:os-extended-server-attributes failed with credentials {'is_admin': False, 'user_id': 'd4297b45d94a4339b60e59befd17d4e5', 'user_domain_id': 'default', 'system_scope': None, 'domain_id': None, 'project_id': '2170ea0fe9b04ee0a9c3c9a75b193f60', 'project_domain_id': 'default', 'roles': ['member', 'reader'], 'is_admin_project': True, 'service_user_id': None, 'service_user_domain_id': None, 'service_project_id': None, 'service_project_domain_id': None, 'service_roles': []} {{(pid=115222) authorize /opt/stack/nova/nova/policy.py:199}}
Sep 03 17:33:15.108200 dv-cinder-759962-8-smb devstack@n-api.service[115222]: DEBUG nova.policy [None req-8d5c32ff-2858-46f6-9d9d-2e0b57e3c93d tempest-AttachVolumeShelveTestJSON-1387984657 tempest-AttachVolumeShelveTestJSON-1387984657-project] Policy check for os_compute_api:servers:show:host_status failed with credentials {'is_admin': False, 'user_id': 'd4297b45d94a4339b60e59befd17d4e5', 'user_domain_id': 'default', 'system_scope': None, 'domain_id': None, 'project_id': '2170ea0fe9b04ee0a9c3c9a75b193f60', 'project_domain_id': 'default', 'roles': ['member', 'reader'], 'is_admin_project': True, 'service_user_id': None, 'service_user_domain_id': None, 'service_project_id': None, 'service_project_domain_id': None, 'service_roles': []} {{(pid=115222) authorize /opt/stack/nova/nova/policy.py:199}}
Sep 03 17:33:15.110083 dv-cinder-759962-8-smb devstack@n-api.service[115222]: DEBUG nova.policy [None req-8d5c32ff-2858-46f6-9d9d-2e0b57e3c93d tempest-AttachVolumeShelveTestJSON-1387984657 tempest-AttachVolumeShelveTestJSON-1387984657-project] Policy check for os_compute_api:servers:show:host_status:unknown-only failed with credentials {'is_admin': False, 'user_id': 'd4297b45d94a4339b60e59befd17d4e5', 'user_domain_id': 'default', 'system_scope': None, 'domain_id': None, 'project_id': '2170ea0fe9b04ee0a9c3c9a75b193f60', 'project_domain_id': 'default', 'roles': ['member', 'reader'], 'is_admin_project': True, 'service_user_id': None, 'service_user_domain_id': None, 'service_project_id': None, 'service_project_domain_id': None, 'service_roles': []} {{(pid=115222) authorize /opt/stack/nova/nova/policy.py:199}}
Sep 03 17:33:15.111243 dv-cinder-759962-8-smb devstack@n-api.service[115222]: INFO nova.api.openstack.requestlog [None req-8d5c32ff-2858-46f6-9d9d-2e0b57e3c93d tempest-AttachVolumeShelveTestJSON-1387984657 tempest-AttachVolumeShelveTestJSON-1387984657-project] 10.222.0.20 "GET /compute/v2.1/servers/8156913f-ed31-4316-b5cf-f9dc6f6a3fcd" status: 200 len: 1282 microversion: 2.20 time: 0.210906
Sep 03 17:33:15.117235 dv-cinder-759962-8-smb devstack@n-api.service[115222]: [pid: 115222|app: 0|req: 28/56] 10.222.0.20 () {60 vars in 1277 bytes} [Fri Sep  3 17:33:14 2021] GET /compute/v2.1/servers/8156913f-ed31-4316-b5cf-f9dc6f6a3fcd => generated 1282 bytes in 217 msecs (HTTP/1.1 200) 9 headers in 360 bytes (1 switches on core 0)
Sep 03 17:33:15.138330 dv-cinder-759962-8-smb devstack@n-api.service[115222]: DEBUG nova.api.openstack.wsgi [None req-4d65eb1b-2616-4730-89f7-79c3bc67094f tempest-ServerRescueNegativeTestJSON-1591336428 tempest-ServerRescueNegativeTestJSON-1591336428-project] Calling method '<bound method ServersController.show of <nova.api.openstack.compute.servers.ServersController object at 0x7fc6c92cde20>>' {{(pid=115222) _process_stack /opt/stack/nova/nova/api/openstack/wsgi.py:513}}
Sep 03 17:33:15.138956 dv-cinder-759962-8-smb devstack@n-api.service[115222]: DEBUG nova.compute.api [None req-4d65eb1b-2616-4730-89f7-79c3bc67094f tempest-ServerRescueNegativeTestJSON-1591336428 tempest-ServerRescueNegativeTestJSON-1591336428-project] [instance: e3fd3090-7e04-440c-8670-aecec80a3612] Fetching instance by UUID {{(pid=115222) get /opt/stack/nova/nova/compute/api.py:2863}}
Sep 03 17:33:15.153738 dv-cinder-759962-8-smb devstack@n-api.service[115222]: DEBUG oslo_concurrency.lockutils [None req-4d65eb1b-2616-4730-89f7-79c3bc67094f tempest-ServerRescueNegativeTestJSON-1591336428 tempest-ServerRescueNegativeTestJSON-1591336428-project] Lock "ca316373-cfbc-4e0a-a93c-901555aa6aa5" acquired by "nova.context.set_target_cell.<locals>.get_or_set_cached_cell_and_set_connections" :: waited 0.000s {{(pid=115222) inner /usr/local/lib/python3.8/dist-packages/oslo_concurrency/lockutils.py:355}}
Sep 03 17:33:15.154215 dv-cinder-759962-8-smb devstack@n-api.service[115222]: DEBUG oslo_concurrency.lockutils [None req-4d65eb1b-2616-4730-89f7-79c3bc67094f tempest-ServerRescueNegativeTestJSON-1591336428 tempest-ServerRescueNegativeTestJSON-1591336428-project] Lock "ca316373-cfbc-4e0a-a93c-901555aa6aa5" released by "nova.context.set_target_cell.<locals>.get_or_set_cached_cell_and_set_connections" :: held 0.001s {{(pid=115222) inner /usr/local/lib/python3.8/dist-packages/oslo_concurrency/lockutils.py:367}}
Sep 03 17:33:15.157081 dv-cinder-759962-8-smb devstack@n-api.service[115222]: DEBUG oslo_concurrency.lockutils [None req-4d65eb1b-2616-4730-89f7-79c3bc67094f tempest-ServerRescueNegativeTestJSON-1591336428 tempest-ServerRescueNegativeTestJSON-1591336428-project] Lock "ca316373-cfbc-4e0a-a93c-901555aa6aa5" acquired by "nova.context.set_target_cell.<locals>.get_or_set_cached_cell_and_set_connections" :: waited 0.000s {{(pid=115222) inner /usr/local/lib/python3.8/dist-packages/oslo_concurrency/lockutils.py:355}}
Sep 03 17:33:15.157081 dv-cinder-759962-8-smb devstack@n-api.service[115222]: DEBUG oslo_concurrency.lockutils [None req-4d65eb1b-2616-4730-89f7-79c3bc67094f tempest-ServerRescueNegativeTestJSON-1591336428 tempest-ServerRescueNegativeTestJSON-1591336428-project] Lock "ca316373-cfbc-4e0a-a93c-901555aa6aa5" released by "nova.context.set_target_cell.<locals>.get_or_set_cached_cell_and_set_connections" :: held 0.000s {{(pid=115222) inner /usr/local/lib/python3.8/dist-packages/oslo_concurrency/lockutils.py:367}}
Sep 03 17:33:15.290044 dv-cinder-759962-8-smb devstack@n-api.service[115222]: DEBUG nova.policy [None req-4d65eb1b-2616-4730-89f7-79c3bc67094f tempest-ServerRescueNegativeTestJSON-1591336428 tempest-ServerRescueNegativeTestJSON-1591336428-project] Policy check for os_compute_api:os-extended-server-attributes failed with credentials {'is_admin': False, 'user_id': '897e3a39284842caae5d21093e9a1175', 'user_domain_id': 'default', 'system_scope': None, 'domain_id': None, 'project_id': '5937a6e05abf4a068ff442a03aa12bac', 'project_domain_id': 'default', 'roles': ['member', 'reader'], 'is_admin_project': True, 'service_user_id': None, 'service_user_domain_id': None, 'service_project_id': None, 'service_project_domain_id': None, 'service_roles': []} {{(pid=115222) authorize /opt/stack/nova/nova/policy.py:199}}
Sep 03 17:33:15.299120 dv-cinder-759962-8-smb devstack@n-api.service[115222]: INFO nova.api.openstack.requestlog [None req-4d65eb1b-2616-4730-89f7-79c3bc67094f tempest-ServerRescueNegativeTestJSON-1591336428 tempest-ServerRescueNegativeTestJSON-1591336428-project] 10.222.0.20 "GET /compute/v2.1/servers/e3fd3090-7e04-440c-8670-aecec80a3612" status: 200 len: 1274 microversion: 2.1 time: 0.180632
Sep 03 17:33:15.299566 dv-cinder-759962-8-smb devstack@n-api.service[115222]: [pid: 115222|app: 0|req: 29/57] 10.222.0.20 () {58 vars in 1236 bytes} [Fri Sep  3 17:33:15 2021] GET /compute/v2.1/servers/e3fd3090-7e04-440c-8670-aecec80a3612 => generated 1274 bytes in 182 msecs (HTTP/1.1 200) 9 headers in 358 bytes (1 switches on core 0)
Sep 03 17:33:15.301230 dv-cinder-759962-8-smb devstack@n-api.service[115221]: DEBUG nova.policy [None req-6db67397-c322-47c5-b431-6b73ec23e9d0 tempest-AttachVolumeTestJSON-1833044534 tempest-AttachVolumeTestJSON-1833044534-project] Policy check for os_compute_api:os-extended-server-attributes failed with credentials {'is_admin': False, 'user_id': '8e349ce25aca46639ca7eb6eff4a8283', 'user_domain_id': 'default', 'system_scope': None, 'domain_id': None, 'project_id': '332bced1e55f4d4f936cabd560187e5c', 'project_domain_id': 'default', 'roles': ['member', 'reader'], 'is_admin_project': True, 'service_user_id': None, 'service_user_domain_id': None, 'service_project_id': None, 'service_project_domain_id': None, 'service_roles': []} {{(pid=115221) authorize /opt/stack/nova/nova/policy.py:199}}
Sep 03 17:33:15.333368 dv-cinder-759962-8-smb devstack@n-api.service[115221]: INFO nova.api.openstack.requestlog [None req-6db67397-c322-47c5-b431-6b73ec23e9d0 tempest-AttachVolumeTestJSON-1833044534 tempest-AttachVolumeTestJSON-1833044534-project] 10.222.0.20 "GET /compute/v2.1/servers/27e0fa3c-4255-4b96-ad9f-b644a7b5e7eb" status: 200 len: 1362 microversion: 2.1 time: 0.502723
Sep 03 17:33:15.341294 dv-cinder-759962-8-smb devstack@n-api.service[115221]: [pid: 115221|app: 0|req: 29/58] 10.222.0.20 () {58 vars in 1236 bytes} [Fri Sep  3 17:33:14 2021] GET /compute/v2.1/servers/27e0fa3c-4255-4b96-ad9f-b644a7b5e7eb => generated 1362 bytes in 511 msecs (HTTP/1.1 200) 9 headers in 358 bytes (1 switches on core 0)
Sep 03 17:33:15.385604 dv-cinder-759962-8-smb devstack@n-api.service[115222]: DEBUG nova.api.openstack.wsgi [None req-e8abbc0c-6e08-4349-ba0a-ee2a985d6b67 tempest-DeleteServersTestJSON-1170341899 tempest-DeleteServersTestJSON-1170341899-project] Calling method '<bound method ServersController.show of <nova.api.openstack.compute.servers.ServersController object at 0x7fc6c92cde20>>' {{(pid=115222) _process_stack /opt/stack/nova/nova/api/openstack/wsgi.py:513}}
Sep 03 17:33:15.387200 dv-cinder-759962-8-smb devstack@n-api.service[115222]: DEBUG nova.compute.api [None req-e8abbc0c-6e08-4349-ba0a-ee2a985d6b67 tempest-DeleteServersTestJSON-1170341899 tempest-DeleteServersTestJSON-1170341899-project] [instance: 53a9d72e-dcf0-4be5-85e7-4561f6295498] Fetching instance by UUID {{(pid=115222) get /opt/stack/nova/nova/compute/api.py:2863}}
Sep 03 17:33:15.402048 dv-cinder-759962-8-smb devstack@n-api.service[115222]: DEBUG oslo_concurrency.lockutils [None req-e8abbc0c-6e08-4349-ba0a-ee2a985d6b67 tempest-DeleteServersTestJSON-1170341899 tempest-DeleteServersTestJSON-1170341899-project] Lock "ca316373-cfbc-4e0a-a93c-901555aa6aa5" acquired by "nova.context.set_target_cell.<locals>.get_or_set_cached_cell_and_set_connections" :: waited 0.000s {{(pid=115222) inner /usr/local/lib/python3.8/dist-packages/oslo_concurrency/lockutils.py:355}}
Sep 03 17:33:15.402048 dv-cinder-759962-8-smb devstack@n-api.service[115222]: DEBUG oslo_concurrency.lockutils [None req-e8abbc0c-6e08-4349-ba0a-ee2a985d6b67 tempest-DeleteServersTestJSON-1170341899 tempest-DeleteServersTestJSON-1170341899-project] Lock "ca316373-cfbc-4e0a-a93c-901555aa6aa5" released by "nova.context.set_target_cell.<locals>.get_or_set_cached_cell_and_set_connections" :: held 0.002s {{(pid=115222) inner /usr/local/lib/python3.8/dist-packages/oslo_concurrency/lockutils.py:367}}
Sep 03 17:33:15.403377 dv-cinder-759962-8-smb devstack@n-api.service[115222]: DEBUG oslo_concurrency.lockutils [None req-e8abbc0c-6e08-4349-ba0a-ee2a985d6b67 tempest-DeleteServersTestJSON-1170341899 tempest-DeleteServersTestJSON-1170341899-project] Lock "ca316373-cfbc-4e0a-a93c-901555aa6aa5" acquired by "nova.context.set_target_cell.<locals>.get_or_set_cached_cell_and_set_connections" :: waited 0.003s {{(pid=115222) inner /usr/local/lib/python3.8/dist-packages/oslo_concurrency/lockutils.py:355}}
Sep 03 17:33:15.404545 dv-cinder-759962-8-smb devstack@n-api.service[115222]: DEBUG oslo_concurrency.lockutils [None req-e8abbc0c-6e08-4349-ba0a-ee2a985d6b67 tempest-DeleteServersTestJSON-1170341899 tempest-DeleteServersTestJSON-1170341899-project] Lock "ca316373-cfbc-4e0a-a93c-901555aa6aa5" released by "nova.context.set_target_cell.<locals>.get_or_set_cached_cell_and_set_connections" :: held 0.001s {{(pid=115222) inner /usr/local/lib/python3.8/dist-packages/oslo_concurrency/lockutils.py:367}}
Sep 03 17:33:15.678783 dv-cinder-759962-8-smb devstack@n-api.service[115222]: DEBUG nova.policy [None req-e8abbc0c-6e08-4349-ba0a-ee2a985d6b67 tempest-DeleteServersTestJSON-1170341899 tempest-DeleteServersTestJSON-1170341899-project] Policy check for os_compute_api:os-extended-server-attributes failed with credentials {'is_admin': False, 'user_id': 'ca2e27339fc445f597a58857703a8e43', 'user_domain_id': 'default', 'system_scope': None, 'domain_id': None, 'project_id': 'e6b09f209be446789f86a69d54248588', 'project_domain_id': 'default', 'roles': ['member', 'reader'], 'is_admin_project': True, 'service_user_id': None, 'service_user_domain_id': None, 'service_project_id': None, 'service_project_domain_id': None, 'service_roles': []} {{(pid=115222) authorize /opt/stack/nova/nova/policy.py:199}}
Sep 03 17:33:15.689242 dv-cinder-759962-8-smb devstack@n-api.service[115222]: INFO nova.api.openstack.requestlog [None req-e8abbc0c-6e08-4349-ba0a-ee2a985d6b67 tempest-DeleteServersTestJSON-1170341899 tempest-DeleteServersTestJSON-1170341899-project] 10.222.0.20 "GET /compute/v2.1/servers/53a9d72e-dcf0-4be5-85e7-4561f6295498" status: 200 len: 1314 microversion: 2.1 time: 0.307190
Sep 03 17:33:15.690295 dv-cinder-759962-8-smb devstack@n-api.service[115222]: [pid: 115222|app: 0|req: 30/59] 10.222.0.20 () {58 vars in 1236 bytes} [Fri Sep  3 17:33:15 2021] GET /compute/v2.1/servers/53a9d72e-dcf0-4be5-85e7-4561f6295498 => generated 1314 bytes in 309 msecs (HTTP/1.1 200) 9 headers in 358 bytes (1 switches on core 0)
Sep 03 17:33:15.900291 dv-cinder-759962-8-smb devstack@n-api.service[115221]: DEBUG nova.api.openstack.wsgi [None req-7dcce6d9-5d0d-4f5d-a8c7-b0c21536b1dc tempest-AttachVolumeNegativeTest-521809772 tempest-AttachVolumeNegativeTest-521809772-project] Calling method '<bound method ServersController.show of <nova.api.openstack.compute.servers.ServersController object at 0x7fc6c92d15b0>>' {{(pid=115221) _process_stack /opt/stack/nova/nova/api/openstack/wsgi.py:513}}
Sep 03 17:33:15.901143 dv-cinder-759962-8-smb devstack@n-api.service[115221]: DEBUG nova.compute.api [None req-7dcce6d9-5d0d-4f5d-a8c7-b0c21536b1dc tempest-AttachVolumeNegativeTest-521809772 tempest-AttachVolumeNegativeTest-521809772-project] [instance: 46d23bfa-9066-4485-9cb8-7274466b66df] Fetching instance by UUID {{(pid=115221) get /opt/stack/nova/nova/compute/api.py:2863}}
Sep 03 17:33:15.909332 dv-cinder-759962-8-smb devstack@n-api.service[115221]: DEBUG oslo_concurrency.lockutils [None req-7dcce6d9-5d0d-4f5d-a8c7-b0c21536b1dc tempest-AttachVolumeNegativeTest-521809772 tempest-AttachVolumeNegativeTest-521809772-project] Lock "ca316373-cfbc-4e0a-a93c-901555aa6aa5" acquired by "nova.context.set_target_cell.<locals>.get_or_set_cached_cell_and_set_connections" :: waited 0.000s {{(pid=115221) inner /usr/local/lib/python3.8/dist-packages/oslo_concurrency/lockutils.py:355}}
Sep 03 17:33:15.909894 dv-cinder-759962-8-smb devstack@n-api.service[115221]: DEBUG oslo_concurrency.lockutils [None req-7dcce6d9-5d0d-4f5d-a8c7-b0c21536b1dc tempest-AttachVolumeNegativeTest-521809772 tempest-AttachVolumeNegativeTest-521809772-project] Lock "ca316373-cfbc-4e0a-a93c-901555aa6aa5" released by "nova.context.set_target_cell.<locals>.get_or_set_cached_cell_and_set_connections" :: held 0.001s {{(pid=115221) inner /usr/local/lib/python3.8/dist-packages/oslo_concurrency/lockutils.py:367}}
Sep 03 17:33:15.910879 dv-cinder-759962-8-smb devstack@n-api.service[115221]: DEBUG oslo_concurrency.lockutils [None req-7dcce6d9-5d0d-4f5d-a8c7-b0c21536b1dc tempest-AttachVolumeNegativeTest-521809772 tempest-AttachVolumeNegativeTest-521809772-project] Lock "ca316373-cfbc-4e0a-a93c-901555aa6aa5" acquired by "nova.context.set_target_cell.<locals>.get_or_set_cached_cell_and_set_connections" :: waited 0.000s {{(pid=115221) inner /usr/local/lib/python3.8/dist-packages/oslo_concurrency/lockutils.py:355}}
Sep 03 17:33:15.911390 dv-cinder-759962-8-smb devstack@n-api.service[115221]: DEBUG oslo_concurrency.lockutils [None req-7dcce6d9-5d0d-4f5d-a8c7-b0c21536b1dc tempest-AttachVolumeNegativeTest-521809772 tempest-AttachVolumeNegativeTest-521809772-project] Lock "ca316373-cfbc-4e0a-a93c-901555aa6aa5" released by "nova.context.set_target_cell.<locals>.get_or_set_cached_cell_and_set_connections" :: held 0.001s {{(pid=115221) inner /usr/local/lib/python3.8/dist-packages/oslo_concurrency/lockutils.py:367}}
