Sep 11 16:04:13.643384 dv-cinder-759962-14-smb devstack@c-api.service[100889]: DEBUG cinder.api.openstack.wsgi [None req-91fda06b-dece-412a-ba12-6270ec82157c tempest-VolumesListAdminTestJSON-440455623 tempest-VolumesListAdminTestJSON-440455623-project] Empty body provided in request {{(pid=100889) get_body /opt/stack/cinder/cinder/api/openstack/wsgi.py:703}}
Sep 11 16:04:13.643551 dv-cinder-759962-14-smb devstack@c-api.service[100889]: /usr/local/lib/python3.8/dist-packages/webob/acceptparse.py:1047: DeprecationWarning: The behavior of AcceptValidHeader.best_match is currently being maintained for backward compatibility, but it will be deprecated in the future, as it does not conform to the RFC.
Sep 11 16:04:13.643551 dv-cinder-759962-14-smb devstack@c-api.service[100889]: warnings.warn(
Sep 11 16:04:13.644258 dv-cinder-759962-14-smb devstack@c-api.service[100889]: DEBUG cinder.api.openstack.wsgi [None req-91fda06b-dece-412a-ba12-6270ec82157c tempest-VolumesListAdminTestJSON-440455623 tempest-VolumesListAdminTestJSON-440455623-project] Calling method 'show' {{(pid=100889) _process_stack /opt/stack/cinder/cinder/api/openstack/wsgi.py:856}}
Sep 11 16:04:13.660178 dv-cinder-759962-14-smb devstack@c-api.service[100889]: /usr/local/lib/python3.8/dist-packages/oslo_context/context.py:105: DeprecationWarning: Policy enforcement is depending on the value of is_admin. This key is deprecated. Please update your policy file to use the standard policy values.
Sep 11 16:04:13.660178 dv-cinder-759962-14-smb devstack@c-api.service[100889]: warnings.warn('Policy enforcement is depending on the value of '
Sep 11 16:04:13.667548 dv-cinder-759962-14-smb devstack@c-api.service[100889]: INFO cinder.volume.api [None req-91fda06b-dece-412a-ba12-6270ec82157c tempest-VolumesListAdminTestJSON-440455623 tempest-VolumesListAdminTestJSON-440455623-project] Volume info retrieved successfully.
Sep 11 16:04:13.681772 dv-cinder-759962-14-smb devstack@c-api.service[100889]: INFO cinder.api.openstack.wsgi [None req-91fda06b-dece-412a-ba12-6270ec82157c tempest-VolumesListAdminTestJSON-440455623 tempest-VolumesListAdminTestJSON-440455623-project] http://10.222.0.43/volume/v3/c558973bf3154a1fa5eedc6863e3e77a/volumes/49be71f5-7e18-4bab-bafe-6b11de320420 returned with HTTP 200
Sep 11 16:04:13.682475 dv-cinder-759962-14-smb devstack@c-api.service[100889]: [pid: 100889|app: 0|req: 199/378] 10.222.0.43 () {58 vars in 1325 bytes} [Sat Sep 11 16:04:13 2021] GET /volume/v3/c558973bf3154a1fa5eedc6863e3e77a/volumes/49be71f5-7e18-4bab-bafe-6b11de320420 => generated 917 bytes in 44 msecs (HTTP/1.1 200) 7 headers in 285 bytes (1 switches on core 0)
Sep 11 16:04:13.695600 dv-cinder-759962-14-smb devstack@c-api.service[100890]: INFO cinder.api.openstack.wsgi [None req-58f9f1f7-1a66-497b-a285-5576e74fd5cd tempest-VolumesListAdminTestJSON-440455623 tempest-VolumesListAdminTestJSON-440455623-project] GET http://10.222.0.43/volume/v3/c558973bf3154a1fa5eedc6863e3e77a/volumes/49be71f5-7e18-4bab-bafe-6b11de320420
Sep 11 16:04:13.696866 dv-cinder-759962-14-smb devstack@c-api.service[100890]: DEBUG cinder.api.openstack.wsgi [None req-58f9f1f7-1a66-497b-a285-5576e74fd5cd tempest-VolumesListAdminTestJSON-440455623 tempest-VolumesListAdminTestJSON-440455623-project] Empty body provided in request {{(pid=100890) get_body /opt/stack/cinder/cinder/api/openstack/wsgi.py:703}}
Sep 11 16:04:13.697424 dv-cinder-759962-14-smb devstack@c-api.service[100890]: /usr/local/lib/python3.8/dist-packages/webob/acceptparse.py:1047: DeprecationWarning: The behavior of AcceptValidHeader.best_match is currently being maintained for backward compatibility, but it will be deprecated in the future, as it does not conform to the RFC.
Sep 11 16:04:13.697424 dv-cinder-759962-14-smb devstack@c-api.service[100890]: warnings.warn(
Sep 11 16:04:13.697747 dv-cinder-759962-14-smb devstack@c-api.service[100890]: DEBUG cinder.api.openstack.wsgi [None req-58f9f1f7-1a66-497b-a285-5576e74fd5cd tempest-VolumesListAdminTestJSON-440455623 tempest-VolumesListAdminTestJSON-440455623-project] Calling method 'show' {{(pid=100890) _process_stack /opt/stack/cinder/cinder/api/openstack/wsgi.py:856}}
Sep 11 16:04:13.710991 dv-cinder-759962-14-smb devstack@c-api.service[100890]: /usr/local/lib/python3.8/dist-packages/oslo_context/context.py:105: DeprecationWarning: Policy enforcement is depending on the value of is_admin. This key is deprecated. Please update your policy file to use the standard policy values.
Sep 11 16:04:13.710991 dv-cinder-759962-14-smb devstack@c-api.service[100890]: warnings.warn('Policy enforcement is depending on the value of '
Sep 11 16:04:13.718853 dv-cinder-759962-14-smb devstack@c-api.service[100890]: INFO cinder.volume.api [None req-58f9f1f7-1a66-497b-a285-5576e74fd5cd tempest-VolumesListAdminTestJSON-440455623 tempest-VolumesListAdminTestJSON-440455623-project] Volume info retrieved successfully.
Sep 11 16:04:13.733236 dv-cinder-759962-14-smb devstack@c-api.service[100890]: INFO cinder.api.openstack.wsgi [None req-58f9f1f7-1a66-497b-a285-5576e74fd5cd tempest-VolumesListAdminTestJSON-440455623 tempest-VolumesListAdminTestJSON-440455623-project] http://10.222.0.43/volume/v3/c558973bf3154a1fa5eedc6863e3e77a/volumes/49be71f5-7e18-4bab-bafe-6b11de320420 returned with HTTP 200
Sep 11 16:04:13.734167 dv-cinder-759962-14-smb devstack@c-api.service[100890]: [pid: 100890|app: 0|req: 180/379] 10.222.0.43 () {58 vars in 1325 bytes} [Sat Sep 11 16:04:13 2021] GET /volume/v3/c558973bf3154a1fa5eedc6863e3e77a/volumes/49be71f5-7e18-4bab-bafe-6b11de320420 => generated 917 bytes in 42 msecs (HTTP/1.1 200) 7 headers in 285 bytes (1 switches on core 0)
Sep 11 16:04:13.752926 dv-cinder-759962-14-smb devstack@c-api.service[100889]: INFO cinder.api.openstack.wsgi [None req-f04a9162-f911-4a48-b8aa-3d0f78060b4f tempest-VolumesListAdminTestJSON-440455623 tempest-VolumesListAdminTestJSON-440455623-project] POST http://10.222.0.43/volume/v3/c558973bf3154a1fa5eedc6863e3e77a/volumes
Sep 11 16:04:13.753571 dv-cinder-759962-14-smb devstack@c-api.service[100889]: /usr/local/lib/python3.8/dist-packages/webob/acceptparse.py:1047: DeprecationWarning: The behavior of AcceptValidHeader.best_match is currently being maintained for backward compatibility, but it will be deprecated in the future, as it does not conform to the RFC.
Sep 11 16:04:13.753571 dv-cinder-759962-14-smb devstack@c-api.service[100889]: warnings.warn(
Sep 11 16:04:13.754083 dv-cinder-759962-14-smb devstack@c-api.service[100889]: DEBUG cinder.api.openstack.wsgi [None req-f04a9162-f911-4a48-b8aa-3d0f78060b4f tempest-VolumesListAdminTestJSON-440455623 tempest-VolumesListAdminTestJSON-440455623-project] Action: 'create', calling method: create, body: {"volume": {"size": 1, "name": "tempest-VolumesListAdminTestJSON-Volume-501533077"}} {{(pid=100889) _process_stack /opt/stack/cinder/cinder/api/openstack/wsgi.py:854}}
Sep 11 16:04:13.755413 dv-cinder-759962-14-smb devstack@c-api.service[100889]: DEBUG cinder.api.v3.volumes [None req-f04a9162-f911-4a48-b8aa-3d0f78060b4f tempest-VolumesListAdminTestJSON-440455623 tempest-VolumesListAdminTestJSON-440455623-project] Create volume request body: {'volume': {'size': 1, 'name': 'tempest-VolumesListAdminTestJSON-Volume-501533077'}} {{(pid=100889) create /opt/stack/cinder/cinder/api/v3/volumes.py:298}}
Sep 11 16:04:13.755594 dv-cinder-759962-14-smb devstack@c-api.service[100889]: INFO cinder.api.v3.volumes [None req-f04a9162-f911-4a48-b8aa-3d0f78060b4f tempest-VolumesListAdminTestJSON-440455623 tempest-VolumesListAdminTestJSON-440455623-project] Create volume of 1 GB
Sep 11 16:04:13.762773 dv-cinder-759962-14-smb devstack@c-api.service[100889]: INFO cinder.volume.api [None req-f04a9162-f911-4a48-b8aa-3d0f78060b4f tempest-VolumesListAdminTestJSON-440455623 tempest-VolumesListAdminTestJSON-440455623-project] Availability Zones retrieved successfully.
Sep 11 16:04:13.778233 dv-cinder-759962-14-smb devstack@c-api.service[100889]: DEBUG cinder.volume.api [None req-f04a9162-f911-4a48-b8aa-3d0f78060b4f tempest-VolumesListAdminTestJSON-440455623 tempest-VolumesListAdminTestJSON-440455623-project] Flow 'volume_create_api' (6229712e-ecab-4ca0-a67a-210146fe91fe) transitioned into state 'RUNNING' from state 'PENDING' {{(pid=100889) _flow_receiver /usr/local/lib/python3.8/dist-packages/taskflow/listeners/logging.py:141}}
Sep 11 16:04:13.780985 dv-cinder-759962-14-smb devstack@c-api.service[100889]: DEBUG cinder.volume.api [None req-f04a9162-f911-4a48-b8aa-3d0f78060b4f tempest-VolumesListAdminTestJSON-440455623 tempest-VolumesListAdminTestJSON-440455623-project] Task 'cinder.volume.flows.api.create_volume.ExtractVolumeRequestTask;volume:create' (be17dc9a-142d-4132-b46f-dd9e11f2b028) transitioned into state 'RUNNING' from state 'PENDING' {{(pid=100889) _task_receiver /usr/local/lib/python3.8/dist-packages/taskflow/listeners/logging.py:190}}
Sep 11 16:04:13.783050 dv-cinder-759962-14-smb devstack@c-api.service[100889]: DEBUG cinder.volume.flows.api.create_volume [None req-f04a9162-f911-4a48-b8aa-3d0f78060b4f tempest-VolumesListAdminTestJSON-440455623 tempest-VolumesListAdminTestJSON-440455623-project] Validating volume size '1' using validate_int {{(pid=100889) _extract_size /opt/stack/cinder/cinder/volume/flows/api/create_volume.py:225}}
Sep 11 16:04:13.814035 dv-cinder-759962-14-smb devstack@c-api.service[100889]: DEBUG cinder.volume.api [None req-f04a9162-f911-4a48-b8aa-3d0f78060b4f tempest-VolumesListAdminTestJSON-440455623 tempest-VolumesListAdminTestJSON-440455623-project] Task 'cinder.volume.flows.api.create_volume.ExtractVolumeRequestTask;volume:create' (be17dc9a-142d-4132-b46f-dd9e11f2b028) transitioned into state 'SUCCESS' from state 'RUNNING' with result '{'size': 1, 'snapshot_id': None, 'source_volid': None, 'volume_type': VolumeType(created_at=2021-09-11T15:54:02Z,deleted=False,deleted_at=None,description='Default Volume Type',extra_specs={},id=e6fea8c1-19e2-4d13-84ee-8c4bb16392b9,is_public=True,name='__DEFAULT__',projects=[],qos_specs=,qos_specs_id=None,updated_at=2021-09-11T15:54:02Z), 'volume_type_id': 'e6fea8c1-19e2-4d13-84ee-8c4bb16392b9', 'encryption_key_id': None, 'qos_specs': None, 'consistencygroup_id': None, 'cgsnapshot_id': None, 'group_id': None, 'replication_status': 'disabled', 'refresh_az': False, 'backup_id': None, 'multiattach': False, 'availability_zones': ['nova']}' {{(pid=100889) _task_receiver /usr/local/lib/python3.8/dist-packages/taskflow/listeners/logging.py:178}}
Sep 11 16:04:13.816049 dv-cinder-759962-14-smb devstack@c-api.service[100889]: DEBUG cinder.volume.api [None req-f04a9162-f911-4a48-b8aa-3d0f78060b4f tempest-VolumesListAdminTestJSON-440455623 tempest-VolumesListAdminTestJSON-440455623-project] Task 'cinder.volume.flows.api.create_volume.QuotaReserveTask;volume:create' (9f01d727-9be3-454f-a209-985987fec5c3) transitioned into state 'RUNNING' from state 'PENDING' {{(pid=100889) _task_receiver /usr/local/lib/python3.8/dist-packages/taskflow/listeners/logging.py:190}}
Sep 11 16:04:13.835639 dv-cinder-759962-14-smb devstack@c-api.service[100890]: INFO cinder.api.openstack.wsgi [None req-153530d1-43fc-4220-a4da-5fe1004995d5 tempest-VolumeTypesTest-366938318 tempest-VolumeTypesTest-366938318-project] GET http://10.222.0.43/volume/v3/53acff30b9c144f687c05667a01f8a3d/volumes/9c77b27f-184e-4d88-90ee-69c0cdcc8ec4
Sep 11 16:04:13.836076 dv-cinder-759962-14-smb devstack@c-api.service[100890]: DEBUG cinder.api.openstack.wsgi [None req-153530d1-43fc-4220-a4da-5fe1004995d5 tempest-VolumeTypesTest-366938318 tempest-VolumeTypesTest-366938318-project] Empty body provided in request {{(pid=100890) get_body /opt/stack/cinder/cinder/api/openstack/wsgi.py:703}}
Sep 11 16:04:13.836468 dv-cinder-759962-14-smb devstack@c-api.service[100890]: /usr/local/lib/python3.8/dist-packages/webob/acceptparse.py:1047: DeprecationWarning: The behavior of AcceptValidHeader.best_match is currently being maintained for backward compatibility, but it will be deprecated in the future, as it does not conform to the RFC.
Sep 11 16:04:13.836468 dv-cinder-759962-14-smb devstack@c-api.service[100890]: warnings.warn(
Sep 11 16:04:13.836855 dv-cinder-759962-14-smb devstack@c-api.service[100890]: DEBUG cinder.api.openstack.wsgi [None req-153530d1-43fc-4220-a4da-5fe1004995d5 tempest-VolumeTypesTest-366938318 tempest-VolumeTypesTest-366938318-project] Calling method 'show' {{(pid=100890) _process_stack /opt/stack/cinder/cinder/api/openstack/wsgi.py:856}}
Sep 11 16:04:13.866967 dv-cinder-759962-14-smb devstack@c-api.service[100890]: /usr/local/lib/python3.8/dist-packages/oslo_context/context.py:105: DeprecationWarning: Policy enforcement is depending on the value of is_admin. This key is deprecated. Please update your policy file to use the standard policy values.
Sep 11 16:04:13.866967 dv-cinder-759962-14-smb devstack@c-api.service[100890]: warnings.warn('Policy enforcement is depending on the value of '
Sep 11 16:04:13.875399 dv-cinder-759962-14-smb devstack@c-api.service[100890]: INFO cinder.volume.api [None req-153530d1-43fc-4220-a4da-5fe1004995d5 tempest-VolumeTypesTest-366938318 tempest-VolumeTypesTest-366938318-project] Volume info retrieved successfully.
Sep 11 16:04:13.884019 dv-cinder-759962-14-smb devstack@c-api.service[100889]: DEBUG cinder.quota [None req-f04a9162-f911-4a48-b8aa-3d0f78060b4f tempest-VolumesListAdminTestJSON-440455623 tempest-VolumesListAdminTestJSON-440455623-project] Created reservations ['3e183197-db03-49dd-913a-217428ce1af4', 'e416b344-89d3-4e9f-848f-bb3792f6a031', '0e4ce9f2-a389-4a85-afff-dde0cd3bb71e', '98e9980d-32c7-4f70-983c-5f0616377d79'] {{(pid=100889) reserve /opt/stack/cinder/cinder/quota.py:755}}
Sep 11 16:04:13.885987 dv-cinder-759962-14-smb devstack@c-api.service[100889]: DEBUG cinder.volume.api [None req-f04a9162-f911-4a48-b8aa-3d0f78060b4f tempest-VolumesListAdminTestJSON-440455623 tempest-VolumesListAdminTestJSON-440455623-project] Task 'cinder.volume.flows.api.create_volume.QuotaReserveTask;volume:create' (9f01d727-9be3-454f-a209-985987fec5c3) transitioned into state 'SUCCESS' from state 'RUNNING' with result '{'reservations': ['3e183197-db03-49dd-913a-217428ce1af4', 'e416b344-89d3-4e9f-848f-bb3792f6a031', '0e4ce9f2-a389-4a85-afff-dde0cd3bb71e', '98e9980d-32c7-4f70-983c-5f0616377d79']}' {{(pid=100889) _task_receiver /usr/local/lib/python3.8/dist-packages/taskflow/listeners/logging.py:178}}
Sep 11 16:04:13.887896 dv-cinder-759962-14-smb devstack@c-api.service[100889]: DEBUG cinder.volume.api [None req-f04a9162-f911-4a48-b8aa-3d0f78060b4f tempest-VolumesListAdminTestJSON-440455623 tempest-VolumesListAdminTestJSON-440455623-project] Task 'cinder.volume.flows.api.create_volume.EntryCreateTask;volume:create' (e36ec4bf-a643-41e7-8af4-52d93ed147ed) transitioned into state 'RUNNING' from state 'PENDING' {{(pid=100889) _task_receiver /usr/local/lib/python3.8/dist-packages/taskflow/listeners/logging.py:190}}
Sep 11 16:04:13.891576 dv-cinder-759962-14-smb devstack@c-api.service[100890]: INFO cinder.api.openstack.wsgi [None req-153530d1-43fc-4220-a4da-5fe1004995d5 tempest-VolumeTypesTest-366938318 tempest-VolumeTypesTest-366938318-project] http://10.222.0.43/volume/v3/53acff30b9c144f687c05667a01f8a3d/volumes/9c77b27f-184e-4d88-90ee-69c0cdcc8ec4 returned with HTTP 200
Sep 11 16:04:13.892431 dv-cinder-759962-14-smb devstack@c-api.service[100890]: [pid: 100890|app: 0|req: 181/380] 10.222.0.43 () {58 vars in 1325 bytes} [Sat Sep 11 16:04:13 2021] GET /volume/v3/53acff30b9c144f687c05667a01f8a3d/volumes/9c77b27f-184e-4d88-90ee-69c0cdcc8ec4 => generated 942 bytes in 60 msecs (HTTP/1.1 200) 7 headers in 285 bytes (2 switches on core 0)
Sep 11 16:04:13.907762 dv-cinder-759962-14-smb devstack@c-api.service[100890]: INFO cinder.api.openstack.wsgi [None req-cf3070c8-4650-44ce-ac2c-0a3ea5014c9b tempest-VolumeTypesTest-366938318 tempest-VolumeTypesTest-366938318-project] GET http://10.222.0.43/volume/v3/53acff30b9c144f687c05667a01f8a3d/volumes/9c77b27f-184e-4d88-90ee-69c0cdcc8ec4
Sep 11 16:04:13.908198 dv-cinder-759962-14-smb devstack@c-api.service[100890]: DEBUG cinder.api.openstack.wsgi [None req-cf3070c8-4650-44ce-ac2c-0a3ea5014c9b tempest-VolumeTypesTest-366938318 tempest-VolumeTypesTest-366938318-project] Empty body provided in request {{(pid=100890) get_body /opt/stack/cinder/cinder/api/openstack/wsgi.py:703}}
Sep 11 16:04:13.908373 dv-cinder-759962-14-smb devstack@c-api.service[100890]: /usr/local/lib/python3.8/dist-packages/webob/acceptparse.py:1047: DeprecationWarning: The behavior of AcceptValidHeader.best_match is currently being maintained for backward compatibility, but it will be deprecated in the future, as it does not conform to the RFC.
Sep 11 16:04:13.908373 dv-cinder-759962-14-smb devstack@c-api.service[100890]: warnings.warn(
Sep 11 16:04:13.908668 dv-cinder-759962-14-smb devstack@c-api.service[100890]: DEBUG cinder.api.openstack.wsgi [None req-cf3070c8-4650-44ce-ac2c-0a3ea5014c9b tempest-VolumeTypesTest-366938318 tempest-VolumeTypesTest-366938318-project] Calling method 'show' {{(pid=100890) _process_stack /opt/stack/cinder/cinder/api/openstack/wsgi.py:856}}
Sep 11 16:04:13.919087 dv-cinder-759962-14-smb devstack@c-api.service[100889]: DEBUG cinder.volume.api [None req-f04a9162-f911-4a48-b8aa-3d0f78060b4f tempest-VolumesListAdminTestJSON-440455623 tempest-VolumesListAdminTestJSON-440455623-project] Task 'cinder.volume.flows.api.create_volume.EntryCreateTask;volume:create' (e36ec4bf-a643-41e7-8af4-52d93ed147ed) transitioned into state 'SUCCESS' from state 'RUNNING' with result '{'volume_id': '890a86ac-5777-43a1-8a4d-f76767e1d98e', 'volume_properties': VolumeProperties(attach_status='detached',availability_zone='nova',cgsnapshot_id=None,consistencygroup_id=None,display_description=None,display_name='tempest-VolumesListAdminTestJSON-Volume-501533077',encryption_key_id=None,group_id=None,group_type_id=,metadata={},multiattach=False,project_id='c558973bf3154a1fa5eedc6863e3e77a',qos_specs=None,replication_status=,reservations=['3e183197-db03-49dd-913a-217428ce1af4','e416b344-89d3-4e9f-848f-bb3792f6a031','0e4ce9f2-a389-4a85-afff-dde0cd3bb71e','98e9980d-32c7-4f70-983c-5f0616377d79'],size=1,snapshot_id=None,source_replicaid=,source_volid=None,status='creating',user_id='8f07853f93934adb86829a3d5768c3b9',volume_type_id=e6fea8c1-19e2-4d13-84ee-8c4bb16392b9), 'volume': Volume(_name_id=None,admin_metadata=,attach_status='detached',availability_zone='nova',bootable=False,cluster=,cluster_name=None,consistencygroup=,consistencygroup_id=None,created_at=2021-09-11T16:04:13Z,deleted=False,deleted_at=None,display_description=None,display_name='tempest-VolumesListAdminTestJSON-Volume-501533077',ec2_id=None,encryption_key_id=None,glance_metadata=,group=,group_id=None,host=None,id=890a86ac-5777-43a1-8a4d-f76767e1d98e,launched_at=None,metadata={},migration_status=None,multiattach=False,previous_status=None,project_id='c558973bf3154a1fa5eedc6863e3e77a',provider_auth=None,provider_geometry=None,provider_id=None,provider_location=None,replication_driver_data=None,replication_extended_status=None,replication_status=None,scheduled_at=None,service_uuid=None,shared_targets=True,size=1,snapshot_id=None,snapshots=,source_volid=None,status='creating',terminated_at=None,updated_at=None,use_quota=True,user_id='8f07853f93934adb86829a3d5768c3b9',volume_attachment=,volume_type=VolumeType(e6fea8c1-19e2-4d13-84ee-8c4bb16392b9),volume_type_id=e6fea8c1-19e2-4d13-84ee-8c4bb16392b9)}' {{(pid=100889) _task_receiver /usr/local/lib/python3.8/dist-packages/taskflow/listeners/logging.py:178}}
Sep 11 16:04:13.921080 dv-cinder-759962-14-smb devstack@c-api.service[100889]: DEBUG cinder.volume.api [None req-f04a9162-f911-4a48-b8aa-3d0f78060b4f tempest-VolumesListAdminTestJSON-440455623 tempest-VolumesListAdminTestJSON-440455623-project] Task 'cinder.volume.flows.api.create_volume.QuotaCommitTask;volume:create' (a683c012-ad44-4173-88a7-4801fea64f73) transitioned into state 'RUNNING' from state 'PENDING' {{(pid=100889) _task_receiver /usr/local/lib/python3.8/dist-packages/taskflow/listeners/logging.py:190}}
Sep 11 16:04:13.931432 dv-cinder-759962-14-smb devstack@c-api.service[100890]: /usr/local/lib/python3.8/dist-packages/oslo_context/context.py:105: DeprecationWarning: Policy enforcement is depending on the value of is_admin. This key is deprecated. Please update your policy file to use the standard policy values.
Sep 11 16:04:13.931432 dv-cinder-759962-14-smb devstack@c-api.service[100890]: warnings.warn('Policy enforcement is depending on the value of '
Sep 11 16:04:13.947384 dv-cinder-759962-14-smb devstack@c-api.service[100890]: INFO cinder.volume.api [None req-cf3070c8-4650-44ce-ac2c-0a3ea5014c9b tempest-VolumeTypesTest-366938318 tempest-VolumeTypesTest-366938318-project] Volume info retrieved successfully.
Sep 11 16:04:13.964969 dv-cinder-759962-14-smb devstack@c-api.service[100889]: DEBUG cinder.volume.api [None req-f04a9162-f911-4a48-b8aa-3d0f78060b4f tempest-VolumesListAdminTestJSON-440455623 tempest-VolumesListAdminTestJSON-440455623-project] Task 'cinder.volume.flows.api.create_volume.QuotaCommitTask;volume:create' (a683c012-ad44-4173-88a7-4801fea64f73) transitioned into state 'SUCCESS' from state 'RUNNING' with result '{'volume_properties': VolumeProperties(attach_status='detached',availability_zone='nova',cgsnapshot_id=None,consistencygroup_id=None,display_description=None,display_name='tempest-VolumesListAdminTestJSON-Volume-501533077',encryption_key_id=None,group_id=None,group_type_id=,metadata={},multiattach=False,project_id='c558973bf3154a1fa5eedc6863e3e77a',qos_specs=None,replication_status=,reservations=['3e183197-db03-49dd-913a-217428ce1af4','e416b344-89d3-4e9f-848f-bb3792f6a031','0e4ce9f2-a389-4a85-afff-dde0cd3bb71e','98e9980d-32c7-4f70-983c-5f0616377d79'],size=1,snapshot_id=None,source_replicaid=,source_volid=None,status='creating',user_id='8f07853f93934adb86829a3d5768c3b9',volume_type_id=e6fea8c1-19e2-4d13-84ee-8c4bb16392b9)}' {{(pid=100889) _task_receiver /usr/local/lib/python3.8/dist-packages/taskflow/listeners/logging.py:178}}
Sep 11 16:04:13.969066 dv-cinder-759962-14-smb devstack@c-api.service[100889]: DEBUG cinder.volume.api [None req-f04a9162-f911-4a48-b8aa-3d0f78060b4f tempest-VolumesListAdminTestJSON-440455623 tempest-VolumesListAdminTestJSON-440455623-project] Task 'cinder.volume.flows.api.create_volume.VolumeCastTask;volume:create' (90c823d7-e2e7-4f64-927f-64c652fb0b71) transitioned into state 'RUNNING' from state 'PENDING' {{(pid=100889) _task_receiver /usr/local/lib/python3.8/dist-packages/taskflow/listeners/logging.py:190}}
Sep 11 16:04:13.974723 dv-cinder-759962-14-smb devstack@c-api.service[100890]: INFO cinder.api.openstack.wsgi [None req-cf3070c8-4650-44ce-ac2c-0a3ea5014c9b tempest-VolumeTypesTest-366938318 tempest-VolumeTypesTest-366938318-project] http://10.222.0.43/volume/v3/53acff30b9c144f687c05667a01f8a3d/volumes/9c77b27f-184e-4d88-90ee-69c0cdcc8ec4 returned with HTTP 200
Sep 11 16:04:13.976762 dv-cinder-759962-14-smb devstack@c-api.service[100890]: [pid: 100890|app: 0|req: 182/381] 10.222.0.43 () {58 vars in 1325 bytes} [Sat Sep 11 16:04:13 2021] GET /volume/v3/53acff30b9c144f687c05667a01f8a3d/volumes/9c77b27f-184e-4d88-90ee-69c0cdcc8ec4 => generated 942 bytes in 73 msecs (HTTP/1.1 200) 7 headers in 285 bytes (1 switches on core 0)
Sep 11 16:04:13.998913 dv-cinder-759962-14-smb devstack@c-api.service[100890]: INFO cinder.api.openstack.wsgi [None req-873cd124-058b-4b5b-98f7-b8d61f1e02b3 tempest-VolumeTypesTest-1276317768 tempest-VolumeTypesTest-1276317768-project-admin] POST http://10.222.0.43/volume/v3/55a628ba679149d5b3fe92d698bc474f/types
Sep 11 16:04:13.999301 dv-cinder-759962-14-smb devstack@c-api.service[100890]: /usr/local/lib/python3.8/dist-packages/webob/acceptparse.py:1047: DeprecationWarning: The behavior of AcceptValidHeader.best_match is currently being maintained for backward compatibility, but it will be deprecated in the future, as it does not conform to the RFC.
Sep 11 16:04:13.999301 dv-cinder-759962-14-smb devstack@c-api.service[100890]: warnings.warn(
Sep 11 16:04:13.999689 dv-cinder-759962-14-smb devstack@c-api.service[100890]: DEBUG cinder.api.openstack.wsgi [None req-873cd124-058b-4b5b-98f7-b8d61f1e02b3 tempest-VolumeTypesTest-1276317768 tempest-VolumeTypesTest-1276317768-project-admin] Action: 'create', calling method: _create, body: {"volume_type": {"name": "tempest-VolumeTypesTest-volume-type-1897829072", "description": "tempest-volume-type-description-1546844971", "extra_specs": {"storage_protocol": "smbfs", "vendor_name": "Open Source"}, "os-volume-type-access:is_public": true}} {{(pid=100890) _process_stack /opt/stack/cinder/cinder/api/openstack/wsgi.py:854}}
Sep 11 16:04:14.019294 dv-cinder-759962-14-smb devstack@c-api.service[100889]: DEBUG cinder.volume.api [None req-f04a9162-f911-4a48-b8aa-3d0f78060b4f tempest-VolumesListAdminTestJSON-440455623 tempest-VolumesListAdminTestJSON-440455623-project] Task 'cinder.volume.flows.api.create_volume.VolumeCastTask;volume:create' (90c823d7-e2e7-4f64-927f-64c652fb0b71) transitioned into state 'SUCCESS' from state 'RUNNING' with result 'None' {{(pid=100889) _task_receiver /usr/local/lib/python3.8/dist-packages/taskflow/listeners/logging.py:178}}
Sep 11 16:04:14.022939 dv-cinder-759962-14-smb devstack@c-api.service[100889]: DEBUG cinder.volume.api [None req-f04a9162-f911-4a48-b8aa-3d0f78060b4f tempest-VolumesListAdminTestJSON-440455623 tempest-VolumesListAdminTestJSON-440455623-project] Flow 'volume_create_api' (6229712e-ecab-4ca0-a67a-210146fe91fe) transitioned into state 'SUCCESS' from state 'RUNNING' {{(pid=100889) _flow_receiver /usr/local/lib/python3.8/dist-packages/taskflow/listeners/logging.py:141}}
Sep 11 16:04:14.024215 dv-cinder-759962-14-smb devstack@c-api.service[100889]: INFO cinder.volume.api [None req-f04a9162-f911-4a48-b8aa-3d0f78060b4f tempest-VolumesListAdminTestJSON-440455623 tempest-VolumesListAdminTestJSON-440455623-project] Create volume request issued successfully.
Sep 11 16:04:14.046795 dv-cinder-759962-14-smb devstack@c-api.service[100889]: INFO cinder.api.openstack.wsgi [None req-f04a9162-f911-4a48-b8aa-3d0f78060b4f tempest-VolumesListAdminTestJSON-440455623 tempest-VolumesListAdminTestJSON-440455623-project] http://10.222.0.43/volume/v3/c558973bf3154a1fa5eedc6863e3e77a/volumes returned with HTTP 202
Sep 11 16:04:14.058074 dv-cinder-759962-14-smb devstack@c-api.service[100889]: [pid: 100889|app: 0|req: 200/382] 10.222.0.43 () {60 vars in 1235 bytes} [Sat Sep 11 16:04:13 2021] POST /volume/v3/c558973bf3154a1fa5eedc6863e3e77a/volumes => generated 823 bytes in 299 msecs (HTTP/1.1 202) 7 headers in 291 bytes (2 switches on core 0)
Sep 11 16:04:14.075790 dv-cinder-759962-14-smb devstack@c-api.service[100889]: INFO cinder.api.openstack.wsgi [None req-cbdf1582-ece1-4b0e-8cc6-9965a72f1b80 tempest-VolumesListAdminTestJSON-440455623 tempest-VolumesListAdminTestJSON-440455623-project] GET http://10.222.0.43/volume/v3/c558973bf3154a1fa5eedc6863e3e77a/volumes/890a86ac-5777-43a1-8a4d-f76767e1d98e
Sep 11 16:04:14.076349 dv-cinder-759962-14-smb devstack@c-api.service[100889]: DEBUG cinder.api.openstack.wsgi [None req-cbdf1582-ece1-4b0e-8cc6-9965a72f1b80 tempest-VolumesListAdminTestJSON-440455623 tempest-VolumesListAdminTestJSON-440455623-project] Empty body provided in request {{(pid=100889) get_body /opt/stack/cinder/cinder/api/openstack/wsgi.py:703}}
Sep 11 16:04:14.076459 dv-cinder-759962-14-smb devstack@c-api.service[100889]: /usr/local/lib/python3.8/dist-packages/webob/acceptparse.py:1047: DeprecationWarning: The behavior of AcceptValidHeader.best_match is currently being maintained for backward compatibility, but it will be deprecated in the future, as it does not conform to the RFC.
Sep 11 16:04:14.076459 dv-cinder-759962-14-smb devstack@c-api.service[100889]: warnings.warn(
Sep 11 16:04:14.076731 dv-cinder-759962-14-smb devstack@c-api.service[100889]: DEBUG cinder.api.openstack.wsgi [None req-cbdf1582-ece1-4b0e-8cc6-9965a72f1b80 tempest-VolumesListAdminTestJSON-440455623 tempest-VolumesListAdminTestJSON-440455623-project] Calling method 'show' {{(pid=100889) _process_stack /opt/stack/cinder/cinder/api/openstack/wsgi.py:856}}
Sep 11 16:04:14.099894 dv-cinder-759962-14-smb devstack@c-api.service[100890]: INFO cinder.api.openstack.wsgi [None req-873cd124-058b-4b5b-98f7-b8d61f1e02b3 tempest-VolumeTypesTest-1276317768 tempest-VolumeTypesTest-1276317768-project-admin] http://10.222.0.43/volume/v3/55a628ba679149d5b3fe92d698bc474f/types returned with HTTP 200
Sep 11 16:04:14.100097 dv-cinder-759962-14-smb devstack@c-api.service[100889]: /usr/local/lib/python3.8/dist-packages/oslo_context/context.py:105: DeprecationWarning: Policy enforcement is depending on the value of is_admin. This key is deprecated. Please update your policy file to use the standard policy values.
Sep 11 16:04:14.100097 dv-cinder-759962-14-smb devstack@c-api.service[100889]: warnings.warn('Policy enforcement is depending on the value of '
Sep 11 16:04:14.101934 dv-cinder-759962-14-smb devstack@c-api.service[100890]: [pid: 100890|app: 0|req: 183/383] 10.222.0.43 () {60 vars in 1230 bytes} [Sat Sep 11 16:04:13 2021] POST /volume/v3/55a628ba679149d5b3fe92d698bc474f/types => generated 318 bytes in 114 msecs (HTTP/1.1 200) 7 headers in 285 bytes (1 switches on core 0)
Sep 11 16:04:14.112096 dv-cinder-759962-14-smb devstack@c-api.service[100890]: INFO cinder.api.openstack.wsgi [None req-e0ceaad1-ad1f-4cf8-b283-3effe6decb21 tempest-VolumeTypesTest-1276317768 tempest-VolumeTypesTest-1276317768-project-admin] GET http://10.222.0.43/volume/v3/55a628ba679149d5b3fe92d698bc474f/types/54d13c3c-2f1b-4054-8a3e-79a69565d4fc
Sep 11 16:04:14.113665 dv-cinder-759962-14-smb devstack@c-api.service[100890]: DEBUG cinder.api.openstack.wsgi [None req-e0ceaad1-ad1f-4cf8-b283-3effe6decb21 tempest-VolumeTypesTest-1276317768 tempest-VolumeTypesTest-1276317768-project-admin] Empty body provided in request {{(pid=100890) get_body /opt/stack/cinder/cinder/api/openstack/wsgi.py:703}}
Sep 11 16:04:14.114410 dv-cinder-759962-14-smb devstack@c-api.service[100890]: DEBUG cinder.api.openstack.wsgi [None req-e0ceaad1-ad1f-4cf8-b283-3effe6decb21 tempest-VolumeTypesTest-1276317768 tempest-VolumeTypesTest-1276317768-project-admin] Calling method 'show' {{(pid=100890) _process_stack /opt/stack/cinder/cinder/api/openstack/wsgi.py:856}}
Sep 11 16:04:14.117597 dv-cinder-759962-14-smb devstack@c-api.service[100889]: INFO cinder.volume.api [None req-cbdf1582-ece1-4b0e-8cc6-9965a72f1b80 tempest-VolumesListAdminTestJSON-440455623 tempest-VolumesListAdminTestJSON-440455623-project] Volume info retrieved successfully.
Sep 11 16:04:14.142090 dv-cinder-759962-14-smb devstack@c-api.service[100890]: INFO cinder.api.openstack.wsgi [None req-e0ceaad1-ad1f-4cf8-b283-3effe6decb21 tempest-VolumeTypesTest-1276317768 tempest-VolumeTypesTest-1276317768-project-admin] http://10.222.0.43/volume/v3/55a628ba679149d5b3fe92d698bc474f/types/54d13c3c-2f1b-4054-8a3e-79a69565d4fc returned with HTTP 200
Sep 11 16:04:14.144736 dv-cinder-759962-14-smb devstack@c-api.service[100890]: [pid: 100890|app: 0|req: 184/384] 10.222.0.43 () {58 vars in 1319 bytes} [Sat Sep 11 16:04:14 2021] GET /volume/v3/55a628ba679149d5b3fe92d698bc474f/types/54d13c3c-2f1b-4054-8a3e-79a69565d4fc => generated 340 bytes in 37 msecs (HTTP/1.1 200) 7 headers in 285 bytes (2 switches on core 0)
Sep 11 16:04:14.151033 dv-cinder-759962-14-smb devstack@c-api.service[100889]: INFO cinder.api.openstack.wsgi [None req-cbdf1582-ece1-4b0e-8cc6-9965a72f1b80 tempest-VolumesListAdminTestJSON-440455623 tempest-VolumesListAdminTestJSON-440455623-project] http://10.222.0.43/volume/v3/c558973bf3154a1fa5eedc6863e3e77a/volumes/890a86ac-5777-43a1-8a4d-f76767e1d98e returned with HTTP 200
Sep 11 16:04:14.159684 dv-cinder-759962-14-smb devstack@c-api.service[100890]: INFO cinder.api.openstack.wsgi [None req-f34df0d3-cbee-43c6-a881-7b198edda1a7 tempest-VolumeTypesTest-1276317768 tempest-VolumeTypesTest-1276317768-project-admin] POST http://10.222.0.43/volume/v3/55a628ba679149d5b3fe92d698bc474f/types
Sep 11 16:04:14.159852 dv-cinder-759962-14-smb devstack@c-api.service[100889]: [pid: 100889|app: 0|req: 201/385] 10.222.0.43 () {58 vars in 1325 bytes} [Sat Sep 11 16:04:14 2021] GET /volume/v3/c558973bf3154a1fa5eedc6863e3e77a/volumes/890a86ac-5777-43a1-8a4d-f76767e1d98e => generated 891 bytes in 92 msecs (HTTP/1.1 200) 7 headers in 285 bytes (1 switches on core 0)
Sep 11 16:04:14.159933 dv-cinder-759962-14-smb devstack@c-api.service[100890]: DEBUG cinder.api.openstack.wsgi [None req-f34df0d3-cbee-43c6-a881-7b198edda1a7 tempest-VolumeTypesTest-1276317768 tempest-VolumeTypesTest-1276317768-project-admin] Action: 'create', calling method: _create, body: {"volume_type": {"name": "tempest-VolumeTypesTest-volume-type-1311353859"}} {{(pid=100890) _process_stack /opt/stack/cinder/cinder/api/openstack/wsgi.py:854}}
Sep 11 16:04:14.199154 dv-cinder-759962-14-smb devstack@c-api.service[100890]: INFO cinder.api.openstack.wsgi [None req-f34df0d3-cbee-43c6-a881-7b198edda1a7 tempest-VolumeTypesTest-1276317768 tempest-VolumeTypesTest-1276317768-project-admin] http://10.222.0.43/volume/v3/55a628ba679149d5b3fe92d698bc474f/types returned with HTTP 200
Sep 11 16:04:14.199990 dv-cinder-759962-14-smb devstack@c-api.service[100890]: [pid: 100890|app: 0|req: 185/386] 10.222.0.43 () {60 vars in 1229 bytes} [Sat Sep 11 16:04:14 2021] POST /volume/v3/55a628ba679149d5b3fe92d698bc474f/types => generated 221 bytes in 51 msecs (HTTP/1.1 200) 7 headers in 285 bytes (2 switches on core 0)
Sep 11 16:04:14.210190 dv-cinder-759962-14-smb devstack@c-api.service[100889]: INFO cinder.api.openstack.wsgi [None req-51db0507-062b-48f7-9478-3bcfeba92737 tempest-VolumeTypesTest-1276317768 tempest-VolumeTypesTest-1276317768-project-admin] POST http://10.222.0.43/volume/v3/55a628ba679149d5b3fe92d698bc474f/types/53047ea1-5d66-4cfe-882c-c1fc0f4465e7/encryption
Sep 11 16:04:14.210570 dv-cinder-759962-14-smb devstack@c-api.service[100889]: /usr/local/lib/python3.8/dist-packages/webob/acceptparse.py:1047: DeprecationWarning: The behavior of AcceptValidHeader.best_match is currently being maintained for backward compatibility, but it will be deprecated in the future, as it does not conform to the RFC.
Sep 11 16:04:14.210570 dv-cinder-759962-14-smb devstack@c-api.service[100889]: warnings.warn(
Sep 11 16:04:14.210928 dv-cinder-759962-14-smb devstack@c-api.service[100889]: DEBUG cinder.api.openstack.wsgi [None req-51db0507-062b-48f7-9478-3bcfeba92737 tempest-VolumeTypesTest-1276317768 tempest-VolumeTypesTest-1276317768-project-admin] Action: 'create', calling method: create, body: {"encryption": {"provider": "LuksEncryptor", "key_size": 256, "cipher": "aes-xts-plain64", "control_location": "front-end"}} {{(pid=100889) _process_stack /opt/stack/cinder/cinder/api/openstack/wsgi.py:854}}
Sep 11 16:04:14.253719 dv-cinder-759962-14-smb devstack@c-api.service[100890]: INFO cinder.api.openstack.wsgi [req-b9acaf8b-6dc8-4bb4-8d00-863a0f6f8c7b req-e2070f88-9a56-4876-8516-3ccea7b1ddac tempest-AttachVolumeNegativeTest-587042831 tempest-AttachVolumeNegativeTest-587042831-project] GET http://10.222.0.43/volume/v3/8a4fbb4c967c454f8826107af564b148/volumes/d90037ed-c5e9-4933-8573-31b5ee636126
Sep 11 16:04:14.254291 dv-cinder-759962-14-smb devstack@c-api.service[100890]: DEBUG cinder.api.openstack.wsgi [req-b9acaf8b-6dc8-4bb4-8d00-863a0f6f8c7b req-e2070f88-9a56-4876-8516-3ccea7b1ddac tempest-AttachVolumeNegativeTest-587042831 tempest-AttachVolumeNegativeTest-587042831-project] Empty body provided in request {{(pid=100890) get_body /opt/stack/cinder/cinder/api/openstack/wsgi.py:703}}
Sep 11 16:04:14.254770 dv-cinder-759962-14-smb devstack@c-api.service[100890]: DEBUG cinder.api.openstack.wsgi [req-b9acaf8b-6dc8-4bb4-8d00-863a0f6f8c7b req-e2070f88-9a56-4876-8516-3ccea7b1ddac tempest-AttachVolumeNegativeTest-587042831 tempest-AttachVolumeNegativeTest-587042831-project] Calling method 'show' {{(pid=100890) _process_stack /opt/stack/cinder/cinder/api/openstack/wsgi.py:856}}
Sep 11 16:04:14.275754 dv-cinder-759962-14-smb devstack@c-api.service[100890]: /usr/local/lib/python3.8/dist-packages/oslo_context/context.py:105: DeprecationWarning: Policy enforcement is depending on the value of is_admin. This key is deprecated. Please update your policy file to use the standard policy values.
Sep 11 16:04:14.275754 dv-cinder-759962-14-smb devstack@c-api.service[100890]: warnings.warn('Policy enforcement is depending on the value of '
Sep 11 16:04:14.281395 dv-cinder-759962-14-smb devstack@c-api.service[100889]: INFO cinder.api.openstack.wsgi [None req-51db0507-062b-48f7-9478-3bcfeba92737 tempest-VolumeTypesTest-1276317768 tempest-VolumeTypesTest-1276317768-project-admin] http://10.222.0.43/volume/v3/55a628ba679149d5b3fe92d698bc474f/types/53047ea1-5d66-4cfe-882c-c1fc0f4465e7/encryption returned with HTTP 200
Sep 11 16:04:14.282254 dv-cinder-759962-14-smb devstack@c-api.service[100890]: INFO cinder.volume.api [req-b9acaf8b-6dc8-4bb4-8d00-863a0f6f8c7b req-e2070f88-9a56-4876-8516-3ccea7b1ddac tempest-AttachVolumeNegativeTest-587042831 tempest-AttachVolumeNegativeTest-587042831-project] Volume info retrieved successfully.
Sep 11 16:04:14.282619 dv-cinder-759962-14-smb devstack@c-api.service[100889]: [pid: 100889|app: 0|req: 202/387] 10.222.0.43 () {60 vars in 1374 bytes} [Sat Sep 11 16:04:14 2021] POST /volume/v3/55a628ba679149d5b3fe92d698bc474f/types/53047ea1-5d66-4cfe-882c-c1fc0f4465e7/encryption => generated 239 bytes in 77 msecs (HTTP/1.1 200) 7 headers in 285 bytes (2 switches on core 0)
Sep 11 16:04:14.293805 dv-cinder-759962-14-smb devstack@c-api.service[100889]: INFO cinder.api.openstack.wsgi [None req-96d26483-b7b3-49a4-847a-c23eeef5ad07 tempest-VolumeTypesTest-1276317768 tempest-VolumeTypesTest-1276317768-project-admin] GET http://10.222.0.43/volume/v3/55a628ba679149d5b3fe92d698bc474f/types/53047ea1-5d66-4cfe-882c-c1fc0f4465e7/encryption
Sep 11 16:04:14.298142 dv-cinder-759962-14-smb devstack@c-api.service[100889]: DEBUG cinder.api.openstack.wsgi [None req-96d26483-b7b3-49a4-847a-c23eeef5ad07 tempest-VolumeTypesTest-1276317768 tempest-VolumeTypesTest-1276317768-project-admin] Empty body provided in request {{(pid=100889) get_body /opt/stack/cinder/cinder/api/openstack/wsgi.py:703}}
Sep 11 16:04:14.299908 dv-cinder-759962-14-smb devstack@c-api.service[100889]: DEBUG cinder.api.openstack.wsgi [None req-96d26483-b7b3-49a4-847a-c23eeef5ad07 tempest-VolumeTypesTest-1276317768 tempest-VolumeTypesTest-1276317768-project-admin] Calling method 'index' {{(pid=100889) _process_stack /opt/stack/cinder/cinder/api/openstack/wsgi.py:856}}
Sep 11 16:04:14.300611 dv-cinder-759962-14-smb devstack@c-api.service[100890]: /usr/local/lib/python3.8/dist-packages/oslo_context/context.py:105: DeprecationWarning: Policy enforcement is depending on the value of is_admin. This key is deprecated. Please update your policy file to use the standard policy values.
Sep 11 16:04:14.300611 dv-cinder-759962-14-smb devstack@c-api.service[100890]: warnings.warn('Policy enforcement is depending on the value of '
Sep 11 16:04:14.314842 dv-cinder-759962-14-smb devstack@c-api.service[100890]: INFO cinder.api.openstack.wsgi [req-b9acaf8b-6dc8-4bb4-8d00-863a0f6f8c7b req-e2070f88-9a56-4876-8516-3ccea7b1ddac tempest-AttachVolumeNegativeTest-587042831 tempest-AttachVolumeNegativeTest-587042831-project] http://10.222.0.43/volume/v3/8a4fbb4c967c454f8826107af564b148/volumes/d90037ed-c5e9-4933-8573-31b5ee636126 returned with HTTP 200
Sep 11 16:04:14.315951 dv-cinder-759962-14-smb devstack@c-api.service[100890]: [pid: 100890|app: 0|req: 186/388] 10.222.0.43 () {60 vars in 1579 bytes} [Sat Sep 11 16:04:14 2021] GET /volume/v3/8a4fbb4c967c454f8826107af564b148/volumes/d90037ed-c5e9-4933-8573-31b5ee636126 => generated 1208 bytes in 68 msecs (HTTP/1.1 200) 7 headers in 286 bytes (1 switches on core 0)
Sep 11 16:04:14.322563 dv-cinder-759962-14-smb devstack@c-api.service[100889]: INFO cinder.api.openstack.wsgi [None req-96d26483-b7b3-49a4-847a-c23eeef5ad07 tempest-VolumeTypesTest-1276317768 tempest-VolumeTypesTest-1276317768-project-admin] http://10.222.0.43/volume/v3/55a628ba679149d5b3fe92d698bc474f/types/53047ea1-5d66-4cfe-882c-c1fc0f4465e7/encryption returned with HTTP 200
Sep 11 16:04:14.330255 dv-cinder-759962-14-smb devstack@c-api.service[100889]: [pid: 100889|app: 0|req: 203/389] 10.222.0.43 () {58 vars in 1352 bytes} [Sat Sep 11 16:04:14 2021] GET /volume/v3/55a628ba679149d5b3fe92d698bc474f/types/53047ea1-5d66-4cfe-882c-c1fc0f4465e7/encryption => generated 325 bytes in 43 msecs (HTTP/1.1 200) 7 headers in 285 bytes (2 switches on core 0)
Sep 11 16:04:14.340267 dv-cinder-759962-14-smb devstack@c-api.service[100890]: INFO cinder.api.openstack.wsgi [None req-d73035f6-71e7-4778-89bd-f7ab9ddefc13 tempest-AttachVolumeNegativeTest-587042831 tempest-AttachVolumeNegativeTest-587042831-project] GET http://10.222.0.43/volume/v3/8a4fbb4c967c454f8826107af564b148/volumes/d90037ed-c5e9-4933-8573-31b5ee636126
Sep 11 16:04:14.345215 dv-cinder-759962-14-smb devstack@c-api.service[100890]: DEBUG cinder.api.openstack.wsgi [None req-d73035f6-71e7-4778-89bd-f7ab9ddefc13 tempest-AttachVolumeNegativeTest-587042831 tempest-AttachVolumeNegativeTest-587042831-project] Empty body provided in request {{(pid=100890) get_body /opt/stack/cinder/cinder/api/openstack/wsgi.py:703}}
Sep 11 16:04:14.345617 dv-cinder-759962-14-smb devstack@c-api.service[100890]: /usr/local/lib/python3.8/dist-packages/webob/acceptparse.py:1047: DeprecationWarning: The behavior of AcceptValidHeader.best_match is currently being maintained for backward compatibility, but it will be deprecated in the future, as it does not conform to the RFC.
Sep 11 16:04:14.345617 dv-cinder-759962-14-smb devstack@c-api.service[100890]: warnings.warn(
Sep 11 16:04:14.347623 dv-cinder-759962-14-smb devstack@c-api.service[100890]: DEBUG cinder.api.openstack.wsgi [None req-d73035f6-71e7-4778-89bd-f7ab9ddefc13 tempest-AttachVolumeNegativeTest-587042831 tempest-AttachVolumeNegativeTest-587042831-project] Calling method 'show' {{(pid=100890) _process_stack /opt/stack/cinder/cinder/api/openstack/wsgi.py:856}}
Sep 11 16:04:14.348830 dv-cinder-759962-14-smb devstack@c-api.service[100889]: INFO cinder.api.openstack.wsgi [None req-57ad03a1-ee1e-4ba8-8347-c3641a0d2b9f tempest-VolumeTypesTest-1276317768 tempest-VolumeTypesTest-1276317768-project-admin] PUT http://10.222.0.43/volume/v3/55a628ba679149d5b3fe92d698bc474f/types/53047ea1-5d66-4cfe-882c-c1fc0f4465e7/encryption/provider
Sep 11 16:04:14.349663 dv-cinder-759962-14-smb devstack@c-api.service[100889]: DEBUG cinder.api.openstack.wsgi [None req-57ad03a1-ee1e-4ba8-8347-c3641a0d2b9f tempest-VolumeTypesTest-1276317768 tempest-VolumeTypesTest-1276317768-project-admin] Action: 'update', calling method: update, body: {"encryption": {"key_size": 128, "provider": "SomeProvider", "cipher": "aes-xts-plain64", "control_location": "back-end"}} {{(pid=100889) _process_stack /opt/stack/cinder/cinder/api/openstack/wsgi.py:854}}
Sep 11 16:04:14.371585 dv-cinder-759962-14-smb devstack@c-api.service[100890]: /usr/local/lib/python3.8/dist-packages/oslo_context/context.py:105: DeprecationWarning: Policy enforcement is depending on the value of is_admin. This key is deprecated. Please update your policy file to use the standard policy values.
Sep 11 16:04:14.371585 dv-cinder-759962-14-smb devstack@c-api.service[100890]: warnings.warn('Policy enforcement is depending on the value of '
Sep 11 16:04:14.380341 dv-cinder-759962-14-smb devstack@c-api.service[100890]: INFO cinder.volume.api [None req-d73035f6-71e7-4778-89bd-f7ab9ddefc13 tempest-AttachVolumeNegativeTest-587042831 tempest-AttachVolumeNegativeTest-587042831-project] Volume info retrieved successfully.
Sep 11 16:04:14.389575 dv-cinder-759962-14-smb devstack@c-api.service[100889]: INFO cinder.api.openstack.wsgi [None req-57ad03a1-ee1e-4ba8-8347-c3641a0d2b9f tempest-VolumeTypesTest-1276317768 tempest-VolumeTypesTest-1276317768-project-admin] http://10.222.0.43/volume/v3/55a628ba679149d5b3fe92d698bc474f/types/53047ea1-5d66-4cfe-882c-c1fc0f4465e7/encryption/provider returned with HTTP 200
Sep 11 16:04:14.390618 dv-cinder-759962-14-smb devstack@c-api.service[100889]: [pid: 100889|app: 0|req: 204/390] 10.222.0.43 () {60 vars in 1400 bytes} [Sat Sep 11 16:04:14 2021] PUT /volume/v3/55a628ba679149d5b3fe92d698bc474f/types/53047ea1-5d66-4cfe-882c-c1fc0f4465e7/encryption/provider => generated 122 bytes in 55 msecs (HTTP/1.1 200) 7 headers in 285 bytes (1 switches on core 0)
Sep 11 16:04:14.396207 dv-cinder-759962-14-smb devstack@c-api.service[100890]: /usr/local/lib/python3.8/dist-packages/oslo_context/context.py:105: DeprecationWarning: Policy enforcement is depending on the value of is_admin. This key is deprecated. Please update your policy file to use the standard policy values.
Sep 11 16:04:14.396207 dv-cinder-759962-14-smb devstack@c-api.service[100890]: warnings.warn('Policy enforcement is depending on the value of '
Sep 11 16:04:14.405285 dv-cinder-759962-14-smb devstack@c-api.service[100890]: INFO cinder.api.openstack.wsgi [None req-d73035f6-71e7-4778-89bd-f7ab9ddefc13 tempest-AttachVolumeNegativeTest-587042831 tempest-AttachVolumeNegativeTest-587042831-project] http://10.222.0.43/volume/v3/8a4fbb4c967c454f8826107af564b148/volumes/d90037ed-c5e9-4933-8573-31b5ee636126 returned with HTTP 200
Sep 11 16:04:14.406084 dv-cinder-759962-14-smb devstack@c-api.service[100889]: INFO cinder.api.openstack.wsgi [None req-8b5d8f8b-418a-443a-94b7-07470e227df0 tempest-VolumeTypesTest-1276317768 tempest-VolumeTypesTest-1276317768-project-admin] GET http://10.222.0.43/volume/v3/55a628ba679149d5b3fe92d698bc474f/types/53047ea1-5d66-4cfe-882c-c1fc0f4465e7/encryption
Sep 11 16:04:14.406377 dv-cinder-759962-14-smb devstack@c-api.service[100890]: [pid: 100890|app: 0|req: 187/391] 10.222.0.43 () {58 vars in 1325 bytes} [Sat Sep 11 16:04:14 2021] GET /volume/v3/8a4fbb4c967c454f8826107af564b148/volumes/d90037ed-c5e9-4933-8573-31b5ee636126 => generated 1208 bytes in 71 msecs (HTTP/1.1 200) 7 headers in 286 bytes (1 switches on core 0)
Sep 11 16:04:14.406533 dv-cinder-759962-14-smb devstack@c-api.service[100889]: DEBUG cinder.api.openstack.wsgi [None req-8b5d8f8b-418a-443a-94b7-07470e227df0 tempest-VolumeTypesTest-1276317768 tempest-VolumeTypesTest-1276317768-project-admin] Empty body provided in request {{(pid=100889) get_body /opt/stack/cinder/cinder/api/openstack/wsgi.py:703}}
Sep 11 16:04:14.407406 dv-cinder-759962-14-smb devstack@c-api.service[100889]: DEBUG cinder.api.openstack.wsgi [None req-8b5d8f8b-418a-443a-94b7-07470e227df0 tempest-VolumeTypesTest-1276317768 tempest-VolumeTypesTest-1276317768-project-admin] Calling method 'index' {{(pid=100889) _process_stack /opt/stack/cinder/cinder/api/openstack/wsgi.py:856}}
Sep 11 16:04:14.426864 dv-cinder-759962-14-smb devstack@c-api.service[100889]: INFO cinder.api.openstack.wsgi [None req-8b5d8f8b-418a-443a-94b7-07470e227df0 tempest-VolumeTypesTest-1276317768 tempest-VolumeTypesTest-1276317768-project-admin] http://10.222.0.43/volume/v3/55a628ba679149d5b3fe92d698bc474f/types/53047ea1-5d66-4cfe-882c-c1fc0f4465e7/encryption returned with HTTP 200
Sep 11 16:04:14.427609 dv-cinder-759962-14-smb devstack@c-api.service[100889]: [pid: 100889|app: 0|req: 205/392] 10.222.0.43 () {58 vars in 1352 bytes} [Sat Sep 11 16:04:14 2021] GET /volume/v3/55a628ba679149d5b3fe92d698bc474f/types/53047ea1-5d66-4cfe-882c-c1fc0f4465e7/encryption => generated 347 bytes in 32 msecs (HTTP/1.1 200) 7 headers in 285 bytes (1 switches on core 0)
Sep 11 16:04:14.444895 dv-cinder-759962-14-smb devstack@c-api.service[100890]: INFO cinder.api.openstack.wsgi [None req-04056a7f-cb8d-41cf-9773-11dcaff5fd1d tempest-VolumeTypesTest-1276317768 tempest-VolumeTypesTest-1276317768-project-admin] GET http://10.222.0.43/volume/v3/55a628ba679149d5b3fe92d698bc474f/types/53047ea1-5d66-4cfe-882c-c1fc0f4465e7/encryption/cipher
Sep 11 16:04:14.446807 dv-cinder-759962-14-smb devstack@c-api.service[100890]: DEBUG cinder.api.openstack.wsgi [None req-04056a7f-cb8d-41cf-9773-11dcaff5fd1d tempest-VolumeTypesTest-1276317768 tempest-VolumeTypesTest-1276317768-project-admin] Empty body provided in request {{(pid=100890) get_body /opt/stack/cinder/cinder/api/openstack/wsgi.py:703}}
Sep 11 16:04:14.447123 dv-cinder-759962-14-smb devstack@c-api.service[100890]: /usr/local/lib/python3.8/dist-packages/webob/acceptparse.py:1047: DeprecationWarning: The behavior of AcceptValidHeader.best_match is currently being maintained for backward compatibility, but it will be deprecated in the future, as it does not conform to the RFC.
Sep 11 16:04:14.447123 dv-cinder-759962-14-smb devstack@c-api.service[100890]: warnings.warn(
Sep 11 16:04:14.448134 dv-cinder-759962-14-smb devstack@c-api.service[100890]: DEBUG cinder.api.openstack.wsgi [None req-04056a7f-cb8d-41cf-9773-11dcaff5fd1d tempest-VolumeTypesTest-1276317768 tempest-VolumeTypesTest-1276317768-project-admin] Calling method 'show' {{(pid=100890) _process_stack /opt/stack/cinder/cinder/api/openstack/wsgi.py:856}}
Sep 11 16:04:14.459843 dv-cinder-759962-14-smb devstack@c-api.service[100890]: INFO cinder.api.openstack.wsgi [None req-04056a7f-cb8d-41cf-9773-11dcaff5fd1d tempest-VolumeTypesTest-1276317768 tempest-VolumeTypesTest-1276317768-project-admin] http://10.222.0.43/volume/v3/55a628ba679149d5b3fe92d698bc474f/types/53047ea1-5d66-4cfe-882c-c1fc0f4465e7/encryption/cipher returned with HTTP 200
Sep 11 16:04:14.461614 dv-cinder-759962-14-smb devstack@c-api.service[100890]: [pid: 100890|app: 0|req: 188/393] 10.222.0.43 () {58 vars in 1373 bytes} [Sat Sep 11 16:04:14 2021] GET /volume/v3/55a628ba679149d5b3fe92d698bc474f/types/53047ea1-5d66-4cfe-882c-c1fc0f4465e7/encryption/cipher => generated 29 bytes in 28 msecs (HTTP/1.1 200) 7 headers in 284 bytes (1 switches on core 0)
