Sep 07 22:04:01.327128 dv-cinder-759962-11-smb devstack@c-api.service[101000]: DEBUG cinder.api.openstack.wsgi [None req-050ac200-d46b-4ca9-917d-e1176fd33bbb tempest-VolumeTypesAccessTest-2001773838 tempest-VolumeTypesAccessTest-2001773838-project-admin] Action: 'create', calling method: _create, body: {"volume_type": {"name": "tempest-VolumeTypesAccessTest-volume-type-884697845", "os-volume-type-access:is_public": false}} {{(pid=101000) _process_stack /opt/stack/cinder/cinder/api/openstack/wsgi.py:854}}
Sep 07 22:04:01.361255 dv-cinder-759962-11-smb devstack@c-api.service[101000]: INFO cinder.api.openstack.wsgi [None req-050ac200-d46b-4ca9-917d-e1176fd33bbb tempest-VolumeTypesAccessTest-2001773838 tempest-VolumeTypesAccessTest-2001773838-project-admin] http://10.222.0.25/volume/v3/f67075f0dda5499a877e4cb929b05943/types returned with HTTP 200
Sep 07 22:04:01.362041 dv-cinder-759962-11-smb devstack@c-api.service[101000]: [pid: 101000|app: 0|req: 43/84] 10.222.0.25 () {60 vars in 1230 bytes} [Tue Sep 7 22:04:01 2021] POST /volume/v3/f67075f0dda5499a877e4cb929b05943/types => generated 228 bytes in 315 msecs (HTTP/1.1 200) 7 headers in 285 bytes (1 switches on core 0)
Sep 07 22:04:01.498030 dv-cinder-759962-11-smb devstack@c-api.service[101001]: INFO cinder.api.openstack.wsgi [None req-7c2a7904-6ea4-4aee-8dbe-21f6f44bb43e tempest-VolumeTypesAccessTest-1116246038 tempest-VolumeTypesAccessTest-1116246038-project] POST http://10.222.0.25/volume/v3/120de905286b4a9188a735eb7533db66/volumes
Sep 07 22:04:01.498726 dv-cinder-759962-11-smb devstack@c-api.service[101001]: /usr/local/lib/python3.8/dist-packages/webob/acceptparse.py:1047: DeprecationWarning: The behavior of AcceptValidHeader.best_match is currently being maintained for backward compatibility, but it will be deprecated in the future, as it does not conform to the RFC.
Sep 07 22:04:01.498726 dv-cinder-759962-11-smb devstack@c-api.service[101001]: warnings.warn(
Sep 07 22:04:01.499144 dv-cinder-759962-11-smb devstack@c-api.service[101001]: DEBUG cinder.api.openstack.wsgi [None req-7c2a7904-6ea4-4aee-8dbe-21f6f44bb43e tempest-VolumeTypesAccessTest-1116246038 tempest-VolumeTypesAccessTest-1116246038-project] Action: 'create', calling method: create, body: {"volume": {"volume_type": "8cb0f4a4-c0d2-4c03-ae1b-f6f171521584", "size": 1}} {{(pid=101001) _process_stack /opt/stack/cinder/cinder/api/openstack/wsgi.py:854}}
Sep 07 22:04:01.500104 dv-cinder-759962-11-smb devstack@c-api.service[101001]: DEBUG cinder.api.v3.volumes [None req-7c2a7904-6ea4-4aee-8dbe-21f6f44bb43e tempest-VolumeTypesAccessTest-1116246038 tempest-VolumeTypesAccessTest-1116246038-project] Create volume request body: {'volume': {'volume_type': '8cb0f4a4-c0d2-4c03-ae1b-f6f171521584', 'size': 1}} {{(pid=101001) create /opt/stack/cinder/cinder/api/v3/volumes.py:298}}
Sep 07 22:04:01.521376 dv-cinder-759962-11-smb devstack@c-api.service[101001]: INFO cinder.api.openstack.wsgi [None req-7c2a7904-6ea4-4aee-8dbe-21f6f44bb43e tempest-VolumeTypesAccessTest-1116246038 tempest-VolumeTypesAccessTest-1116246038-project] http://10.222.0.25/volume/v3/120de905286b4a9188a735eb7533db66/volumes returned with HTTP 404
Sep 07 22:04:01.524772 dv-cinder-759962-11-smb devstack@c-api.service[101001]: [pid: 101001|app: 0|req: 42/85] 10.222.0.25 () {60 vars in 1235 bytes} [Tue Sep 7 22:04:01 2021] POST /volume/v3/120de905286b4a9188a735eb7533db66/volumes => generated 114 bytes in 157 msecs (HTTP/1.1 404) 7 headers in 292 bytes (1 switches on core 0)
Sep 07 22:04:01.530299 dv-cinder-759962-11-smb devstack@c-api.service[101000]: INFO cinder.api.openstack.wsgi [None req-fd4ed349-b8be-4625-b60d-cc38e95b1e7e tempest-VolumeTypesAccessTest-2001773838 tempest-VolumeTypesAccessTest-2001773838-project-admin] POST http://10.222.0.25/volume/v3/f67075f0dda5499a877e4cb929b05943/types/8cb0f4a4-c0d2-4c03-ae1b-f6f171521584/action
Sep 07 22:04:01.531893 dv-cinder-759962-11-smb devstack@c-api.service[101000]: DEBUG cinder.api.openstack.wsgi [None req-fd4ed349-b8be-4625-b60d-cc38e95b1e7e tempest-VolumeTypesAccessTest-2001773838 tempest-VolumeTypesAccessTest-2001773838-project-admin] Action body: b'{"addProjectAccess": {"project": "120de905286b4a9188a735eb7533db66"}}' {{(pid=101000) get_method /opt/stack/cinder/cinder/api/openstack/wsgi.py:971}}
Sep 07 22:04:01.532377 dv-cinder-759962-11-smb devstack@c-api.service[101000]: DEBUG cinder.api.openstack.wsgi [None req-fd4ed349-b8be-4625-b60d-cc38e95b1e7e tempest-VolumeTypesAccessTest-2001773838 tempest-VolumeTypesAccessTest-2001773838-project-admin] Action: 'action', calling method: _addProjectAccess, body: {"addProjectAccess": {"project": "120de905286b4a9188a735eb7533db66"}} {{(pid=101000) _process_stack /opt/stack/cinder/cinder/api/openstack/wsgi.py:854}}
Sep 07 22:04:01.562792 dv-cinder-759962-11-smb devstack@c-api.service[101000]: INFO cinder.api.openstack.wsgi [None req-fd4ed349-b8be-4625-b60d-cc38e95b1e7e tempest-VolumeTypesAccessTest-2001773838 tempest-VolumeTypesAccessTest-2001773838-project-admin] http://10.222.0.25/volume/v3/f67075f0dda5499a877e4cb929b05943/types/8cb0f4a4-c0d2-4c03-ae1b-f6f171521584/action returned with HTTP 202
Sep 07 22:04:01.566980 dv-cinder-759962-11-smb devstack@c-api.service[101000]: [pid: 101000|app: 0|req: 44/86] 10.222.0.25 () {60 vars in 1361 bytes} [Tue Sep 7 22:04:01 2021] POST /volume/v3/f67075f0dda5499a877e4cb929b05943/types/8cb0f4a4-c0d2-4c03-ae1b-f6f171521584/action => generated 0 bytes in 37 msecs (HTTP/1.1 202) 6 headers in 233 bytes (1 switches on core 0)
Sep 07 22:04:01.571776 dv-cinder-759962-11-smb devstack@c-api.service[101001]: INFO cinder.api.openstack.wsgi [None req-6ba56f7f-8527-446a-90d2-4e9e71657951 tempest-VolumeTypesAccessTest-1116246038 tempest-VolumeTypesAccessTest-1116246038-project] POST http://10.222.0.25/volume/v3/120de905286b4a9188a735eb7533db66/volumes
Sep 07 22:04:01.572463 dv-cinder-759962-11-smb devstack@c-api.service[101001]: DEBUG cinder.api.openstack.wsgi [None req-6ba56f7f-8527-446a-90d2-4e9e71657951 tempest-VolumeTypesAccessTest-1116246038 tempest-VolumeTypesAccessTest-1116246038-project] Action: 'create', calling method: create, body: {"volume": {"volume_type": "8cb0f4a4-c0d2-4c03-ae1b-f6f171521584", "size": 1, "name": "tempest-VolumeTypesAccessTest-Volume-67057129"}} {{(pid=101001) _process_stack /opt/stack/cinder/cinder/api/openstack/wsgi.py:854}}
Sep 07 22:04:01.573430 dv-cinder-759962-11-smb devstack@c-api.service[101001]: DEBUG cinder.api.v3.volumes [None req-6ba56f7f-8527-446a-90d2-4e9e71657951 tempest-VolumeTypesAccessTest-1116246038 tempest-VolumeTypesAccessTest-1116246038-project] Create volume request body: {'volume': {'volume_type': '8cb0f4a4-c0d2-4c03-ae1b-f6f171521584', 'size': 1, 'name': 'tempest-VolumeTypesAccessTest-Volume-67057129'}} {{(pid=101001) create /opt/stack/cinder/cinder/api/v3/volumes.py:298}}
Sep 07 22:04:01.588235 dv-cinder-759962-11-smb devstack@c-api.service[101001]: INFO cinder.api.v3.volumes [None req-6ba56f7f-8527-446a-90d2-4e9e71657951 tempest-VolumeTypesAccessTest-1116246038 tempest-VolumeTypesAccessTest-1116246038-project] Create volume of 1 GB
Sep 07 22:04:01.588947 dv-cinder-759962-11-smb devstack@c-api.service[101001]: /usr/local/lib/python3.8/dist-packages/oslo_context/context.py:105: DeprecationWarning: Policy enforcement is depending on the value of is_admin. This key is deprecated. Please update your policy file to use the standard policy values.
Sep 07 22:04:01.588947 dv-cinder-759962-11-smb devstack@c-api.service[101001]: warnings.warn('Policy enforcement is depending on the value of '
Sep 07 22:04:01.589535 dv-cinder-759962-11-smb devstack@c-api.service[101001]: INFO cinder.volume.api [None req-6ba56f7f-8527-446a-90d2-4e9e71657951 tempest-VolumeTypesAccessTest-1116246038 tempest-VolumeTypesAccessTest-1116246038-project] Availability Zones retrieved successfully.
Sep 07 22:04:01.627608 dv-cinder-759962-11-smb devstack@c-api.service[101001]: DEBUG cinder.volume.api [None req-6ba56f7f-8527-446a-90d2-4e9e71657951 tempest-VolumeTypesAccessTest-1116246038 tempest-VolumeTypesAccessTest-1116246038-project] Flow 'volume_create_api' (71f70d47-2f90-492b-8d82-f95e9a6d8353) transitioned into state 'RUNNING' from state 'PENDING' {{(pid=101001) _flow_receiver /usr/local/lib/python3.8/dist-packages/taskflow/listeners/logging.py:141}}
Sep 07 22:04:01.635104 dv-cinder-759962-11-smb devstack@c-api.service[101001]: DEBUG cinder.volume.api [None req-6ba56f7f-8527-446a-90d2-4e9e71657951 tempest-VolumeTypesAccessTest-1116246038 tempest-VolumeTypesAccessTest-1116246038-project] Task 'cinder.volume.flows.api.create_volume.ExtractVolumeRequestTask;volume:create' (f91a5421-060a-44cf-95b5-a2c633731090) transitioned into state 'RUNNING' from state 'PENDING' {{(pid=101001) _task_receiver /usr/local/lib/python3.8/dist-packages/taskflow/listeners/logging.py:190}}
Sep 07 22:04:01.640563 dv-cinder-759962-11-smb devstack@c-api.service[101001]: DEBUG cinder.volume.flows.api.create_volume [None req-6ba56f7f-8527-446a-90d2-4e9e71657951 tempest-VolumeTypesAccessTest-1116246038 tempest-VolumeTypesAccessTest-1116246038-project] Validating volume size '1' using validate_int {{(pid=101001) _extract_size /opt/stack/cinder/cinder/volume/flows/api/create_volume.py:225}}
Sep 07 22:04:01.674542 dv-cinder-759962-11-smb devstack@c-api.service[101001]: DEBUG cinder.volume.api [None req-6ba56f7f-8527-446a-90d2-4e9e71657951 tempest-VolumeTypesAccessTest-1116246038 tempest-VolumeTypesAccessTest-1116246038-project] Task 'cinder.volume.flows.api.create_volume.ExtractVolumeRequestTask;volume:create' (f91a5421-060a-44cf-95b5-a2c633731090) transitioned into state 'SUCCESS' from state 'RUNNING' with result '{'size': 1, 'snapshot_id': None, 'source_volid': None, 'volume_type': VolumeType(created_at=2021-09-07T22:04:01Z,deleted=False,deleted_at=None,description=None,extra_specs={},id=8cb0f4a4-c0d2-4c03-ae1b-f6f171521584,is_public=False,name='tempest-VolumeTypesAccessTest-volume-type-884697845',projects=[],qos_specs=,qos_specs_id=None,updated_at=None), 'volume_type_id': '8cb0f4a4-c0d2-4c03-ae1b-f6f171521584', 'encryption_key_id': None, 'qos_specs': None, 'consistencygroup_id': None, 'cgsnapshot_id': None, 'group_id': None, 'replication_status': 'disabled', 'refresh_az': False, 'backup_id': None, 'multiattach': False, 'availability_zones': ['nova']}' {{(pid=101001) _task_receiver /usr/local/lib/python3.8/dist-packages/taskflow/listeners/logging.py:178}}
Sep 07 22:04:01.676838 dv-cinder-759962-11-smb devstack@c-api.service[101001]: DEBUG cinder.volume.api [None req-6ba56f7f-8527-446a-90d2-4e9e71657951 tempest-VolumeTypesAccessTest-1116246038 tempest-VolumeTypesAccessTest-1116246038-project] Task 'cinder.volume.flows.api.create_volume.QuotaReserveTask;volume:create' (b68f0090-adc1-45b9-9511-0c746c1004b7) transitioned into state 'RUNNING' from state 'PENDING' {{(pid=101001) _task_receiver /usr/local/lib/python3.8/dist-packages/taskflow/listeners/logging.py:190}}
Sep 07 22:04:01.729048 dv-cinder-759962-11-smb devstack@c-api.service[101001]: WARNING cinder.quota [None req-6ba56f7f-8527-446a-90d2-4e9e71657951 tempest-VolumeTypesAccessTest-1116246038 tempest-VolumeTypesAccessTest-1116246038-project] Deprecated: Default quota for resource: volumes_tempest-VolumeTypesAccessTest-volume-type-884697845 is set by the default quota flag: quota_volumes_tempest-VolumeTypesAccessTest-volume-type-884697845, it is now deprecated. Please use the default quota class for default quota.
Sep 07 22:04:01.730138 dv-cinder-759962-11-smb devstack@c-api.service[101001]: WARNING cinder.quota [None req-6ba56f7f-8527-446a-90d2-4e9e71657951 tempest-VolumeTypesAccessTest-1116246038 tempest-VolumeTypesAccessTest-1116246038-project] Deprecated: Default quota for resource: gigabytes_tempest-VolumeTypesAccessTest-volume-type-884697845 is set by the default quota flag: quota_gigabytes_tempest-VolumeTypesAccessTest-volume-type-884697845, it is now deprecated. Please use the default quota class for default quota.
Sep 07 22:04:01.813994 dv-cinder-759962-11-smb devstack@c-api.service[101001]: DEBUG cinder.quota [None req-6ba56f7f-8527-446a-90d2-4e9e71657951 tempest-VolumeTypesAccessTest-1116246038 tempest-VolumeTypesAccessTest-1116246038-project] Created reservations ['d6badbac-5ef4-4a2e-9d2a-ee49c08198b1', '35ac84f5-3ed1-4262-9b05-da561224c99b', '83b471d9-b2a1-4fb9-bf2a-a52bf4c99a50', 'a360214d-c7a0-4a00-b27c-a5e5bbf85643'] {{(pid=101001) reserve /opt/stack/cinder/cinder/quota.py:755}}
Sep 07 22:04:01.816425 dv-cinder-759962-11-smb devstack@c-api.service[101001]: DEBUG cinder.volume.api [None req-6ba56f7f-8527-446a-90d2-4e9e71657951 tempest-VolumeTypesAccessTest-1116246038 tempest-VolumeTypesAccessTest-1116246038-project] Task 'cinder.volume.flows.api.create_volume.QuotaReserveTask;volume:create' (b68f0090-adc1-45b9-9511-0c746c1004b7) transitioned into state 'SUCCESS' from state 'RUNNING' with result '{'reservations': ['d6badbac-5ef4-4a2e-9d2a-ee49c08198b1', '35ac84f5-3ed1-4262-9b05-da561224c99b', '83b471d9-b2a1-4fb9-bf2a-a52bf4c99a50', 'a360214d-c7a0-4a00-b27c-a5e5bbf85643']}' {{(pid=101001) _task_receiver /usr/local/lib/python3.8/dist-packages/taskflow/listeners/logging.py:178}}
Sep 07 22:04:01.819324 dv-cinder-759962-11-smb devstack@c-api.service[101001]: DEBUG cinder.volume.api [None req-6ba56f7f-8527-446a-90d2-4e9e71657951 tempest-VolumeTypesAccessTest-1116246038 tempest-VolumeTypesAccessTest-1116246038-project] Task 'cinder.volume.flows.api.create_volume.EntryCreateTask;volume:create' (4c441abb-afd1-45b1-bc0c-fe18497653fe) transitioned into state 'RUNNING' from state 'PENDING' {{(pid=101001) _task_receiver /usr/local/lib/python3.8/dist-packages/taskflow/listeners/logging.py:190}}
Sep 07 22:04:01.858976 dv-cinder-759962-11-smb devstack@c-api.service[101001]: DEBUG cinder.volume.api [None req-6ba56f7f-8527-446a-90d2-4e9e71657951 tempest-VolumeTypesAccessTest-1116246038 tempest-VolumeTypesAccessTest-1116246038-project] Task 'cinder.volume.flows.api.create_volume.EntryCreateTask;volume:create' (4c441abb-afd1-45b1-bc0c-fe18497653fe) transitioned into state 'SUCCESS' from state 'RUNNING' with result '{'volume_id': '24e881a4-3916-4469-8179-6410e8253130', 'volume_properties': VolumeProperties(attach_status='detached',availability_zone='nova',cgsnapshot_id=None,consistencygroup_id=None,display_description=None,display_name='tempest-VolumeTypesAccessTest-Volume-67057129',encryption_key_id=None,group_id=None,group_type_id=,metadata={},multiattach=False,project_id='120de905286b4a9188a735eb7533db66',qos_specs=None,replication_status=,reservations=['d6badbac-5ef4-4a2e-9d2a-ee49c08198b1','35ac84f5-3ed1-4262-9b05-da561224c99b','83b471d9-b2a1-4fb9-bf2a-a52bf4c99a50','a360214d-c7a0-4a00-b27c-a5e5bbf85643'],size=1,snapshot_id=None,source_replicaid=,source_volid=None,status='creating',user_id='fa2a083e9b114cd18626811954e07751',volume_type_id=8cb0f4a4-c0d2-4c03-ae1b-f6f171521584), 'volume': Volume(_name_id=None,admin_metadata=,attach_status='detached',availability_zone='nova',bootable=False,cluster=,cluster_name=None,consistencygroup=,consistencygroup_id=None,created_at=2021-09-07T22:04:01Z,deleted=False,deleted_at=None,display_description=None,display_name='tempest-VolumeTypesAccessTest-Volume-67057129',ec2_id=None,encryption_key_id=None,glance_metadata=,group=,group_id=None,host=None,id=24e881a4-3916-4469-8179-6410e8253130,launched_at=None,metadata={},migration_status=None,multiattach=False,previous_status=None,project_id='120de905286b4a9188a735eb7533db66',provider_auth=None,provider_geometry=None,provider_id=None,provider_location=None,replication_driver_data=None,replication_extended_status=None,replication_status=None,scheduled_at=None,service_uuid=None,shared_targets=True,size=1,snapshot_id=None,snapshots=,source_volid=None,status='creating',terminated_at=None,updated_at=None,use_quota=True,user_id='fa2a083e9b114cd18626811954e07751',volume_attachment=,volume_type=VolumeType(8cb0f4a4-c0d2-4c03-ae1b-f6f171521584),volume_type_id=8cb0f4a4-c0d2-4c03-ae1b-f6f171521584)}' {{(pid=101001) _task_receiver /usr/local/lib/python3.8/dist-packages/taskflow/listeners/logging.py:178}}
Sep 07 22:04:01.863754 dv-cinder-759962-11-smb devstack@c-api.service[101001]: DEBUG cinder.volume.api [None req-6ba56f7f-8527-446a-90d2-4e9e71657951 tempest-VolumeTypesAccessTest-1116246038 tempest-VolumeTypesAccessTest-1116246038-project] Task 'cinder.volume.flows.api.create_volume.QuotaCommitTask;volume:create' (73dc80b2-6d9f-40d2-ab4e-27db6e58ae80) transitioned into state 'RUNNING' from state 'PENDING' {{(pid=101001) _task_receiver /usr/local/lib/python3.8/dist-packages/taskflow/listeners/logging.py:190}}
Sep 07 22:04:01.899937 dv-cinder-759962-11-smb devstack@c-api.service[101001]: DEBUG cinder.volume.api [None req-6ba56f7f-8527-446a-90d2-4e9e71657951 tempest-VolumeTypesAccessTest-1116246038 tempest-VolumeTypesAccessTest-1116246038-project] Task 'cinder.volume.flows.api.create_volume.QuotaCommitTask;volume:create' (73dc80b2-6d9f-40d2-ab4e-27db6e58ae80) transitioned into state 'SUCCESS' from state 'RUNNING' with result '{'volume_properties': VolumeProperties(attach_status='detached',availability_zone='nova',cgsnapshot_id=None,consistencygroup_id=None,display_description=None,display_name='tempest-VolumeTypesAccessTest-Volume-67057129',encryption_key_id=None,group_id=None,group_type_id=,metadata={},multiattach=False,project_id='120de905286b4a9188a735eb7533db66',qos_specs=None,replication_status=,reservations=['d6badbac-5ef4-4a2e-9d2a-ee49c08198b1','35ac84f5-3ed1-4262-9b05-da561224c99b','83b471d9-b2a1-4fb9-bf2a-a52bf4c99a50','a360214d-c7a0-4a00-b27c-a5e5bbf85643'],size=1,snapshot_id=None,source_replicaid=,source_volid=None,status='creating',user_id='fa2a083e9b114cd18626811954e07751',volume_type_id=8cb0f4a4-c0d2-4c03-ae1b-f6f171521584)}' {{(pid=101001) _task_receiver /usr/local/lib/python3.8/dist-packages/taskflow/listeners/logging.py:178}}
Sep 07 22:04:01.902818 dv-cinder-759962-11-smb devstack@c-api.service[101001]: DEBUG cinder.volume.api [None req-6ba56f7f-8527-446a-90d2-4e9e71657951 tempest-VolumeTypesAccessTest-1116246038 tempest-VolumeTypesAccessTest-1116246038-project] Task 'cinder.volume.flows.api.create_volume.VolumeCastTask;volume:create' (8d4bb966-7903-4421-a510-14f240063e54) transitioned into state 'RUNNING' from state 'PENDING' {{(pid=101001) _task_receiver /usr/local/lib/python3.8/dist-packages/taskflow/listeners/logging.py:190}}
Sep 07 22:04:01.927086 dv-cinder-759962-11-smb devstack@c-api.service[101001]: DEBUG cinder.volume.api [None req-6ba56f7f-8527-446a-90d2-4e9e71657951 tempest-VolumeTypesAccessTest-1116246038 tempest-VolumeTypesAccessTest-1116246038-project] Task 'cinder.volume.flows.api.create_volume.VolumeCastTask;volume:create' (8d4bb966-7903-4421-a510-14f240063e54) transitioned into state 'SUCCESS' from state 'RUNNING' with result 'None' {{(pid=101001) _task_receiver /usr/local/lib/python3.8/dist-packages/taskflow/listeners/logging.py:178}}
Sep 07 22:04:01.929928 dv-cinder-759962-11-smb devstack@c-api.service[101001]: DEBUG cinder.volume.api [None req-6ba56f7f-8527-446a-90d2-4e9e71657951 tempest-VolumeTypesAccessTest-1116246038 tempest-VolumeTypesAccessTest-1116246038-project] Flow 'volume_create_api' (71f70d47-2f90-492b-8d82-f95e9a6d8353) transitioned into state 'SUCCESS' from state 'RUNNING' {{(pid=101001) _flow_receiver /usr/local/lib/python3.8/dist-packages/taskflow/listeners/logging.py:141}}
Sep 07 22:04:01.930896 dv-cinder-759962-11-smb devstack@c-api.service[101001]: INFO cinder.volume.api [None req-6ba56f7f-8527-446a-90d2-4e9e71657951 tempest-VolumeTypesAccessTest-1116246038 tempest-VolumeTypesAccessTest-1116246038-project] Create volume request issued successfully.
Sep 07 22:04:01.943733 dv-cinder-759962-11-smb devstack@c-api.service[101001]: INFO cinder.api.openstack.wsgi [None req-6ba56f7f-8527-446a-90d2-4e9e71657951 tempest-VolumeTypesAccessTest-1116246038 tempest-VolumeTypesAccessTest-1116246038-project] http://10.222.0.25/volume/v3/120de905286b4a9188a735eb7533db66/volumes returned with HTTP 202
Sep 07 22:04:01.947613 dv-cinder-759962-11-smb devstack@c-api.service[101001]: [pid: 101001|app: 0|req: 43/87] 10.222.0.25 () {60 vars in 1236 bytes} [Tue Sep 7 22:04:01 2021] POST /volume/v3/120de905286b4a9188a735eb7533db66/volumes => generated 859 bytes in 379 msecs (HTTP/1.1 202) 7 headers in 291 bytes (1 switches on core 0)
Sep 07 22:04:01.962431 dv-cinder-759962-11-smb devstack@c-api.service[101000]: INFO cinder.api.openstack.wsgi [None req-af71b640-6f0d-4836-8d8b-dc0f976409c9 tempest-VolumeTypesAccessTest-1116246038 tempest-VolumeTypesAccessTest-1116246038-project] GET http://10.222.0.25/volume/v3/120de905286b4a9188a735eb7533db66/volumes/24e881a4-3916-4469-8179-6410e8253130
Sep 07 22:04:01.962972 dv-cinder-759962-11-smb devstack@c-api.service[101000]: DEBUG cinder.api.openstack.wsgi [None req-af71b640-6f0d-4836-8d8b-dc0f976409c9 tempest-VolumeTypesAccessTest-1116246038 tempest-VolumeTypesAccessTest-1116246038-project] Empty body provided in request {{(pid=101000) get_body /opt/stack/cinder/cinder/api/openstack/wsgi.py:703}}
Sep 07 22:04:01.963415 dv-cinder-759962-11-smb devstack@c-api.service[101000]: DEBUG cinder.api.openstack.wsgi [None req-af71b640-6f0d-4836-8d8b-dc0f976409c9 tempest-VolumeTypesAccessTest-1116246038 tempest-VolumeTypesAccessTest-1116246038-project] Calling method 'show' {{(pid=101000) _process_stack /opt/stack/cinder/cinder/api/openstack/wsgi.py:856}}
Sep 07 22:04:01.990789 dv-cinder-759962-11-smb devstack@c-api.service[101000]: /usr/local/lib/python3.8/dist-packages/oslo_context/context.py:105: DeprecationWarning: Policy enforcement is depending on the value of is_admin. This key is deprecated. Please update your policy file to use the standard policy values.
Sep 07 22:04:01.990789 dv-cinder-759962-11-smb devstack@c-api.service[101000]: warnings.warn('Policy enforcement is depending on the value of '
Sep 07 22:04:02.013619 dv-cinder-759962-11-smb devstack@c-api.service[101000]: INFO cinder.volume.api [None req-af71b640-6f0d-4836-8d8b-dc0f976409c9 tempest-VolumeTypesAccessTest-1116246038 tempest-VolumeTypesAccessTest-1116246038-project] Volume info retrieved successfully.
Sep 07 22:04:02.034914 dv-cinder-759962-11-smb devstack@c-api.service[101001]: INFO cinder.api.openstack.wsgi [req-8360e397-242e-477c-b4f0-90f8f6675467 req-8b4389f0-7345-43c9-a3ed-42007d3bac4b tempest-VolumesTestJSON-733588054 tempest-VolumesTestJSON-733588054-project] GET http://10.222.0.25/volume/v3/e95be07dd43b4199bff28a8e4b26af38/volumes/detail
Sep 07 22:04:02.036310 dv-cinder-759962-11-smb devstack@c-api.service[101001]: DEBUG cinder.api.openstack.wsgi [req-8360e397-242e-477c-b4f0-90f8f6675467 req-8b4389f0-7345-43c9-a3ed-42007d3bac4b tempest-VolumesTestJSON-733588054 tempest-VolumesTestJSON-733588054-project] Empty body provided in request {{(pid=101001) get_body /opt/stack/cinder/cinder/api/openstack/wsgi.py:703}}
Sep 07 22:04:02.036310 dv-cinder-759962-11-smb devstack@c-api.service[101001]: /usr/local/lib/python3.8/dist-packages/webob/acceptparse.py:1047: DeprecationWarning: The behavior of AcceptValidHeader.best_match is currently being maintained for backward compatibility, but it will be deprecated in the future, as it does not conform to the RFC.
Sep 07 22:04:02.036310 dv-cinder-759962-11-smb devstack@c-api.service[101001]: warnings.warn(
Sep 07 22:04:02.036310 dv-cinder-759962-11-smb devstack@c-api.service[101001]: DEBUG cinder.api.openstack.wsgi [req-8360e397-242e-477c-b4f0-90f8f6675467 req-8b4389f0-7345-43c9-a3ed-42007d3bac4b tempest-VolumesTestJSON-733588054 tempest-VolumesTestJSON-733588054-project] Calling method 'detail' {{(pid=101001) _process_stack /opt/stack/cinder/cinder/api/openstack/wsgi.py:856}}
Sep 07 22:04:02.038048 dv-cinder-759962-11-smb devstack@c-api.service[101001]: DEBUG cinder.api.api_utils [req-8360e397-242e-477c-b4f0-90f8f6675467 req-8b4389f0-7345-43c9-a3ed-42007d3bac4b tempest-VolumesTestJSON-733588054 tempest-VolumesTestJSON-733588054-project] Removing options '' from query. {{(pid=101001) remove_invalid_filter_options /opt/stack/cinder/cinder/api/api_utils.py:73}}
Sep 07 22:04:02.039868 dv-cinder-759962-11-smb devstack@c-api.service[101001]: /usr/local/lib/python3.8/dist-packages/oslo_context/context.py:105: DeprecationWarning: Policy enforcement is depending on the value of is_admin. This key is deprecated. Please update your policy file to use the standard policy values.
Sep 07 22:04:02.039868 dv-cinder-759962-11-smb devstack@c-api.service[101001]: warnings.warn('Policy enforcement is depending on the value of '
Sep 07 22:04:02.042503 dv-cinder-759962-11-smb devstack@c-api.service[101001]: DEBUG cinder.volume.api [req-8360e397-242e-477c-b4f0-90f8f6675467 req-8b4389f0-7345-43c9-a3ed-42007d3bac4b tempest-VolumesTestJSON-733588054 tempest-VolumesTestJSON-733588054-project] Searching by: MultiDict([('no_migration_targets', True)]). {{(pid=101001) get_all /opt/stack/cinder/cinder/volume/api.py:619}}
Sep 07 22:04:02.074076 dv-cinder-759962-11-smb devstack@c-api.service[101000]: INFO cinder.api.openstack.wsgi [None req-af71b640-6f0d-4836-8d8b-dc0f976409c9 tempest-VolumeTypesAccessTest-1116246038 tempest-VolumeTypesAccessTest-1116246038-project] http://10.222.0.25/volume/v3/120de905286b4a9188a735eb7533db66/volumes/24e881a4-3916-4469-8179-6410e8253130 returned with HTTP 200
Sep 07 22:04:02.078894 dv-cinder-759962-11-smb devstack@c-api.service[101000]: [pid: 101000|app: 0|req: 45/88] 10.222.0.25 () {58 vars in 1325 bytes} [Tue Sep 7 22:04:01 2021] GET /volume/v3/120de905286b4a9188a735eb7533db66/volumes/24e881a4-3916-4469-8179-6410e8253130 => generated 927 bytes in 121 msecs (HTTP/1.1 200) 7 headers in 285 bytes (1 switches on core 0)
Sep 07 22:04:02.351583 dv-cinder-759962-11-smb devstack@c-api.service[101001]: INFO cinder.volume.api [req-8360e397-242e-477c-b4f0-90f8f6675467 req-8b4389f0-7345-43c9-a3ed-42007d3bac4b tempest-VolumesTestJSON-733588054 tempest-VolumesTestJSON-733588054-project] Get all volumes completed successfully.
Sep 07 22:04:02.353892 dv-cinder-759962-11-smb devstack@c-api.service[101001]: /usr/local/lib/python3.8/dist-packages/oslo_context/context.py:105: DeprecationWarning: Policy enforcement is depending on the value of is_admin. This key is deprecated. Please update your policy file to use the standard policy values.
Sep 07 22:04:02.353892 dv-cinder-759962-11-smb devstack@c-api.service[101001]: warnings.warn('Policy enforcement is depending on the value of '
Sep 07 22:04:02.362460 dv-cinder-759962-11-smb devstack@c-api.service[101001]: INFO cinder.api.openstack.wsgi [req-8360e397-242e-477c-b4f0-90f8f6675467 req-8b4389f0-7345-43c9-a3ed-42007d3bac4b tempest-VolumesTestJSON-733588054 tempest-VolumesTestJSON-733588054-project] http://10.222.0.25/volume/v3/e95be07dd43b4199bff28a8e4b26af38/volumes/detail returned with HTTP 200
Sep 07 22:04:02.367238 dv-cinder-759962-11-smb devstack@c-api.service[101001]: [pid: 101001|app: 0|req: 44/89] 10.222.0.25 () {60 vars in 1489 bytes} [Tue Sep 7 22:04:02 2021] GET /volume/v3/e95be07dd43b4199bff28a8e4b26af38/volumes/detail => generated 2747 bytes in 341 msecs (HTTP/1.1 200) 7 headers in 286 bytes (2 switches on core 0)
Sep 07 22:04:03.058389 dv-cinder-759962-11-smb devstack@c-api.service[101000]: INFO cinder.api.openstack.wsgi [req-21ed42f6-396d-44ea-ada8-8adbec26fc6c req-1e81ce41-35fe-414b-9ca7-038eca2f82b8 tempest-VolumesTestJSON-733588054 tempest-VolumesTestJSON-733588054-project] GET http://10.222.0.25/volume/v3/e95be07dd43b4199bff28a8e4b26af38/volumes/detail
Sep 07 22:04:03.058885 dv-cinder-759962-11-smb devstack@c-api.service[101000]: DEBUG cinder.api.openstack.wsgi [req-21ed42f6-396d-44ea-ada8-8adbec26fc6c req-1e81ce41-35fe-414b-9ca7-038eca2f82b8 tempest-VolumesTestJSON-733588054 tempest-VolumesTestJSON-733588054-project] Empty body provided in request {{(pid=101000) get_body /opt/stack/cinder/cinder/api/openstack/wsgi.py:703}}
Sep 07 22:04:03.058885 dv-cinder-759962-11-smb devstack@c-api.service[101000]: /usr/local/lib/python3.8/dist-packages/webob/acceptparse.py:1047: DeprecationWarning: The behavior of AcceptValidHeader.best_match is currently being maintained for backward compatibility, but it will be deprecated in the future, as it does not conform to the RFC.
Sep 07 22:04:03.058885 dv-cinder-759962-11-smb devstack@c-api.service[101000]: warnings.warn(
Sep 07 22:04:03.059221 dv-cinder-759962-11-smb devstack@c-api.service[101000]: DEBUG cinder.api.openstack.wsgi [req-21ed42f6-396d-44ea-ada8-8adbec26fc6c req-1e81ce41-35fe-414b-9ca7-038eca2f82b8 tempest-VolumesTestJSON-733588054 tempest-VolumesTestJSON-733588054-project] Calling method 'detail' {{(pid=101000) _process_stack /opt/stack/cinder/cinder/api/openstack/wsgi.py:856}}
Sep 07 22:04:03.060238 dv-cinder-759962-11-smb devstack@c-api.service[101000]: DEBUG cinder.api.api_utils [req-21ed42f6-396d-44ea-ada8-8adbec26fc6c req-1e81ce41-35fe-414b-9ca7-038eca2f82b8 tempest-VolumesTestJSON-733588054 tempest-VolumesTestJSON-733588054-project] Removing options '' from query. {{(pid=101000) remove_invalid_filter_options /opt/stack/cinder/cinder/api/api_utils.py:73}}
Sep 07 22:04:03.062183 dv-cinder-759962-11-smb devstack@c-api.service[101000]: DEBUG cinder.volume.api [req-21ed42f6-396d-44ea-ada8-8adbec26fc6c req-1e81ce41-35fe-414b-9ca7-038eca2f82b8 tempest-VolumesTestJSON-733588054 tempest-VolumesTestJSON-733588054-project] Searching by: MultiDict([('no_migration_targets', True)]). {{(pid=101000) get_all /opt/stack/cinder/cinder/volume/api.py:619}}
Sep 07 22:04:03.091935 dv-cinder-759962-11-smb devstack@c-api.service[101001]: INFO cinder.api.openstack.wsgi [None req-2e3dddd3-3363-4f16-8d61-64b25b5fc78d tempest-VolumeTypesAccessTest-1116246038 tempest-VolumeTypesAccessTest-1116246038-project] GET http://10.222.0.25/volume/v3/120de905286b4a9188a735eb7533db66/volumes/24e881a4-3916-4469-8179-6410e8253130
Sep 07 22:04:03.092403 dv-cinder-759962-11-smb devstack@c-api.service[101001]: DEBUG cinder.api.openstack.wsgi [None req-2e3dddd3-3363-4f16-8d61-64b25b5fc78d tempest-VolumeTypesAccessTest-1116246038 tempest-VolumeTypesAccessTest-1116246038-project] Empty body provided in request {{(pid=101001) get_body /opt/stack/cinder/cinder/api/openstack/wsgi.py:703}}
Sep 07 22:04:03.092516 dv-cinder-759962-11-smb devstack@c-api.service[101001]: /usr/local/lib/python3.8/dist-packages/webob/acceptparse.py:1047: DeprecationWarning: The behavior of AcceptValidHeader.best_match is currently being maintained for backward compatibility, but it will be deprecated in the future, as it does not conform to the RFC.
Sep 07 22:04:03.092516 dv-cinder-759962-11-smb devstack@c-api.service[101001]: warnings.warn(
Sep 07 22:04:03.093055 dv-cinder-759962-11-smb devstack@c-api.service[101001]: DEBUG cinder.api.openstack.wsgi [None req-2e3dddd3-3363-4f16-8d61-64b25b5fc78d tempest-VolumeTypesAccessTest-1116246038 tempest-VolumeTypesAccessTest-1116246038-project] Calling method 'show' {{(pid=101001) _process_stack /opt/stack/cinder/cinder/api/openstack/wsgi.py:856}}
Sep 07 22:04:03.122266 dv-cinder-759962-11-smb devstack@c-api.service[101001]: /usr/local/lib/python3.8/dist-packages/oslo_context/context.py:105: DeprecationWarning: Policy enforcement is depending on the value of is_admin. This key is deprecated. Please update your policy file to use the standard policy values.
Sep 07 22:04:03.122266 dv-cinder-759962-11-smb devstack@c-api.service[101001]: warnings.warn('Policy enforcement is depending on the value of '
Sep 07 22:04:03.133771 dv-cinder-759962-11-smb devstack@c-api.service[101000]: INFO cinder.volume.api [req-21ed42f6-396d-44ea-ada8-8adbec26fc6c req-1e81ce41-35fe-414b-9ca7-038eca2f82b8 tempest-VolumesTestJSON-733588054 tempest-VolumesTestJSON-733588054-project] Get all volumes completed successfully.
Sep 07 22:04:03.136472 dv-cinder-759962-11-smb devstack@c-api.service[101000]: /usr/local/lib/python3.8/dist-packages/oslo_context/context.py:105: DeprecationWarning: Policy enforcement is depending on the value of is_admin. This key is deprecated. Please update your policy file to use the standard policy values.
Sep 07 22:04:03.136472 dv-cinder-759962-11-smb devstack@c-api.service[101000]: warnings.warn('Policy enforcement is depending on the value of '
Sep 07 22:04:03.137725 dv-cinder-759962-11-smb devstack@c-api.service[101001]: INFO cinder.volume.api [None req-2e3dddd3-3363-4f16-8d61-64b25b5fc78d tempest-VolumeTypesAccessTest-1116246038 tempest-VolumeTypesAccessTest-1116246038-project] Volume info retrieved successfully.
Sep 07 22:04:03.160595 dv-cinder-759962-11-smb devstack@c-api.service[101001]: INFO cinder.api.openstack.wsgi [None req-2e3dddd3-3363-4f16-8d61-64b25b5fc78d tempest-VolumeTypesAccessTest-1116246038 tempest-VolumeTypesAccessTest-1116246038-project] http://10.222.0.25/volume/v3/120de905286b4a9188a735eb7533db66/volumes/24e881a4-3916-4469-8179-6410e8253130 returned with HTTP 200
Sep 07 22:04:03.167612 dv-cinder-759962-11-smb devstack@c-api.service[101000]: INFO cinder.api.openstack.wsgi [req-21ed42f6-396d-44ea-ada8-8adbec26fc6c req-1e81ce41-35fe-414b-9ca7-038eca2f82b8 tempest-VolumesTestJSON-733588054 tempest-VolumesTestJSON-733588054-project] http://10.222.0.25/volume/v3/e95be07dd43b4199bff28a8e4b26af38/volumes/detail returned with HTTP 200
Sep 07 22:04:03.169445 dv-cinder-759962-11-smb devstack@c-api.service[101000]: [pid: 101000|app: 0|req: 46/90] 10.222.0.25 () {60 vars in 1489 bytes} [Tue Sep 7 22:04:03 2021] GET /volume/v3/e95be07dd43b4199bff28a8e4b26af38/volumes/detail => generated 2747 bytes in 115 msecs (HTTP/1.1 200) 7 headers in 286 bytes (1 switches on core 0)
Sep 07 22:04:03.171454 dv-cinder-759962-11-smb devstack@c-api.service[101001]: [pid: 101001|app: 0|req: 45/91] 10.222.0.25 () {58 vars in 1325 bytes} [Tue Sep 7 22:04:03 2021] GET /volume/v3/120de905286b4a9188a735eb7533db66/volumes/24e881a4-3916-4469-8179-6410e8253130 => generated 952 bytes in 83 msecs (HTTP/1.1 200) 7 headers in 285 bytes (2 switches on core 0)
Sep 07 22:04:03.182052 dv-cinder-759962-11-smb devstack@c-api.service[101000]: INFO cinder.api.openstack.wsgi [None req-f4462a73-75be-4e49-9cae-0c2f1e710905 tempest-VolumeTypesAccessTest-2001773838 tempest-VolumeTypesAccessTest-2001773838-project-admin] POST http://10.222.0.25/volume/v3/f67075f0dda5499a877e4cb929b05943/types/8cb0f4a4-c0d2-4c03-ae1b-f6f171521584/action
Sep 07 22:04:03.182444 dv-cinder-759962-11-smb devstack@c-api.service[101000]: /usr/local/lib/python3.8/dist-packages/webob/acceptparse.py:1047: DeprecationWarning: The behavior of AcceptValidHeader.best_match is currently being maintained for backward compatibility, but it will be deprecated in the future, as it does not conform to the RFC.
Sep 07 22:04:03.182444 dv-cinder-759962-11-smb devstack@c-api.service[101000]: warnings.warn(
Sep 07 22:04:03.182818 dv-cinder-759962-11-smb devstack@c-api.service[101000]: DEBUG cinder.api.openstack.wsgi [None req-f4462a73-75be-4e49-9cae-0c2f1e710905 tempest-VolumeTypesAccessTest-2001773838 tempest-VolumeTypesAccessTest-2001773838-project-admin] Action body: b'{"removeProjectAccess": {"project": "120de905286b4a9188a735eb7533db66"}}' {{(pid=101000) get_method /opt/stack/cinder/cinder/api/openstack/wsgi.py:971}}
Sep 07 22:04:03.183180 dv-cinder-759962-11-smb devstack@c-api.service[101000]: DEBUG cinder.api.openstack.wsgi [None req-f4462a73-75be-4e49-9cae-0c2f1e710905 tempest-VolumeTypesAccessTest-2001773838 tempest-VolumeTypesAccessTest-2001773838-project-admin] Action: 'action', calling method: _removeProjectAccess, body: {"removeProjectAccess": {"project": "120de905286b4a9188a735eb7533db66"}} {{(pid=101000) _process_stack /opt/stack/cinder/cinder/api/openstack/wsgi.py:854}}
Sep 07 22:04:03.208550 dv-cinder-759962-11-smb devstack@c-api.service[101001]: INFO cinder.api.openstack.wsgi [req-ae06ce4f-b9fa-4f39-91cd-6df54996d186 req-8237a9e1-663d-4fc8-9ff3-6e8509028096 tempest-VolumesTestJSON-733588054 tempest-VolumesTestJSON-733588054-project] GET http://10.222.0.25/volume/v3/e95be07dd43b4199bff28a8e4b26af38/volumes/detail
Sep 07 22:04:03.208992 dv-cinder-759962-11-smb devstack@c-api.service[101001]: DEBUG cinder.api.openstack.wsgi [req-ae06ce4f-b9fa-4f39-91cd-6df54996d186 req-8237a9e1-663d-4fc8-9ff3-6e8509028096 tempest-VolumesTestJSON-733588054 tempest-VolumesTestJSON-733588054-project] Empty body provided in request {{(pid=101001) get_body /opt/stack/cinder/cinder/api/openstack/wsgi.py:703}}
Sep 07 22:04:03.209158 dv-cinder-759962-11-smb devstack@c-api.service[101001]: /usr/local/lib/python3.8/dist-packages/webob/acceptparse.py:1047: DeprecationWarning: The behavior of AcceptValidHeader.best_match is currently being maintained for backward compatibility, but it will be deprecated in the future, as it does not conform to the RFC.
Sep 07 22:04:03.209158 dv-cinder-759962-11-smb devstack@c-api.service[101001]: warnings.warn(
Sep 07 22:04:03.209667 dv-cinder-759962-11-smb devstack@c-api.service[101001]: DEBUG cinder.api.openstack.wsgi [req-ae06ce4f-b9fa-4f39-91cd-6df54996d186 req-8237a9e1-663d-4fc8-9ff3-6e8509028096 tempest-VolumesTestJSON-733588054 tempest-VolumesTestJSON-733588054-project] Calling method 'detail' {{(pid=101001) _process_stack /opt/stack/cinder/cinder/api/openstack/wsgi.py:856}}
Sep 07 22:04:03.210392 dv-cinder-759962-11-smb devstack@c-api.service[101001]: DEBUG cinder.api.api_utils [req-ae06ce4f-b9fa-4f39-91cd-6df54996d186 req-8237a9e1-663d-4fc8-9ff3-6e8509028096 tempest-VolumesTestJSON-733588054 tempest-VolumesTestJSON-733588054-project] Removing options '' from query. {{(pid=101001) remove_invalid_filter_options /opt/stack/cinder/cinder/api/api_utils.py:73}}
Sep 07 22:04:03.212040 dv-cinder-759962-11-smb devstack@c-api.service[101001]: DEBUG cinder.volume.api [req-ae06ce4f-b9fa-4f39-91cd-6df54996d186 req-8237a9e1-663d-4fc8-9ff3-6e8509028096 tempest-VolumesTestJSON-733588054 tempest-VolumesTestJSON-733588054-project] Searching by: MultiDict([('no_migration_targets', True)]). {{(pid=101001) get_all /opt/stack/cinder/cinder/volume/api.py:619}}
Sep 07 22:04:03.243181 dv-cinder-759962-11-smb devstack@c-api.service[101000]: INFO cinder.api.openstack.wsgi [None req-f4462a73-75be-4e49-9cae-0c2f1e710905 tempest-VolumeTypesAccessTest-2001773838 tempest-VolumeTypesAccessTest-2001773838-project-admin] http://10.222.0.25/volume/v3/f67075f0dda5499a877e4cb929b05943/types/8cb0f4a4-c0d2-4c03-ae1b-f6f171521584/action returned with HTTP 202
Sep 07 22:04:03.248716 dv-cinder-759962-11-smb devstack@c-api.service[101000]: [pid: 101000|app: 0|req: 47/92] 10.222.0.25 () {60 vars in 1361 bytes} [Tue Sep 7 22:04:03 2021] POST /volume/v3/f67075f0dda5499a877e4cb929b05943/types/8cb0f4a4-c0d2-4c03-ae1b-f6f171521584/action => generated 0 bytes in 74 msecs (HTTP/1.1 202) 6 headers in 233 bytes (1 switches on core 0)
Sep 07 22:04:03.253883 dv-cinder-759962-11-smb devstack@c-api.service[101000]: INFO cinder.api.openstack.wsgi [None req-d4b1c441-7f9f-48f8-ae08-abbaa8170e8d tempest-VolumeTypesAccessTest-2001773838 tempest-VolumeTypesAccessTest-2001773838-project-admin] POST http://10.222.0.25/volume/v3/f67075f0dda5499a877e4cb929b05943/types
Sep 07 22:04:03.254760 dv-cinder-759962-11-smb devstack@c-api.service[101000]: DEBUG cinder.api.openstack.wsgi [None req-d4b1c441-7f9f-48f8-ae08-abbaa8170e8d tempest-VolumeTypesAccessTest-2001773838 tempest-VolumeTypesAccessTest-2001773838-project-admin] Action: 'create', calling method: _create, body: {"volume_type": {"name": "tempest-VolumeTypesAccessTest-volume-type-405863702", "os-volume-type-access:is_public": false}} {{(pid=101000) _process_stack /opt/stack/cinder/cinder/api/openstack/wsgi.py:854}}
Sep 07 22:04:03.292076 dv-cinder-759962-11-smb devstack@c-api.service[101000]: INFO cinder.api.openstack.wsgi [None req-d4b1c441-7f9f-48f8-ae08-abbaa8170e8d tempest-VolumeTypesAccessTest-2001773838 tempest-VolumeTypesAccessTest-2001773838-project-admin] http://10.222.0.25/volume/v3/f67075f0dda5499a877e4cb929b05943/types returned with HTTP 200
Sep 07 22:04:03.301363 dv-cinder-759962-11-smb devstack@c-api.service[101000]: [pid: 101000|app: 0|req: 48/93] 10.222.0.25 () {60 vars in 1230 bytes} [Tue Sep 7 22:04:03 2021] POST /volume/v3/f67075f0dda5499a877e4cb929b05943/types => generated 228 bytes in 52 msecs (HTTP/1.1 200) 7 headers in 285 bytes (1 switches on core 0)
Sep 07 22:04:03.306213 dv-cinder-759962-11-smb devstack@c-api.service[101000]: INFO cinder.api.openstack.wsgi [None req-5fbe17e5-3903-47e1-a55f-9881c96e176b tempest-VolumeTypesAccessTest-2001773838 tempest-VolumeTypesAccessTest-2001773838-project-admin] POST http://10.222.0.25/volume/v3/f67075f0dda5499a877e4cb929b05943/types/b896ed9e-0691-4eb5-aa76-889533ffb1a9/action
Sep 07 22:04:03.307123 dv-cinder-759962-11-smb devstack@c-api.service[101000]: DEBUG cinder.api.openstack.wsgi [None req-5fbe17e5-3903-47e1-a55f-9881c96e176b tempest-VolumeTypesAccessTest-2001773838 tempest-VolumeTypesAccessTest-2001773838-project-admin] Action body: b'{"addProjectAccess": {"project": "120de905286b4a9188a735eb7533db66"}}' {{(pid=101000) get_method /opt/stack/cinder/cinder/api/openstack/wsgi.py:971}}
Sep 07 22:04:03.307612 dv-cinder-759962-11-smb devstack@c-api.service[101000]: DEBUG cinder.api.openstack.wsgi [None req-5fbe17e5-3903-47e1-a55f-9881c96e176b tempest-VolumeTypesAccessTest-2001773838 tempest-VolumeTypesAccessTest-2001773838-project-admin] Action: 'action', calling method: _addProjectAccess, body: {"addProjectAccess": {"project": "120de905286b4a9188a735eb7533db66"}} {{(pid=101000) _process_stack /opt/stack/cinder/cinder/api/openstack/wsgi.py:854}}
Sep 07 22:04:03.328662 dv-cinder-759962-11-smb devstack@c-api.service[101000]: INFO cinder.api.openstack.wsgi [None req-5fbe17e5-3903-47e1-a55f-9881c96e176b tempest-VolumeTypesAccessTest-2001773838 tempest-VolumeTypesAccessTest-2001773838-project-admin] http://10.222.0.25/volume/v3/f67075f0dda5499a877e4cb929b05943/types/b896ed9e-0691-4eb5-aa76-889533ffb1a9/action returned with HTTP 202
Sep 07 22:04:03.329683 dv-cinder-759962-11-smb devstack@c-api.service[101000]: [pid: 101000|app: 0|req: 49/94] 10.222.0.25 () {60 vars in 1361 bytes} [Tue Sep 7 22:04:03 2021] POST /volume/v3/f67075f0dda5499a877e4cb929b05943/types/b896ed9e-0691-4eb5-aa76-889533ffb1a9/action => generated 0 bytes in 27 msecs (HTTP/1.1 202) 6 headers in 233 bytes (1 switches on core 0)
Sep 07 22:04:03.334888 dv-cinder-759962-11-smb devstack@c-api.service[101001]: INFO cinder.volume.api [req-ae06ce4f-b9fa-4f39-91cd-6df54996d186 req-8237a9e1-663d-4fc8-9ff3-6e8509028096 tempest-VolumesTestJSON-733588054 tempest-VolumesTestJSON-733588054-project] Get all volumes completed successfully.
Sep 07 22:04:03.338986 dv-cinder-759962-11-smb devstack@c-api.service[101001]: /usr/local/lib/python3.8/dist-packages/oslo_context/context.py:105: DeprecationWarning: Policy enforcement is depending on the value of is_admin. This key is deprecated. Please update your policy file to use the standard policy values.
Sep 07 22:04:03.338986 dv-cinder-759962-11-smb devstack@c-api.service[101001]: warnings.warn('Policy enforcement is depending on the value of '
Sep 07 22:04:03.340225 dv-cinder-759962-11-smb devstack@c-api.service[101000]: INFO cinder.api.openstack.wsgi [None req-2fead523-1e36-4c37-b3d8-92a8a1f02a0a tempest-VolumeTypesAccessTest-2001773838 tempest-VolumeTypesAccessTest-2001773838-project-admin] POST http://10.222.0.25/volume/v3/f67075f0dda5499a877e4cb929b05943/types/b896ed9e-0691-4eb5-aa76-889533ffb1a9/action
Sep 07 22:04:03.340925 dv-cinder-759962-11-smb devstack@c-api.service[101000]: DEBUG cinder.api.openstack.wsgi [None req-2fead523-1e36-4c37-b3d8-92a8a1f02a0a tempest-VolumeTypesAccessTest-2001773838 tempest-VolumeTypesAccessTest-2001773838-project-admin] Action body: b'{"addProjectAccess": {"project": "02696cb031654b6ba418bfef6b3c68fc"}}' {{(pid=101000) get_method /opt/stack/cinder/cinder/api/openstack/wsgi.py:971}}
Sep 07 22:04:03.341252 dv-cinder-759962-11-smb devstack@c-api.service[101000]: DEBUG cinder.api.openstack.wsgi [None req-2fead523-1e36-4c37-b3d8-92a8a1f02a0a tempest-VolumeTypesAccessTest-2001773838 tempest-VolumeTypesAccessTest-2001773838-project-admin] Action: 'action', calling method: _addProjectAccess, body: {"addProjectAccess": {"project": "02696cb031654b6ba418bfef6b3c68fc"}} {{(pid=101000) _process_stack /opt/stack/cinder/cinder/api/openstack/wsgi.py:854}}
Sep 07 22:04:03.356128 dv-cinder-759962-11-smb devstack@c-api.service[101001]: INFO cinder.api.openstack.wsgi [req-ae06ce4f-b9fa-4f39-91cd-6df54996d186 req-8237a9e1-663d-4fc8-9ff3-6e8509028096 tempest-VolumesTestJSON-733588054 tempest-VolumesTestJSON-733588054-project] http://10.222.0.25/volume/v3/e95be07dd43b4199bff28a8e4b26af38/volumes/detail returned with HTTP 200
Sep 07 22:04:03.359186 dv-cinder-759962-11-smb devstack@c-api.service[101001]: [pid: 101001|app: 0|req: 46/95] 10.222.0.25 () {60 vars in 1489 bytes} [Tue Sep 7 22:04:03 2021] GET /volume/v3/e95be07dd43b4199bff28a8e4b26af38/volumes/detail => generated 2747 bytes in 154 msecs (HTTP/1.1 200) 7 headers in 286 bytes (1 switches on core 0)
Sep 07 22:04:03.368994 dv-cinder-759962-11-smb devstack@c-api.service[101000]: INFO cinder.api.openstack.wsgi [None req-2fead523-1e36-4c37-b3d8-92a8a1f02a0a tempest-VolumeTypesAccessTest-2001773838 tempest-VolumeTypesAccessTest-2001773838-project-admin] http://10.222.0.25/volume/v3/f67075f0dda5499a877e4cb929b05943/types/b896ed9e-0691-4eb5-aa76-889533ffb1a9/action returned with HTTP 202
Sep 07 22:04:03.375122 dv-cinder-759962-11-smb devstack@c-api.service[101000]: [pid: 101000|app: 0|req: 50/96] 10.222.0.25 () {60 vars in 1361 bytes} [Tue Sep 7 22:04:03 2021] POST /volume/v3/f67075f0dda5499a877e4cb929b05943/types/b896ed9e-0691-4eb5-aa76-889533ffb1a9/action => generated 0 bytes in 41 msecs (HTTP/1.1 202) 6 headers in 233 bytes (2 switches on core 0)
Sep 07 22:04:03.387367 dv-cinder-759962-11-smb devstack@c-api.service[101001]: INFO cinder.api.openstack.wsgi [None req-9d202b5a-2d7a-4f8d-932a-50c88d98ca11 tempest-VolumeTypesAccessTest-2001773838 tempest-VolumeTypesAccessTest-2001773838-project-admin] GET http://10.222.0.25/volume/v3/f67075f0dda5499a877e4cb929b05943/types/b896ed9e-0691-4eb5-aa76-889533ffb1a9/os-volume-type-access
Sep 07 22:04:03.389654 dv-cinder-759962-11-smb devstack@c-api.service[101001]: DEBUG cinder.api.openstack.wsgi [None req-9d202b5a-2d7a-4f8d-932a-50c88d98ca11 tempest-VolumeTypesAccessTest-2001773838 tempest-VolumeTypesAccessTest-2001773838-project-admin] Empty body provided in request {{(pid=101001) get_body /opt/stack/cinder/cinder/api/openstack/wsgi.py:703}}
Sep 07 22:04:03.390010 dv-cinder-759962-11-smb devstack@c-api.service[101001]: /usr/local/lib/python3.8/dist-packages/webob/acceptparse.py:1047: DeprecationWarning: The behavior of AcceptValidHeader.best_match is currently being maintained for backward compatibility, but it will be deprecated in the future, as it does not conform to the RFC.
Sep 07 22:04:03.390010 dv-cinder-759962-11-smb devstack@c-api.service[101001]: warnings.warn(
Sep 07 22:04:03.390591 dv-cinder-759962-11-smb devstack@c-api.service[101001]: DEBUG cinder.api.openstack.wsgi [None req-9d202b5a-2d7a-4f8d-932a-50c88d98ca11 tempest-VolumeTypesAccessTest-2001773838 tempest-VolumeTypesAccessTest-2001773838-project-admin] Calling method 'index' {{(pid=101001) _process_stack /opt/stack/cinder/cinder/api/openstack/wsgi.py:856}}
Sep 07 22:04:03.402860 dv-cinder-759962-11-smb devstack@c-api.service[101000]: INFO cinder.api.openstack.wsgi [req-15e0ce1f-9e09-41e6-b3dc-f3edeb05b50f req-057a79d0-8234-4224-a8da-0aca5a01e783 tempest-VolumesTestJSON-733588054 tempest-VolumesTestJSON-733588054-project] GET http://10.222.0.25/volume/v3/e95be07dd43b4199bff28a8e4b26af38/volumes/detail
Sep 07 22:04:03.404502 dv-cinder-759962-11-smb devstack@c-api.service[101000]: DEBUG cinder.api.openstack.wsgi [req-15e0ce1f-9e09-41e6-b3dc-f3edeb05b50f req-057a79d0-8234-4224-a8da-0aca5a01e783 tempest-VolumesTestJSON-733588054 tempest-VolumesTestJSON-733588054-project] Empty body provided in request {{(pid=101000) get_body /opt/stack/cinder/cinder/api/openstack/wsgi.py:703}}
Sep 07 22:04:03.405189 dv-cinder-759962-11-smb devstack@c-api.service[101000]: DEBUG cinder.api.openstack.wsgi [req-15e0ce1f-9e09-41e6-b3dc-f3edeb05b50f req-057a79d0-8234-4224-a8da-0aca5a01e783 tempest-VolumesTestJSON-733588054 tempest-VolumesTestJSON-733588054-project] Calling method 'detail' {{(pid=101000) _process_stack /opt/stack/cinder/cinder/api/openstack/wsgi.py:856}}
Sep 07 22:04:03.406200 dv-cinder-759962-11-smb devstack@c-api.service[101000]: DEBUG cinder.api.api_utils [req-15e0ce1f-9e09-41e6-b3dc-f3edeb05b50f req-057a79d0-8234-4224-a8da-0aca5a01e783 tempest-VolumesTestJSON-733588054 tempest-VolumesTestJSON-733588054-project] Removing options '' from query. {{(pid=101000) remove_invalid_filter_options /opt/stack/cinder/cinder/api/api_utils.py:73}}
Sep 07 22:04:03.409752 dv-cinder-759962-11-smb devstack@c-api.service[101000]: DEBUG cinder.volume.api [req-15e0ce1f-9e09-41e6-b3dc-f3edeb05b50f req-057a79d0-8234-4224-a8da-0aca5a01e783 tempest-VolumesTestJSON-733588054 tempest-VolumesTestJSON-733588054-project] Searching by: MultiDict([('no_migration_targets', True)]). {{(pid=101000) get_all /opt/stack/cinder/cinder/volume/api.py:619}}
Sep 07 22:04:03.447140 dv-cinder-759962-11-smb devstack@c-api.service[101001]: INFO cinder.api.openstack.wsgi [None req-9d202b5a-2d7a-4f8d-932a-50c88d98ca11 tempest-VolumeTypesAccessTest-2001773838 tempest-VolumeTypesAccessTest-2001773838-project-admin] http://10.222.0.25/volume/v3/f67075f0dda5499a877e4cb929b05943/types/b896ed9e-0691-4eb5-aa76-889533ffb1a9/os-volume-type-access returned with HTTP 200
Sep 07 22:04:03.449343 dv-cinder-759962-11-smb devstack@c-api.service[101001]: [pid: 101001|app: 0|req: 47/97] 10.222.0.25 () {58 vars in 1385 bytes} [Tue Sep 7 22:04:03 2021] GET /volume/v3/f67075f0dda5499a877e4cb929b05943/types/b896ed9e-0691-4eb5-aa76-889533ffb1a9/os-volume-type-access => generated 244 bytes in 75 msecs (HTTP/1.1 200) 7 headers in 285 bytes (1 switches on core 0)
