Sep 09 22:26:19.758360 dv-cinder-759955-23-iscsi neutron-server[93889]: DEBUG neutron.plugins.ml2.db [None req-98701a99-28cd-4dcd-bf37-bdd847bc831f None None] For port 76f12ea7-81f5-4e15-8c5f-9e2eca764fa3, host hv-cinder-75995, got binding levels [PortBindingLevel(driver='hyperv',host='hv-cinder-75995',level=0,port_id=76f12ea7-81f5-4e15-8c5f-9e2eca764fa3,segment=NetworkSegment(c91907a4-08ff-47a6-a6cb-1165e0b6a369),segment_id=c91907a4-08ff-47a6-a6cb-1165e0b6a369)] {{(pid=93889) get_binding_level_objs /opt/stack/neutron/neutron/plugins/ml2/db.py:74}}
Sep 09 22:26:19.771777 dv-cinder-759955-23-iscsi neutron-server[93889]: DEBUG neutron.plugins.ml2.rpc [None req-98701a99-28cd-4dcd-bf37-bdd847bc831f None None] Returning: {'device': '76f12ea7-81f5-4e15-8c5f-9e2eca764fa3', 'network_id': '58abcfd7-cf47-4f06-85ec-914969ebcf0e', 'port_id': '76f12ea7-81f5-4e15-8c5f-9e2eca764fa3', 'mac_address': 'fa:16:3e:b1:ca:3a', 'admin_state_up': True, 'network_type': 'vlan', 'segmentation_id': 78, 'physical_network': 'physnet1', 'mtu': 1500, 'fixed_ips': [{'subnet_id': '57079fb3-8fcf-42dc-b5c6-4a27afb1217c', 'ip_address': '172.20.0.10'}], 'device_owner': 'compute:nova', 'allowed_address_pairs': [], 'port_security_enabled': True, 'qos_policy_id': None, 'network_qos_policy_id': None, 'profile': {}, 'propagate_uplink_status': False} {{(pid=93889) _get_device_details /opt/stack/neutron/neutron/plugins/ml2/rpc.py:184}}
Sep 09 22:26:19.807258 dv-cinder-759955-23-iscsi neutron-server[93888]: DEBUG neutron.pecan_wsgi.hooks.policy_enforcement [req-6845880f-b27d-4cd7-a31c-81fe715c28a1 req-dcfab49f-3312-4294-bd37-5e6c2be5429d tempest-ServerRescueNegativeTestJSON-1976146195 tempest-ServerRescueNegativeTestJSON-1976146195-project] Attributes excluded by policy engine: ['standard_attr_id', 'binding:profile', 'binding:host_id', 'binding:vif_type', 'binding:vif_details'] {{(pid=93888) _exclude_attributes_by_policy /opt/stack/neutron/neutron/pecan_wsgi/hooks/policy_enforcement.py:255}}
Sep 09 22:26:19.818548 dv-cinder-759955-23-iscsi neutron-server[93888]: INFO neutron.wsgi [req-6845880f-b27d-4cd7-a31c-81fe715c28a1 req-dcfab49f-3312-4294-bd37-5e6c2be5429d tempest-ServerRescueNegativeTestJSON-1976146195 tempest-ServerRescueNegativeTestJSON-1976146195-project] 10.222.0.41 "GET /v2.0/ports?device_id=3787ba4b-5ee8-4577-b7ca-6ff32f4667a7 HTTP/1.1" status: 200 len: 946 time: 0.1318450
Sep 09 22:26:19.848237 dv-cinder-759955-23-iscsi neutron-server[93889]: DEBUG neutron_lib.callbacks.manager [None req-98701a99-28cd-4dcd-bf37-bdd847bc831f None None] Notify callbacks ['neutron.plugins.ml2.plugin.SecurityGroupDbMixin._ensure_default_security_group_handler-1582802'] for port, before_update {{(pid=93889) _notify_loop /usr/local/lib/python3.8/dist-packages/neutron_lib/callbacks/manager.py:192}}
Sep 09 22:26:19.876643 dv-cinder-759955-23-iscsi neutron-server[93889]: DEBUG neutron.notifiers.nova [None req-98701a99-28cd-4dcd-bf37-bdd847bc831f None None] Ignoring state change previous_port_status: DOWN current_port_status: BUILD port_id 76f12ea7-81f5-4e15-8c5f-9e2eca764fa3 {{(pid=93889) record_port_status_changed /opt/stack/neutron/neutron/notifiers/nova.py:224}}
Sep 09 22:26:19.912189 dv-cinder-759955-23-iscsi neutron-server[93889]: DEBUG neutron.plugins.ml2.db [None req-98701a99-28cd-4dcd-bf37-bdd847bc831f None None] For port 76f12ea7-81f5-4e15-8c5f-9e2eca764fa3, host hv-cinder-75995, got binding levels [PortBindingLevel(driver='hyperv',host='hv-cinder-75995',level=0,port_id=76f12ea7-81f5-4e15-8c5f-9e2eca764fa3,segment=NetworkSegment(c91907a4-08ff-47a6-a6cb-1165e0b6a369),segment_id=c91907a4-08ff-47a6-a6cb-1165e0b6a369)] {{(pid=93889) get_binding_level_objs /opt/stack/neutron/neutron/plugins/ml2/db.py:74}}
Sep 09 22:26:19.913617 dv-cinder-759955-23-iscsi neutron-server[93888]: INFO neutron.wsgi [req-6845880f-b27d-4cd7-a31c-81fe715c28a1 req-949f9113-e51e-4590-b95d-2add5338d02a tempest-ServerRescueNegativeTestJSON-1976146195 tempest-ServerRescueNegativeTestJSON-1976146195-project] 10.222.0.41 "GET /v2.0/security-groups?id=facbb935-61b3-4739-ba96-47bda10f08c5&fields=id&fields=name HTTP/1.1" status: 200 len: 286 time: 0.0880787
Sep 09 22:26:19.918756 dv-cinder-759955-23-iscsi neutron-server[93889]: DEBUG neutron_lib.callbacks.manager [None req-98701a99-28cd-4dcd-bf37-bdd847bc831f None None] Notify callbacks ['neutron.plugins.ml2.plugin.SecurityGroupServerNotifierRpcMixin._notify_sg_on_port_change-1582749', 'neutron.plugins.ml2.ovo_rpc._ObjectChangeHandler.handle_event-932271', 'neutron.api.rpc.agentnotifiers.dhcp_rpc_agent_api.DhcpAgentNotifyAPI._native_event_send_dhcp_notification-619824', 'neutron.db.l3_db.L3RpcNotifierMixin._notify_gateway_port_ip_changed-8781721668886', 'neutron.db.l3_dvrscheduler_db._notify_l3_agent_port_update-8781721311443', 'neutron.db.l3_hascheduler_db._notify_l3_agent_ha_port_update-8781721311461'] for port, after_update {{(pid=93889) _notify_loop /usr/local/lib/python3.8/dist-packages/neutron_lib/callbacks/manager.py:192}}
Sep 09 22:26:19.938030 dv-cinder-759955-23-iscsi neutron-server[93888]: DEBUG neutron.pecan_wsgi.hooks.policy_enforcement [req-f3320c32-b55f-44e4-9380-5198aeba2008 req-de0bf30d-a2ab-4b8b-9ac9-af086626c6b6 tempest-VolumesNegativeTest-444962115 tempest-VolumesNegativeTest-444962115-project] Attributes excluded by policy engine: ['standard_attr_id', 'binding:profile', 'binding:host_id', 'binding:vif_type', 'binding:vif_details'] {{(pid=93888) _exclude_attributes_by_policy /opt/stack/neutron/neutron/pecan_wsgi/hooks/policy_enforcement.py:255}}
Sep 09 22:26:19.945243 dv-cinder-759955-23-iscsi neutron-server[93888]: INFO neutron.wsgi [req-f3320c32-b55f-44e4-9380-5198aeba2008 req-de0bf30d-a2ab-4b8b-9ac9-af086626c6b6 tempest-VolumesNegativeTest-444962115 tempest-VolumesNegativeTest-444962115-project] 10.222.0.41 "GET /v2.0/ports?device_id=8e255b6e-38d5-404d-bab1-95d6f323f16f HTTP/1.1" status: 200 len: 935 time: 0.0930979
Sep 09 22:26:19.987956 dv-cinder-759955-23-iscsi neutron-server[93889]: DEBUG neutron.api.rpc.handlers.resources_rpc [None req-98701a99-28cd-4dcd-bf37-bdd847bc831f None None] Pushing event updated for resources: {'Port': ['ID=76f12ea7-81f5-4e15-8c5f-9e2eca764fa3,revision_number=4']} {{(pid=93889) push /opt/stack/neutron/neutron/api/rpc/handlers/resources_rpc.py:237}}
Sep 09 22:26:19.997588 dv-cinder-759955-23-iscsi neutron-server[93889]: DEBUG neutron.api.rpc.callbacks.version_manager [None req-98701a99-28cd-4dcd-bf37-bdd847bc831f None None] Version for resource type AddressGroup changed None to 1.2 on consumer Open vSwitch agent@dv-cinder-759955-23-iscsi {{(pid=93889) _set_version /opt/stack/neutron/neutron/api/rpc/callbacks/version_manager.py:113}}
Sep 09 22:26:19.999553 dv-cinder-759955-23-iscsi neutron-server[93889]: DEBUG neutron.api.rpc.callbacks.version_manager [None req-98701a99-28cd-4dcd-bf37-bdd847bc831f None None] Version for resource type ConntrackHelper changed None to 1.0 on consumer Open vSwitch agent@dv-cinder-759955-23-iscsi {{(pid=93889) _set_version /opt/stack/neutron/neutron/api/rpc/callbacks/version_manager.py:113}}
Sep 09 22:26:20.001890 dv-cinder-759955-23-iscsi neutron-server[93889]: DEBUG neutron.api.rpc.callbacks.version_manager [None req-98701a99-28cd-4dcd-bf37-bdd847bc831f None None] Version for resource type Log changed None to 1.0 on consumer Open vSwitch agent@dv-cinder-759955-23-iscsi {{(pid=93889) _set_version /opt/stack/neutron/neutron/api/rpc/callbacks/version_manager.py:113}}
Sep 09 22:26:20.007828 dv-cinder-759955-23-iscsi neutron-server[93889]: DEBUG neutron.api.rpc.callbacks.version_manager [None req-98701a99-28cd-4dcd-bf37-bdd847bc831f None None] Version for resource type Network changed None to 1.1 on consumer Open vSwitch agent@dv-cinder-759955-23-iscsi {{(pid=93889) _set_version /opt/stack/neutron/neutron/api/rpc/callbacks/version_manager.py:113}}
Sep 09 22:26:20.008858 dv-cinder-759955-23-iscsi neutron-server[93889]: DEBUG neutron.api.rpc.callbacks.version_manager [None req-98701a99-28cd-4dcd-bf37-bdd847bc831f None None] Version for resource type Port changed None to 1.7 on consumer Open vSwitch agent@dv-cinder-759955-23-iscsi {{(pid=93889) _set_version /opt/stack/neutron/neutron/api/rpc/callbacks/version_manager.py:113}}
Sep 09 22:26:20.009489 dv-cinder-759955-23-iscsi neutron-server[93889]: DEBUG neutron.api.rpc.callbacks.version_manager [None req-98701a99-28cd-4dcd-bf37-bdd847bc831f None None] Version for resource type PortForwarding changed None to 1.2 on consumer Open vSwitch agent@dv-cinder-759955-23-iscsi {{(pid=93889) _set_version /opt/stack/neutron/neutron/api/rpc/callbacks/version_manager.py:113}}
Sep 09 22:26:20.010520 dv-cinder-759955-23-iscsi neutron-server[93889]: DEBUG neutron.api.rpc.callbacks.version_manager [None req-98701a99-28cd-4dcd-bf37-bdd847bc831f None None] Version for resource type QosPolicy changed None to 1.9 on consumer Open vSwitch agent@dv-cinder-759955-23-iscsi {{(pid=93889) _set_version /opt/stack/neutron/neutron/api/rpc/callbacks/version_manager.py:113}}
Sep 09 22:26:20.011268 dv-cinder-759955-23-iscsi neutron-server[93889]: DEBUG neutron.api.rpc.callbacks.version_manager [None req-98701a99-28cd-4dcd-bf37-bdd847bc831f None None] Version for resource type SecurityGroup changed None to 1.4 on consumer Open vSwitch agent@dv-cinder-759955-23-iscsi {{(pid=93889) _set_version /opt/stack/neutron/neutron/api/rpc/callbacks/version_manager.py:113}}
Sep 09 22:26:20.011831 dv-cinder-759955-23-iscsi neutron-server[93889]: DEBUG neutron.api.rpc.callbacks.version_manager [None req-98701a99-28cd-4dcd-bf37-bdd847bc831f None None] Version for resource type SecurityGroupRule changed None to 1.2 on consumer Open vSwitch agent@dv-cinder-759955-23-iscsi {{(pid=93889) _set_version /opt/stack/neutron/neutron/api/rpc/callbacks/version_manager.py:113}}
Sep 09 22:26:20.012393 dv-cinder-759955-23-iscsi neutron-server[93889]: DEBUG neutron.api.rpc.callbacks.version_manager [None req-98701a99-28cd-4dcd-bf37-bdd847bc831f None None] Version for resource type SubPort changed None to 1.0 on consumer Open vSwitch agent@dv-cinder-759955-23-iscsi {{(pid=93889) _set_version /opt/stack/neutron/neutron/api/rpc/callbacks/version_manager.py:113}}
Sep 09 22:26:20.013024 dv-cinder-759955-23-iscsi neutron-server[93889]: DEBUG neutron.api.rpc.callbacks.version_manager [None req-98701a99-28cd-4dcd-bf37-bdd847bc831f None None] Version for resource type Subnet changed None to 1.1 on consumer Open vSwitch agent@dv-cinder-759955-23-iscsi {{(pid=93889) _set_version /opt/stack/neutron/neutron/api/rpc/callbacks/version_manager.py:113}}
Sep 09 22:26:20.013561 dv-cinder-759955-23-iscsi neutron-server[93889]: DEBUG neutron.api.rpc.callbacks.version_manager [None req-98701a99-28cd-4dcd-bf37-bdd847bc831f None None] Version for resource type Trunk changed None to 1.1 on consumer Open vSwitch agent@dv-cinder-759955-23-iscsi {{(pid=93889) _set_version /opt/stack/neutron/neutron/api/rpc/callbacks/version_manager.py:113}}
Sep 09 22:26:20.028074 dv-cinder-759955-23-iscsi neutron-server[93888]: INFO neutron.wsgi [req-f3320c32-b55f-44e4-9380-5198aeba2008 req-d3faa4ec-f6f9-4eee-a574-003f2e9d703d tempest-VolumesNegativeTest-444962115 tempest-VolumesNegativeTest-444962115-project] 10.222.0.41 "GET /v2.0/security-groups?id=f63ba1a7-3f07-43c4-a289-6a35749e8eae&fields=id&fields=name HTTP/1.1" status: 200 len: 286 time: 0.0814955
Sep 09 22:26:20.042015 dv-cinder-759955-23-iscsi neutron-server[93888]: DEBUG neutron.pecan_wsgi.hooks.policy_enforcement [req-295467c2-e1cc-47c6-87fe-d17f50c1442d req-fda56c57-777f-4f16-90e8-042047f7497d service neutron] Attributes excluded by policy engine: ['standard_attr_id'] {{(pid=93888) _exclude_attributes_by_policy /opt/stack/neutron/neutron/pecan_wsgi/hooks/policy_enforcement.py:255}}
Sep 09 22:26:20.043511 dv-cinder-759955-23-iscsi neutron-server[93888]: INFO neutron.wsgi [req-295467c2-e1cc-47c6-87fe-d17f50c1442d req-fda56c57-777f-4f16-90e8-042047f7497d service neutron] 10.222.0.20 "GET /v2.0/ports?device_id=3787ba4b-5ee8-4577-b7ca-6ff32f4667a7 HTTP/1.1" status: 200 len: 1099 time: 0.0838587
Sep 09 22:26:20.093355 dv-cinder-759955-23-iscsi neutron-server[93888]: INFO neutron.wsgi [req-295467c2-e1cc-47c6-87fe-d17f50c1442d req-d058add6-c625-4e8f-821c-64b7d413b9f4 service neutron] 10.222.0.20 "GET /v2.0/security-groups?id=facbb935-61b3-4739-ba96-47bda10f08c5&fields=id&fields=name HTTP/1.1" status: 200 len: 286 time: 0.0365479
Sep 09 22:26:20.101674 dv-cinder-759955-23-iscsi neutron-server[93888]: DEBUG neutron.pecan_wsgi.hooks.policy_enforcement [req-a7993c92-1ec8-4f4e-b764-1987250fb604 req-98748077-b091-4abb-9d72-88bd710d9c06 tempest-AttachVolumeNegativeTest-489624086 tempest-AttachVolumeNegativeTest-489624086-project] Attributes excluded by policy engine: ['standard_attr_id', 'binding:profile', 'binding:host_id', 'binding:vif_type', 'binding:vif_details'] {{(pid=93888) _exclude_attributes_by_policy /opt/stack/neutron/neutron/pecan_wsgi/hooks/policy_enforcement.py:255}}
Sep 09 22:26:20.103085 dv-cinder-759955-23-iscsi neutron-server[93888]: INFO neutron.wsgi [req-a7993c92-1ec8-4f4e-b764-1987250fb604 req-98748077-b091-4abb-9d72-88bd710d9c06 tempest-AttachVolumeNegativeTest-489624086 tempest-AttachVolumeNegativeTest-489624086-project] 10.222.0.41 "GET /v2.0/ports?device_id=6beb0f20-955d-4e65-bf2d-3d35d30590b3 HTTP/1.1" status: 200 len: 945 time: 0.0861430
Sep 09 22:26:20.110733 dv-cinder-759955-23-iscsi neutron-server[93887]: DEBUG neutron.notifiers.nova [req-9eaa7f92-abaf-4013-842a-8f1ced7140ce req-d8d6311b-b4f0-4f3e-8905-7c0a814199f8 service neutron] Ignoring state change previous_port_status: DOWN current_port_status: DOWN port_id fe41292d-1f93-4d2e-9efe-94f99d055cb4 {{(pid=93887) record_port_status_changed /opt/stack/neutron/neutron/notifiers/nova.py:224}}
Sep 09 22:26:20.118285 dv-cinder-759955-23-iscsi neutron-server[93887]: DEBUG neutron_lib.callbacks.manager [req-9eaa7f92-abaf-4013-842a-8f1ced7140ce req-d8d6311b-b4f0-4f3e-8905-7c0a814199f8 service neutron] Notify callbacks [] for port, precommit_update {{(pid=93887) _notify_loop /usr/local/lib/python3.8/dist-packages/neutron_lib/callbacks/manager.py:192}}
Sep 09 22:26:20.130606 dv-cinder-759955-23-iscsi neutron-server[93887]: DEBUG neutron.db.provisioning_blocks [req-9eaa7f92-abaf-4013-842a-8f1ced7140ce req-d8d6311b-b4f0-4f3e-8905-7c0a814199f8 service neutron] Transition to ACTIVE for port object fe41292d-1f93-4d2e-9efe-94f99d055cb4 will not be triggered until provisioned by entity L2. {{(pid=93887) add_provisioning_component /opt/stack/neutron/neutron/db/provisioning_blocks.py:73}}
Sep 09 22:26:20.135623 dv-cinder-759955-23-iscsi neutron-server[93887]: DEBUG neutron_lib.callbacks.manager [req-9eaa7f92-abaf-4013-842a-8f1ced7140ce req-d8d6311b-b4f0-4f3e-8905-7c0a814199f8 service neutron] Notify callbacks ['neutron.plugins.ml2.plugin.SecurityGroupServerNotifierRpcMixin._notify_sg_on_port_change-1582749', 'neutron.plugins.ml2.ovo_rpc._ObjectChangeHandler.handle_event-932271', 'neutron.api.rpc.agentnotifiers.dhcp_rpc_agent_api.DhcpAgentNotifyAPI._native_event_send_dhcp_notification-619824', 'neutron.db.l3_db.L3RpcNotifierMixin._notify_gateway_port_ip_changed-8781721668886', 'neutron.db.l3_dvrscheduler_db._notify_l3_agent_port_update-8781721311443', 'neutron.db.l3_hascheduler_db._notify_l3_agent_ha_port_update-8781721311461', 'neutron.services.segments.plugin.NovaSegmentNotifier._notify_port_updated-26050313'] for port, after_update {{(pid=93887) _notify_loop /usr/local/lib/python3.8/dist-packages/neutron_lib/callbacks/manager.py:192}}
Sep 09 22:26:20.142923 dv-cinder-759955-23-iscsi neutron-server[93888]: INFO neutron.wsgi [req-a7993c92-1ec8-4f4e-b764-1987250fb604 req-2e7f8c83-07d9-44cf-b54e-75ae8992d12a tempest-AttachVolumeNegativeTest-489624086 tempest-AttachVolumeNegativeTest-489624086-project] 10.222.0.41 "GET /v2.0/security-groups?id=3387caec-c60e-4de2-bee8-55305f8bb77c&fields=id&fields=name HTTP/1.1" status: 200 len: 286 time: 0.0333586
Sep 09 22:26:20.184160 dv-cinder-759955-23-iscsi neutron-server[93887]: DEBUG neutron.api.rpc.handlers.resources_rpc [None req-d8d6311b-b4f0-4f3e-8905-7c0a814199f8 service neutron] Pushing event updated for resources: {'Port': ['ID=fe41292d-1f93-4d2e-9efe-94f99d055cb4,revision_number=2']} {{(pid=93887) push /opt/stack/neutron/neutron/api/rpc/handlers/resources_rpc.py:237}}
Sep 09 22:26:20.243826 dv-cinder-759955-23-iscsi neutron-server[93889]: DEBUG neutron.plugins.ml2.db [None req-98701a99-28cd-4dcd-bf37-bdd847bc831f None None] get_ports_and_sgs() called for port_ids ['76f12ea7-81f5-4e15-8c5f-9e2eca764fa3'] {{(pid=93889) get_ports_and_sgs /opt/stack/neutron/neutron/plugins/ml2/db.py:156}}
Sep 09 22:26:20.264412 dv-cinder-759955-23-iscsi neutron-server[93887]: DEBUG neutron.plugins.ml2.managers [req-9eaa7f92-abaf-4013-842a-8f1ced7140ce req-d8d6311b-b4f0-4f3e-8905-7c0a814199f8 service neutron] Attempting to bind port fe41292d-1f93-4d2e-9efe-94f99d055cb4 on host hv-cinder-75995 for vnic_type normal with profile {{(pid=93887) bind_port /opt/stack/neutron/neutron/plugins/ml2/managers.py:790}}
Sep 09 22:26:20.264412 dv-cinder-759955-23-iscsi neutron-server[93887]: DEBUG neutron.plugins.ml2.managers [req-9eaa7f92-abaf-4013-842a-8f1ced7140ce req-d8d6311b-b4f0-4f3e-8905-7c0a814199f8 service neutron] Attempting to bind port fe41292d-1f93-4d2e-9efe-94f99d055cb4 by drivers openvswitch,hyperv on host hv-cinder-75995 at level 0 using segments [{'id': '410bbd92-fb5b-4de4-8fd4-f245d94a93ee', 'network_type': 'vlan', 'physical_network': 'physnet1', 'segmentation_id': 50, 'network_id': '6ef354da-259c-4262-8bee-4ae01f3bd399'}] {{(pid=93887) _bind_port_level /opt/stack/neutron/neutron/plugins/ml2/managers.py:815}}
Sep 09 22:26:20.264412 dv-cinder-759955-23-iscsi neutron-server[93887]: DEBUG neutron.plugins.ml2.drivers.mech_agent [req-9eaa7f92-abaf-4013-842a-8f1ced7140ce req-d8d6311b-b4f0-4f3e-8905-7c0a814199f8 service neutron] Attempting to bind port fe41292d-1f93-4d2e-9efe-94f99d055cb4 on network 6ef354da-259c-4262-8bee-4ae01f3bd399 {{(pid=93887) bind_port /opt/stack/neutron/neutron/plugins/ml2/drivers/mech_agent.py:85}}
Sep 09 22:26:20.271425 dv-cinder-759955-23-iscsi neutron-server[93887]: DEBUG neutron.plugins.ml2.drivers.mech_agent [req-9eaa7f92-abaf-4013-842a-8f1ced7140ce req-d8d6311b-b4f0-4f3e-8905-7c0a814199f8 service neutron] Port fe41292d-1f93-4d2e-9efe-94f99d055cb4 on network 6ef354da-259c-4262-8bee-4ae01f3bd399 not bound, no agent of type Open vSwitch agent registered on host hv-cinder-75995 {{(pid=93887) bind_port /opt/stack/neutron/neutron/plugins/ml2/drivers/mech_agent.py:97}}
Sep 09 22:26:20.271813 dv-cinder-759955-23-iscsi neutron-server[93887]: DEBUG neutron.plugins.ml2.drivers.mech_agent [req-9eaa7f92-abaf-4013-842a-8f1ced7140ce req-d8d6311b-b4f0-4f3e-8905-7c0a814199f8 service neutron] Attempting to bind port fe41292d-1f93-4d2e-9efe-94f99d055cb4 on network 6ef354da-259c-4262-8bee-4ae01f3bd399 {{(pid=93887) bind_port /opt/stack/neutron/neutron/plugins/ml2/drivers/mech_agent.py:85}}
Sep 09 22:26:20.278766 dv-cinder-759955-23-iscsi neutron-server[93887]: DEBUG neutron.plugins.ml2.drivers.mech_agent [req-9eaa7f92-abaf-4013-842a-8f1ced7140ce req-d8d6311b-b4f0-4f3e-8905-7c0a814199f8 service neutron] Checking agent: {'id': 'd4d09dd9-4fb9-4f0d-bf57-c365063561af', 'agent_type': 'HyperV agent', 'binary': 'neutron-hyperv-agent', 'topic': 'N/A', 'host': 'hv-cinder-75995', 'admin_state_up': True, 'created_at': datetime.datetime(2021, 9, 9, 22, 23, 5), 'started_at': datetime.datetime(2021, 9, 9, 22, 23, 5), 'heartbeat_timestamp': datetime.datetime(2021, 9, 9, 22, 26, 5), 'description': None, 'resources_synced': None, 'availability_zone': None, 'alive': True, 'configurations': {'vswitch_mappings': {'physnet1$': 'br-data'}}, 'resource_versions': {}} {{(pid=93887) bind_port /opt/stack/neutron/neutron/plugins/ml2/drivers/mech_agent.py:104}}
Sep 09 22:26:20.279324 dv-cinder-759955-23-iscsi neutron-server[93887]: DEBUG neutron.plugins.ml2.drivers.mech_agent [req-9eaa7f92-abaf-4013-842a-8f1ced7140ce req-d8d6311b-b4f0-4f3e-8905-7c0a814199f8 service neutron] Checking segment: {'id': '410bbd92-fb5b-4de4-8fd4-f245d94a93ee', 'network_type': 'vlan', 'physical_network': 'physnet1', 'segmentation_id': 50, 'network_id': '6ef354da-259c-4262-8bee-4ae01f3bd399'} for mappings: {'physnet1$': 'br-data'} with network types: ['local', 'flat', 'vlan'] {{(pid=93887) check_segment_for_agent /opt/stack/neutron/neutron/plugins/ml2/drivers/mech_agent.py:352}}
Sep 09 22:26:20.279955 dv-cinder-759955-23-iscsi neutron-server[93887]: DEBUG neutron.plugins.ml2.drivers.mech_agent [req-9eaa7f92-abaf-4013-842a-8f1ced7140ce req-d8d6311b-b4f0-4f3e-8905-7c0a814199f8 service neutron] Bound using segment: {'id': '410bbd92-fb5b-4de4-8fd4-f245d94a93ee', 'network_type': 'vlan', 'physical_network': 'physnet1', 'segmentation_id': 50, 'network_id': '6ef354da-259c-4262-8bee-4ae01f3bd399'} {{(pid=93887) bind_port /opt/stack/neutron/neutron/plugins/ml2/drivers/mech_agent.py:114}}
Sep 09 22:26:20.280469 dv-cinder-759955-23-iscsi neutron-server[93887]: DEBUG neutron.plugins.ml2.managers [req-9eaa7f92-abaf-4013-842a-8f1ced7140ce req-d8d6311b-b4f0-4f3e-8905-7c0a814199f8 service neutron] Bound port: fe41292d-1f93-4d2e-9efe-94f99d055cb4, host: hv-cinder-75995, vif_type: hyperv, vif_details: {"connectivity": "legacy", "port_filter": false}, binding_levels: [{'bound_driver': 'hyperv', 'bound_segment': {'id': '410bbd92-fb5b-4de4-8fd4-f245d94a93ee', 'network_type': 'vlan', 'physical_network': 'physnet1', 'segmentation_id': 50, 'network_id': '6ef354da-259c-4262-8bee-4ae01f3bd399'}}] {{(pid=93887) _bind_port_level /opt/stack/neutron/neutron/plugins/ml2/managers.py:928}}
Sep 09 22:26:20.280894 dv-cinder-759955-23-iscsi neutron-server[93887]: DEBUG neutron_lib.callbacks.manager [req-9eaa7f92-abaf-4013-842a-8f1ced7140ce req-d8d6311b-b4f0-4f3e-8905-7c0a814199f8 service neutron] Notify callbacks ['neutron.plugins.ml2.plugin.SecurityGroupDbMixin._ensure_default_security_group_handler-1582802'] for port, before_update {{(pid=93887) _notify_loop /usr/local/lib/python3.8/dist-packages/neutron_lib/callbacks/manager.py:192}}
Sep 09 22:26:20.345973 dv-cinder-759955-23-iscsi neutron-server[93887]: DEBUG neutron.plugins.ml2.db [req-9eaa7f92-abaf-4013-842a-8f1ced7140ce req-d8d6311b-b4f0-4f3e-8905-7c0a814199f8 service neutron] For port fe41292d-1f93-4d2e-9efe-94f99d055cb4, host hv-cinder-75995, cleared binding levels {{(pid=93887) clear_binding_levels /opt/stack/neutron/neutron/plugins/ml2/db.py:87}}
Sep 09 22:26:20.349191 dv-cinder-759955-23-iscsi neutron-server[93887]: DEBUG neutron.plugins.ml2.db [req-9eaa7f92-abaf-4013-842a-8f1ced7140ce req-d8d6311b-b4f0-4f3e-8905-7c0a814199f8 service neutron] For port fe41292d-1f93-4d2e-9efe-94f99d055cb4, host hv-cinder-75995, set binding levels [PortBindingLevel(driver='hyperv',host='hv-cinder-75995',level=0,port_id=fe41292d-1f93-4d2e-9efe-94f99d055cb4,segment=NetworkSegment(410bbd92-fb5b-4de4-8fd4-f245d94a93ee),segment_id=410bbd92-fb5b-4de4-8fd4-f245d94a93ee)] {{(pid=93887) set_binding_levels /opt/stack/neutron/neutron/plugins/ml2/db.py:59}}
Sep 09 22:26:20.353319 dv-cinder-759955-23-iscsi neutron-server[93887]: DEBUG neutron_lib.callbacks.manager [req-9eaa7f92-abaf-4013-842a-8f1ced7140ce req-d8d6311b-b4f0-4f3e-8905-7c0a814199f8 service neutron] Notify callbacks ['neutron.plugins.ml2.plugin.SecurityGroupServerNotifierRpcMixin._notify_sg_on_port_change-1582749', 'neutron.plugins.ml2.ovo_rpc._ObjectChangeHandler.handle_event-932271', 'neutron.api.rpc.agentnotifiers.dhcp_rpc_agent_api.DhcpAgentNotifyAPI._native_event_send_dhcp_notification-619824', 'neutron.db.l3_db.L3RpcNotifierMixin._notify_gateway_port_ip_changed-8781721668886', 'neutron.db.l3_dvrscheduler_db._notify_l3_agent_port_update-8781721311443', 'neutron.db.l3_hascheduler_db._notify_l3_agent_ha_port_update-8781721311461', 'neutron.services.segments.plugin.NovaSegmentNotifier._notify_port_updated-26050313'] for port, after_update {{(pid=93887) _notify_loop /usr/local/lib/python3.8/dist-packages/neutron_lib/callbacks/manager.py:192}}
Sep 09 22:26:20.386570 dv-cinder-759955-23-iscsi neutron-server[93887]: DEBUG neutron.pecan_wsgi.hooks.policy_enforcement [req-9eaa7f92-abaf-4013-842a-8f1ced7140ce req-d8d6311b-b4f0-4f3e-8905-7c0a814199f8 service neutron] Attributes excluded by policy engine: ['standard_attr_id'] {{(pid=93887) _exclude_attributes_by_policy /opt/stack/neutron/neutron/pecan_wsgi/hooks/policy_enforcement.py:255}}
Sep 09 22:26:20.387177 dv-cinder-759955-23-iscsi neutron-server[93887]: DEBUG neutron_lib.callbacks.manager [req-9eaa7f92-abaf-4013-842a-8f1ced7140ce req-d8d6311b-b4f0-4f3e-8905-7c0a814199f8 service neutron] Notify callbacks ['neutron.notifiers.nova.Notifier._send_nova_notification-13009'] for port, before_response {{(pid=93887) _notify_loop /usr/local/lib/python3.8/dist-packages/neutron_lib/callbacks/manager.py:192}}
Sep 09 22:26:20.389154 dv-cinder-759955-23-iscsi neutron-server[93887]: INFO neutron.wsgi [req-9eaa7f92-abaf-4013-842a-8f1ced7140ce req-d8d6311b-b4f0-4f3e-8905-7c0a814199f8 service neutron] 10.222.0.20 "PUT /v2.0/ports/fe41292d-1f93-4d2e-9efe-94f99d055cb4 HTTP/1.1" status: 200 len: 1097 time: 0.7688239
Sep 09 22:26:20.389544 dv-cinder-759955-23-iscsi neutron-server[93887]: DEBUG neutron.notifiers.nova [-] Sending events: [{'name': 'network-changed', 'server_uuid': '8e255b6e-38d5-404d-bab1-95d6f323f16f', 'tag': 'fe41292d-1f93-4d2e-9efe-94f99d055cb4'}] {{(pid=93887) send_events /opt/stack/neutron/neutron/notifiers/nova.py:262}}
Sep 09 22:26:20.391758 dv-cinder-759955-23-iscsi neutron-server[93887]: DEBUG novaclient.v2.client [-] REQ: curl -g -i --cacert "/opt/stack/data/ca-bundle.pem" -X POST http://10.222.0.41/compute/v2.1/os-server-external-events -H "Accept: application/json" -H "Content-Type: application/json" -H "User-Agent: python-novaclient" -H "X-Auth-Token: {SHA256}6bc6a31de840fc8aa808063a849dfe176742cab8c19a8c4c2f30ae5ebe0344c7" -H "X-OpenStack-Nova-API-Version: 2.1" -H "X-OpenStack-Request-ID: req-d06495cb-0031-4e04-87a6-a1b837bd5727" -d '{"events": [{"name": "network-changed", "server_uuid": "8e255b6e-38d5-404d-bab1-95d6f323f16f", "tag": "fe41292d-1f93-4d2e-9efe-94f99d055cb4"}]}' {{(pid=93887) _http_log_request /usr/local/lib/python3.8/dist-packages/keystoneauth1/session.py:519}}
Sep 09 22:26:20.415277 dv-cinder-759955-23-iscsi neutron-server[93887]: DEBUG neutron.api.rpc.handlers.resources_rpc [None req-d8d6311b-b4f0-4f3e-8905-7c0a814199f8 service neutron] Pushing event updated for resources: {'Port': ['ID=fe41292d-1f93-4d2e-9efe-94f99d055cb4,revision_number=3']} {{(pid=93887) push /opt/stack/neutron/neutron/api/rpc/handlers/resources_rpc.py:237}}
Sep 09 22:26:20.472886 dv-cinder-759955-23-iscsi neutron-server[93887]: DEBUG novaclient.v2.client [-] RESP: [200] Connection: close Content-Length: 179 Content-Type: application/json Date: Thu, 09 Sep 2021 22:26:20 GMT OpenStack-API-Version: compute 2.1 Server: Apache/2.4.41 (Ubuntu) Vary: OpenStack-API-Version,X-OpenStack-Nova-API-Version X-OpenStack-Nova-API-Version: 2.1 x-compute-request-id: req-a9ec1a31-1ece-4999-a4b0-defd60019d66 x-openstack-request-id: req-a9ec1a31-1ece-4999-a4b0-defd60019d66 {{(pid=93887) _http_log_response /usr/local/lib/python3.8/dist-packages/keystoneauth1/session.py:550}}
Sep 09 22:26:20.473307 dv-cinder-759955-23-iscsi neutron-server[93887]: DEBUG novaclient.v2.client [-] RESP BODY: {"events": [{"name": "network-changed", "server_uuid": "8e255b6e-38d5-404d-bab1-95d6f323f16f", "tag": "fe41292d-1f93-4d2e-9efe-94f99d055cb4", "status": "completed", "code": 200}]} {{(pid=93887) _http_log_response /usr/local/lib/python3.8/dist-packages/keystoneauth1/session.py:582}}
Sep 09 22:26:20.473627 dv-cinder-759955-23-iscsi neutron-server[93887]: DEBUG novaclient.v2.client [-] POST call to compute for http://10.222.0.41/compute/v2.1/os-server-external-events used request id req-a9ec1a31-1ece-4999-a4b0-defd60019d66 {{(pid=93887) request /usr/local/lib/python3.8/dist-packages/keystoneauth1/session.py:954}}
Sep 09 22:26:20.474157 dv-cinder-759955-23-iscsi neutron-server[93887]: INFO neutron.notifiers.nova [-] Nova event response: {'name': 'network-changed', 'server_uuid': '8e255b6e-38d5-404d-bab1-95d6f323f16f', 'tag': 'fe41292d-1f93-4d2e-9efe-94f99d055cb4', 'status': 'completed', 'code': 200}
Sep 09 22:26:20.483918 dv-cinder-759955-23-iscsi neutron-server[93887]: DEBUG neutron.pecan_wsgi.hooks.policy_enforcement [req-9eaa7f92-abaf-4013-842a-8f1ced7140ce req-d2db6781-216e-4069-8aa9-9679cbdb90e8 service neutron] Attributes excluded by policy engine: ['standard_attr_id'] {{(pid=93887) _exclude_attributes_by_policy /opt/stack/neutron/neutron/pecan_wsgi/hooks/policy_enforcement.py:255}}
Sep 09 22:26:20.485562 dv-cinder-759955-23-iscsi neutron-server[93887]: INFO neutron.wsgi [req-9eaa7f92-abaf-4013-842a-8f1ced7140ce req-d2db6781-216e-4069-8aa9-9679cbdb90e8 service neutron] 10.222.0.20 "GET /v2.0/ports?tenant_id=c1aad04708874ea6958c4eb241fcbc6e&device_id=8e255b6e-38d5-404d-bab1-95d6f323f16f HTTP/1.1" status: 200 len: 1100 time: 0.0484443
Sep 09 22:26:20.559016 dv-cinder-759955-23-iscsi neutron-server[93887]: INFO neutron.wsgi [req-9eaa7f92-abaf-4013-842a-8f1ced7140ce req-a4d9e590-5e83-4246-81dd-e284960552a9 service neutron] 10.222.0.20 "GET /v2.0/floatingips?fixed_ip_address=192.168.233.62&port_id=fe41292d-1f93-4d2e-9efe-94f99d055cb4 HTTP/1.1" status: 200 len: 217 time: 0.0503678
Sep 09 22:26:20.626913 dv-cinder-759955-23-iscsi neutron-server[93887]: DEBUG neutron.pecan_wsgi.hooks.policy_enforcement [req-9eaa7f92-abaf-4013-842a-8f1ced7140ce req-b311d9cf-e534-49b4-9f98-41ba27d1111c service neutron] Attributes excluded by policy engine: ['standard_attr_id', 'shared', 'segment_id'] {{(pid=93887) _exclude_attributes_by_policy /opt/stack/neutron/neutron/pecan_wsgi/hooks/policy_enforcement.py:255}}
Sep 09 22:26:20.628634 dv-cinder-759955-23-iscsi neutron-server[93887]: INFO neutron.wsgi [req-9eaa7f92-abaf-4013-842a-8f1ced7140ce req-b311d9cf-e534-49b4-9f98-41ba27d1111c service neutron] 10.222.0.20 "GET /v2.0/subnets?id=eab6748b-ce46-4005-9ae2-827a27797b3b HTTP/1.1" status: 200 len: 843 time: 0.0585175
Sep 09 22:26:20.679146 dv-cinder-759955-23-iscsi neutron-server[93887]: DEBUG neutron.pecan_wsgi.hooks.policy_enforcement [req-9eaa7f92-abaf-4013-842a-8f1ced7140ce req-7707e6ee-52c5-4fb0-bf32-598ff0a3a43d service neutron] Attributes excluded by policy engine: ['standard_attr_id'] {{(pid=93887) _exclude_attributes_by_policy /opt/stack/neutron/neutron/pecan_wsgi/hooks/policy_enforcement.py:255}}
Sep 09 22:26:20.680654 dv-cinder-759955-23-iscsi neutron-server[93887]: INFO neutron.wsgi [req-9eaa7f92-abaf-4013-842a-8f1ced7140ce req-7707e6ee-52c5-4fb0-bf32-598ff0a3a43d service neutron] 10.222.0.20 "GET /v2.0/ports?network_id=6ef354da-259c-4262-8bee-4ae01f3bd399&device_owner=network%3Adhcp HTTP/1.1" status: 200 len: 1179 time: 0.0446875
Sep 09 22:26:21.010288 dv-cinder-759955-23-iscsi neutron-server[93887]: INFO neutron.wsgi [req-9eaa7f92-abaf-4013-842a-8f1ced7140ce req-b577e1ab-5185-4fa4-a6f4-d6555757c0c3 service neutron] 10.222.0.20 "GET /v2.0/networks/6ef354da-259c-4262-8bee-4ae01f3bd399?fields=segments HTTP/1.1" status: 200 len: 212 time: 0.3204439
Sep 09 22:26:21.124455 dv-cinder-759955-23-iscsi neutron-server[93888]: DEBUG neutron.pecan_wsgi.hooks.policy_enforcement [req-54f45f17-7963-4eb4-9b74-8160f54a8aaf req-3431ec5e-2710-417f-9a02-1467a65743c8 tempest-ServerRescueNegativeTestJSON-1976146195 tempest-ServerRescueNegativeTestJSON-1976146195-project] Attributes excluded by policy engine: ['standard_attr_id', 'binding:profile', 'binding:host_id', 'binding:vif_type', 'binding:vif_details'] {{(pid=93888) _exclude_attributes_by_policy /opt/stack/neutron/neutron/pecan_wsgi/hooks/policy_enforcement.py:255}}
Sep 09 22:26:21.126338 dv-cinder-759955-23-iscsi neutron-server[93888]: INFO neutron.wsgi [req-54f45f17-7963-4eb4-9b74-8160f54a8aaf req-3431ec5e-2710-417f-9a02-1467a65743c8 tempest-ServerRescueNegativeTestJSON-1976146195 tempest-ServerRescueNegativeTestJSON-1976146195-project] 10.222.0.41 "GET /v2.0/ports?device_id=3787ba4b-5ee8-4577-b7ca-6ff32f4667a7 HTTP/1.1" status: 200 len: 946 time: 0.1081207
Sep 09 22:26:21.160629 dv-cinder-759955-23-iscsi neutron-server[93887]: INFO neutron.wsgi [req-9eaa7f92-abaf-4013-842a-8f1ced7140ce req-653bd553-f4b0-4ee7-9f07-a7621c5b8881 service neutron] 10.222.0.20 "GET /v2.0/networks/6ef354da-259c-4262-8bee-4ae01f3bd399?fields=provider%3Aphysical_network&fields=provider%3Anetwork_type HTTP/1.1" status: 200 len: 281 time: 0.1351840
Sep 09 22:26:21.219978 dv-cinder-759955-23-iscsi neutron-server[93888]: INFO neutron.wsgi [req-54f45f17-7963-4eb4-9b74-8160f54a8aaf req-a4b99750-45c2-49cc-8e62-835b368cb1f3 tempest-ServerRescueNegativeTestJSON-1976146195 tempest-ServerRescueNegativeTestJSON-1976146195-project] 10.222.0.41 "GET /v2.0/security-groups?id=facbb935-61b3-4739-ba96-47bda10f08c5&fields=id&fields=name HTTP/1.1" status: 200 len: 286 time: 0.0873415
Sep 09 22:26:21.242548 dv-cinder-759955-23-iscsi neutron-server[93888]: DEBUG neutron.pecan_wsgi.hooks.policy_enforcement [req-4decd81f-7d8e-4352-aa36-5173b818291e req-a17785e4-b177-47fa-9cc0-b35350a04de6 tempest-VolumesNegativeTest-444962115 tempest-VolumesNegativeTest-444962115-project] Attributes excluded by policy engine: ['standard_attr_id', 'binding:profile', 'binding:host_id', 'binding:vif_type', 'binding:vif_details'] {{(pid=93888) _exclude_attributes_by_policy /opt/stack/neutron/neutron/pecan_wsgi/hooks/policy_enforcement.py:255}}
Sep 09 22:26:21.244135 dv-cinder-759955-23-iscsi neutron-server[93888]: INFO neutron.wsgi [req-4decd81f-7d8e-4352-aa36-5173b818291e req-a17785e4-b177-47fa-9cc0-b35350a04de6 tempest-VolumesNegativeTest-444962115 tempest-VolumesNegativeTest-444962115-project] 10.222.0.41 "GET /v2.0/ports?device_id=8e255b6e-38d5-404d-bab1-95d6f323f16f HTTP/1.1" status: 200 len: 947 time: 0.0891271
Sep 09 22:26:21.308685 dv-cinder-759955-23-iscsi neutron-server[93888]: INFO neutron.wsgi [req-4decd81f-7d8e-4352-aa36-5173b818291e req-a498142b-629b-47f5-8d32-7a2c676c8277 tempest-VolumesNegativeTest-444962115 tempest-VolumesNegativeTest-444962115-project] 10.222.0.41 "GET /v2.0/security-groups?id=f63ba1a7-3f07-43c4-a289-6a35749e8eae&fields=id&fields=name HTTP/1.1" status: 200 len: 286 time: 0.0572429
Sep 09 22:26:21.309377 dv-cinder-759955-23-iscsi neutron-server[93887]: DEBUG neutron.pecan_wsgi.hooks.policy_enforcement [req-d06495cb-0031-4e04-87a6-a1b837bd5727 req-795651b8-fcca-461f-9328-e975a987c391 service neutron] Attributes excluded by policy engine: ['standard_attr_id'] {{(pid=93887) _exclude_attributes_by_policy /opt/stack/neutron/neutron/pecan_wsgi/hooks/policy_enforcement.py:255}}
Sep 09 22:26:21.310899 dv-cinder-759955-23-iscsi neutron-server[93887]: INFO neutron.wsgi [req-d06495cb-0031-4e04-87a6-a1b837bd5727 req-795651b8-fcca-461f-9328-e975a987c391 service neutron] 10.222.0.20 "GET /v2.0/ports?tenant_id=c1aad04708874ea6958c4eb241fcbc6e&device_id=8e255b6e-38d5-404d-bab1-95d6f323f16f HTTP/1.1" status: 200 len: 1100 time: 0.0750351
Sep 09 22:26:21.363507 dv-cinder-759955-23-iscsi neutron-server[93888]: DEBUG neutron.pecan_wsgi.hooks.policy_enforcement [req-38aaa244-be99-4434-84c8-9cf5da902e0f req-222fbae5-e35b-4b56-a04d-41f656bb23e0 tempest-AttachVolumeNegativeTest-489624086 tempest-AttachVolumeNegativeTest-489624086-project] Attributes excluded by policy engine: ['standard_attr_id', 'binding:profile', 'binding:host_id', 'binding:vif_type', 'binding:vif_details'] {{(pid=93888) _exclude_attributes_by_policy /opt/stack/neutron/neutron/pecan_wsgi/hooks/policy_enforcement.py:255}}
Sep 09 22:26:21.365149 dv-cinder-759955-23-iscsi neutron-server[93888]: INFO neutron.wsgi [req-38aaa244-be99-4434-84c8-9cf5da902e0f req-222fbae5-e35b-4b56-a04d-41f656bb23e0 tempest-AttachVolumeNegativeTest-489624086 tempest-AttachVolumeNegativeTest-489624086-project] 10.222.0.41 "GET /v2.0/ports?device_id=6beb0f20-955d-4e65-bf2d-3d35d30590b3 HTTP/1.1" status: 200 len: 945 time: 0.0556891
Sep 09 22:26:21.419363 dv-cinder-759955-23-iscsi neutron-server[93887]: DEBUG neutron.pecan_wsgi.hooks.policy_enforcement [req-d06495cb-0031-4e04-87a6-a1b837bd5727 req-39ef01d5-592a-4719-a4dc-e77a57a42349 service neutron] Attributes excluded by policy engine: ['standard_attr_id', 'vlan_transparent'] {{(pid=93887) _exclude_attributes_by_policy /opt/stack/neutron/neutron/pecan_wsgi/hooks/policy_enforcement.py:255}}
Sep 09 22:26:21.421664 dv-cinder-759955-23-iscsi neutron-server[93887]: INFO neutron.wsgi [req-d06495cb-0031-4e04-87a6-a1b837bd5727 req-39ef01d5-592a-4719-a4dc-e77a57a42349 service neutron] 10.222.0.20 "GET /v2.0/networks?id=6ef354da-259c-4262-8bee-4ae01f3bd399 HTTP/1.1" status: 200 len: 869 time: 0.0987799
Sep 09 22:26:21.422641 dv-cinder-759955-23-iscsi neutron-server[93888]: INFO neutron.wsgi [req-38aaa244-be99-4434-84c8-9cf5da902e0f req-f4d7c854-2f56-4584-8705-1f5b4832c6b8 tempest-AttachVolumeNegativeTest-489624086 tempest-AttachVolumeNegativeTest-489624086-project] 10.222.0.41 "GET /v2.0/security-groups?id=3387caec-c60e-4de2-bee8-55305f8bb77c&fields=id&fields=name HTTP/1.1" status: 200 len: 286 time: 0.0475619
Sep 09 22:26:21.480712 dv-cinder-759955-23-iscsi neutron-server[93887]: INFO neutron.wsgi [req-d06495cb-0031-4e04-87a6-a1b837bd5727 req-47a665ae-79aa-42ad-9905-ea5c25b9c69e service neutron] 10.222.0.20 "GET /v2.0/floatingips?fixed_ip_address=192.168.233.62&port_id=fe41292d-1f93-4d2e-9efe-94f99d055cb4 HTTP/1.1" status: 200 len: 217 time: 0.0473795
Sep 09 22:26:21.540467 dv-cinder-759955-23-iscsi neutron-server[93887]: DEBUG neutron.pecan_wsgi.hooks.policy_enforcement [req-d06495cb-0031-4e04-87a6-a1b837bd5727 req-a7a76313-e589-494b-a615-9683aec7a635 service neutron] Attributes excluded by policy engine: ['standard_attr_id', 'shared', 'segment_id'] {{(pid=93887) _exclude_attributes_by_policy /opt/stack/neutron/neutron/pecan_wsgi/hooks/policy_enforcement.py:255}}
Sep 09 22:26:21.542396 dv-cinder-759955-23-iscsi neutron-server[93887]: INFO neutron.wsgi [req-d06495cb-0031-4e04-87a6-a1b837bd5727 req-a7a76313-e589-494b-a615-9683aec7a635 service neutron] 10.222.0.20 "GET /v2.0/subnets?id=eab6748b-ce46-4005-9ae2-827a27797b3b HTTP/1.1" status: 200 len: 843 time: 0.0538685
Sep 09 22:26:21.596933 dv-cinder-759955-23-iscsi neutron-server[93887]: DEBUG neutron.pecan_wsgi.hooks.policy_enforcement [req-d06495cb-0031-4e04-87a6-a1b837bd5727 req-455778ae-4948-4169-b674-fd93b747d1b4 service neutron] Attributes excluded by policy engine: ['standard_attr_id'] {{(pid=93887) _exclude_attributes_by_policy /opt/stack/neutron/neutron/pecan_wsgi/hooks/policy_enforcement.py:255}}
Sep 09 22:26:21.598484 dv-cinder-759955-23-iscsi neutron-server[93887]: INFO neutron.wsgi [req-d06495cb-0031-4e04-87a6-a1b837bd5727 req-455778ae-4948-4169-b674-fd93b747d1b4 service neutron] 10.222.0.20 "GET /v2.0/ports?network_id=6ef354da-259c-4262-8bee-4ae01f3bd399&device_owner=network%3Adhcp HTTP/1.1" status: 200 len: 1179 time: 0.0450060
Sep 09 22:26:21.633000 dv-cinder-759955-23-iscsi neutron-server[93889]: DEBUG neutron.plugins.ml2.rpc [None req-98701a99-28cd-4dcd-bf37-bdd847bc831f None None] Device 76f12ea7-81f5-4e15-8c5f-9e2eca764fa3 up at agent hyperv_hv-cinder-75995 {{(pid=93889) update_device_up /opt/stack/neutron/neutron/plugins/ml2/rpc.py:296}}
Sep 09 22:26:21.700068 dv-cinder-759955-23-iscsi neutron-server[93889]: DEBUG neutron.db.provisioning_blocks [None req-98701a99-28cd-4dcd-bf37-bdd847bc831f None None] Provisioning for port 76f12ea7-81f5-4e15-8c5f-9e2eca764fa3 completed by entity L2. {{(pid=93889) provisioning_complete /opt/stack/neutron/neutron/db/provisioning_blocks.py:133}}
Sep 09 22:26:21.704896 dv-cinder-759955-23-iscsi neutron-server[93889]: DEBUG neutron.db.provisioning_blocks [None req-98701a99-28cd-4dcd-bf37-bdd847bc831f None None] Provisioning complete for port 76f12ea7-81f5-4e15-8c5f-9e2eca764fa3 triggered by entity L2. {{(pid=93889) provisioning_complete /opt/stack/neutron/neutron/db/provisioning_blocks.py:139}}
Sep 09 22:26:21.705438 dv-cinder-759955-23-iscsi neutron-server[93889]: DEBUG neutron_lib.callbacks.manager [None req-98701a99-28cd-4dcd-bf37-bdd847bc831f None None] Notify callbacks ['neutron.plugins.ml2.plugin.Ml2Plugin._port_provisioned-1476390'] for port, provisioning_complete {{(pid=93889) _notify_loop /usr/local/lib/python3.8/dist-packages/neutron_lib/callbacks/manager.py:192}}
Sep 09 22:26:21.713354 dv-cinder-759955-23-iscsi neutron-server[93887]: INFO neutron.wsgi [req-d06495cb-0031-4e04-87a6-a1b837bd5727 req-7a88e93d-9e0e-4a95-98a2-613fb9d8fff4 service neutron] 10.222.0.20 "GET /v2.0/networks/6ef354da-259c-4262-8bee-4ae01f3bd399?fields=segments HTTP/1.1" status: 200 len: 212 time: 0.1059999
Sep 09 22:26:21.811195 dv-cinder-759955-23-iscsi neutron-server[93889]: DEBUG neutron_lib.callbacks.manager [None req-98701a99-28cd-4dcd-bf37-bdd847bc831f None None] Notify callbacks ['neutron.plugins.ml2.plugin.SecurityGroupDbMixin._ensure_default_security_group_handler-1582802'] for port, before_update {{(pid=93889) _notify_loop /usr/local/lib/python3.8/dist-packages/neutron_lib/callbacks/manager.py:192}}
Sep 09 22:26:21.833893 dv-cinder-759955-23-iscsi neutron-server[93887]: INFO neutron.wsgi [req-d06495cb-0031-4e04-87a6-a1b837bd5727 req-f2a0e3c4-1634-4841-a5b2-33cb19f99959 service neutron] 10.222.0.20 "GET /v2.0/networks/6ef354da-259c-4262-8bee-4ae01f3bd399?fields=provider%3Aphysical_network&fields=provider%3Anetwork_type HTTP/1.1" status: 200 len: 281 time: 0.1088202
Sep 09 22:26:21.852538 dv-cinder-759955-23-iscsi neutron-server[93889]: DEBUG neutron.notifiers.nova [-] Sending events: [{'server_uuid': '6beb0f20-955d-4e65-bf2d-3d35d30590b3', 'name': 'network-vif-plugged', 'status': 'completed', 'tag': '76f12ea7-81f5-4e15-8c5f-9e2eca764fa3'}] {{(pid=93889) send_events /opt/stack/neutron/neutron/notifiers/nova.py:262}}
Sep 09 22:26:21.856952 dv-cinder-759955-23-iscsi neutron-server[93889]: DEBUG novaclient.v2.client [-] REQ: curl -g -i --cacert "/opt/stack/data/ca-bundle.pem" -X POST http://10.222.0.41/compute/v2.1/os-server-external-events -H "Accept: application/json" -H "Content-Type: application/json" -H "User-Agent: python-novaclient" -H "X-Auth-Token: {SHA256}497578eeb0b1d224d742647686e7d62f740bb656e2f2bb1278978b4c95122d86" -H "X-OpenStack-Nova-API-Version: 2.1" -H "X-OpenStack-Request-ID: req-3d8681a2-24c0-465c-a27a-39744a9bd567" -d '{"events": [{"server_uuid": "6beb0f20-955d-4e65-bf2d-3d35d30590b3", "name": "network-vif-plugged", "status": "completed", "tag": "76f12ea7-81f5-4e15-8c5f-9e2eca764fa3"}]}' {{(pid=93889) _http_log_request /usr/local/lib/python3.8/dist-packages/keystoneauth1/session.py:519}}
Sep 09 22:26:21.872648 dv-cinder-759955-23-iscsi neutron-server[93889]: DEBUG neutron.plugins.ml2.db [None req-98701a99-28cd-4dcd-bf37-bdd847bc831f None None] For port 76f12ea7-81f5-4e15-8c5f-9e2eca764fa3, host hv-cinder-75995, got binding levels [PortBindingLevel(driver='hyperv',host='hv-cinder-75995',level=0,port_id=76f12ea7-81f5-4e15-8c5f-9e2eca764fa3,segment=NetworkSegment(c91907a4-08ff-47a6-a6cb-1165e0b6a369),segment_id=c91907a4-08ff-47a6-a6cb-1165e0b6a369)] {{(pid=93889) get_binding_level_objs /opt/stack/neutron/neutron/plugins/ml2/db.py:74}}
Sep 09 22:26:21.880138 dv-cinder-759955-23-iscsi neutron-server[93889]: DEBUG neutron_lib.callbacks.manager [None req-98701a99-28cd-4dcd-bf37-bdd847bc831f None None] Notify callbacks ['neutron.plugins.ml2.plugin.SecurityGroupServerNotifierRpcMixin._notify_sg_on_port_change-1582749', 'neutron.plugins.ml2.ovo_rpc._ObjectChangeHandler.handle_event-932271', 'neutron.api.rpc.agentnotifiers.dhcp_rpc_agent_api.DhcpAgentNotifyAPI._native_event_send_dhcp_notification-619824', 'neutron.db.l3_db.L3RpcNotifierMixin._notify_gateway_port_ip_changed-8781721668886', 'neutron.db.l3_dvrscheduler_db._notify_l3_agent_port_update-8781721311443', 'neutron.db.l3_hascheduler_db._notify_l3_agent_ha_port_update-8781721311461'] for port, after_update {{(pid=93889) _notify_loop /usr/local/lib/python3.8/dist-packages/neutron_lib/callbacks/manager.py:192}}
Sep 09 22:26:21.924091 dv-cinder-759955-23-iscsi neutron-server[93889]: DEBUG novaclient.v2.client [-] RESP: [200] Connection: close Content-Length: 183 Content-Type: application/json Date: Thu, 09 Sep 2021 22:26:21 GMT OpenStack-API-Version: compute 2.1 Server: Apache/2.4.41 (Ubuntu) Vary: OpenStack-API-Version,X-OpenStack-Nova-API-Version X-OpenStack-Nova-API-Version: 2.1 x-compute-request-id: req-5444a5ca-b4fe-439d-816d-811bca83f9d2 x-openstack-request-id: req-5444a5ca-b4fe-439d-816d-811bca83f9d2 {{(pid=93889) _http_log_response /usr/local/lib/python3.8/dist-packages/keystoneauth1/session.py:550}}
Sep 09 22:26:21.924377 dv-cinder-759955-23-iscsi neutron-server[93889]: DEBUG novaclient.v2.client [-] RESP BODY: {"events": [{"server_uuid": "6beb0f20-955d-4e65-bf2d-3d35d30590b3", "name": "network-vif-plugged", "status": "completed", "tag": "76f12ea7-81f5-4e15-8c5f-9e2eca764fa3", "code": 200}]} {{(pid=93889) _http_log_response /usr/local/lib/python3.8/dist-packages/keystoneauth1/session.py:582}}
Sep 09 22:26:21.924611 dv-cinder-759955-23-iscsi neutron-server[93889]: DEBUG novaclient.v2.client [-] POST call to compute for http://10.222.0.41/compute/v2.1/os-server-external-events used request id req-5444a5ca-b4fe-439d-816d-811bca83f9d2 {{(pid=93889) request /usr/local/lib/python3.8/dist-packages/keystoneauth1/session.py:954}}
Sep 09 22:26:21.925144 dv-cinder-759955-23-iscsi neutron-server[93889]: INFO neutron.notifiers.nova [-] Nova event response: {'server_uuid': '6beb0f20-955d-4e65-bf2d-3d35d30590b3', 'name': 'network-vif-plugged', 'status': 'completed', 'tag': '76f12ea7-81f5-4e15-8c5f-9e2eca764fa3', 'code': 200}
Sep 09 22:26:21.951599 dv-cinder-759955-23-iscsi neutron-server[93889]: DEBUG neutron.api.rpc.handlers.resources_rpc [None req-98701a99-28cd-4dcd-bf37-bdd847bc831f None None] Pushing event updated for resources: {'Port': ['ID=76f12ea7-81f5-4e15-8c5f-9e2eca764fa3,revision_number=5']} {{(pid=93889) push /opt/stack/neutron/neutron/api/rpc/handlers/resources_rpc.py:237}}
Sep 09 22:26:22.093771 dv-cinder-759955-23-iscsi neutron-server[93887]: DEBUG neutron.pecan_wsgi.hooks.policy_enforcement [req-96f6963c-1ab5-4130-bcf9-9b30291e5e07 req-0427cc16-976c-4a96-950f-daee2dca6bee service neutron] Attributes excluded by policy engine: ['standard_attr_id'] {{(pid=93887) _exclude_attributes_by_policy /opt/stack/neutron/neutron/pecan_wsgi/hooks/policy_enforcement.py:255}}
Sep 09 22:26:22.095555 dv-cinder-759955-23-iscsi neutron-server[93887]: INFO neutron.wsgi [req-96f6963c-1ab5-4130-bcf9-9b30291e5e07 req-0427cc16-976c-4a96-950f-daee2dca6bee service neutron] 10.222.0.20 "GET /v2.0/ports?device_id=6beb0f20-955d-4e65-bf2d-3d35d30590b3 HTTP/1.1" status: 200 len: 1099 time: 0.0491042
Sep 09 22:26:22.159704 dv-cinder-759955-23-iscsi neutron-server[93887]: INFO neutron.wsgi [req-96f6963c-1ab5-4130-bcf9-9b30291e5e07 req-fec07c64-3b07-4adc-9349-22e3e61a585d service neutron] 10.222.0.20 "GET /v2.0/security-groups?id=3387caec-c60e-4de2-bee8-55305f8bb77c&fields=id&fields=name HTTP/1.1" status: 200 len: 286 time: 0.0516143
Sep 09 22:26:22.364379 dv-cinder-759955-23-iscsi neutron-server[93888]: DEBUG neutron.pecan_wsgi.hooks.policy_enforcement [req-6d13cf97-36fc-4ccc-9776-9957f6d7cfde req-b1e82bc2-75de-4f7d-bda0-96b3298f446a tempest-ServerRescueNegativeTestJSON-1976146195 tempest-ServerRescueNegativeTestJSON-1976146195-project] Attributes excluded by policy engine: ['standard_attr_id', 'binding:profile', 'binding:host_id', 'binding:vif_type', 'binding:vif_details'] {{(pid=93888) _exclude_attributes_by_policy /opt/stack/neutron/neutron/pecan_wsgi/hooks/policy_enforcement.py:255}}
Sep 09 22:26:22.365970 dv-cinder-759955-23-iscsi neutron-server[93888]: INFO neutron.wsgi [req-6d13cf97-36fc-4ccc-9776-9957f6d7cfde req-b1e82bc2-75de-4f7d-bda0-96b3298f446a tempest-ServerRescueNegativeTestJSON-1976146195 tempest-ServerRescueNegativeTestJSON-1976146195-project] 10.222.0.41 "GET /v2.0/ports?device_id=3787ba4b-5ee8-4577-b7ca-6ff32f4667a7 HTTP/1.1" status: 200 len: 946 time: 0.0563500
Sep 09 22:26:22.423712 dv-cinder-759955-23-iscsi neutron-server[93888]: INFO neutron.wsgi [req-6d13cf97-36fc-4ccc-9776-9957f6d7cfde req-18387ed4-e93c-4d1f-a10e-01b56b597270 tempest-ServerRescueNegativeTestJSON-1976146195 tempest-ServerRescueNegativeTestJSON-1976146195-project] 10.222.0.41 "GET /v2.0/security-groups?id=facbb935-61b3-4739-ba96-47bda10f08c5&fields=id&fields=name HTTP/1.1" status: 200 len: 286 time: 0.0508845
Sep 09 22:26:22.467809 dv-cinder-759955-23-iscsi neutron-server[93888]: DEBUG neutron.pecan_wsgi.hooks.policy_enforcement [req-95d8b220-641e-45f3-ac92-dfbaab1a072f req-5c4ad5da-7a59-4ec3-8051-7747907bd3e5 tempest-VolumesNegativeTest-444962115 tempest-VolumesNegativeTest-444962115-project] Attributes excluded by policy engine: ['standard_attr_id', 'binding:profile', 'binding:host_id', 'binding:vif_type', 'binding:vif_details'] {{(pid=93888) _exclude_attributes_by_policy /opt/stack/neutron/neutron/pecan_wsgi/hooks/policy_enforcement.py:255}}
Sep 09 22:26:22.470846 dv-cinder-759955-23-iscsi neutron-server[93888]: INFO neutron.wsgi [req-95d8b220-641e-45f3-ac92-dfbaab1a072f req-5c4ad5da-7a59-4ec3-8051-7747907bd3e5 tempest-VolumesNegativeTest-444962115 tempest-VolumesNegativeTest-444962115-project] 10.222.0.41 "GET /v2.0/ports?device_id=8e255b6e-38d5-404d-bab1-95d6f323f16f HTTP/1.1" status: 200 len: 947 time: 0.0755906
Sep 09 22:26:22.531178 dv-cinder-759955-23-iscsi neutron-server[93888]: INFO neutron.wsgi [req-95d8b220-641e-45f3-ac92-dfbaab1a072f req-d10aa06c-3e33-49fb-83ac-691e770a40d4 tempest-VolumesNegativeTest-444962115 tempest-VolumesNegativeTest-444962115-project] 10.222.0.41 "GET /v2.0/security-groups?id=f63ba1a7-3f07-43c4-a289-6a35749e8eae&fields=id&fields=name HTTP/1.1" status: 200 len: 286 time: 0.0519097
