Aug 10 16:49:44.220527 dv-cinder-759943-9-iscsi devstack@c-api.service[111734]: /usr/local/lib/python3.8/dist-packages/webob/acceptparse.py:1047: DeprecationWarning: The behavior of AcceptValidHeader.best_match is currently being maintained for backward compatibility, but it will be deprecated in the future, as it does not conform to the RFC.
Aug 10 16:49:44.220527 dv-cinder-759943-9-iscsi devstack@c-api.service[111734]: warnings.warn(
Aug 10 16:49:44.221399 dv-cinder-759943-9-iscsi devstack@c-api.service[111734]: DEBUG cinder.api.openstack.wsgi [req-b45f3750-f24f-4c31-8b14-b1f3aac252f6 req-25900bc1-9248-48dd-bd9c-f7b486deab6f tempest-VolumesTestJSON-1060648143 tempest-VolumesTestJSON-1060648143-project] Calling method 'show' {{(pid=111734) _process_stack /opt/stack/cinder/cinder/api/openstack/wsgi.py:856}}
Aug 10 16:49:44.271299 dv-cinder-759943-9-iscsi devstack@c-api.service[111734]: /usr/local/lib/python3.8/dist-packages/oslo_context/context.py:105: DeprecationWarning: Policy enforcement is depending on the value of is_admin. This key is deprecated. Please update your policy file to use the standard policy values.
Aug 10 16:49:44.271299 dv-cinder-759943-9-iscsi devstack@c-api.service[111734]: warnings.warn('Policy enforcement is depending on the value of '
Aug 10 16:49:44.282462 dv-cinder-759943-9-iscsi devstack@c-api.service[111734]: INFO cinder.volume.api [req-b45f3750-f24f-4c31-8b14-b1f3aac252f6 req-25900bc1-9248-48dd-bd9c-f7b486deab6f tempest-VolumesTestJSON-1060648143 tempest-VolumesTestJSON-1060648143-project] Volume info retrieved successfully.
Aug 10 16:49:44.300166 dv-cinder-759943-9-iscsi devstack@c-api.service[111734]: INFO cinder.api.openstack.wsgi [req-b45f3750-f24f-4c31-8b14-b1f3aac252f6 req-25900bc1-9248-48dd-bd9c-f7b486deab6f tempest-VolumesTestJSON-1060648143 tempest-VolumesTestJSON-1060648143-project] http://10.222.0.20/volume/v3/a556f24f53fa4284aa9f154ec735260c/volumes/d0945076-36c4-4271-ab84-9725c86c5e23 returned with HTTP 200
Aug 10 16:49:44.301166 dv-cinder-759943-9-iscsi devstack@c-api.service[111734]: [pid: 111734|app: 0|req: 5/11] 10.222.0.20 () {60 vars in 1579 bytes} [Tue Aug 10 16:49:43 2021] GET /volume/v3/a556f24f53fa4284aa9f154ec735260c/volumes/d0945076-36c4-4271-ab84-9725c86c5e23 => generated 922 bytes in 345 msecs (HTTP/1.1 200) 7 headers in 285 bytes (1 switches on core 0)
Aug 10 16:49:44.322447 dv-cinder-759943-9-iscsi devstack@c-api.service[111734]: INFO cinder.api.openstack.wsgi [None req-2d06fe16-7718-4242-88cd-09db3b1e2a11 tempest-VolumesTestJSON-1060648143 tempest-VolumesTestJSON-1060648143-project] POST http://10.222.0.20/volume/v3/a556f24f53fa4284aa9f154ec735260c/volumes
Aug 10 16:49:44.322881 dv-cinder-759943-9-iscsi devstack@c-api.service[111734]: /usr/local/lib/python3.8/dist-packages/webob/acceptparse.py:1047: DeprecationWarning: The behavior of AcceptValidHeader.best_match is currently being maintained for backward compatibility, but it will be deprecated in the future, as it does not conform to the RFC.
Aug 10 16:49:44.322881 dv-cinder-759943-9-iscsi devstack@c-api.service[111734]: warnings.warn(
Aug 10 16:49:44.323773 dv-cinder-759943-9-iscsi devstack@c-api.service[111734]: DEBUG cinder.api.openstack.wsgi [None req-2d06fe16-7718-4242-88cd-09db3b1e2a11 tempest-VolumesTestJSON-1060648143 tempest-VolumesTestJSON-1060648143-project] Action: 'create', calling method: create, body: {"volume": {"metadata": {"Type": "work"}, "size": 1, "display_name": "tempest-VolumesTestJSON-volume-193677164"}} {{(pid=111734) _process_stack /opt/stack/cinder/cinder/api/openstack/wsgi.py:854}}
Aug 10 16:49:44.325843 dv-cinder-759943-9-iscsi devstack@c-api.service[111734]: DEBUG cinder.api.v3.volumes [None req-2d06fe16-7718-4242-88cd-09db3b1e2a11 tempest-VolumesTestJSON-1060648143 tempest-VolumesTestJSON-1060648143-project] Create volume request body: {'volume': {'metadata': {'Type': 'work'}, 'size': 1, 'display_name': 'tempest-VolumesTestJSON-volume-193677164'}} {{(pid=111734) create /opt/stack/cinder/cinder/api/v3/volumes.py:290}}
Aug 10 16:49:44.327201 dv-cinder-759943-9-iscsi devstack@c-api.service[111734]: INFO cinder.api.v3.volumes [None req-2d06fe16-7718-4242-88cd-09db3b1e2a11 tempest-VolumesTestJSON-1060648143 tempest-VolumesTestJSON-1060648143-project] Create volume of 1 GB
Aug 10 16:49:44.356428 dv-cinder-759943-9-iscsi devstack@c-api.service[111734]: DEBUG cinder.volume.api [None req-2d06fe16-7718-4242-88cd-09db3b1e2a11 tempest-VolumesTestJSON-1060648143 tempest-VolumesTestJSON-1060648143-project] Availability zone cache updated, next update will occur around 2021-08-10 17:49:44.352940. {{(pid=111734) list_availability_zones /opt/stack/cinder/cinder/volume/api.py:148}}
Aug 10 16:49:44.356829 dv-cinder-759943-9-iscsi devstack@c-api.service[111734]: INFO cinder.volume.api [None req-2d06fe16-7718-4242-88cd-09db3b1e2a11 tempest-VolumesTestJSON-1060648143 tempest-VolumesTestJSON-1060648143-project] Availability Zones retrieved successfully.
Aug 10 16:49:44.404879 dv-cinder-759943-9-iscsi devstack@c-api.service[111734]: DEBUG cinder.volume.api [None req-2d06fe16-7718-4242-88cd-09db3b1e2a11 tempest-VolumesTestJSON-1060648143 tempest-VolumesTestJSON-1060648143-project] Flow 'volume_create_api' (ccff7045-2d53-4128-89f7-3e11f9801c64) transitioned into state 'RUNNING' from state 'PENDING' {{(pid=111734) _flow_receiver /usr/local/lib/python3.8/dist-packages/taskflow/listeners/logging.py:141}}
Aug 10 16:49:44.407974 dv-cinder-759943-9-iscsi devstack@c-api.service[111734]: DEBUG cinder.volume.api [None req-2d06fe16-7718-4242-88cd-09db3b1e2a11 tempest-VolumesTestJSON-1060648143 tempest-VolumesTestJSON-1060648143-project] Task 'cinder.volume.flows.api.create_volume.ExtractVolumeRequestTask;volume:create' (74eb9d0f-075c-4806-91f4-14b9e19e51cf) transitioned into state 'RUNNING' from state 'PENDING' {{(pid=111734) _task_receiver /usr/local/lib/python3.8/dist-packages/taskflow/listeners/logging.py:190}}
Aug 10 16:49:44.410552 dv-cinder-759943-9-iscsi devstack@c-api.service[111734]: DEBUG cinder.volume.flows.api.create_volume [None req-2d06fe16-7718-4242-88cd-09db3b1e2a11 tempest-VolumesTestJSON-1060648143 tempest-VolumesTestJSON-1060648143-project] Validating volume size '1' using validate_int {{(pid=111734) _extract_size /opt/stack/cinder/cinder/volume/flows/api/create_volume.py:201}}
Aug 10 16:49:44.427355 dv-cinder-759943-9-iscsi devstack@c-api.service[111735]: INFO cinder.api.openstack.wsgi [None req-4efe120e-ddb2-4d88-8f41-1b2dd93ecd46 tempest-GroupTypeSpecsTest-1971466569 tempest-GroupTypeSpecsTest-1971466569-project-admin] POST http://10.222.0.20/volume/v3/50c4b22050324585b04eb5631403f92e/group_types
Aug 10 16:49:44.428540 dv-cinder-759943-9-iscsi devstack@c-api.service[111735]: /usr/local/lib/python3.8/dist-packages/webob/acceptparse.py:1047: DeprecationWarning: The behavior of AcceptValidHeader.best_match is currently being maintained for backward compatibility, but it will be deprecated in the future, as it does not conform to the RFC.
Aug 10 16:49:44.428540 dv-cinder-759943-9-iscsi devstack@c-api.service[111735]: warnings.warn(
Aug 10 16:49:44.428885 dv-cinder-759943-9-iscsi devstack@c-api.service[111735]: DEBUG cinder.api.openstack.wsgi [None req-4efe120e-ddb2-4d88-8f41-1b2dd93ecd46 tempest-GroupTypeSpecsTest-1971466569 tempest-GroupTypeSpecsTest-1971466569-project-admin] Action: 'create', calling method: version_select, body: {"group_type": {"name": "tempest-GroupTypeSpecsTest-group-type-1952678181"}} {{(pid=111735) _process_stack /opt/stack/cinder/cinder/api/openstack/wsgi.py:854}}
Aug 10 16:49:44.478466 dv-cinder-759943-9-iscsi devstack@c-api.service[111735]: INFO cinder.api.openstack.wsgi [None req-4efe120e-ddb2-4d88-8f41-1b2dd93ecd46 tempest-GroupTypeSpecsTest-1971466569 tempest-GroupTypeSpecsTest-1971466569-project-admin] http://10.222.0.20/volume/v3/50c4b22050324585b04eb5631403f92e/group_types returned with HTTP 202
Aug 10 16:49:44.479403 dv-cinder-759943-9-iscsi devstack@c-api.service[111735]: [pid: 111735|app: 0|req: 7/12] 10.222.0.20 () {62 vars in 1288 bytes} [Tue Aug 10 16:49:44 2021] POST /volume/v3/50c4b22050324585b04eb5631403f92e/group_types => generated 181 bytes in 171 msecs (HTTP/1.1 202) 7 headers in 292 bytes (2 switches on core 0)
Aug 10 16:49:44.508193 dv-cinder-759943-9-iscsi devstack@c-api.service[111734]: DEBUG cinder.volume.api [None req-2d06fe16-7718-4242-88cd-09db3b1e2a11 tempest-VolumesTestJSON-1060648143 tempest-VolumesTestJSON-1060648143-project] Task 'cinder.volume.flows.api.create_volume.ExtractVolumeRequestTask;volume:create' (74eb9d0f-075c-4806-91f4-14b9e19e51cf) transitioned into state 'SUCCESS' from state 'RUNNING' with result '{'size': 1, 'snapshot_id': None, 'source_volid': None, 'volume_type': VolumeType(created_at=2021-08-10T16:40:39Z,deleted=False,deleted_at=None,description='Default Volume Type',extra_specs={},id=ce927ec4-4d59-4db2-8143-f367487ef9fd,is_public=True,name='__DEFAULT__',projects=[],qos_specs=,qos_specs_id=None,updated_at=2021-08-10T16:40:39Z), 'volume_type_id': 'ce927ec4-4d59-4db2-8143-f367487ef9fd', 'encryption_key_id': None, 'qos_specs': None, 'consistencygroup_id': None, 'cgsnapshot_id': None, 'group_id': None, 'replication_status': 'disabled', 'refresh_az': False, 'backup_id': None, 'multiattach': False, 'availability_zones': ['nova']}' {{(pid=111734) _task_receiver /usr/local/lib/python3.8/dist-packages/taskflow/listeners/logging.py:178}}
Aug 10 16:49:44.510912 dv-cinder-759943-9-iscsi devstack@c-api.service[111734]: DEBUG cinder.volume.api [None req-2d06fe16-7718-4242-88cd-09db3b1e2a11 tempest-VolumesTestJSON-1060648143 tempest-VolumesTestJSON-1060648143-project] Task 'cinder.volume.flows.api.create_volume.QuotaReserveTask;volume:create' (b1464859-7ee7-4e90-b739-4b99090428ba) transitioned into state 'RUNNING' from state 'PENDING' {{(pid=111734) _task_receiver /usr/local/lib/python3.8/dist-packages/taskflow/listeners/logging.py:190}}
Aug 10 16:49:44.565376 dv-cinder-759943-9-iscsi devstack@c-api.service[111734]: WARNING cinder.quota [None req-2d06fe16-7718-4242-88cd-09db3b1e2a11 tempest-VolumesTestJSON-1060648143 tempest-VolumesTestJSON-1060648143-project] Deprecated: Default quota for resource: volumes___DEFAULT__ is set by the default quota flag: quota_volumes___DEFAULT__, it is now deprecated. Please use the default quota class for default quota.
Aug 10 16:49:44.566239 dv-cinder-759943-9-iscsi devstack@c-api.service[111734]: WARNING cinder.quota [None req-2d06fe16-7718-4242-88cd-09db3b1e2a11 tempest-VolumesTestJSON-1060648143 tempest-VolumesTestJSON-1060648143-project] Deprecated: Default quota for resource: gigabytes___DEFAULT__ is set by the default quota flag: quota_gigabytes___DEFAULT__, it is now deprecated. Please use the default quota class for default quota.
Aug 10 16:49:44.571262 dv-cinder-759943-9-iscsi devstack@c-api.service[111735]: WARNING keystonemiddleware.auth_token [None req-4efe120e-ddb2-4d88-8f41-1b2dd93ecd46 tempest-GroupTypeSpecsTest-1971466569 tempest-GroupTypeSpecsTest-1971466569-project-admin] A valid token was submitted as a service token, but it was not a valid service token. This is incorrect but backwards compatible behaviour. This will be removed in future releases.
Aug 10 16:49:44.574098 dv-cinder-759943-9-iscsi devstack@c-api.service[111735]: INFO cinder.api.openstack.wsgi [req-0a65a64a-8482-4ffb-ab7c-bfc758fa4bf0 req-18baafde-83e4-454d-aaa3-8742d1e32e6a tempest-VolumesSnapshotsTestJSON-294947762 tempest-VolumesSnapshotsTestJSON-294947762-project] POST http://10.222.0.20/volume/v3/c7788906f0d14859b77a4115a4d7c528/volumes
Aug 10 16:49:44.574772 dv-cinder-759943-9-iscsi devstack@c-api.service[111735]: DEBUG cinder.api.openstack.wsgi [req-0a65a64a-8482-4ffb-ab7c-bfc758fa4bf0 req-18baafde-83e4-454d-aaa3-8742d1e32e6a tempest-VolumesSnapshotsTestJSON-294947762 tempest-VolumesSnapshotsTestJSON-294947762-project] Action: 'create', calling method: create, body: {"volume": {"size": 1, "consistencygroup_id": null, "snapshot_id": null, "name": "tempest-VolumesSnapshotsTestJSON-volume-542623420", "description": null, "volume_type": null, "availability_zone": null, "metadata": {}, "imageRef": null, "source_volid": null, "backup_id": null}} {{(pid=111735) _process_stack /opt/stack/cinder/cinder/api/openstack/wsgi.py:854}}
Aug 10 16:49:44.576322 dv-cinder-759943-9-iscsi devstack@c-api.service[111735]: DEBUG cinder.api.v3.volumes [req-0a65a64a-8482-4ffb-ab7c-bfc758fa4bf0 req-18baafde-83e4-454d-aaa3-8742d1e32e6a tempest-VolumesSnapshotsTestJSON-294947762 tempest-VolumesSnapshotsTestJSON-294947762-project] Create volume request body: {'volume': {'size': 1, 'consistencygroup_id': None, 'snapshot_id': None, 'name': 'tempest-VolumesSnapshotsTestJSON-volume-542623420', 'description': None, 'volume_type': None, 'availability_zone': None, 'metadata': {}, 'imageRef': None, 'source_volid': None, 'backup_id': None}} {{(pid=111735) create /opt/stack/cinder/cinder/api/v3/volumes.py:290}}
Aug 10 16:49:44.576889 dv-cinder-759943-9-iscsi devstack@c-api.service[111735]: INFO cinder.api.v3.volumes [req-0a65a64a-8482-4ffb-ab7c-bfc758fa4bf0 req-18baafde-83e4-454d-aaa3-8742d1e32e6a tempest-VolumesSnapshotsTestJSON-294947762 tempest-VolumesSnapshotsTestJSON-294947762-project] Create volume of 1 GB
Aug 10 16:49:44.586039 dv-cinder-759943-9-iscsi devstack@c-api.service[111735]: INFO cinder.volume.api [req-0a65a64a-8482-4ffb-ab7c-bfc758fa4bf0 req-18baafde-83e4-454d-aaa3-8742d1e32e6a tempest-VolumesSnapshotsTestJSON-294947762 tempest-VolumesSnapshotsTestJSON-294947762-project] Availability Zones retrieved successfully.
Aug 10 16:49:44.597218 dv-cinder-759943-9-iscsi devstack@c-api.service[111734]: DEBUG cinder.quota [None req-2d06fe16-7718-4242-88cd-09db3b1e2a11 tempest-VolumesTestJSON-1060648143 tempest-VolumesTestJSON-1060648143-project] Created reservations ['f626ed1c-4ec8-4ec2-b6c2-15eee636c0d9', '5d65f841-f4ad-4bc7-b734-0dd652243fcc', 'af326c3d-6c6f-4f6f-a03d-266f8772504f', 'c81bf71c-9d49-4712-b9ac-33defef38808'] {{(pid=111734) reserve /opt/stack/cinder/cinder/quota.py:755}}
Aug 10 16:49:44.600741 dv-cinder-759943-9-iscsi devstack@c-api.service[111734]: DEBUG cinder.volume.api [None req-2d06fe16-7718-4242-88cd-09db3b1e2a11 tempest-VolumesTestJSON-1060648143 tempest-VolumesTestJSON-1060648143-project] Task 'cinder.volume.flows.api.create_volume.QuotaReserveTask;volume:create' (b1464859-7ee7-4e90-b739-4b99090428ba) transitioned into state 'SUCCESS' from state 'RUNNING' with result '{'reservations': ['f626ed1c-4ec8-4ec2-b6c2-15eee636c0d9', '5d65f841-f4ad-4bc7-b734-0dd652243fcc', 'af326c3d-6c6f-4f6f-a03d-266f8772504f', 'c81bf71c-9d49-4712-b9ac-33defef38808']}' {{(pid=111734) _task_receiver /usr/local/lib/python3.8/dist-packages/taskflow/listeners/logging.py:178}}
Aug 10 16:49:44.602690 dv-cinder-759943-9-iscsi devstack@c-api.service[111735]: DEBUG cinder.volume.api [req-0a65a64a-8482-4ffb-ab7c-bfc758fa4bf0 req-18baafde-83e4-454d-aaa3-8742d1e32e6a tempest-VolumesSnapshotsTestJSON-294947762 tempest-VolumesSnapshotsTestJSON-294947762-project] Flow 'volume_create_api' (d0924257-725f-48f6-9459-95653908a249) transitioned into state 'RUNNING' from state 'PENDING' {{(pid=111735) _flow_receiver /usr/local/lib/python3.8/dist-packages/taskflow/listeners/logging.py:141}}
Aug 10 16:49:44.603466 dv-cinder-759943-9-iscsi devstack@c-api.service[111734]: DEBUG cinder.volume.api [None req-2d06fe16-7718-4242-88cd-09db3b1e2a11 tempest-VolumesTestJSON-1060648143 tempest-VolumesTestJSON-1060648143-project] Task 'cinder.volume.flows.api.create_volume.EntryCreateTask;volume:create' (86990c01-b3a8-4384-897d-579ba8b66500) transitioned into state 'RUNNING' from state 'PENDING' {{(pid=111734) _task_receiver /usr/local/lib/python3.8/dist-packages/taskflow/listeners/logging.py:190}}
Aug 10 16:49:44.605398 dv-cinder-759943-9-iscsi devstack@c-api.service[111735]: DEBUG cinder.volume.api [req-0a65a64a-8482-4ffb-ab7c-bfc758fa4bf0 req-18baafde-83e4-454d-aaa3-8742d1e32e6a tempest-VolumesSnapshotsTestJSON-294947762 tempest-VolumesSnapshotsTestJSON-294947762-project] Task 'cinder.volume.flows.api.create_volume.ExtractVolumeRequestTask;volume:create' (738fa02d-1eec-474a-a7ec-47d721faaf87) transitioned into state 'RUNNING' from state 'PENDING' {{(pid=111735) _task_receiver /usr/local/lib/python3.8/dist-packages/taskflow/listeners/logging.py:190}}
Aug 10 16:49:44.607490 dv-cinder-759943-9-iscsi devstack@c-api.service[111735]: DEBUG cinder.volume.flows.api.create_volume [req-0a65a64a-8482-4ffb-ab7c-bfc758fa4bf0 req-18baafde-83e4-454d-aaa3-8742d1e32e6a tempest-VolumesSnapshotsTestJSON-294947762 tempest-VolumesSnapshotsTestJSON-294947762-project] Validating volume size '1' using validate_int {{(pid=111735) _extract_size /opt/stack/cinder/cinder/volume/flows/api/create_volume.py:201}}
Aug 10 16:49:44.641774 dv-cinder-759943-9-iscsi devstack@c-api.service[111735]: DEBUG cinder.volume.api [req-0a65a64a-8482-4ffb-ab7c-bfc758fa4bf0 req-18baafde-83e4-454d-aaa3-8742d1e32e6a tempest-VolumesSnapshotsTestJSON-294947762 tempest-VolumesSnapshotsTestJSON-294947762-project] Task 'cinder.volume.flows.api.create_volume.ExtractVolumeRequestTask;volume:create' (738fa02d-1eec-474a-a7ec-47d721faaf87) transitioned into state 'SUCCESS' from state 'RUNNING' with result '{'size': 1, 'snapshot_id': None, 'source_volid': None, 'volume_type': VolumeType(created_at=2021-08-10T16:40:39Z,deleted=False,deleted_at=None,description='Default Volume Type',extra_specs={},id=ce927ec4-4d59-4db2-8143-f367487ef9fd,is_public=True,name='__DEFAULT__',projects=[],qos_specs=,qos_specs_id=None,updated_at=2021-08-10T16:40:39Z), 'volume_type_id': 'ce927ec4-4d59-4db2-8143-f367487ef9fd', 'encryption_key_id': None, 'qos_specs': None, 'consistencygroup_id': None, 'cgsnapshot_id': None, 'group_id': None, 'replication_status': 'disabled', 'refresh_az': False, 'backup_id': None, 'multiattach': False, 'availability_zones': ['nova']}' {{(pid=111735) _task_receiver /usr/local/lib/python3.8/dist-packages/taskflow/listeners/logging.py:178}}
Aug 10 16:49:44.642640 dv-cinder-759943-9-iscsi devstack@c-api.service[111734]: DEBUG cinder.volume.api [None req-2d06fe16-7718-4242-88cd-09db3b1e2a11 tempest-VolumesTestJSON-1060648143 tempest-VolumesTestJSON-1060648143-project] Task 'cinder.volume.flows.api.create_volume.EntryCreateTask;volume:create' (86990c01-b3a8-4384-897d-579ba8b66500) transitioned into state 'SUCCESS' from state 'RUNNING' with result '{'volume_id': '72c4f1ea-4173-4541-bfbe-e89937d34660', 'volume_properties': VolumeProperties(attach_status='detached',availability_zone='nova',cgsnapshot_id=None,consistencygroup_id=None,display_description=None,display_name='tempest-VolumesTestJSON-volume-193677164',encryption_key_id=None,group_id=None,group_type_id=,metadata={Type='work'},multiattach=False,project_id='a556f24f53fa4284aa9f154ec735260c',qos_specs=None,replication_status=,reservations=['f626ed1c-4ec8-4ec2-b6c2-15eee636c0d9','5d65f841-f4ad-4bc7-b734-0dd652243fcc','af326c3d-6c6f-4f6f-a03d-266f8772504f','c81bf71c-9d49-4712-b9ac-33defef38808'],size=1,snapshot_id=None,source_replicaid=,source_volid=None,status='creating',user_id='82c30545d59c42f19d346ad35c4b8b01',volume_type_id=ce927ec4-4d59-4db2-8143-f367487ef9fd), 'volume': Volume(_name_id=None,admin_metadata=,attach_status='detached',availability_zone='nova',bootable=False,cluster=,cluster_name=None,consistencygroup=,consistencygroup_id=None,created_at=2021-08-10T16:49:44Z,deleted=False,deleted_at=None,display_description=None,display_name='tempest-VolumesTestJSON-volume-193677164',ec2_id=None,encryption_key_id=None,glance_metadata=,group=,group_id=None,host=None,id=72c4f1ea-4173-4541-bfbe-e89937d34660,launched_at=None,metadata={Type='work'},migration_status=None,multiattach=False,previous_status=None,project_id='a556f24f53fa4284aa9f154ec735260c',provider_auth=None,provider_geometry=None,provider_id=None,provider_location=None,replication_driver_data=None,replication_extended_status=None,replication_status=None,scheduled_at=None,service_uuid=None,shared_targets=True,size=1,snapshot_id=None,snapshots=,source_volid=None,status='creating',terminated_at=None,updated_at=None,user_id='82c30545d59c42f19d346ad35c4b8b01',volume_attachment=,volume_type=VolumeType(ce927ec4-4d59-4db2-8143-f367487ef9fd),volume_type_id=ce927ec4-4d59-4db2-8143-f367487ef9fd)}' {{(pid=111734) _task_receiver /usr/local/lib/python3.8/dist-packages/taskflow/listeners/logging.py:178}}
Aug 10 16:49:44.644693 dv-cinder-759943-9-iscsi devstack@c-api.service[111735]: DEBUG cinder.volume.api [req-0a65a64a-8482-4ffb-ab7c-bfc758fa4bf0 req-18baafde-83e4-454d-aaa3-8742d1e32e6a tempest-VolumesSnapshotsTestJSON-294947762 tempest-VolumesSnapshotsTestJSON-294947762-project] Task 'cinder.volume.flows.api.create_volume.QuotaReserveTask;volume:create' (f49bb2a9-d779-4803-80b8-f90c6ece8c64) transitioned into state 'RUNNING' from state 'PENDING' {{(pid=111735) _task_receiver /usr/local/lib/python3.8/dist-packages/taskflow/listeners/logging.py:190}}
Aug 10 16:49:44.646125 dv-cinder-759943-9-iscsi devstack@c-api.service[111734]: DEBUG cinder.volume.api [None req-2d06fe16-7718-4242-88cd-09db3b1e2a11 tempest-VolumesTestJSON-1060648143 tempest-VolumesTestJSON-1060648143-project] Task 'cinder.volume.flows.api.create_volume.QuotaCommitTask;volume:create' (d4cf413d-c901-434a-9478-78f9686907f4) transitioned into state 'RUNNING' from state 'PENDING' {{(pid=111734) _task_receiver /usr/local/lib/python3.8/dist-packages/taskflow/listeners/logging.py:190}}
Aug 10 16:49:44.680252 dv-cinder-759943-9-iscsi devstack@c-api.service[111734]: DEBUG cinder.volume.api [None req-2d06fe16-7718-4242-88cd-09db3b1e2a11 tempest-VolumesTestJSON-1060648143 tempest-VolumesTestJSON-1060648143-project] Task 'cinder.volume.flows.api.create_volume.QuotaCommitTask;volume:create' (d4cf413d-c901-434a-9478-78f9686907f4) transitioned into state 'SUCCESS' from state 'RUNNING' with result '{'volume_properties': VolumeProperties(attach_status='detached',availability_zone='nova',cgsnapshot_id=None,consistencygroup_id=None,display_description=None,display_name='tempest-VolumesTestJSON-volume-193677164',encryption_key_id=None,group_id=None,group_type_id=,metadata={Type='work'},multiattach=False,project_id='a556f24f53fa4284aa9f154ec735260c',qos_specs=None,replication_status=,reservations=['f626ed1c-4ec8-4ec2-b6c2-15eee636c0d9','5d65f841-f4ad-4bc7-b734-0dd652243fcc','af326c3d-6c6f-4f6f-a03d-266f8772504f','c81bf71c-9d49-4712-b9ac-33defef38808'],size=1,snapshot_id=None,source_replicaid=,source_volid=None,status='creating',user_id='82c30545d59c42f19d346ad35c4b8b01',volume_type_id=ce927ec4-4d59-4db2-8143-f367487ef9fd)}' {{(pid=111734) _task_receiver /usr/local/lib/python3.8/dist-packages/taskflow/listeners/logging.py:178}}
Aug 10 16:49:44.682168 dv-cinder-759943-9-iscsi devstack@c-api.service[111734]: DEBUG cinder.volume.api [None req-2d06fe16-7718-4242-88cd-09db3b1e2a11 tempest-VolumesTestJSON-1060648143 tempest-VolumesTestJSON-1060648143-project] Task 'cinder.volume.flows.api.create_volume.VolumeCastTask;volume:create' (e75cb676-3056-4dae-a01b-3c0cb2a40c16) transitioned into state 'RUNNING' from state 'PENDING' {{(pid=111734) _task_receiver /usr/local/lib/python3.8/dist-packages/taskflow/listeners/logging.py:190}}
Aug 10 16:49:44.725681 dv-cinder-759943-9-iscsi devstack@c-api.service[111735]: DEBUG cinder.quota [req-0a65a64a-8482-4ffb-ab7c-bfc758fa4bf0 req-18baafde-83e4-454d-aaa3-8742d1e32e6a tempest-VolumesSnapshotsTestJSON-294947762 tempest-VolumesSnapshotsTestJSON-294947762-project] Created reservations ['f6fede88-3d41-4810-a3d4-b849672ac94f', 'a72aaad4-03cf-467b-b14b-fff47c35b4d2', '9da27c00-3d6e-4a85-9438-375d3a3b6053', '4ff39b24-eba3-4d92-9001-c38a7afa559a'] {{(pid=111735) reserve /opt/stack/cinder/cinder/quota.py:755}}
Aug 10 16:49:44.727825 dv-cinder-759943-9-iscsi devstack@c-api.service[111735]: DEBUG cinder.volume.api [req-0a65a64a-8482-4ffb-ab7c-bfc758fa4bf0 req-18baafde-83e4-454d-aaa3-8742d1e32e6a tempest-VolumesSnapshotsTestJSON-294947762 tempest-VolumesSnapshotsTestJSON-294947762-project] Task 'cinder.volume.flows.api.create_volume.QuotaReserveTask;volume:create' (f49bb2a9-d779-4803-80b8-f90c6ece8c64) transitioned into state 'SUCCESS' from state 'RUNNING' with result '{'reservations': ['f6fede88-3d41-4810-a3d4-b849672ac94f', 'a72aaad4-03cf-467b-b14b-fff47c35b4d2', '9da27c00-3d6e-4a85-9438-375d3a3b6053', '4ff39b24-eba3-4d92-9001-c38a7afa559a']}' {{(pid=111735) _task_receiver /usr/local/lib/python3.8/dist-packages/taskflow/listeners/logging.py:178}}
Aug 10 16:49:44.730598 dv-cinder-759943-9-iscsi devstack@c-api.service[111734]: DEBUG cinder.volume.api [None req-2d06fe16-7718-4242-88cd-09db3b1e2a11 tempest-VolumesTestJSON-1060648143 tempest-VolumesTestJSON-1060648143-project] Task 'cinder.volume.flows.api.create_volume.VolumeCastTask;volume:create' (e75cb676-3056-4dae-a01b-3c0cb2a40c16) transitioned into state 'SUCCESS' from state 'RUNNING' with result 'None' {{(pid=111734) _task_receiver /usr/local/lib/python3.8/dist-packages/taskflow/listeners/logging.py:178}}
Aug 10 16:49:44.731463 dv-cinder-759943-9-iscsi devstack@c-api.service[111735]: DEBUG cinder.volume.api [req-0a65a64a-8482-4ffb-ab7c-bfc758fa4bf0 req-18baafde-83e4-454d-aaa3-8742d1e32e6a tempest-VolumesSnapshotsTestJSON-294947762 tempest-VolumesSnapshotsTestJSON-294947762-project] Task 'cinder.volume.flows.api.create_volume.EntryCreateTask;volume:create' (ea1083dd-7c59-4734-bac1-66933c452aaf) transitioned into state 'RUNNING' from state 'PENDING' {{(pid=111735) _task_receiver /usr/local/lib/python3.8/dist-packages/taskflow/listeners/logging.py:190}}
Aug 10 16:49:44.733752 dv-cinder-759943-9-iscsi devstack@c-api.service[111734]: DEBUG cinder.volume.api [None req-2d06fe16-7718-4242-88cd-09db3b1e2a11 tempest-VolumesTestJSON-1060648143 tempest-VolumesTestJSON-1060648143-project] Flow 'volume_create_api' (ccff7045-2d53-4128-89f7-3e11f9801c64) transitioned into state 'SUCCESS' from state 'RUNNING' {{(pid=111734) _flow_receiver /usr/local/lib/python3.8/dist-packages/taskflow/listeners/logging.py:141}}
Aug 10 16:49:44.734632 dv-cinder-759943-9-iscsi devstack@c-api.service[111734]: INFO cinder.volume.api [None req-2d06fe16-7718-4242-88cd-09db3b1e2a11 tempest-VolumesTestJSON-1060648143 tempest-VolumesTestJSON-1060648143-project] Create volume request issued successfully.
Aug 10 16:49:44.753061 dv-cinder-759943-9-iscsi devstack@c-api.service[111734]: INFO cinder.api.openstack.wsgi [None req-2d06fe16-7718-4242-88cd-09db3b1e2a11 tempest-VolumesTestJSON-1060648143 tempest-VolumesTestJSON-1060648143-project] http://10.222.0.20/volume/v3/a556f24f53fa4284aa9f154ec735260c/volumes returned with HTTP 202
Aug 10 16:49:44.754506 dv-cinder-759943-9-iscsi devstack@c-api.service[111734]: [pid: 111734|app: 0|req: 6/13] 10.222.0.20 () {60 vars in 1236 bytes} [Tue Aug 10 16:49:44 2021] POST /volume/v3/a556f24f53fa4284aa9f154ec735260c/volumes => generated 828 bytes in 437 msecs (HTTP/1.1 202) 7 headers in 291 bytes (1 switches on core 0)
Aug 10 16:49:44.760057 dv-cinder-759943-9-iscsi devstack@c-api.service[111734]: INFO cinder.api.openstack.wsgi [None req-1ff95aaf-537d-47fc-8f3e-c7fd2399ab61 tempest-GroupTypeSpecsTest-1971466569 tempest-GroupTypeSpecsTest-1971466569-project-admin] POST http://10.222.0.20/volume/v3/50c4b22050324585b04eb5631403f92e/group_types/1d4b70eb-815c-4045-97c1-829c46931df0/group_specs
Aug 10 16:49:44.760745 dv-cinder-759943-9-iscsi devstack@c-api.service[111734]: /usr/local/lib/python3.8/dist-packages/webob/acceptparse.py:1047: DeprecationWarning: The behavior of AcceptValidHeader.best_match is currently being maintained for backward compatibility, but it will be deprecated in the future, as it does not conform to the RFC.
Aug 10 16:49:44.760745 dv-cinder-759943-9-iscsi devstack@c-api.service[111734]: warnings.warn(
Aug 10 16:49:44.767046 dv-cinder-759943-9-iscsi devstack@c-api.service[111734]: DEBUG cinder.api.openstack.wsgi [None req-1ff95aaf-537d-47fc-8f3e-c7fd2399ab61 tempest-GroupTypeSpecsTest-1971466569 tempest-GroupTypeSpecsTest-1971466569-project-admin] Action: 'create', calling method: version_select, body: {"group_specs": {"key1": "value1", "key2": "value2"}} {{(pid=111734) _process_stack /opt/stack/cinder/cinder/api/openstack/wsgi.py:854}}
Aug 10 16:49:44.769022 dv-cinder-759943-9-iscsi devstack@c-api.service[111734]: /usr/local/lib/python3.8/dist-packages/oslo_context/context.py:105: DeprecationWarning: Policy enforcement is depending on the value of is_admin. This key is deprecated. Please update your policy file to use the standard policy values.
Aug 10 16:49:44.769022 dv-cinder-759943-9-iscsi devstack@c-api.service[111734]: warnings.warn('Policy enforcement is depending on the value of '
Aug 10 16:49:44.787048 dv-cinder-759943-9-iscsi devstack@c-api.service[111735]: DEBUG cinder.volume.api [req-0a65a64a-8482-4ffb-ab7c-bfc758fa4bf0 req-18baafde-83e4-454d-aaa3-8742d1e32e6a tempest-VolumesSnapshotsTestJSON-294947762 tempest-VolumesSnapshotsTestJSON-294947762-project] Task 'cinder.volume.flows.api.create_volume.EntryCreateTask;volume:create' (ea1083dd-7c59-4734-bac1-66933c452aaf) transitioned into state 'SUCCESS' from state 'RUNNING' with result '{'volume_id': 'cdf14ebc-3f2b-4dc7-9e76-74e3919d448d', 'volume_properties': VolumeProperties(attach_status='detached',availability_zone='nova',cgsnapshot_id=None,consistencygroup_id=None,display_description=None,display_name='tempest-VolumesSnapshotsTestJSON-volume-542623420',encryption_key_id=None,group_id=None,group_type_id=,metadata={},multiattach=False,project_id='c7788906f0d14859b77a4115a4d7c528',qos_specs=None,replication_status=,reservations=['f6fede88-3d41-4810-a3d4-b849672ac94f','a72aaad4-03cf-467b-b14b-fff47c35b4d2','9da27c00-3d6e-4a85-9438-375d3a3b6053','4ff39b24-eba3-4d92-9001-c38a7afa559a'],size=1,snapshot_id=None,source_replicaid=,source_volid=None,status='creating',user_id='c732b8a8fcd941a382d28e4a4b1bc642',volume_type_id=ce927ec4-4d59-4db2-8143-f367487ef9fd), 'volume': Volume(_name_id=None,admin_metadata=,attach_status='detached',availability_zone='nova',bootable=False,cluster=,cluster_name=None,consistencygroup=,consistencygroup_id=None,created_at=2021-08-10T16:49:44Z,deleted=False,deleted_at=None,display_description=None,display_name='tempest-VolumesSnapshotsTestJSON-volume-542623420',ec2_id=None,encryption_key_id=None,glance_metadata=,group=,group_id=None,host=None,id=cdf14ebc-3f2b-4dc7-9e76-74e3919d448d,launched_at=None,metadata={},migration_status=None,multiattach=False,previous_status=None,project_id='c7788906f0d14859b77a4115a4d7c528',provider_auth=None,provider_geometry=None,provider_id=None,provider_location=None,replication_driver_data=None,replication_extended_status=None,replication_status=None,scheduled_at=None,service_uuid=None,shared_targets=True,size=1,snapshot_id=None,snapshots=,source_volid=None,status='creating',terminated_at=None,updated_at=None,user_id='c732b8a8fcd941a382d28e4a4b1bc642',volume_attachment=,volume_type=VolumeType(ce927ec4-4d59-4db2-8143-f367487ef9fd),volume_type_id=ce927ec4-4d59-4db2-8143-f367487ef9fd)}' {{(pid=111735) _task_receiver /usr/local/lib/python3.8/dist-packages/taskflow/listeners/logging.py:178}}
Aug 10 16:49:44.789115 dv-cinder-759943-9-iscsi devstack@c-api.service[111735]: DEBUG cinder.volume.api [req-0a65a64a-8482-4ffb-ab7c-bfc758fa4bf0 req-18baafde-83e4-454d-aaa3-8742d1e32e6a tempest-VolumesSnapshotsTestJSON-294947762 tempest-VolumesSnapshotsTestJSON-294947762-project] Task 'cinder.volume.flows.api.create_volume.QuotaCommitTask;volume:create' (bd75f533-88e5-4921-a8bb-38e571156a67) transitioned into state 'RUNNING' from state 'PENDING' {{(pid=111735) _task_receiver /usr/local/lib/python3.8/dist-packages/taskflow/listeners/logging.py:190}}
Aug 10 16:49:44.829537 dv-cinder-759943-9-iscsi devstack@c-api.service[111734]: INFO cinder.api.openstack.wsgi [None req-1ff95aaf-537d-47fc-8f3e-c7fd2399ab61 tempest-GroupTypeSpecsTest-1971466569 tempest-GroupTypeSpecsTest-1971466569-project-admin] http://10.222.0.20/volume/v3/50c4b22050324585b04eb5631403f92e/group_types/1d4b70eb-815c-4045-97c1-829c46931df0/group_specs returned with HTTP 202
Aug 10 16:49:44.830967 dv-cinder-759943-9-iscsi devstack@c-api.service[111734]: [pid: 111734|app: 0|req: 7/14] 10.222.0.20 () {62 vars in 1435 bytes} [Tue Aug 10 16:49:44 2021] POST /volume/v3/50c4b22050324585b04eb5631403f92e/group_types/1d4b70eb-815c-4045-97c1-829c46931df0/group_specs => generated 53 bytes in 76 msecs (HTTP/1.1 202) 7 headers in 291 bytes (1 switches on core 0)
Aug 10 16:49:44.837919 dv-cinder-759943-9-iscsi devstack@c-api.service[111735]: DEBUG cinder.volume.api [req-0a65a64a-8482-4ffb-ab7c-bfc758fa4bf0 req-18baafde-83e4-454d-aaa3-8742d1e32e6a tempest-VolumesSnapshotsTestJSON-294947762 tempest-VolumesSnapshotsTestJSON-294947762-project] Task 'cinder.volume.flows.api.create_volume.QuotaCommitTask;volume:create' (bd75f533-88e5-4921-a8bb-38e571156a67) transitioned into state 'SUCCESS' from state 'RUNNING' with result '{'volume_properties': VolumeProperties(attach_status='detached',availability_zone='nova',cgsnapshot_id=None,consistencygroup_id=None,display_description=None,display_name='tempest-VolumesSnapshotsTestJSON-volume-542623420',encryption_key_id=None,group_id=None,group_type_id=,metadata={},multiattach=False,project_id='c7788906f0d14859b77a4115a4d7c528',qos_specs=None,replication_status=,reservations=['f6fede88-3d41-4810-a3d4-b849672ac94f','a72aaad4-03cf-467b-b14b-fff47c35b4d2','9da27c00-3d6e-4a85-9438-375d3a3b6053','4ff39b24-eba3-4d92-9001-c38a7afa559a'],size=1,snapshot_id=None,source_replicaid=,source_volid=None,status='creating',user_id='c732b8a8fcd941a382d28e4a4b1bc642',volume_type_id=ce927ec4-4d59-4db2-8143-f367487ef9fd)}' {{(pid=111735) _task_receiver /usr/local/lib/python3.8/dist-packages/taskflow/listeners/logging.py:178}}
Aug 10 16:49:44.839744 dv-cinder-759943-9-iscsi devstack@c-api.service[111735]: DEBUG cinder.volume.api [req-0a65a64a-8482-4ffb-ab7c-bfc758fa4bf0 req-18baafde-83e4-454d-aaa3-8742d1e32e6a tempest-VolumesSnapshotsTestJSON-294947762 tempest-VolumesSnapshotsTestJSON-294947762-project] Task 'cinder.volume.flows.api.create_volume.VolumeCastTask;volume:create' (666f2a53-97c2-4be2-9577-62c0ff4acd83) transitioned into state 'RUNNING' from state 'PENDING' {{(pid=111735) _task_receiver /usr/local/lib/python3.8/dist-packages/taskflow/listeners/logging.py:190}}
Aug 10 16:49:44.840900 dv-cinder-759943-9-iscsi devstack@c-api.service[111734]: INFO cinder.api.openstack.wsgi [None req-f876b377-b85b-410e-bf90-ad53ae28f014 tempest-VolumesTestJSON-1060648143 tempest-VolumesTestJSON-1060648143-project] GET http://10.222.0.20/volume/v3/a556f24f53fa4284aa9f154ec735260c/volumes/72c4f1ea-4173-4541-bfbe-e89937d34660
Aug 10 16:49:44.841354 dv-cinder-759943-9-iscsi devstack@c-api.service[111734]: DEBUG cinder.api.openstack.wsgi [None req-f876b377-b85b-410e-bf90-ad53ae28f014 tempest-VolumesTestJSON-1060648143 tempest-VolumesTestJSON-1060648143-project] Empty body provided in request {{(pid=111734) get_body /opt/stack/cinder/cinder/api/openstack/wsgi.py:703}}
Aug 10 16:49:44.841767 dv-cinder-759943-9-iscsi devstack@c-api.service[111734]: DEBUG cinder.api.openstack.wsgi [None req-f876b377-b85b-410e-bf90-ad53ae28f014 tempest-VolumesTestJSON-1060648143 tempest-VolumesTestJSON-1060648143-project] Calling method 'show' {{(pid=111734) _process_stack /opt/stack/cinder/cinder/api/openstack/wsgi.py:856}}
Aug 10 16:49:44.872883 dv-cinder-759943-9-iscsi devstack@c-api.service[111735]: DEBUG cinder.volume.api [req-0a65a64a-8482-4ffb-ab7c-bfc758fa4bf0 req-18baafde-83e4-454d-aaa3-8742d1e32e6a tempest-VolumesSnapshotsTestJSON-294947762 tempest-VolumesSnapshotsTestJSON-294947762-project] Task 'cinder.volume.flows.api.create_volume.VolumeCastTask;volume:create' (666f2a53-97c2-4be2-9577-62c0ff4acd83) transitioned into state 'SUCCESS' from state 'RUNNING' with result 'None' {{(pid=111735) _task_receiver /usr/local/lib/python3.8/dist-packages/taskflow/listeners/logging.py:178}}
Aug 10 16:49:44.875180 dv-cinder-759943-9-iscsi devstack@c-api.service[111734]: /usr/local/lib/python3.8/dist-packages/oslo_context/context.py:105: DeprecationWarning: Policy enforcement is depending on the value of is_admin. This key is deprecated. Please update your policy file to use the standard policy values.
Aug 10 16:49:44.875180 dv-cinder-759943-9-iscsi devstack@c-api.service[111734]: warnings.warn('Policy enforcement is depending on the value of '
Aug 10 16:49:44.880156 dv-cinder-759943-9-iscsi devstack@c-api.service[111735]: DEBUG cinder.volume.api [req-0a65a64a-8482-4ffb-ab7c-bfc758fa4bf0 req-18baafde-83e4-454d-aaa3-8742d1e32e6a tempest-VolumesSnapshotsTestJSON-294947762 tempest-VolumesSnapshotsTestJSON-294947762-project] Flow 'volume_create_api' (d0924257-725f-48f6-9459-95653908a249) transitioned into state 'SUCCESS' from state 'RUNNING' {{(pid=111735) _flow_receiver /usr/local/lib/python3.8/dist-packages/taskflow/listeners/logging.py:141}}
Aug 10 16:49:44.880944 dv-cinder-759943-9-iscsi devstack@c-api.service[111735]: INFO cinder.volume.api [req-0a65a64a-8482-4ffb-ab7c-bfc758fa4bf0 req-18baafde-83e4-454d-aaa3-8742d1e32e6a tempest-VolumesSnapshotsTestJSON-294947762 tempest-VolumesSnapshotsTestJSON-294947762-project] Create volume request issued successfully.
Aug 10 16:49:44.891740 dv-cinder-759943-9-iscsi devstack@c-api.service[111734]: INFO cinder.volume.api [None req-f876b377-b85b-410e-bf90-ad53ae28f014 tempest-VolumesTestJSON-1060648143 tempest-VolumesTestJSON-1060648143-project] Volume info retrieved successfully.
Aug 10 16:49:44.894415 dv-cinder-759943-9-iscsi devstack@c-api.service[111735]: INFO cinder.api.openstack.wsgi [req-0a65a64a-8482-4ffb-ab7c-bfc758fa4bf0 req-18baafde-83e4-454d-aaa3-8742d1e32e6a tempest-VolumesSnapshotsTestJSON-294947762 tempest-VolumesSnapshotsTestJSON-294947762-project] http://10.222.0.20/volume/v3/c7788906f0d14859b77a4115a4d7c528/volumes returned with HTTP 202
Aug 10 16:49:44.906988 dv-cinder-759943-9-iscsi devstack@c-api.service[111735]: [pid: 111735|app: 0|req: 8/15] 10.222.0.20 () {64 vars in 1522 bytes} [Tue Aug 10 16:49:44 2021] POST /volume/v3/c7788906f0d14859b77a4115a4d7c528/volumes => generated 823 bytes in 427 msecs (HTTP/1.1 202) 7 headers in 291 bytes (1 switches on core 0)
Aug 10 16:49:44.916493 dv-cinder-759943-9-iscsi devstack@c-api.service[111734]: INFO cinder.api.openstack.wsgi [None req-f876b377-b85b-410e-bf90-ad53ae28f014 tempest-VolumesTestJSON-1060648143 tempest-VolumesTestJSON-1060648143-project] http://10.222.0.20/volume/v3/a556f24f53fa4284aa9f154ec735260c/volumes/72c4f1ea-4173-4541-bfbe-e89937d34660 returned with HTTP 200
Aug 10 16:49:44.918403 dv-cinder-759943-9-iscsi devstack@c-api.service[111734]: [pid: 111734|app: 0|req: 8/16] 10.222.0.20 () {58 vars in 1325 bytes} [Tue Aug 10 16:49:44 2021] GET /volume/v3/a556f24f53fa4284aa9f154ec735260c/volumes/72c4f1ea-4173-4541-bfbe-e89937d34660 => generated 920 bytes in 87 msecs (HTTP/1.1 200) 7 headers in 285 bytes (1 switches on core 0)
Aug 10 16:49:44.923815 dv-cinder-759943-9-iscsi devstack@c-api.service[111734]: INFO cinder.api.openstack.wsgi [req-0a65a64a-8482-4ffb-ab7c-bfc758fa4bf0 req-b727a401-f223-465b-b971-d02c03fdc47d tempest-VolumesSnapshotsTestJSON-294947762 tempest-VolumesSnapshotsTestJSON-294947762-project] GET http://10.222.0.20/volume/v3/c7788906f0d14859b77a4115a4d7c528/volumes/cdf14ebc-3f2b-4dc7-9e76-74e3919d448d
Aug 10 16:49:44.924301 dv-cinder-759943-9-iscsi devstack@c-api.service[111734]: DEBUG cinder.api.openstack.wsgi [req-0a65a64a-8482-4ffb-ab7c-bfc758fa4bf0 req-b727a401-f223-465b-b971-d02c03fdc47d tempest-VolumesSnapshotsTestJSON-294947762 tempest-VolumesSnapshotsTestJSON-294947762-project] Empty body provided in request {{(pid=111734) get_body /opt/stack/cinder/cinder/api/openstack/wsgi.py:703}}
Aug 10 16:49:44.924722 dv-cinder-759943-9-iscsi devstack@c-api.service[111734]: /usr/local/lib/python3.8/dist-packages/webob/acceptparse.py:1047: DeprecationWarning: The behavior of AcceptValidHeader.best_match is currently being maintained for backward compatibility, but it will be deprecated in the future, as it does not conform to the RFC.
Aug 10 16:49:44.924722 dv-cinder-759943-9-iscsi devstack@c-api.service[111734]: warnings.warn(
Aug 10 16:49:44.925078 dv-cinder-759943-9-iscsi devstack@c-api.service[111734]: DEBUG cinder.api.openstack.wsgi [req-0a65a64a-8482-4ffb-ab7c-bfc758fa4bf0 req-b727a401-f223-465b-b971-d02c03fdc47d tempest-VolumesSnapshotsTestJSON-294947762 tempest-VolumesSnapshotsTestJSON-294947762-project] Calling method 'show' {{(pid=111734) _process_stack /opt/stack/cinder/cinder/api/openstack/wsgi.py:856}}
Aug 10 16:49:44.927454 dv-cinder-759943-9-iscsi devstack@c-api.service[111735]: INFO cinder.api.openstack.wsgi [None req-e9bcec80-ffb3-414e-9ca9-a044da9e6a88 tempest-GroupTypeSpecsTest-1971466569 tempest-GroupTypeSpecsTest-1971466569-project-admin] POST http://10.222.0.20/volume/v3/50c4b22050324585b04eb5631403f92e/group_types/1d4b70eb-815c-4045-97c1-829c46931df0/group_specs
Aug 10 16:49:44.931137 dv-cinder-759943-9-iscsi devstack@c-api.service[111735]: /usr/local/lib/python3.8/dist-packages/webob/acceptparse.py:1047: DeprecationWarning: The behavior of AcceptValidHeader.best_match is currently being maintained for backward compatibility, but it will be deprecated in the future, as it does not conform to the RFC.
Aug 10 16:49:44.931137 dv-cinder-759943-9-iscsi devstack@c-api.service[111735]: warnings.warn(
Aug 10 16:49:44.931587 dv-cinder-759943-9-iscsi devstack@c-api.service[111735]: DEBUG cinder.api.openstack.wsgi [None req-e9bcec80-ffb3-414e-9ca9-a044da9e6a88 tempest-GroupTypeSpecsTest-1971466569 tempest-GroupTypeSpecsTest-1971466569-project-admin] Action: 'create', calling method: version_select, body: {"group_specs": {"key2": "value2-updated", "key3": "value3"}} {{(pid=111735) _process_stack /opt/stack/cinder/cinder/api/openstack/wsgi.py:854}}
Aug 10 16:49:44.933103 dv-cinder-759943-9-iscsi devstack@c-api.service[111735]: /usr/local/lib/python3.8/dist-packages/oslo_context/context.py:105: DeprecationWarning: Policy enforcement is depending on the value of is_admin. This key is deprecated. Please update your policy file to use the standard policy values.
Aug 10 16:49:44.933103 dv-cinder-759943-9-iscsi devstack@c-api.service[111735]: warnings.warn('Policy enforcement is depending on the value of '
Aug 10 16:49:44.963637 dv-cinder-759943-9-iscsi devstack@c-api.service[111734]: /usr/local/lib/python3.8/dist-packages/oslo_context/context.py:105: DeprecationWarning: Policy enforcement is depending on the value of is_admin. This key is deprecated. Please update your policy file to use the standard policy values.
Aug 10 16:49:44.963637 dv-cinder-759943-9-iscsi devstack@c-api.service[111734]: warnings.warn('Policy enforcement is depending on the value of '
Aug 10 16:49:44.971941 dv-cinder-759943-9-iscsi devstack@c-api.service[111734]: INFO cinder.volume.api [req-0a65a64a-8482-4ffb-ab7c-bfc758fa4bf0 req-b727a401-f223-465b-b971-d02c03fdc47d tempest-VolumesSnapshotsTestJSON-294947762 tempest-VolumesSnapshotsTestJSON-294947762-project] Volume info retrieved successfully.
Aug 10 16:49:44.979003 dv-cinder-759943-9-iscsi devstack@c-api.service[111735]: INFO cinder.api.openstack.wsgi [None req-e9bcec80-ffb3-414e-9ca9-a044da9e6a88 tempest-GroupTypeSpecsTest-1971466569 tempest-GroupTypeSpecsTest-1971466569-project-admin] http://10.222.0.20/volume/v3/50c4b22050324585b04eb5631403f92e/group_types/1d4b70eb-815c-4045-97c1-829c46931df0/group_specs returned with HTTP 202
Aug 10 16:49:44.980152 dv-cinder-759943-9-iscsi devstack@c-api.service[111735]: [pid: 111735|app: 0|req: 9/17] 10.222.0.20 () {62 vars in 1435 bytes} [Tue Aug 10 16:49:44 2021] POST /volume/v3/50c4b22050324585b04eb5631403f92e/group_types/1d4b70eb-815c-4045-97c1-829c46931df0/group_specs => generated 61 bytes in 72 msecs (HTTP/1.1 202) 7 headers in 291 bytes (1 switches on core 0)
Aug 10 16:49:44.990014 dv-cinder-759943-9-iscsi devstack@c-api.service[111735]: INFO cinder.api.openstack.wsgi [None req-9d36e44c-9ec8-4792-a69f-406a156b6692 tempest-GroupTypeSpecsTest-1971466569 tempest-GroupTypeSpecsTest-1971466569-project-admin] GET http://10.222.0.20/volume/v3/50c4b22050324585b04eb5631403f92e/group_types/1d4b70eb-815c-4045-97c1-829c46931df0/group_specs/key2
Aug 10 16:49:44.991796 dv-cinder-759943-9-iscsi devstack@c-api.service[111735]: DEBUG cinder.api.openstack.wsgi [None req-9d36e44c-9ec8-4792-a69f-406a156b6692 tempest-GroupTypeSpecsTest-1971466569 tempest-GroupTypeSpecsTest-1971466569-project-admin] Empty body provided in request {{(pid=111735) get_body /opt/stack/cinder/cinder/api/openstack/wsgi.py:703}}
Aug 10 16:49:44.992230 dv-cinder-759943-9-iscsi devstack@c-api.service[111735]: DEBUG cinder.api.openstack.wsgi [None req-9d36e44c-9ec8-4792-a69f-406a156b6692 tempest-GroupTypeSpecsTest-1971466569 tempest-GroupTypeSpecsTest-1971466569-project-admin] Calling method 'version_select' {{(pid=111735) _process_stack /opt/stack/cinder/cinder/api/openstack/wsgi.py:856}}
Aug 10 16:49:45.006772 dv-cinder-759943-9-iscsi devstack@c-api.service[111734]: INFO cinder.api.openstack.wsgi [req-0a65a64a-8482-4ffb-ab7c-bfc758fa4bf0 req-b727a401-f223-465b-b971-d02c03fdc47d tempest-VolumesSnapshotsTestJSON-294947762 tempest-VolumesSnapshotsTestJSON-294947762-project] http://10.222.0.20/volume/v3/c7788906f0d14859b77a4115a4d7c528/volumes/cdf14ebc-3f2b-4dc7-9e76-74e3919d448d returned with HTTP 200
Aug 10 16:49:45.007821 dv-cinder-759943-9-iscsi devstack@c-api.service[111735]: INFO cinder.api.openstack.wsgi [None req-9d36e44c-9ec8-4792-a69f-406a156b6692 tempest-GroupTypeSpecsTest-1971466569 tempest-GroupTypeSpecsTest-1971466569-project-admin] http://10.222.0.20/volume/v3/50c4b22050324585b04eb5631403f92e/group_types/1d4b70eb-815c-4045-97c1-829c46931df0/group_specs/key2 returned with HTTP 200
Aug 10 16:49:45.009414 dv-cinder-759943-9-iscsi devstack@c-api.service[111735]: [pid: 111735|app: 0|req: 10/18] 10.222.0.20 () {60 vars in 1429 bytes} [Tue Aug 10 16:49:44 2021] GET /volume/v3/50c4b22050324585b04eb5631403f92e/group_types/1d4b70eb-815c-4045-97c1-829c46931df0/group_specs/key2 => generated 26 bytes in 24 msecs (HTTP/1.1 200) 7 headers in 285 bytes (2 switches on core 0)
Aug 10 16:49:45.013080 dv-cinder-759943-9-iscsi devstack@c-api.service[111734]: [pid: 111734|app: 0|req: 9/19] 10.222.0.20 () {60 vars in 1579 bytes} [Tue Aug 10 16:49:44 2021] GET /volume/v3/c7788906f0d14859b77a4115a4d7c528/volumes/cdf14ebc-3f2b-4dc7-9e76-74e3919d448d => generated 891 bytes in 94 msecs (HTTP/1.1 200) 7 headers in 285 bytes (1 switches on core 0)
Aug 10 16:49:45.018128 dv-cinder-759943-9-iscsi devstack@c-api.service[111735]: INFO cinder.api.openstack.wsgi [None req-661e77b5-a1f9-4c59-9d2a-43b52de7bfed tempest-GroupTypeSpecsTest-1971466569 tempest-GroupTypeSpecsTest-1971466569-project-admin] GET http://10.222.0.20/volume/v3/50c4b22050324585b04eb5631403f92e/group_types/1d4b70eb-815c-4045-97c1-829c46931df0/group_specs/key3
Aug 10 16:49:45.019437 dv-cinder-759943-9-iscsi devstack@c-api.service[111735]: DEBUG cinder.api.openstack.wsgi [None req-661e77b5-a1f9-4c59-9d2a-43b52de7bfed tempest-GroupTypeSpecsTest-1971466569 tempest-GroupTypeSpecsTest-1971466569-project-admin] Empty body provided in request {{(pid=111735) get_body /opt/stack/cinder/cinder/api/openstack/wsgi.py:703}}
Aug 10 16:49:45.020066 dv-cinder-759943-9-iscsi devstack@c-api.service[111735]: DEBUG cinder.api.openstack.wsgi [None req-661e77b5-a1f9-4c59-9d2a-43b52de7bfed tempest-GroupTypeSpecsTest-1971466569 tempest-GroupTypeSpecsTest-1971466569-project-admin] Calling method 'version_select' {{(pid=111735) _process_stack /opt/stack/cinder/cinder/api/openstack/wsgi.py:856}}
Aug 10 16:49:45.038968 dv-cinder-759943-9-iscsi devstack@c-api.service[111735]: INFO cinder.api.openstack.wsgi [None req-661e77b5-a1f9-4c59-9d2a-43b52de7bfed tempest-GroupTypeSpecsTest-1971466569 tempest-GroupTypeSpecsTest-1971466569-project-admin] http://10.222.0.20/volume/v3/50c4b22050324585b04eb5631403f92e/group_types/1d4b70eb-815c-4045-97c1-829c46931df0/group_specs/key3 returned with HTTP 200
Aug 10 16:49:45.040163 dv-cinder-759943-9-iscsi devstack@c-api.service[111735]: [pid: 111735|app: 0|req: 11/20] 10.222.0.20 () {60 vars in 1429 bytes} [Tue Aug 10 16:49:45 2021] GET /volume/v3/50c4b22050324585b04eb5631403f92e/group_types/1d4b70eb-815c-4045-97c1-829c46931df0/group_specs/key3 => generated 18 bytes in 26 msecs (HTTP/1.1 200) 7 headers in 285 bytes (1 switches on core 0)
Aug 10 16:49:45.047478 dv-cinder-759943-9-iscsi devstack@c-api.service[111734]: INFO cinder.api.openstack.wsgi [req-0de8b69c-3a54-4e82-b28b-d1808bd73602 req-7e5b7c42-4733-44d2-8dd4-f28c0213c99c tempest-VolumesSnapshotsTestJSON-294947762 tempest-VolumesSnapshotsTestJSON-294947762-project] GET http://10.222.0.20/volume/v3/c7788906f0d14859b77a4115a4d7c528/volumes/cdf14ebc-3f2b-4dc7-9e76-74e3919d448d
Aug 10 16:49:45.048192 dv-cinder-759943-9-iscsi devstack@c-api.service[111734]: DEBUG cinder.api.openstack.wsgi [req-0de8b69c-3a54-4e82-b28b-d1808bd73602 req-7e5b7c42-4733-44d2-8dd4-f28c0213c99c tempest-VolumesSnapshotsTestJSON-294947762 tempest-VolumesSnapshotsTestJSON-294947762-project] Empty body provided in request {{(pid=111734) get_body /opt/stack/cinder/cinder/api/openstack/wsgi.py:703}}
Aug 10 16:49:45.048471 dv-cinder-759943-9-iscsi devstack@c-api.service[111734]: /usr/local/lib/python3.8/dist-packages/webob/acceptparse.py:1047: DeprecationWarning: The behavior of AcceptValidHeader.best_match is currently being maintained for backward compatibility, but it will be deprecated in the future, as it does not conform to the RFC.
Aug 10 16:49:45.048471 dv-cinder-759943-9-iscsi devstack@c-api.service[111734]: warnings.warn(
