Aug 31 23:36:37.848273 dv-cinder-759943-18-smb devstack@c-api.service[100816]: [pid: 100816|app: 0|req: 55/129] 10.222.0.62 () {60 vars in 1373 bytes} [Tue Aug 31 23:36:37 2021] POST /volume/v3/dba6c6f8247d4f8a9cb8a0fe8462ab87/snapshots/06bb50d2-3de6-412c-a9cb-382c1213df54/action => generated 0 bytes in 112 msecs (HTTP/1.1 202) 7 headers in 289 bytes (1 switches on core 0)
Aug 31 23:36:37.859434 dv-cinder-759943-18-smb devstack@c-api.service[100816]: INFO cinder.api.openstack.wsgi [None req-1a67ea42-409c-4e77-9d6c-1d4075927965 tempest-SnapshotsActionsTest-1845015875 tempest-SnapshotsActionsTest-1845015875-project] GET http://10.222.0.62/volume/v3/7affe74bb50c494c9a61c25e6103d55b/snapshots/06bb50d2-3de6-412c-a9cb-382c1213df54
Aug 31 23:36:37.861041 dv-cinder-759943-18-smb devstack@c-api.service[100816]: DEBUG cinder.api.openstack.wsgi [None req-1a67ea42-409c-4e77-9d6c-1d4075927965 tempest-SnapshotsActionsTest-1845015875 tempest-SnapshotsActionsTest-1845015875-project] Empty body provided in request {{(pid=100816) get_body /opt/stack/cinder/cinder/api/openstack/wsgi.py:703}}
Aug 31 23:36:37.861440 dv-cinder-759943-18-smb devstack@c-api.service[100816]: /usr/local/lib/python3.8/dist-packages/webob/acceptparse.py:1047: DeprecationWarning: The behavior of AcceptValidHeader.best_match is currently being maintained for backward compatibility, but it will be deprecated in the future, as it does not conform to the RFC.
Aug 31 23:36:37.861440 dv-cinder-759943-18-smb devstack@c-api.service[100816]: warnings.warn(
Aug 31 23:36:37.862052 dv-cinder-759943-18-smb devstack@c-api.service[100816]: DEBUG cinder.api.openstack.wsgi [None req-1a67ea42-409c-4e77-9d6c-1d4075927965 tempest-SnapshotsActionsTest-1845015875 tempest-SnapshotsActionsTest-1845015875-project] Calling method 'show' {{(pid=100816) _process_stack /opt/stack/cinder/cinder/api/openstack/wsgi.py:856}}
Aug 31 23:36:37.873605 dv-cinder-759943-18-smb devstack@c-api.service[100816]: /usr/local/lib/python3.8/dist-packages/oslo_context/context.py:105: DeprecationWarning: Policy enforcement is depending on the value of is_admin. This key is deprecated. Please update your policy file to use the standard policy values.
Aug 31 23:36:37.873605 dv-cinder-759943-18-smb devstack@c-api.service[100816]: warnings.warn('Policy enforcement is depending on the value of '
Aug 31 23:36:37.874980 dv-cinder-759943-18-smb devstack@c-api.service[100816]: INFO cinder.volume.api [None req-1a67ea42-409c-4e77-9d6c-1d4075927965 tempest-SnapshotsActionsTest-1845015875 tempest-SnapshotsActionsTest-1845015875-project] Snapshot retrieved successfully.
Aug 31 23:36:37.877004 dv-cinder-759943-18-smb devstack@c-api.service[100816]: INFO cinder.api.openstack.wsgi [None req-1a67ea42-409c-4e77-9d6c-1d4075927965 tempest-SnapshotsActionsTest-1845015875 tempest-SnapshotsActionsTest-1845015875-project] http://10.222.0.62/volume/v3/7affe74bb50c494c9a61c25e6103d55b/snapshots/06bb50d2-3de6-412c-a9cb-382c1213df54 returned with HTTP 200
Aug 31 23:36:37.878510 dv-cinder-759943-18-smb devstack@c-api.service[100816]: [pid: 100816|app: 0|req: 56/130] 10.222.0.62 () {58 vars in 1331 bytes} [Tue Aug 31 23:36:37 2021] GET /volume/v3/7affe74bb50c494c9a61c25e6103d55b/snapshots/06bb50d2-3de6-412c-a9cb-382c1213df54 => generated 532 bytes in 24 msecs (HTTP/1.1 200) 7 headers in 285 bytes (1 switches on core 0)
Aug 31 23:36:37.892954 dv-cinder-759943-18-smb devstack@c-api.service[100816]: INFO cinder.api.openstack.wsgi [None req-39fb0892-508e-4a66-8010-111e97ffc1a3 tempest-SnapshotsActionsTest-1845015875 tempest-SnapshotsActionsTest-1845015875-project] POST http://10.222.0.62/volume/v3/7affe74bb50c494c9a61c25e6103d55b/snapshots
Aug 31 23:36:37.893552 dv-cinder-759943-18-smb devstack@c-api.service[100816]: /usr/local/lib/python3.8/dist-packages/webob/acceptparse.py:1047: DeprecationWarning: The behavior of AcceptValidHeader.best_match is currently being maintained for backward compatibility, but it will be deprecated in the future, as it does not conform to the RFC.
Aug 31 23:36:37.893552 dv-cinder-759943-18-smb devstack@c-api.service[100816]: warnings.warn(
Aug 31 23:36:37.894205 dv-cinder-759943-18-smb devstack@c-api.service[100816]: DEBUG cinder.api.openstack.wsgi [None req-39fb0892-508e-4a66-8010-111e97ffc1a3 tempest-SnapshotsActionsTest-1845015875 tempest-SnapshotsActionsTest-1845015875-project] Action: 'create', calling method: create, body: {"snapshot": {"volume_id": "b97f9905-b9e7-495e-b7db-96b62d6a1a00", "name": "tempest-SnapshotsActionsTest-Snapshot-1576025179"}} {{(pid=100816) _process_stack /opt/stack/cinder/cinder/api/openstack/wsgi.py:854}}
Aug 31 23:36:37.918694 dv-cinder-759943-18-smb devstack@c-api.service[100816]: /usr/local/lib/python3.8/dist-packages/oslo_context/context.py:105: DeprecationWarning: Policy enforcement is depending on the value of is_admin. This key is deprecated. Please update your policy file to use the standard policy values.
Aug 31 23:36:37.918694 dv-cinder-759943-18-smb devstack@c-api.service[100816]: warnings.warn('Policy enforcement is depending on the value of '
Aug 31 23:36:37.920302 dv-cinder-759943-18-smb devstack@c-api.service[100816]: INFO cinder.volume.api [None req-39fb0892-508e-4a66-8010-111e97ffc1a3 tempest-SnapshotsActionsTest-1845015875 tempest-SnapshotsActionsTest-1845015875-project] Volume info retrieved successfully.
Aug 31 23:36:37.920791 dv-cinder-759943-18-smb devstack@c-api.service[100816]: INFO cinder.api.v2.snapshots [None req-39fb0892-508e-4a66-8010-111e97ffc1a3 tempest-SnapshotsActionsTest-1845015875 tempest-SnapshotsActionsTest-1845015875-project] Create snapshot from volume b97f9905-b9e7-495e-b7db-96b62d6a1a00
Aug 31 23:36:37.962611 dv-cinder-759943-18-smb devstack@c-api.service[100815]: INFO cinder.api.openstack.wsgi [None req-4ced9333-32df-4bf6-a975-16a0ef812b9c tempest-GroupsV314Test-1170996399 tempest-GroupsV314Test-1170996399-project] http://10.222.0.62/volume/v3/09e1f2a5f2a643de8032f2f623f04906/groups/4cdc747e-444a-4637-8cec-5daae4f9448a/action returned with HTTP 202
Aug 31 23:36:37.963819 dv-cinder-759943-18-smb devstack@c-api.service[100815]: [pid: 100815|app: 0|req: 75/131] 10.222.0.62 () {62 vars in 1405 bytes} [Tue Aug 31 23:36:37 2021] POST /volume/v3/09e1f2a5f2a643de8032f2f623f04906/groups/4cdc747e-444a-4637-8cec-5daae4f9448a/action => generated 0 bytes in 212 msecs (HTTP/1.1 202) 6 headers in 234 bytes (1 switches on core 0)
Aug 31 23:36:37.973402 dv-cinder-759943-18-smb devstack@c-api.service[100815]: INFO cinder.api.openstack.wsgi [None req-2f9336d5-7ce2-4575-a269-8be22cdc5549 tempest-GroupsV314Test-1170996399 tempest-GroupsV314Test-1170996399-project] GET http://10.222.0.62/volume/v3/09e1f2a5f2a643de8032f2f623f04906/volumes/3579becb-048c-4ac6-95bf-fc911e9de7a4
Aug 31 23:36:37.973402 dv-cinder-759943-18-smb devstack@c-api.service[100815]: DEBUG cinder.api.openstack.wsgi [None req-2f9336d5-7ce2-4575-a269-8be22cdc5549 tempest-GroupsV314Test-1170996399 tempest-GroupsV314Test-1170996399-project] Empty body provided in request {{(pid=100815) get_body /opt/stack/cinder/cinder/api/openstack/wsgi.py:703}}
Aug 31 23:36:37.973402 dv-cinder-759943-18-smb devstack@c-api.service[100815]: /usr/local/lib/python3.8/dist-packages/webob/acceptparse.py:1047: DeprecationWarning: The behavior of AcceptValidHeader.best_match is currently being maintained for backward compatibility, but it will be deprecated in the future, as it does not conform to the RFC.
Aug 31 23:36:37.973402 dv-cinder-759943-18-smb devstack@c-api.service[100815]: warnings.warn(
Aug 31 23:36:37.973755 dv-cinder-759943-18-smb devstack@c-api.service[100815]: DEBUG cinder.api.openstack.wsgi [None req-2f9336d5-7ce2-4575-a269-8be22cdc5549 tempest-GroupsV314Test-1170996399 tempest-GroupsV314Test-1170996399-project] Calling method 'show' {{(pid=100815) _process_stack /opt/stack/cinder/cinder/api/openstack/wsgi.py:856}}
Aug 31 23:36:37.995148 dv-cinder-759943-18-smb devstack@c-api.service[100816]: DEBUG cinder.quota [None req-39fb0892-508e-4a66-8010-111e97ffc1a3 tempest-SnapshotsActionsTest-1845015875 tempest-SnapshotsActionsTest-1845015875-project] Created reservations ['ad3636c9-257a-49ed-b4a3-99651e2dfb95', 'b9e1cc91-4d56-4892-8fa7-b86794cd43d1', '6c39bd48-f76c-4816-9de8-4d3b6efc5112', '942725cc-a65f-4f75-8985-1c8849d5d0ef'] {{(pid=100816) reserve /opt/stack/cinder/cinder/quota.py:755}}
Aug 31 23:36:38.004522 dv-cinder-759943-18-smb devstack@c-api.service[100815]: /usr/local/lib/python3.8/dist-packages/oslo_context/context.py:105: DeprecationWarning: Policy enforcement is depending on the value of is_admin. This key is deprecated. Please update your policy file to use the standard policy values.
Aug 31 23:36:38.004522 dv-cinder-759943-18-smb devstack@c-api.service[100815]: warnings.warn('Policy enforcement is depending on the value of '
Aug 31 23:36:38.040550 dv-cinder-759943-18-smb devstack@c-api.service[100815]: INFO cinder.volume.api [None req-2f9336d5-7ce2-4575-a269-8be22cdc5549 tempest-GroupsV314Test-1170996399 tempest-GroupsV314Test-1170996399-project] Volume info retrieved successfully.
Aug 31 23:36:38.083039 dv-cinder-759943-18-smb devstack@c-api.service[100815]: WARNING stevedore.named [None req-2f9336d5-7ce2-4575-a269-8be22cdc5549 tempest-GroupsV314Test-1170996399 tempest-GroupsV314Test-1170996399-project] Could not load cinder.keymgr.conf_key_mgr.ConfKeyManager
Aug 31 23:36:38.086559 dv-cinder-759943-18-smb devstack@c-api.service[100816]: INFO cinder.volume.api [None req-39fb0892-508e-4a66-8010-111e97ffc1a3 tempest-SnapshotsActionsTest-1845015875 tempest-SnapshotsActionsTest-1845015875-project] Snapshot create request issued successfully.
Aug 31 23:36:38.087623 dv-cinder-759943-18-smb devstack@c-api.service[100816]: INFO cinder.api.openstack.wsgi [None req-39fb0892-508e-4a66-8010-111e97ffc1a3 tempest-SnapshotsActionsTest-1845015875 tempest-SnapshotsActionsTest-1845015875-project] http://10.222.0.62/volume/v3/7affe74bb50c494c9a61c25e6103d55b/snapshots returned with HTTP 202
Aug 31 23:36:38.087891 dv-cinder-759943-18-smb devstack@c-api.service[100815]: WARNING castellan.key_manager [None req-2f9336d5-7ce2-4575-a269-8be22cdc5549 tempest-GroupsV314Test-1170996399 tempest-GroupsV314Test-1170996399-project] Deprecation Warning : cinder.keymgr.conf_key_mgr.ConfKeyManager is not a stevedore based driver, trying to load it as a class: stevedore.exception.NoMatches: No 'castellan.drivers' driver found, looking for 'cinder.keymgr.conf_key_mgr.ConfKeyManager'
Aug 31 23:36:38.095249 dv-cinder-759943-18-smb devstack@c-api.service[100816]: [pid: 100816|app: 0|req: 57/132] 10.222.0.62 () {60 vars in 1242 bytes} [Tue Aug 31 23:36:37 2021] POST /volume/v3/7affe74bb50c494c9a61c25e6103d55b/snapshots => generated 307 bytes in 206 msecs (HTTP/1.1 202) 7 headers in 291 bytes (1 switches on core 0)
Aug 31 23:36:38.102515 dv-cinder-759943-18-smb devstack@c-api.service[100816]: INFO cinder.api.openstack.wsgi [None req-a00b7830-3b06-4ea6-99cb-334ff82ae921 tempest-SnapshotsActionsTest-1845015875 tempest-SnapshotsActionsTest-1845015875-project] GET http://10.222.0.62/volume/v3/7affe74bb50c494c9a61c25e6103d55b/snapshots/6f0f3c9d-0a7e-4217-a713-18458fccb6ef
Aug 31 23:36:38.102931 dv-cinder-759943-18-smb devstack@c-api.service[100816]: DEBUG cinder.api.openstack.wsgi [None req-a00b7830-3b06-4ea6-99cb-334ff82ae921 tempest-SnapshotsActionsTest-1845015875 tempest-SnapshotsActionsTest-1845015875-project] Empty body provided in request {{(pid=100816) get_body /opt/stack/cinder/cinder/api/openstack/wsgi.py:703}}
Aug 31 23:36:38.103099 dv-cinder-759943-18-smb devstack@c-api.service[100816]: /usr/local/lib/python3.8/dist-packages/webob/acceptparse.py:1047: DeprecationWarning: The behavior of AcceptValidHeader.best_match is currently being maintained for backward compatibility, but it will be deprecated in the future, as it does not conform to the RFC.
Aug 31 23:36:38.103099 dv-cinder-759943-18-smb devstack@c-api.service[100816]: warnings.warn(
Aug 31 23:36:38.103416 dv-cinder-759943-18-smb devstack@c-api.service[100816]: DEBUG cinder.api.openstack.wsgi [None req-a00b7830-3b06-4ea6-99cb-334ff82ae921 tempest-SnapshotsActionsTest-1845015875 tempest-SnapshotsActionsTest-1845015875-project] Calling method 'show' {{(pid=100816) _process_stack /opt/stack/cinder/cinder/api/openstack/wsgi.py:856}}
Aug 31 23:36:38.108262 dv-cinder-759943-18-smb devstack@c-api.service[100815]: DEBUG oslo_db.sqlalchemy.engines [None req-2f9336d5-7ce2-4575-a269-8be22cdc5549 tempest-GroupsV314Test-1170996399 tempest-GroupsV314Test-1170996399-project] MySQL server mode set to STRICT_TRANS_TABLES,STRICT_ALL_TABLES,NO_ZERO_IN_DATE,NO_ZERO_DATE,ERROR_FOR_DIVISION_BY_ZERO,TRADITIONAL,NO_ENGINE_SUBSTITUTION {{(pid=100815) _check_effective_sql_mode /usr/local/lib/python3.8/dist-packages/oslo_db/sqlalchemy/engines.py:314}}
Aug 31 23:36:38.123608 dv-cinder-759943-18-smb devstack@c-api.service[100815]: /usr/local/lib/python3.8/dist-packages/oslo_context/context.py:105: DeprecationWarning: Policy enforcement is depending on the value of is_admin. This key is deprecated. Please update your policy file to use the standard policy values.
Aug 31 23:36:38.123608 dv-cinder-759943-18-smb devstack@c-api.service[100815]: warnings.warn('Policy enforcement is depending on the value of '
Aug 31 23:36:38.127994 dv-cinder-759943-18-smb devstack@c-api.service[100816]: /usr/local/lib/python3.8/dist-packages/oslo_context/context.py:105: DeprecationWarning: Policy enforcement is depending on the value of is_admin. This key is deprecated. Please update your policy file to use the standard policy values.
Aug 31 23:36:38.127994 dv-cinder-759943-18-smb devstack@c-api.service[100816]: warnings.warn('Policy enforcement is depending on the value of '
Aug 31 23:36:38.129717 dv-cinder-759943-18-smb devstack@c-api.service[100816]: INFO cinder.volume.api [None req-a00b7830-3b06-4ea6-99cb-334ff82ae921 tempest-SnapshotsActionsTest-1845015875 tempest-SnapshotsActionsTest-1845015875-project] Snapshot retrieved successfully.
Aug 31 23:36:38.132320 dv-cinder-759943-18-smb devstack@c-api.service[100816]: INFO cinder.api.openstack.wsgi [None req-a00b7830-3b06-4ea6-99cb-334ff82ae921 tempest-SnapshotsActionsTest-1845015875 tempest-SnapshotsActionsTest-1845015875-project] http://10.222.0.62/volume/v3/7affe74bb50c494c9a61c25e6103d55b/snapshots/6f0f3c9d-0a7e-4217-a713-18458fccb6ef returned with HTTP 200
Aug 31 23:36:38.150113 dv-cinder-759943-18-smb devstack@c-api.service[100816]: [pid: 100816|app: 0|req: 58/133] 10.222.0.62 () {58 vars in 1331 bytes} [Tue Aug 31 23:36:38 2021] GET /volume/v3/7affe74bb50c494c9a61c25e6103d55b/snapshots/6f0f3c9d-0a7e-4217-a713-18458fccb6ef => generated 439 bytes in 51 msecs (HTTP/1.1 200) 7 headers in 285 bytes (1 switches on core 0)
Aug 31 23:36:38.171357 dv-cinder-759943-18-smb devstack@c-api.service[100815]: INFO cinder.api.openstack.wsgi [None req-2f9336d5-7ce2-4575-a269-8be22cdc5549 tempest-GroupsV314Test-1170996399 tempest-GroupsV314Test-1170996399-project] http://10.222.0.62/volume/v3/09e1f2a5f2a643de8032f2f623f04906/volumes/3579becb-048c-4ac6-95bf-fc911e9de7a4 returned with HTTP 200
Aug 31 23:36:38.174115 dv-cinder-759943-18-smb devstack@c-api.service[100815]: [pid: 100815|app: 0|req: 76/134] 10.222.0.62 () {60 vars in 1366 bytes} [Tue Aug 31 23:36:37 2021] GET /volume/v3/09e1f2a5f2a643de8032f2f623f04906/volumes/3579becb-048c-4ac6-95bf-fc911e9de7a4 => generated 987 bytes in 205 msecs (HTTP/1.1 200) 7 headers in 286 bytes (2 switches on core 0)
Aug 31 23:36:38.755407 dv-cinder-759943-18-smb devstack@c-api.service[100816]: INFO cinder.api.openstack.wsgi [None req-30c355e0-5355-4afc-b24c-948c2112ebca tempest-VolumeQuotasNegativeTestJSON-384386996 tempest-VolumeQuotasNegativeTestJSON-384386996-project] GET http://10.222.0.62/volume/v3/4609ad59ba9a43beb5f0bb54c5f90bad/volumes/8b2daa13-3b79-4435-a240-ad27a808397c
Aug 31 23:36:38.755894 dv-cinder-759943-18-smb devstack@c-api.service[100816]: DEBUG cinder.api.openstack.wsgi [None req-30c355e0-5355-4afc-b24c-948c2112ebca tempest-VolumeQuotasNegativeTestJSON-384386996 tempest-VolumeQuotasNegativeTestJSON-384386996-project] Empty body provided in request {{(pid=100816) get_body /opt/stack/cinder/cinder/api/openstack/wsgi.py:703}}
Aug 31 23:36:38.755987 dv-cinder-759943-18-smb devstack@c-api.service[100816]: /usr/local/lib/python3.8/dist-packages/webob/acceptparse.py:1047: DeprecationWarning: The behavior of AcceptValidHeader.best_match is currently being maintained for backward compatibility, but it will be deprecated in the future, as it does not conform to the RFC.
Aug 31 23:36:38.755987 dv-cinder-759943-18-smb devstack@c-api.service[100816]: warnings.warn(
Aug 31 23:36:38.756298 dv-cinder-759943-18-smb devstack@c-api.service[100816]: DEBUG cinder.api.openstack.wsgi [None req-30c355e0-5355-4afc-b24c-948c2112ebca tempest-VolumeQuotasNegativeTestJSON-384386996 tempest-VolumeQuotasNegativeTestJSON-384386996-project] Calling method 'show' {{(pid=100816) _process_stack /opt/stack/cinder/cinder/api/openstack/wsgi.py:856}}
Aug 31 23:36:38.777869 dv-cinder-759943-18-smb devstack@c-api.service[100816]: INFO cinder.api.openstack.wsgi [None req-30c355e0-5355-4afc-b24c-948c2112ebca tempest-VolumeQuotasNegativeTestJSON-384386996 tempest-VolumeQuotasNegativeTestJSON-384386996-project] http://10.222.0.62/volume/v3/4609ad59ba9a43beb5f0bb54c5f90bad/volumes/8b2daa13-3b79-4435-a240-ad27a808397c returned with HTTP 404
Aug 31 23:36:38.780058 dv-cinder-759943-18-smb devstack@c-api.service[100816]: [pid: 100816|app: 0|req: 59/135] 10.222.0.62 () {58 vars in 1325 bytes} [Tue Aug 31 23:36:38 2021] GET /volume/v3/4609ad59ba9a43beb5f0bb54c5f90bad/volumes/8b2daa13-3b79-4435-a240-ad27a808397c => generated 109 bytes in 28 msecs (HTTP/1.1 404) 7 headers in 292 bytes (1 switches on core 0)
Aug 31 23:36:38.790772 dv-cinder-759943-18-smb devstack@c-api.service[100815]: INFO cinder.api.openstack.wsgi [None req-00f19111-a4b7-4719-a493-4d2bf74f97cd tempest-VolumeQuotasNegativeTestJSON-21935102 tempest-VolumeQuotasNegativeTestJSON-21935102-project-admin] PUT http://10.222.0.62/volume/v3/c909d0b9908f42cca0b47f98b3cfc8ef/os-quota-sets/4609ad59ba9a43beb5f0bb54c5f90bad
Aug 31 23:36:38.791771 dv-cinder-759943-18-smb devstack@c-api.service[100815]: /usr/local/lib/python3.8/dist-packages/webob/acceptparse.py:1047: DeprecationWarning: The behavior of AcceptValidHeader.best_match is currently being maintained for backward compatibility, but it will be deprecated in the future, as it does not conform to the RFC.
Aug 31 23:36:38.791771 dv-cinder-759943-18-smb devstack@c-api.service[100815]: warnings.warn(
Aug 31 23:36:38.792860 dv-cinder-759943-18-smb devstack@c-api.service[100815]: DEBUG cinder.api.openstack.wsgi [None req-00f19111-a4b7-4719-a493-4d2bf74f97cd tempest-VolumeQuotasNegativeTestJSON-21935102 tempest-VolumeQuotasNegativeTestJSON-21935102-project-admin] Action: 'update', calling method: update, body: {"quota_set": {"volumes": 10, "per_volume_gigabytes": -1, "snapshots": 10, "gigabytes": 1000, "backups": 10, "backup_gigabytes": 1000}} {{(pid=100815) _process_stack /opt/stack/cinder/cinder/api/openstack/wsgi.py:854}}
Aug 31 23:36:39.036030 dv-cinder-759943-18-smb devstack@c-api.service[100815]: INFO cinder.api.openstack.wsgi [None req-00f19111-a4b7-4719-a493-4d2bf74f97cd tempest-VolumeQuotasNegativeTestJSON-21935102 tempest-VolumeQuotasNegativeTestJSON-21935102-project-admin] http://10.222.0.62/volume/v3/c909d0b9908f42cca0b47f98b3cfc8ef/os-quota-sets/4609ad59ba9a43beb5f0bb54c5f90bad returned with HTTP 200
Aug 31 23:36:39.040363 dv-cinder-759943-18-smb devstack@c-api.service[100815]: [pid: 100815|app: 0|req: 77/136] 10.222.0.62 () {60 vars in 1352 bytes} [Tue Aug 31 23:36:38 2021] PUT /volume/v3/c909d0b9908f42cca0b47f98b3cfc8ef/os-quota-sets/4609ad59ba9a43beb5f0bb54c5f90bad => generated 503 bytes in 257 msecs (HTTP/1.1 200) 7 headers in 285 bytes (1 switches on core 0)
Aug 31 23:36:39.158830 dv-cinder-759943-18-smb devstack@c-api.service[100816]: INFO cinder.api.openstack.wsgi [None req-9e8244c9-b8dd-40ec-b095-b860e7115338 tempest-SnapshotsActionsTest-1845015875 tempest-SnapshotsActionsTest-1845015875-project] GET http://10.222.0.62/volume/v3/7affe74bb50c494c9a61c25e6103d55b/snapshots/6f0f3c9d-0a7e-4217-a713-18458fccb6ef
Aug 31 23:36:39.160164 dv-cinder-759943-18-smb devstack@c-api.service[100816]: DEBUG cinder.api.openstack.wsgi [None req-9e8244c9-b8dd-40ec-b095-b860e7115338 tempest-SnapshotsActionsTest-1845015875 tempest-SnapshotsActionsTest-1845015875-project] Empty body provided in request {{(pid=100816) get_body /opt/stack/cinder/cinder/api/openstack/wsgi.py:703}}
Aug 31 23:36:39.161777 dv-cinder-759943-18-smb devstack@c-api.service[100816]: DEBUG cinder.api.openstack.wsgi [None req-9e8244c9-b8dd-40ec-b095-b860e7115338 tempest-SnapshotsActionsTest-1845015875 tempest-SnapshotsActionsTest-1845015875-project] Calling method 'show' {{(pid=100816) _process_stack /opt/stack/cinder/cinder/api/openstack/wsgi.py:856}}
Aug 31 23:36:39.181581 dv-cinder-759943-18-smb devstack@c-api.service[100816]: /usr/local/lib/python3.8/dist-packages/oslo_context/context.py:105: DeprecationWarning: Policy enforcement is depending on the value of is_admin. This key is deprecated. Please update your policy file to use the standard policy values.
Aug 31 23:36:39.181581 dv-cinder-759943-18-smb devstack@c-api.service[100816]: warnings.warn('Policy enforcement is depending on the value of '
Aug 31 23:36:39.184223 dv-cinder-759943-18-smb devstack@c-api.service[100816]: INFO cinder.volume.api [None req-9e8244c9-b8dd-40ec-b095-b860e7115338 tempest-SnapshotsActionsTest-1845015875 tempest-SnapshotsActionsTest-1845015875-project] Snapshot retrieved successfully.
Aug 31 23:36:39.187074 dv-cinder-759943-18-smb devstack@c-api.service[100816]: INFO cinder.api.openstack.wsgi [None req-9e8244c9-b8dd-40ec-b095-b860e7115338 tempest-SnapshotsActionsTest-1845015875 tempest-SnapshotsActionsTest-1845015875-project] http://10.222.0.62/volume/v3/7affe74bb50c494c9a61c25e6103d55b/snapshots/6f0f3c9d-0a7e-4217-a713-18458fccb6ef returned with HTTP 200
Aug 31 23:36:39.188284 dv-cinder-759943-18-smb devstack@c-api.service[100816]: [pid: 100816|app: 0|req: 60/137] 10.222.0.62 () {58 vars in 1331 bytes} [Tue Aug 31 23:36:39 2021] GET /volume/v3/7affe74bb50c494c9a61c25e6103d55b/snapshots/6f0f3c9d-0a7e-4217-a713-18458fccb6ef => generated 569 bytes in 35 msecs (HTTP/1.1 200) 7 headers in 285 bytes (1 switches on core 0)
Aug 31 23:36:39.193010 dv-cinder-759943-18-smb devstack@c-api.service[100815]: INFO cinder.api.openstack.wsgi [None req-280beecc-bcfe-4f15-a651-268f053f4459 tempest-GroupsV314Test-1170996399 tempest-GroupsV314Test-1170996399-project] GET http://10.222.0.62/volume/v3/09e1f2a5f2a643de8032f2f623f04906/volumes/3579becb-048c-4ac6-95bf-fc911e9de7a4
Aug 31 23:36:39.193711 dv-cinder-759943-18-smb devstack@c-api.service[100815]: DEBUG cinder.api.openstack.wsgi [None req-280beecc-bcfe-4f15-a651-268f053f4459 tempest-GroupsV314Test-1170996399 tempest-GroupsV314Test-1170996399-project] Empty body provided in request {{(pid=100815) get_body /opt/stack/cinder/cinder/api/openstack/wsgi.py:703}}
Aug 31 23:36:39.194661 dv-cinder-759943-18-smb devstack@c-api.service[100815]: DEBUG cinder.api.openstack.wsgi [None req-280beecc-bcfe-4f15-a651-268f053f4459 tempest-GroupsV314Test-1170996399 tempest-GroupsV314Test-1170996399-project] Calling method 'show' {{(pid=100815) _process_stack /opt/stack/cinder/cinder/api/openstack/wsgi.py:856}}
Aug 31 23:36:39.201408 dv-cinder-759943-18-smb devstack@c-api.service[100816]: INFO cinder.api.openstack.wsgi [None req-2652910b-8342-4935-ac5a-8ee2c92449dc tempest-SnapshotsActionsTest-1132896598 tempest-SnapshotsActionsTest-1132896598-project-admin] POST http://10.222.0.62/volume/v3/dba6c6f8247d4f8a9cb8a0fe8462ab87/snapshots/6f0f3c9d-0a7e-4217-a713-18458fccb6ef/action
Aug 31 23:36:39.202061 dv-cinder-759943-18-smb devstack@c-api.service[100816]: /usr/local/lib/python3.8/dist-packages/webob/acceptparse.py:1047: DeprecationWarning: The behavior of AcceptValidHeader.best_match is currently being maintained for backward compatibility, but it will be deprecated in the future, as it does not conform to the RFC.
Aug 31 23:36:39.202061 dv-cinder-759943-18-smb devstack@c-api.service[100816]: warnings.warn(
Aug 31 23:36:39.203277 dv-cinder-759943-18-smb devstack@c-api.service[100816]: DEBUG cinder.api.openstack.wsgi [None req-2652910b-8342-4935-ac5a-8ee2c92449dc tempest-SnapshotsActionsTest-1132896598 tempest-SnapshotsActionsTest-1132896598-project-admin] Action body: b'{"os-reset_status": {"status": "creating"}}' {{(pid=100816) get_method /opt/stack/cinder/cinder/api/openstack/wsgi.py:971}}
Aug 31 23:36:39.203850 dv-cinder-759943-18-smb devstack@c-api.service[100816]: DEBUG cinder.api.openstack.wsgi [None req-2652910b-8342-4935-ac5a-8ee2c92449dc tempest-SnapshotsActionsTest-1132896598 tempest-SnapshotsActionsTest-1132896598-project-admin] Action: 'action', calling method: _reset_status, body: {"os-reset_status": {"status": "creating"}} {{(pid=100816) _process_stack /opt/stack/cinder/cinder/api/openstack/wsgi.py:854}}
Aug 31 23:36:39.205022 dv-cinder-759943-18-smb devstack@c-api.service[100816]: DEBUG cinder.api.contrib.admin_actions [None req-2652910b-8342-4935-ac5a-8ee2c92449dc tempest-SnapshotsActionsTest-1132896598 tempest-SnapshotsActionsTest-1132896598-project-admin] Updating snapshot '6f0f3c9d-0a7e-4217-a713-18458fccb6ef' with '{'status': 'creating'}' {{(pid=100816) _reset_status /opt/stack/cinder/cinder/api/contrib/admin_actions.py:100}}
Aug 31 23:36:39.206947 dv-cinder-759943-18-smb devstack@c-api.service[100815]: INFO cinder.api.openstack.wsgi [None req-280beecc-bcfe-4f15-a651-268f053f4459 tempest-GroupsV314Test-1170996399 tempest-GroupsV314Test-1170996399-project] http://10.222.0.62/volume/v3/09e1f2a5f2a643de8032f2f623f04906/volumes/3579becb-048c-4ac6-95bf-fc911e9de7a4 returned with HTTP 404
Aug 31 23:36:39.208079 dv-cinder-759943-18-smb devstack@c-api.service[100815]: [pid: 100815|app: 0|req: 78/138] 10.222.0.62 () {60 vars in 1366 bytes} [Tue Aug 31 23:36:39 2021] GET /volume/v3/09e1f2a5f2a643de8032f2f623f04906/volumes/3579becb-048c-4ac6-95bf-fc911e9de7a4 => generated 109 bytes in 24 msecs (HTTP/1.1 404) 7 headers in 293 bytes (2 switches on core 0)
Aug 31 23:36:39.216463 dv-cinder-759943-18-smb devstack@c-api.service[100815]: INFO cinder.api.openstack.wsgi [None req-fa829fac-3752-4ec9-a40d-bc54ea2f5373 tempest-GroupsV314Test-1170996399 tempest-GroupsV314Test-1170996399-project] GET http://10.222.0.62/volume/v3/09e1f2a5f2a643de8032f2f623f04906/groups/4cdc747e-444a-4637-8cec-5daae4f9448a
Aug 31 23:36:39.217040 dv-cinder-759943-18-smb devstack@c-api.service[100815]: DEBUG cinder.api.openstack.wsgi [None req-fa829fac-3752-4ec9-a40d-bc54ea2f5373 tempest-GroupsV314Test-1170996399 tempest-GroupsV314Test-1170996399-project] Empty body provided in request {{(pid=100815) get_body /opt/stack/cinder/cinder/api/openstack/wsgi.py:703}}
Aug 31 23:36:39.217765 dv-cinder-759943-18-smb devstack@c-api.service[100815]: DEBUG cinder.api.openstack.wsgi [None req-fa829fac-3752-4ec9-a40d-bc54ea2f5373 tempest-GroupsV314Test-1170996399 tempest-GroupsV314Test-1170996399-project] Calling method 'version_select' {{(pid=100815) _process_stack /opt/stack/cinder/cinder/api/openstack/wsgi.py:856}}
Aug 31 23:36:39.218195 dv-cinder-759943-18-smb devstack@c-api.service[100815]: DEBUG cinder.api.v3.groups [None req-fa829fac-3752-4ec9-a40d-bc54ea2f5373 tempest-GroupsV314Test-1170996399 tempest-GroupsV314Test-1170996399-project] show called for member 4cdc747e-444a-4637-8cec-5daae4f9448a {{(pid=100815) show /opt/stack/cinder/cinder/api/v3/groups.py:58}}
Aug 31 23:36:39.223078 dv-cinder-759943-18-smb devstack@c-api.service[100815]: INFO cinder.api.openstack.wsgi [None req-fa829fac-3752-4ec9-a40d-bc54ea2f5373 tempest-GroupsV314Test-1170996399 tempest-GroupsV314Test-1170996399-project] http://10.222.0.62/volume/v3/09e1f2a5f2a643de8032f2f623f04906/groups/4cdc747e-444a-4637-8cec-5daae4f9448a returned with HTTP 404
Aug 31 23:36:39.229086 dv-cinder-759943-18-smb devstack@c-api.service[100815]: [pid: 100815|app: 0|req: 79/139] 10.222.0.62 () {60 vars in 1363 bytes} [Tue Aug 31 23:36:39 2021] GET /volume/v3/09e1f2a5f2a643de8032f2f623f04906/groups/4cdc747e-444a-4637-8cec-5daae4f9448a => generated 108 bytes in 16 msecs (HTTP/1.1 404) 7 headers in 293 bytes (1 switches on core 0)
Aug 31 23:36:39.232592 dv-cinder-759943-18-smb devstack@c-api.service[100815]: INFO cinder.api.openstack.wsgi [None req-361dd0ad-75a6-4572-86fd-755fc0842210 tempest-GroupsV314Test-1170996399 tempest-GroupsV314Test-1170996399-project] GET http://10.222.0.62/volume/v3/09e1f2a5f2a643de8032f2f623f04906/volumes/detail
Aug 31 23:36:39.233209 dv-cinder-759943-18-smb devstack@c-api.service[100815]: DEBUG cinder.api.openstack.wsgi [None req-361dd0ad-75a6-4572-86fd-755fc0842210 tempest-GroupsV314Test-1170996399 tempest-GroupsV314Test-1170996399-project] Empty body provided in request {{(pid=100815) get_body /opt/stack/cinder/cinder/api/openstack/wsgi.py:703}}
Aug 31 23:36:39.234009 dv-cinder-759943-18-smb devstack@c-api.service[100815]: DEBUG cinder.api.openstack.wsgi [None req-361dd0ad-75a6-4572-86fd-755fc0842210 tempest-GroupsV314Test-1170996399 tempest-GroupsV314Test-1170996399-project] Calling method 'detail' {{(pid=100815) _process_stack /opt/stack/cinder/cinder/api/openstack/wsgi.py:856}}
Aug 31 23:36:39.234786 dv-cinder-759943-18-smb devstack@c-api.service[100815]: DEBUG cinder.api.api_utils [None req-361dd0ad-75a6-4572-86fd-755fc0842210 tempest-GroupsV314Test-1170996399 tempest-GroupsV314Test-1170996399-project] Removing options '' from query. {{(pid=100815) remove_invalid_filter_options /opt/stack/cinder/cinder/api/api_utils.py:73}}
Aug 31 23:36:39.236301 dv-cinder-759943-18-smb devstack@c-api.service[100816]: /usr/local/lib/python3.8/dist-packages/oslo_context/context.py:105: DeprecationWarning: Policy enforcement is depending on the value of is_admin. This key is deprecated. Please update your policy file to use the standard policy values.
Aug 31 23:36:39.236301 dv-cinder-759943-18-smb devstack@c-api.service[100816]: warnings.warn('Policy enforcement is depending on the value of '
Aug 31 23:36:39.236526 dv-cinder-759943-18-smb devstack@c-api.service[100815]: DEBUG cinder.volume.api [None req-361dd0ad-75a6-4572-86fd-755fc0842210 tempest-GroupsV314Test-1170996399 tempest-GroupsV314Test-1170996399-project] Searching by: MultiDict([('no_migration_targets', True)]). {{(pid=100815) get_all /opt/stack/cinder/cinder/volume/api.py:619}}
Aug 31 23:36:39.268674 dv-cinder-759943-18-smb devstack@c-api.service[100816]: INFO cinder.api.openstack.wsgi [None req-2652910b-8342-4935-ac5a-8ee2c92449dc tempest-SnapshotsActionsTest-1132896598 tempest-SnapshotsActionsTest-1132896598-project-admin] http://10.222.0.62/volume/v3/dba6c6f8247d4f8a9cb8a0fe8462ab87/snapshots/6f0f3c9d-0a7e-4217-a713-18458fccb6ef/action returned with HTTP 202
Aug 31 23:36:39.270652 dv-cinder-759943-18-smb devstack@c-api.service[100816]: [pid: 100816|app: 0|req: 61/140] 10.222.0.62 () {60 vars in 1373 bytes} [Tue Aug 31 23:36:39 2021] POST /volume/v3/dba6c6f8247d4f8a9cb8a0fe8462ab87/snapshots/6f0f3c9d-0a7e-4217-a713-18458fccb6ef/action => generated 0 bytes in 75 msecs (HTTP/1.1 202) 7 headers in 289 bytes (1 switches on core 0)
Aug 31 23:36:39.281264 dv-cinder-759943-18-smb devstack@c-api.service[100816]: INFO cinder.api.openstack.wsgi [None req-d1d7a983-ae1c-4943-be2f-1e8e36c1faec tempest-SnapshotsActionsTest-1845015875 tempest-SnapshotsActionsTest-1845015875-project] GET http://10.222.0.62/volume/v3/7affe74bb50c494c9a61c25e6103d55b/snapshots/6f0f3c9d-0a7e-4217-a713-18458fccb6ef
Aug 31 23:36:39.282161 dv-cinder-759943-18-smb devstack@c-api.service[100816]: DEBUG cinder.api.openstack.wsgi [None req-d1d7a983-ae1c-4943-be2f-1e8e36c1faec tempest-SnapshotsActionsTest-1845015875 tempest-SnapshotsActionsTest-1845015875-project] Empty body provided in request {{(pid=100816) get_body /opt/stack/cinder/cinder/api/openstack/wsgi.py:703}}
Aug 31 23:36:39.282767 dv-cinder-759943-18-smb devstack@c-api.service[100816]: /usr/local/lib/python3.8/dist-packages/webob/acceptparse.py:1047: DeprecationWarning: The behavior of AcceptValidHeader.best_match is currently being maintained for backward compatibility, but it will be deprecated in the future, as it does not conform to the RFC.
Aug 31 23:36:39.282767 dv-cinder-759943-18-smb devstack@c-api.service[100816]: warnings.warn(
Aug 31 23:36:39.283331 dv-cinder-759943-18-smb devstack@c-api.service[100816]: DEBUG cinder.api.openstack.wsgi [None req-d1d7a983-ae1c-4943-be2f-1e8e36c1faec tempest-SnapshotsActionsTest-1845015875 tempest-SnapshotsActionsTest-1845015875-project] Calling method 'show' {{(pid=100816) _process_stack /opt/stack/cinder/cinder/api/openstack/wsgi.py:856}}
Aug 31 23:36:39.292989 dv-cinder-759943-18-smb devstack@c-api.service[100815]: INFO cinder.volume.api [None req-361dd0ad-75a6-4572-86fd-755fc0842210 tempest-GroupsV314Test-1170996399 tempest-GroupsV314Test-1170996399-project] Get all volumes completed successfully.
Aug 31 23:36:39.294450 dv-cinder-759943-18-smb devstack@c-api.service[100815]: WARNING stevedore.named [None req-361dd0ad-75a6-4572-86fd-755fc0842210 tempest-GroupsV314Test-1170996399 tempest-GroupsV314Test-1170996399-project] Could not load cinder.keymgr.conf_key_mgr.ConfKeyManager
Aug 31 23:36:39.294829 dv-cinder-759943-18-smb devstack@c-api.service[100815]: WARNING castellan.key_manager [None req-361dd0ad-75a6-4572-86fd-755fc0842210 tempest-GroupsV314Test-1170996399 tempest-GroupsV314Test-1170996399-project] Deprecation Warning : cinder.keymgr.conf_key_mgr.ConfKeyManager is not a stevedore based driver, trying to load it as a class: stevedore.exception.NoMatches: No 'castellan.drivers' driver found, looking for 'cinder.keymgr.conf_key_mgr.ConfKeyManager'
Aug 31 23:36:39.295860 dv-cinder-759943-18-smb devstack@c-api.service[100816]: /usr/local/lib/python3.8/dist-packages/oslo_context/context.py:105: DeprecationWarning: Policy enforcement is depending on the value of is_admin. This key is deprecated. Please update your policy file to use the standard policy values.
Aug 31 23:36:39.295860 dv-cinder-759943-18-smb devstack@c-api.service[100816]: warnings.warn('Policy enforcement is depending on the value of '
Aug 31 23:36:39.296858 dv-cinder-759943-18-smb devstack@c-api.service[100816]: INFO cinder.volume.api [None req-d1d7a983-ae1c-4943-be2f-1e8e36c1faec tempest-SnapshotsActionsTest-1845015875 tempest-SnapshotsActionsTest-1845015875-project] Snapshot retrieved successfully.
Aug 31 23:36:39.298911 dv-cinder-759943-18-smb devstack@c-api.service[100816]: INFO cinder.api.openstack.wsgi [None req-d1d7a983-ae1c-4943-be2f-1e8e36c1faec tempest-SnapshotsActionsTest-1845015875 tempest-SnapshotsActionsTest-1845015875-project] http://10.222.0.62/volume/v3/7affe74bb50c494c9a61c25e6103d55b/snapshots/6f0f3c9d-0a7e-4217-a713-18458fccb6ef returned with HTTP 200
Aug 31 23:36:39.299818 dv-cinder-759943-18-smb devstack@c-api.service[100816]: [pid: 100816|app: 0|req: 62/141] 10.222.0.62 () {58 vars in 1331 bytes} [Tue Aug 31 23:36:39 2021] GET /volume/v3/7affe74bb50c494c9a61c25e6103d55b/snapshots/6f0f3c9d-0a7e-4217-a713-18458fccb6ef => generated 568 bytes in 24 msecs (HTTP/1.1 200) 7 headers in 285 bytes (2 switches on core 0)
Aug 31 23:36:39.312470 dv-cinder-759943-18-smb devstack@c-api.service[100816]: INFO cinder.api.openstack.wsgi [None req-00b183e1-b1a1-4ac1-871e-403ce911924a tempest-SnapshotsActionsTest-1132896598 tempest-SnapshotsActionsTest-1132896598-project-admin] POST http://10.222.0.62/volume/v3/dba6c6f8247d4f8a9cb8a0fe8462ab87/snapshots/6f0f3c9d-0a7e-4217-a713-18458fccb6ef/action
Aug 31 23:36:39.312470 dv-cinder-759943-18-smb devstack@c-api.service[100816]: /usr/local/lib/python3.8/dist-packages/webob/acceptparse.py:1047: DeprecationWarning: The behavior of AcceptValidHeader.best_match is currently being maintained for backward compatibility, but it will be deprecated in the future, as it does not conform to the RFC.
Aug 31 23:36:39.312470 dv-cinder-759943-18-smb devstack@c-api.service[100816]: warnings.warn(
Aug 31 23:36:39.312470 dv-cinder-759943-18-smb devstack@c-api.service[100816]: DEBUG cinder.api.openstack.wsgi [None req-00b183e1-b1a1-4ac1-871e-403ce911924a tempest-SnapshotsActionsTest-1132896598 tempest-SnapshotsActionsTest-1132896598-project-admin] Action body: b'{"os-force_delete": {}}' {{(pid=100816) get_method /opt/stack/cinder/cinder/api/openstack/wsgi.py:971}}
Aug 31 23:36:39.312752 dv-cinder-759943-18-smb devstack@c-api.service[100816]: DEBUG cinder.api.openstack.wsgi [None req-00b183e1-b1a1-4ac1-871e-403ce911924a tempest-SnapshotsActionsTest-1132896598 tempest-SnapshotsActionsTest-1132896598-project-admin] Action: 'action', calling method: _force_delete, body: {"os-force_delete": {}} {{(pid=100816) _process_stack /opt/stack/cinder/cinder/api/openstack/wsgi.py:854}}
Aug 31 23:36:39.314339 dv-cinder-759943-18-smb devstack@c-api.service[100815]: DEBUG oslo_db.sqlalchemy.engines [None req-361dd0ad-75a6-4572-86fd-755fc0842210 tempest-GroupsV314Test-1170996399 tempest-GroupsV314Test-1170996399-project] MySQL server mode set to STRICT_TRANS_TABLES,STRICT_ALL_TABLES,NO_ZERO_IN_DATE,NO_ZERO_DATE,ERROR_FOR_DIVISION_BY_ZERO,TRADITIONAL,NO_ENGINE_SUBSTITUTION {{(pid=100815) _check_effective_sql_mode /usr/local/lib/python3.8/dist-packages/oslo_db/sqlalchemy/engines.py:314}}
Aug 31 23:36:39.323609 dv-cinder-759943-18-smb devstack@c-api.service[100816]: /usr/local/lib/python3.8/dist-packages/oslo_context/context.py:105: DeprecationWarning: Policy enforcement is depending on the value of is_admin. This key is deprecated. Please update your policy file to use the standard policy values.
Aug 31 23:36:39.323609 dv-cinder-759943-18-smb devstack@c-api.service[100816]: warnings.warn('Policy enforcement is depending on the value of '
Aug 31 23:36:39.324577 dv-cinder-759943-18-smb devstack@c-api.service[100816]: INFO cinder.volume.api [None req-00b183e1-b1a1-4ac1-871e-403ce911924a tempest-SnapshotsActionsTest-1132896598 tempest-SnapshotsActionsTest-1132896598-project-admin] Snapshot retrieved successfully.
Aug 31 23:36:39.328774 dv-cinder-759943-18-smb devstack@c-api.service[100815]: /usr/local/lib/python3.8/dist-packages/oslo_context/context.py:105: DeprecationWarning: Policy enforcement is depending on the value of is_admin. This key is deprecated. Please update your policy file to use the standard policy values.
Aug 31 23:36:39.328774 dv-cinder-759943-18-smb devstack@c-api.service[100815]: warnings.warn('Policy enforcement is depending on the value of '
Aug 31 23:36:39.352468 dv-cinder-759943-18-smb devstack@c-api.service[100815]: INFO cinder.api.openstack.wsgi [None req-361dd0ad-75a6-4572-86fd-755fc0842210 tempest-GroupsV314Test-1170996399 tempest-GroupsV314Test-1170996399-project] http://10.222.0.62/volume/v3/09e1f2a5f2a643de8032f2f623f04906/volumes/detail returned with HTTP 200
Aug 31 23:36:39.353363 dv-cinder-759943-18-smb devstack@c-api.service[100815]: [pid: 100815|app: 0|req: 80/142] 10.222.0.62 () {60 vars in 1276 bytes} [Tue Aug 31 23:36:39 2021] GET /volume/v3/09e1f2a5f2a643de8032f2f623f04906/volumes/detail => generated 994 bytes in 124 msecs (HTTP/1.1 200) 7 headers in 286 bytes (1 switches on core 0)
Aug 31 23:36:39.369226 dv-cinder-759943-18-smb devstack@c-api.service[100815]: INFO cinder.api.openstack.wsgi [None req-c762de99-fa11-4471-9639-cd5e0c67c116 tempest-GroupsV314Test-1170996399 tempest-GroupsV314Test-1170996399-project] POST http://10.222.0.62/volume/v3/09e1f2a5f2a643de8032f2f623f04906/groups/c85869f4-1225-499e-a9da-ee6b49e032d4/action
Aug 31 23:36:39.369686 dv-cinder-759943-18-smb devstack@c-api.service[100815]: /usr/local/lib/python3.8/dist-packages/webob/acceptparse.py:1047: DeprecationWarning: The behavior of AcceptValidHeader.best_match is currently being maintained for backward compatibility, but it will be deprecated in the future, as it does not conform to the RFC.
Aug 31 23:36:39.369686 dv-cinder-759943-18-smb devstack@c-api.service[100815]: warnings.warn(
Aug 31 23:36:39.370078 dv-cinder-759943-18-smb devstack@c-api.service[100815]: DEBUG cinder.api.openstack.wsgi [None req-c762de99-fa11-4471-9639-cd5e0c67c116 tempest-GroupsV314Test-1170996399 tempest-GroupsV314Test-1170996399-project] Action body: b'{"delete": {"delete-volumes": true}}' {{(pid=100815) get_method /opt/stack/cinder/cinder/api/openstack/wsgi.py:971}}
Aug 31 23:36:39.370531 dv-cinder-759943-18-smb devstack@c-api.service[100815]: DEBUG cinder.api.openstack.wsgi [None req-c762de99-fa11-4471-9639-cd5e0c67c116 tempest-GroupsV314Test-1170996399 tempest-GroupsV314Test-1170996399-project] Action: 'action', calling method: delete_group, body: {"delete": {"delete-volumes": true}} {{(pid=100815) _process_stack /opt/stack/cinder/cinder/api/openstack/wsgi.py:854}}
Aug 31 23:36:39.371316 dv-cinder-759943-18-smb devstack@c-api.service[100815]: DEBUG cinder.api.v3.groups [None req-c762de99-fa11-4471-9639-cd5e0c67c116 tempest-GroupsV314Test-1170996399 tempest-GroupsV314Test-1170996399-project] delete called for group c85869f4-1225-499e-a9da-ee6b49e032d4 {{(pid=100815) _delete /opt/stack/cinder/cinder/api/v3/groups.py:117}}
Aug 31 23:36:39.371606 dv-cinder-759943-18-smb devstack@c-api.service[100815]: INFO cinder.api.v3.groups [None req-c762de99-fa11-4471-9639-cd5e0c67c116 tempest-GroupsV314Test-1170996399 tempest-GroupsV314Test-1170996399-project] Delete group with id: c85869f4-1225-499e-a9da-ee6b49e032d4
Aug 31 23:36:39.377334 dv-cinder-759943-18-smb devstack@c-api.service[100815]: /usr/local/lib/python3.8/dist-packages/oslo_context/context.py:105: DeprecationWarning: Policy enforcement is depending on the value of is_admin. This key is deprecated. Please update your policy file to use the standard policy values.
Aug 31 23:36:39.377334 dv-cinder-759943-18-smb devstack@c-api.service[100815]: warnings.warn('Policy enforcement is depending on the value of '
Aug 31 23:36:39.424961 dv-cinder-759943-18-smb devstack@c-api.service[100816]: INFO cinder.volume.api [None req-00b183e1-b1a1-4ac1-871e-403ce911924a tempest-SnapshotsActionsTest-1132896598 tempest-SnapshotsActionsTest-1132896598-project-admin] Snapshot delete request issued successfully.
Aug 31 23:36:39.430485 dv-cinder-759943-18-smb devstack@c-api.service[100816]: INFO cinder.api.openstack.wsgi [None req-00b183e1-b1a1-4ac1-871e-403ce911924a tempest-SnapshotsActionsTest-1132896598 tempest-SnapshotsActionsTest-1132896598-project-admin] http://10.222.0.62/volume/v3/dba6c6f8247d4f8a9cb8a0fe8462ab87/snapshots/6f0f3c9d-0a7e-4217-a713-18458fccb6ef/action returned with HTTP 202
Aug 31 23:36:39.431798 dv-cinder-759943-18-smb devstack@c-api.service[100816]: [pid: 100816|app: 0|req: 63/143] 10.222.0.62 () {60 vars in 1373 bytes} [Tue Aug 31 23:36:39 2021] POST /volume/v3/dba6c6f8247d4f8a9cb8a0fe8462ab87/snapshots/6f0f3c9d-0a7e-4217-a713-18458fccb6ef/action => generated 0 bytes in 125 msecs (HTTP/1.1 202) 7 headers in 289 bytes (1 switches on core 0)
Aug 31 23:36:39.446795 dv-cinder-759943-18-smb devstack@c-api.service[100816]: INFO cinder.api.openstack.wsgi [None req-541cecec-cd8a-406d-8a1a-e249b0c091e4 tempest-SnapshotsActionsTest-1845015875 tempest-SnapshotsActionsTest-1845015875-project] GET http://10.222.0.62/volume/v3/7affe74bb50c494c9a61c25e6103d55b/snapshots/6f0f3c9d-0a7e-4217-a713-18458fccb6ef
Aug 31 23:36:39.447227 dv-cinder-759943-18-smb devstack@c-api.service[100816]: DEBUG cinder.api.openstack.wsgi [None req-541cecec-cd8a-406d-8a1a-e249b0c091e4 tempest-SnapshotsActionsTest-1845015875 tempest-SnapshotsActionsTest-1845015875-project] Empty body provided in request {{(pid=100816) get_body /opt/stack/cinder/cinder/api/openstack/wsgi.py:703}}
Aug 31 23:36:39.447397 dv-cinder-759943-18-smb devstack@c-api.service[100816]: /usr/local/lib/python3.8/dist-packages/webob/acceptparse.py:1047: DeprecationWarning: The behavior of AcceptValidHeader.best_match is currently being maintained for backward compatibility, but it will be deprecated in the future, as it does not conform to the RFC.
Aug 31 23:36:39.447397 dv-cinder-759943-18-smb devstack@c-api.service[100816]: warnings.warn(
Aug 31 23:36:39.447749 dv-cinder-759943-18-smb devstack@c-api.service[100816]: DEBUG cinder.api.openstack.wsgi [None req-541cecec-cd8a-406d-8a1a-e249b0c091e4 tempest-SnapshotsActionsTest-1845015875 tempest-SnapshotsActionsTest-1845015875-project] Calling method 'show' {{(pid=100816) _process_stack /opt/stack/cinder/cinder/api/openstack/wsgi.py:856}}
Aug 31 23:36:39.471832 dv-cinder-759943-18-smb devstack@c-api.service[100816]: /usr/local/lib/python3.8/dist-packages/oslo_context/context.py:105: DeprecationWarning: Policy enforcement is depending on the value of is_admin. This key is deprecated. Please update your policy file to use the standard policy values.
Aug 31 23:36:39.471832 dv-cinder-759943-18-smb devstack@c-api.service[100816]: warnings.warn('Policy enforcement is depending on the value of '
Aug 31 23:36:39.477994 dv-cinder-759943-18-smb devstack@c-api.service[100816]: INFO cinder.volume.api [None req-541cecec-cd8a-406d-8a1a-e249b0c091e4 tempest-SnapshotsActionsTest-1845015875 tempest-SnapshotsActionsTest-1845015875-project] Snapshot retrieved successfully.
Aug 31 23:36:39.480420 dv-cinder-759943-18-smb devstack@c-api.service[100816]: INFO cinder.api.openstack.wsgi [None req-541cecec-cd8a-406d-8a1a-e249b0c091e4 tempest-SnapshotsActionsTest-1845015875 tempest-SnapshotsActionsTest-1845015875-project] http://10.222.0.62/volume/v3/7affe74bb50c494c9a61c25e6103d55b/snapshots/6f0f3c9d-0a7e-4217-a713-18458fccb6ef returned with HTTP 200
Aug 31 23:36:39.481584 dv-cinder-759943-18-smb devstack@c-api.service[100816]: [pid: 100816|app: 0|req: 64/144] 10.222.0.62 () {58 vars in 1331 bytes} [Tue Aug 31 23:36:39 2021] GET /volume/v3/7affe74bb50c494c9a61c25e6103d55b/snapshots/6f0f3c9d-0a7e-4217-a713-18458fccb6ef => generated 568 bytes in 45 msecs (HTTP/1.1 200) 7 headers in 285 bytes (1 switches on core 0)
Aug 31 23:36:39.504322 dv-cinder-759943-18-smb devstack@c-api.service[100815]: INFO cinder.api.openstack.wsgi [None req-c762de99-fa11-4471-9639-cd5e0c67c116 tempest-GroupsV314Test-1170996399 tempest-GroupsV314Test-1170996399-project] http://10.222.0.62/volume/v3/09e1f2a5f2a643de8032f2f623f04906/groups/c85869f4-1225-499e-a9da-ee6b49e032d4/action returned with HTTP 202
Aug 31 23:36:39.505147 dv-cinder-759943-18-smb devstack@c-api.service[100815]: [pid: 100815|app: 0|req: 81/145] 10.222.0.62 () {62 vars in 1405 bytes} [Tue Aug 31 23:36:39 2021] POST /volume/v3/09e1f2a5f2a643de8032f2f623f04906/groups/c85869f4-1225-499e-a9da-ee6b49e032d4/action => generated 0 bytes in 141 msecs (HTTP/1.1 202) 6 headers in 234 bytes (1 switches on core 0)
Aug 31 23:36:39.514462 dv-cinder-759943-18-smb devstack@c-api.service[100816]: INFO cinder.api.openstack.wsgi [None req-cb665dd8-6b5b-47c2-b786-391fd43f9126 tempest-GroupsV314Test-1170996399 tempest-GroupsV314Test-1170996399-project] GET http://10.222.0.62/volume/v3/09e1f2a5f2a643de8032f2f623f04906/volumes/4d8f52da-5d24-422f-b920-075f3c4db921
Aug 31 23:36:39.515051 dv-cinder-759943-18-smb devstack@c-api.service[100816]: DEBUG cinder.api.openstack.wsgi [None req-cb665dd8-6b5b-47c2-b786-391fd43f9126 tempest-GroupsV314Test-1170996399 tempest-GroupsV314Test-1170996399-project] Empty body provided in request {{(pid=100816) get_body /opt/stack/cinder/cinder/api/openstack/wsgi.py:703}}
Aug 31 23:36:39.515288 dv-cinder-759943-18-smb devstack@c-api.service[100816]: /usr/local/lib/python3.8/dist-packages/webob/acceptparse.py:1047: DeprecationWarning: The behavior of AcceptValidHeader.best_match is currently being maintained for backward compatibility, but it will be deprecated in the future, as it does not conform to the RFC.
Aug 31 23:36:39.515288 dv-cinder-759943-18-smb devstack@c-api.service[100816]: warnings.warn(
Aug 31 23:36:39.515737 dv-cinder-759943-18-smb devstack@c-api.service[100816]: DEBUG cinder.api.openstack.wsgi [None req-cb665dd8-6b5b-47c2-b786-391fd43f9126 tempest-GroupsV314Test-1170996399 tempest-GroupsV314Test-1170996399-project] Calling method 'show' {{(pid=100816) _process_stack /opt/stack/cinder/cinder/api/openstack/wsgi.py:856}}
Aug 31 23:36:39.534266 dv-cinder-759943-18-smb devstack@c-api.service[100816]: /usr/local/lib/python3.8/dist-packages/oslo_context/context.py:105: DeprecationWarning: Policy enforcement is depending on the value of is_admin. This key is deprecated. Please update your policy file to use the standard policy values.
Aug 31 23:36:39.534266 dv-cinder-759943-18-smb devstack@c-api.service[100816]: warnings.warn('Policy enforcement is depending on the value of '
Aug 31 23:36:39.543672 dv-cinder-759943-18-smb devstack@c-api.service[100816]: INFO cinder.volume.api [None req-cb665dd8-6b5b-47c2-b786-391fd43f9126 tempest-GroupsV314Test-1170996399 tempest-GroupsV314Test-1170996399-project] Volume info retrieved successfully.
Aug 31 23:36:39.553566 dv-cinder-759943-18-smb devstack@c-api.service[100816]: WARNING stevedore.named [None req-cb665dd8-6b5b-47c2-b786-391fd43f9126 tempest-GroupsV314Test-1170996399 tempest-GroupsV314Test-1170996399-project] Could not load cinder.keymgr.conf_key_mgr.ConfKeyManager
Aug 31 23:36:39.553979 dv-cinder-759943-18-smb devstack@c-api.service[100816]: WARNING castellan.key_manager [None req-cb665dd8-6b5b-47c2-b786-391fd43f9126 tempest-GroupsV314Test-1170996399 tempest-GroupsV314Test-1170996399-project] Deprecation Warning : cinder.keymgr.conf_key_mgr.ConfKeyManager is not a stevedore based driver, trying to load it as a class: stevedore.exception.NoMatches: No 'castellan.drivers' driver found, looking for 'cinder.keymgr.conf_key_mgr.ConfKeyManager'
