Aug 30 19:48:28.260371 dv-cinder-759943-17-iscsi devstack@c-api.service[107951]: DEBUG cinder.volume.api [req-f7c88101-0479-4c1f-ac7f-341cac05a370 req-6672505b-eeee-4170-983c-d30e458dbdbf tempest-VolumesGetTestJSON-2070075288 tempest-VolumesGetTestJSON-2070075288-project] Task 'cinder.volume.flows.api.create_volume.QuotaCommitTask;volume:create' (3ad7176b-61b2-447b-bb86-e7d92af849e3) transitioned into state 'SUCCESS' from state 'RUNNING' with result '{'volume_properties': VolumeProperties(attach_status='detached',availability_zone='nova',cgsnapshot_id=None,consistencygroup_id=None,display_description=None,display_name='tempest-VolumesGetTestJSON-Volume-897701150',encryption_key_id=None,group_id=None,group_type_id=,metadata={Type='work'},multiattach=False,project_id='73ad07954cd2481d8b9b0e13f9e6a7a7',qos_specs=None,replication_status=,reservations=['05781ee1-84d8-4cc6-9f5c-56eed41ed25b','6455a147-7555-45c3-a173-6fbcf7766868','5de1efd0-9ad0-4f64-a87d-a1fb605683cc','944c8ac7-168c-4632-9e06-9af9cdf764f5'],size=1,snapshot_id=None,source_replicaid=,source_volid=None,status='creating',user_id='e6a59f69573b454ca86a288f3d93b821',volume_type_id=a1b6b67e-2fbf-4dda-9029-1e9f6c22c893)}' {{(pid=107951) _task_receiver /usr/local/lib/python3.8/dist-packages/taskflow/listeners/logging.py:178}}
Aug 30 19:48:28.263681 dv-cinder-759943-17-iscsi devstack@c-api.service[107951]: DEBUG cinder.volume.api [req-f7c88101-0479-4c1f-ac7f-341cac05a370 req-6672505b-eeee-4170-983c-d30e458dbdbf tempest-VolumesGetTestJSON-2070075288 tempest-VolumesGetTestJSON-2070075288-project] Task 'cinder.volume.flows.api.create_volume.VolumeCastTask;volume:create' (f651ad0f-a436-43e9-934b-e4b4df62865c) transitioned into state 'RUNNING' from state 'PENDING' {{(pid=107951) _task_receiver /usr/local/lib/python3.8/dist-packages/taskflow/listeners/logging.py:190}}
Aug 30 19:48:28.282064 dv-cinder-759943-17-iscsi devstack@c-api.service[107950]: INFO cinder.api.openstack.wsgi [None req-3ed934b7-3e00-4603-923f-8d000a47d932 tempest-GroupSnapshotsTest-268059066 tempest-GroupSnapshotsTest-268059066-project-admin] POST http://10.222.0.89/volume/v3/559591176d23447db6aef07322f04353/types
Aug 30 19:48:28.282465 dv-cinder-759943-17-iscsi devstack@c-api.service[107950]: /usr/local/lib/python3.8/dist-packages/webob/acceptparse.py:1047: DeprecationWarning: The behavior of AcceptValidHeader.best_match is currently being maintained for backward compatibility, but it will be deprecated in the future, as it does not conform to the RFC.
Aug 30 19:48:28.282465 dv-cinder-759943-17-iscsi devstack@c-api.service[107950]: warnings.warn(
Aug 30 19:48:28.282851 dv-cinder-759943-17-iscsi devstack@c-api.service[107950]: DEBUG cinder.api.openstack.wsgi [None req-3ed934b7-3e00-4603-923f-8d000a47d932 tempest-GroupSnapshotsTest-268059066 tempest-GroupSnapshotsTest-268059066-project-admin] Action: 'create', calling method: _create, body: {"volume_type": {"name": "tempest-GroupSnapshotsTest-volume-type-1833865388"}} {{(pid=107950) _process_stack /opt/stack/cinder/cinder/api/openstack/wsgi.py:854}}
Aug 30 19:48:28.284010 dv-cinder-759943-17-iscsi devstack@c-api.service[107950]: /usr/local/lib/python3.8/dist-packages/oslo_context/context.py:105: DeprecationWarning: Policy enforcement is depending on the value of is_admin. This key is deprecated. Please update your policy file to use the standard policy values.
Aug 30 19:48:28.284010 dv-cinder-759943-17-iscsi devstack@c-api.service[107950]: warnings.warn('Policy enforcement is depending on the value of '
Aug 30 19:48:28.414657 dv-cinder-759943-17-iscsi devstack@c-api.service[107951]: DEBUG cinder.volume.api [req-f7c88101-0479-4c1f-ac7f-341cac05a370 req-6672505b-eeee-4170-983c-d30e458dbdbf tempest-VolumesGetTestJSON-2070075288 tempest-VolumesGetTestJSON-2070075288-project] Task 'cinder.volume.flows.api.create_volume.VolumeCastTask;volume:create' (f651ad0f-a436-43e9-934b-e4b4df62865c) transitioned into state 'SUCCESS' from state 'RUNNING' with result 'None' {{(pid=107951) _task_receiver /usr/local/lib/python3.8/dist-packages/taskflow/listeners/logging.py:178}}
Aug 30 19:48:28.418136 dv-cinder-759943-17-iscsi devstack@c-api.service[107951]: DEBUG cinder.volume.api [req-f7c88101-0479-4c1f-ac7f-341cac05a370 req-6672505b-eeee-4170-983c-d30e458dbdbf tempest-VolumesGetTestJSON-2070075288 tempest-VolumesGetTestJSON-2070075288-project] Flow 'volume_create_api' (0fd43895-2a4a-4d46-a48d-a6a321150811) transitioned into state 'SUCCESS' from state 'RUNNING' {{(pid=107951) _flow_receiver /usr/local/lib/python3.8/dist-packages/taskflow/listeners/logging.py:141}}
Aug 30 19:48:28.419582 dv-cinder-759943-17-iscsi devstack@c-api.service[107951]: INFO cinder.volume.api [req-f7c88101-0479-4c1f-ac7f-341cac05a370 req-6672505b-eeee-4170-983c-d30e458dbdbf tempest-VolumesGetTestJSON-2070075288 tempest-VolumesGetTestJSON-2070075288-project] Create volume request issued successfully.
Aug 30 19:48:28.419890 dv-cinder-759943-17-iscsi devstack@c-api.service[107950]: INFO cinder.api.openstack.wsgi [None req-3ed934b7-3e00-4603-923f-8d000a47d932 tempest-GroupSnapshotsTest-268059066 tempest-GroupSnapshotsTest-268059066-project-admin] http://10.222.0.89/volume/v3/559591176d23447db6aef07322f04353/types returned with HTTP 200
Aug 30 19:48:28.422124 dv-cinder-759943-17-iscsi devstack@c-api.service[107950]: [pid: 107950|app: 0|req: 5/9] 10.222.0.89 () {60 vars in 1229 bytes} [Mon Aug 30 19:48:28 2021] POST /volume/v3/559591176d23447db6aef07322f04353/types => generated 224 bytes in 195 msecs (HTTP/1.1 200) 7 headers in 285 bytes (1 switches on core 0)
Aug 30 19:48:28.533811 dv-cinder-759943-17-iscsi devstack@c-api.service[107951]: INFO cinder.api.openstack.wsgi [req-f7c88101-0479-4c1f-ac7f-341cac05a370 req-6672505b-eeee-4170-983c-d30e458dbdbf tempest-VolumesGetTestJSON-2070075288 tempest-VolumesGetTestJSON-2070075288-project] http://10.222.0.89/volume/v3/73ad07954cd2481d8b9b0e13f9e6a7a7/volumes returned with HTTP 202
Aug 30 19:48:28.536422 dv-cinder-759943-17-iscsi devstack@c-api.service[107951]: [pid: 107951|app: 0|req: 5/10] 10.222.0.89 () {64 vars in 1522 bytes} [Mon Aug 30 19:48:26 2021] POST /volume/v3/73ad07954cd2481d8b9b0e13f9e6a7a7/volumes => generated 831 bytes in 1827 msecs (HTTP/1.1 202) 7 headers in 291 bytes (1 switches on core 0)
Aug 30 19:48:28.546166 dv-cinder-759943-17-iscsi devstack@c-api.service[107951]: INFO cinder.api.openstack.wsgi [req-30ff2731-2427-451a-b5de-77f622c60fe5 req-79be0080-a853-47c5-87c3-fcd41a572bc6 tempest-VolumesSnapshotsTestJSON-863476630 tempest-VolumesSnapshotsTestJSON-863476630-project] GET http://10.222.0.89/volume/v3/e63e836566c94f62a0dcfa4de0f43a95/volumes/6b1536f5-fe18-4b99-a090-279dc680415d
Aug 30 19:48:28.546642 dv-cinder-759943-17-iscsi devstack@c-api.service[107951]: DEBUG cinder.api.openstack.wsgi [req-30ff2731-2427-451a-b5de-77f622c60fe5 req-79be0080-a853-47c5-87c3-fcd41a572bc6 tempest-VolumesSnapshotsTestJSON-863476630 tempest-VolumesSnapshotsTestJSON-863476630-project] Empty body provided in request {{(pid=107951) get_body /opt/stack/cinder/cinder/api/openstack/wsgi.py:703}}
Aug 30 19:48:28.546844 dv-cinder-759943-17-iscsi devstack@c-api.service[107951]: /usr/local/lib/python3.8/dist-packages/webob/acceptparse.py:1047: DeprecationWarning: The behavior of AcceptValidHeader.best_match is currently being maintained for backward compatibility, but it will be deprecated in the future, as it does not conform to the RFC.
Aug 30 19:48:28.546844 dv-cinder-759943-17-iscsi devstack@c-api.service[107951]: warnings.warn(
Aug 30 19:48:28.548494 dv-cinder-759943-17-iscsi devstack@c-api.service[107951]: DEBUG cinder.api.openstack.wsgi [req-30ff2731-2427-451a-b5de-77f622c60fe5 req-79be0080-a853-47c5-87c3-fcd41a572bc6 tempest-VolumesSnapshotsTestJSON-863476630 tempest-VolumesSnapshotsTestJSON-863476630-project] Calling method 'show' {{(pid=107951) _process_stack /opt/stack/cinder/cinder/api/openstack/wsgi.py:856}}
Aug 30 19:48:28.562107 dv-cinder-759943-17-iscsi devstack@c-api.service[107950]: INFO cinder.api.openstack.wsgi [None req-5038a955-8314-4cb0-ba90-d95222220c31 tempest-GroupsV320Test-1966196374 tempest-GroupsV320Test-1966196374-project-admin] POST http://10.222.0.89/volume/v3/b878350d636c4856b34b63426fee69d4/types
Aug 30 19:48:28.562797 dv-cinder-759943-17-iscsi devstack@c-api.service[107950]: DEBUG cinder.api.openstack.wsgi [None req-5038a955-8314-4cb0-ba90-d95222220c31 tempest-GroupsV320Test-1966196374 tempest-GroupsV320Test-1966196374-project-admin] Action: 'create', calling method: _create, body: {"volume_type": {"name": "tempest-GroupsV320Test-volume-type-424139055"}} {{(pid=107950) _process_stack /opt/stack/cinder/cinder/api/openstack/wsgi.py:854}}
Aug 30 19:48:28.567057 dv-cinder-759943-17-iscsi devstack@c-api.service[107951]: /usr/local/lib/python3.8/dist-packages/oslo_context/context.py:105: DeprecationWarning: Policy enforcement is depending on the value of is_admin. This key is deprecated. Please update your policy file to use the standard policy values.
Aug 30 19:48:28.567057 dv-cinder-759943-17-iscsi devstack@c-api.service[107951]: warnings.warn('Policy enforcement is depending on the value of '
Aug 30 19:48:28.587296 dv-cinder-759943-17-iscsi devstack@c-api.service[107951]: INFO cinder.volume.api [req-30ff2731-2427-451a-b5de-77f622c60fe5 req-79be0080-a853-47c5-87c3-fcd41a572bc6 tempest-VolumesSnapshotsTestJSON-863476630 tempest-VolumesSnapshotsTestJSON-863476630-project] Volume info retrieved successfully.
Aug 30 19:48:28.609732 dv-cinder-759943-17-iscsi devstack@c-api.service[107951]: INFO cinder.api.openstack.wsgi [req-30ff2731-2427-451a-b5de-77f622c60fe5 req-79be0080-a853-47c5-87c3-fcd41a572bc6 tempest-VolumesSnapshotsTestJSON-863476630 tempest-VolumesSnapshotsTestJSON-863476630-project] http://10.222.0.89/volume/v3/e63e836566c94f62a0dcfa4de0f43a95/volumes/6b1536f5-fe18-4b99-a090-279dc680415d returned with HTTP 200
Aug 30 19:48:28.610946 dv-cinder-759943-17-iscsi devstack@c-api.service[107951]: [pid: 107951|app: 0|req: 6/11] 10.222.0.89 () {60 vars in 1579 bytes} [Mon Aug 30 19:48:28 2021] GET /volume/v3/e63e836566c94f62a0dcfa4de0f43a95/volumes/6b1536f5-fe18-4b99-a090-279dc680415d => generated 891 bytes in 74 msecs (HTTP/1.1 200) 7 headers in 285 bytes (1 switches on core 0)
Aug 30 19:48:28.616521 dv-cinder-759943-17-iscsi devstack@c-api.service[107951]: INFO cinder.api.openstack.wsgi [None req-840bcb4b-a722-47d0-a64e-10347b95bfa0 tempest-GroupSnapshotsTest-268059066 tempest-GroupSnapshotsTest-268059066-project-admin] POST http://10.222.0.89/volume/v3/559591176d23447db6aef07322f04353/group_types
Aug 30 19:48:28.616959 dv-cinder-759943-17-iscsi devstack@c-api.service[107951]: /usr/local/lib/python3.8/dist-packages/webob/acceptparse.py:1047: DeprecationWarning: The behavior of AcceptValidHeader.best_match is currently being maintained for backward compatibility, but it will be deprecated in the future, as it does not conform to the RFC.
Aug 30 19:48:28.616959 dv-cinder-759943-17-iscsi devstack@c-api.service[107951]: warnings.warn(
Aug 30 19:48:28.617310 dv-cinder-759943-17-iscsi devstack@c-api.service[107951]: DEBUG cinder.api.openstack.wsgi [None req-840bcb4b-a722-47d0-a64e-10347b95bfa0 tempest-GroupSnapshotsTest-268059066 tempest-GroupSnapshotsTest-268059066-project-admin] Action: 'create', calling method: version_select, body: {"group_type": {"name": "tempest-GroupSnapshotsTest-group-type-1501347344"}} {{(pid=107951) _process_stack /opt/stack/cinder/cinder/api/openstack/wsgi.py:854}}
Aug 30 19:48:28.676847 dv-cinder-759943-17-iscsi devstack@c-api.service[107950]: INFO cinder.api.openstack.wsgi [None req-5038a955-8314-4cb0-ba90-d95222220c31 tempest-GroupsV320Test-1966196374 tempest-GroupsV320Test-1966196374-project-admin] http://10.222.0.89/volume/v3/b878350d636c4856b34b63426fee69d4/types returned with HTTP 200
Aug 30 19:48:28.676847 dv-cinder-759943-17-iscsi devstack@c-api.service[107950]: [pid: 107950|app: 0|req: 6/12] 10.222.0.89 () {60 vars in 1229 bytes} [Mon Aug 30 19:48:28 2021] POST /volume/v3/b878350d636c4856b34b63426fee69d4/types => generated 219 bytes in 252 msecs (HTTP/1.1 200) 7 headers in 285 bytes (1 switches on core 0)
Aug 30 19:48:28.683817 dv-cinder-759943-17-iscsi devstack@c-api.service[107950]: INFO cinder.api.openstack.wsgi [req-f7c88101-0479-4c1f-ac7f-341cac05a370 req-4d54499b-23e4-47f3-b19d-39ea4dec3efc tempest-VolumesGetTestJSON-2070075288 tempest-VolumesGetTestJSON-2070075288-project] GET http://10.222.0.89/volume/v3/73ad07954cd2481d8b9b0e13f9e6a7a7/volumes/f39dfdb8-04f3-48c4-9329-f0b3a4adaf7a
Aug 30 19:48:28.683817 dv-cinder-759943-17-iscsi devstack@c-api.service[107950]: DEBUG cinder.api.openstack.wsgi [req-f7c88101-0479-4c1f-ac7f-341cac05a370 req-4d54499b-23e4-47f3-b19d-39ea4dec3efc tempest-VolumesGetTestJSON-2070075288 tempest-VolumesGetTestJSON-2070075288-project] Empty body provided in request {{(pid=107950) get_body /opt/stack/cinder/cinder/api/openstack/wsgi.py:703}}
Aug 30 19:48:28.687498 dv-cinder-759943-17-iscsi devstack@c-api.service[107950]: DEBUG cinder.api.openstack.wsgi [req-f7c88101-0479-4c1f-ac7f-341cac05a370 req-4d54499b-23e4-47f3-b19d-39ea4dec3efc tempest-VolumesGetTestJSON-2070075288 tempest-VolumesGetTestJSON-2070075288-project] Calling method 'show' {{(pid=107950) _process_stack /opt/stack/cinder/cinder/api/openstack/wsgi.py:856}}
Aug 30 19:48:28.716950 dv-cinder-759943-17-iscsi devstack@c-api.service[107950]: /usr/local/lib/python3.8/dist-packages/oslo_context/context.py:105: DeprecationWarning: Policy enforcement is depending on the value of is_admin. This key is deprecated. Please update your policy file to use the standard policy values.
Aug 30 19:48:28.716950 dv-cinder-759943-17-iscsi devstack@c-api.service[107950]: warnings.warn('Policy enforcement is depending on the value of '
Aug 30 19:48:28.756500 dv-cinder-759943-17-iscsi devstack@c-api.service[107950]: INFO cinder.volume.api [req-f7c88101-0479-4c1f-ac7f-341cac05a370 req-4d54499b-23e4-47f3-b19d-39ea4dec3efc tempest-VolumesGetTestJSON-2070075288 tempest-VolumesGetTestJSON-2070075288-project] Volume info retrieved successfully.
Aug 30 19:48:28.768181 dv-cinder-759943-17-iscsi devstack@c-api.service[107950]: INFO cinder.api.openstack.wsgi [req-f7c88101-0479-4c1f-ac7f-341cac05a370 req-4d54499b-23e4-47f3-b19d-39ea4dec3efc tempest-VolumesGetTestJSON-2070075288 tempest-VolumesGetTestJSON-2070075288-project] http://10.222.0.89/volume/v3/73ad07954cd2481d8b9b0e13f9e6a7a7/volumes/f39dfdb8-04f3-48c4-9329-f0b3a4adaf7a returned with HTTP 200
Aug 30 19:48:28.769331 dv-cinder-759943-17-iscsi devstack@c-api.service[107950]: [pid: 107950|app: 0|req: 7/13] 10.222.0.89 () {60 vars in 1579 bytes} [Mon Aug 30 19:48:28 2021] GET /volume/v3/73ad07954cd2481d8b9b0e13f9e6a7a7/volumes/f39dfdb8-04f3-48c4-9329-f0b3a4adaf7a => generated 899 bytes in 93 msecs (HTTP/1.1 200) 7 headers in 285 bytes (1 switches on core 0)
Aug 30 19:48:28.773408 dv-cinder-759943-17-iscsi devstack@c-api.service[107950]: INFO cinder.api.openstack.wsgi [None req-eaaed53a-2305-410b-b1c8-d8e2e4f963bd tempest-GroupsV320Test-1966196374 tempest-GroupsV320Test-1966196374-project-admin] POST http://10.222.0.89/volume/v3/b878350d636c4856b34b63426fee69d4/group_types
Aug 30 19:48:28.773850 dv-cinder-759943-17-iscsi devstack@c-api.service[107950]: /usr/local/lib/python3.8/dist-packages/webob/acceptparse.py:1047: DeprecationWarning: The behavior of AcceptValidHeader.best_match is currently being maintained for backward compatibility, but it will be deprecated in the future, as it does not conform to the RFC.
Aug 30 19:48:28.773850 dv-cinder-759943-17-iscsi devstack@c-api.service[107950]: warnings.warn(
Aug 30 19:48:28.774217 dv-cinder-759943-17-iscsi devstack@c-api.service[107950]: DEBUG cinder.api.openstack.wsgi [None req-eaaed53a-2305-410b-b1c8-d8e2e4f963bd tempest-GroupsV320Test-1966196374 tempest-GroupsV320Test-1966196374-project-admin] Action: 'create', calling method: version_select, body: {"group_type": {"name": "tempest-GroupsV320Test-group-type-119510539"}} {{(pid=107950) _process_stack /opt/stack/cinder/cinder/api/openstack/wsgi.py:854}}
Aug 30 19:48:28.794640 dv-cinder-759943-17-iscsi devstack@c-api.service[107951]: INFO cinder.api.openstack.wsgi [None req-840bcb4b-a722-47d0-a64e-10347b95bfa0 tempest-GroupSnapshotsTest-268059066 tempest-GroupSnapshotsTest-268059066-project-admin] http://10.222.0.89/volume/v3/559591176d23447db6aef07322f04353/group_types returned with HTTP 202
Aug 30 19:48:28.794640 dv-cinder-759943-17-iscsi devstack@c-api.service[107951]: [pid: 107951|app: 0|req: 7/14] 10.222.0.89 () {62 vars in 1288 bytes} [Mon Aug 30 19:48:28 2021] POST /volume/v3/559591176d23447db6aef07322f04353/group_types => generated 181 bytes in 179 msecs (HTTP/1.1 202) 7 headers in 292 bytes (1 switches on core 0)
Aug 30 19:48:28.939772 dv-cinder-759943-17-iscsi devstack@c-api.service[107950]: INFO cinder.api.openstack.wsgi [None req-eaaed53a-2305-410b-b1c8-d8e2e4f963bd tempest-GroupsV320Test-1966196374 tempest-GroupsV320Test-1966196374-project-admin] http://10.222.0.89/volume/v3/b878350d636c4856b34b63426fee69d4/group_types returned with HTTP 202
Aug 30 19:48:28.939772 dv-cinder-759943-17-iscsi devstack@c-api.service[107950]: [pid: 107950|app: 0|req: 8/15] 10.222.0.89 () {62 vars in 1288 bytes} [Mon Aug 30 19:48:28 2021] POST /volume/v3/b878350d636c4856b34b63426fee69d4/group_types => generated 176 bytes in 164 msecs (HTTP/1.1 202) 7 headers in 292 bytes (1 switches on core 0)
Aug 30 19:48:28.942047 dv-cinder-759943-17-iscsi devstack@c-api.service[107950]: INFO cinder.api.openstack.wsgi [req-a6dbfe29-f5ea-450c-a8b4-63b8b8805bb2 req-d3d6a3d5-042d-4059-9dd0-7df7d5183c60 tempest-VolumesSnapshotsTestJSON-863476630 tempest-VolumesSnapshotsTestJSON-863476630-project] GET http://10.222.0.89/volume/v3/e63e836566c94f62a0dcfa4de0f43a95/volumes/6b1536f5-fe18-4b99-a090-279dc680415d
Aug 30 19:48:28.944082 dv-cinder-759943-17-iscsi devstack@c-api.service[107950]: DEBUG cinder.api.openstack.wsgi [req-a6dbfe29-f5ea-450c-a8b4-63b8b8805bb2 req-d3d6a3d5-042d-4059-9dd0-7df7d5183c60 tempest-VolumesSnapshotsTestJSON-863476630 tempest-VolumesSnapshotsTestJSON-863476630-project] Empty body provided in request {{(pid=107950) get_body /opt/stack/cinder/cinder/api/openstack/wsgi.py:703}}
Aug 30 19:48:28.944562 dv-cinder-759943-17-iscsi devstack@c-api.service[107950]: DEBUG cinder.api.openstack.wsgi [req-a6dbfe29-f5ea-450c-a8b4-63b8b8805bb2 req-d3d6a3d5-042d-4059-9dd0-7df7d5183c60 tempest-VolumesSnapshotsTestJSON-863476630 tempest-VolumesSnapshotsTestJSON-863476630-project] Calling method 'show' {{(pid=107950) _process_stack /opt/stack/cinder/cinder/api/openstack/wsgi.py:856}}
Aug 30 19:48:28.984939 dv-cinder-759943-17-iscsi devstack@c-api.service[107950]: /usr/local/lib/python3.8/dist-packages/oslo_context/context.py:105: DeprecationWarning: Policy enforcement is depending on the value of is_admin. This key is deprecated. Please update your policy file to use the standard policy values.
Aug 30 19:48:28.984939 dv-cinder-759943-17-iscsi devstack@c-api.service[107950]: warnings.warn('Policy enforcement is depending on the value of '
Aug 30 19:48:29.000482 dv-cinder-759943-17-iscsi devstack@c-api.service[107951]: INFO cinder.api.openstack.wsgi [None req-5f9235a4-a0c8-462b-8d8c-8975791a6b4a tempest-GroupSnapshotsTest-1302964930 tempest-GroupSnapshotsTest-1302964930-project] POST http://10.222.0.89/volume/v3/36d741d1b79f419ab8f2678620375a7d/groups
Aug 30 19:48:29.001813 dv-cinder-759943-17-iscsi devstack@c-api.service[107951]: DEBUG cinder.api.openstack.wsgi [None req-5f9235a4-a0c8-462b-8d8c-8975791a6b4a tempest-GroupSnapshotsTest-1302964930 tempest-GroupSnapshotsTest-1302964930-project] Action: 'create', calling method: version_select, body: {"group": {"group_type": "77b5e8f8-2265-4773-8aa4-96e7fb79f3ff", "volume_types": ["a46db117-c84f-4a1a-9cd2-4d9e8ac2ea9d"], "name": "tempest-GroupSnapshotsTest-Group-1776712998"}} {{(pid=107951) _process_stack /opt/stack/cinder/cinder/api/openstack/wsgi.py:854}}
Aug 30 19:48:29.006542 dv-cinder-759943-17-iscsi devstack@c-api.service[107951]: DEBUG cinder.api.v3.groups [None req-5f9235a4-a0c8-462b-8d8c-8975791a6b4a tempest-GroupSnapshotsTest-1302964930 tempest-GroupSnapshotsTest-1302964930-project] Creating new group {'group': {'group_type': '77b5e8f8-2265-4773-8aa4-96e7fb79f3ff', 'volume_types': ['a46db117-c84f-4a1a-9cd2-4d9e8ac2ea9d'], 'name': 'tempest-GroupSnapshotsTest-Group-1776712998'}} {{(pid=107951) create /opt/stack/cinder/cinder/api/v3/groups.py:190}}
Aug 30 19:48:29.010414 dv-cinder-759943-17-iscsi devstack@c-api.service[107951]: INFO cinder.api.v3.groups [None req-5f9235a4-a0c8-462b-8d8c-8975791a6b4a tempest-GroupSnapshotsTest-1302964930 tempest-GroupSnapshotsTest-1302964930-project] Creating group tempest-GroupSnapshotsTest-Group-1776712998.
Aug 30 19:48:29.018891 dv-cinder-759943-17-iscsi devstack@c-api.service[107950]: INFO cinder.volume.api [req-a6dbfe29-f5ea-450c-a8b4-63b8b8805bb2 req-d3d6a3d5-042d-4059-9dd0-7df7d5183c60 tempest-VolumesSnapshotsTestJSON-863476630 tempest-VolumesSnapshotsTestJSON-863476630-project] Volume info retrieved successfully.
Aug 30 19:48:29.048374 dv-cinder-759943-17-iscsi devstack@c-api.service[107951]: DEBUG cinder.volume.api [None req-5f9235a4-a0c8-462b-8d8c-8975791a6b4a tempest-GroupSnapshotsTest-1302964930 tempest-GroupSnapshotsTest-1302964930-project] Availability zone cache updated, next update will occur around 2021-08-30 20:48:29.047814. {{(pid=107951) list_availability_zones /opt/stack/cinder/cinder/volume/api.py:148}}
Aug 30 19:48:29.048973 dv-cinder-759943-17-iscsi devstack@c-api.service[107951]: INFO cinder.volume.api [None req-5f9235a4-a0c8-462b-8d8c-8975791a6b4a tempest-GroupSnapshotsTest-1302964930 tempest-GroupSnapshotsTest-1302964930-project] Availability Zones retrieved successfully.
Aug 30 19:48:29.053232 dv-cinder-759943-17-iscsi devstack@c-api.service[107950]: INFO cinder.api.openstack.wsgi [req-a6dbfe29-f5ea-450c-a8b4-63b8b8805bb2 req-d3d6a3d5-042d-4059-9dd0-7df7d5183c60 tempest-VolumesSnapshotsTestJSON-863476630 tempest-VolumesSnapshotsTestJSON-863476630-project] http://10.222.0.89/volume/v3/e63e836566c94f62a0dcfa4de0f43a95/volumes/6b1536f5-fe18-4b99-a090-279dc680415d returned with HTTP 200
Aug 30 19:48:29.054391 dv-cinder-759943-17-iscsi devstack@c-api.service[107950]: [pid: 107950|app: 0|req: 9/16] 10.222.0.89 () {60 vars in 1579 bytes} [Mon Aug 30 19:48:28 2021] GET /volume/v3/e63e836566c94f62a0dcfa4de0f43a95/volumes/6b1536f5-fe18-4b99-a090-279dc680415d => generated 915 bytes in 120 msecs (HTTP/1.1 200) 7 headers in 285 bytes (1 switches on core 0)
Aug 30 19:48:29.236058 dv-cinder-759943-17-iscsi devstack@c-api.service[107951]: DEBUG cinder.quota [None req-5f9235a4-a0c8-462b-8d8c-8975791a6b4a tempest-GroupSnapshotsTest-1302964930 tempest-GroupSnapshotsTest-1302964930-project] Created reservations ['147f51da-cb55-455f-8cbf-ba66a7a33cff'] {{(pid=107951) reserve /opt/stack/cinder/cinder/quota.py:755}}
Aug 30 19:48:29.279960 dv-cinder-759943-17-iscsi devstack@c-api.service[107950]: INFO cinder.api.openstack.wsgi [None req-f785b0af-959d-48f6-b337-42b7fa35726f tempest-GroupsV320Test-916041547 tempest-GroupsV320Test-916041547-project] POST http://10.222.0.89/volume/v3/08a47c28125645fd8330dec659db9d2d/groups
Aug 30 19:48:29.281428 dv-cinder-759943-17-iscsi devstack@c-api.service[107950]: /usr/local/lib/python3.8/dist-packages/webob/acceptparse.py:1047: DeprecationWarning: The behavior of AcceptValidHeader.best_match is currently being maintained for backward compatibility, but it will be deprecated in the future, as it does not conform to the RFC.
Aug 30 19:48:29.281428 dv-cinder-759943-17-iscsi devstack@c-api.service[107950]: warnings.warn(
Aug 30 19:48:29.282074 dv-cinder-759943-17-iscsi devstack@c-api.service[107950]: DEBUG cinder.api.openstack.wsgi [None req-f785b0af-959d-48f6-b337-42b7fa35726f tempest-GroupsV320Test-916041547 tempest-GroupsV320Test-916041547-project] Action: 'create', calling method: version_select, body: {"group": {"group_type": "a63fa4e0-5714-4f8d-ab61-b6ba99016194", "volume_types": ["91baa496-fdd4-480d-a614-3cad9a90a913"], "name": "tempest-GroupsV320Test-Group-1680951792"}} {{(pid=107950) _process_stack /opt/stack/cinder/cinder/api/openstack/wsgi.py:854}}
Aug 30 19:48:29.283654 dv-cinder-759943-17-iscsi devstack@c-api.service[107950]: DEBUG cinder.api.v3.groups [None req-f785b0af-959d-48f6-b337-42b7fa35726f tempest-GroupsV320Test-916041547 tempest-GroupsV320Test-916041547-project] Creating new group {'group': {'group_type': 'a63fa4e0-5714-4f8d-ab61-b6ba99016194', 'volume_types': ['91baa496-fdd4-480d-a614-3cad9a90a913'], 'name': 'tempest-GroupsV320Test-Group-1680951792'}} {{(pid=107950) create /opt/stack/cinder/cinder/api/v3/groups.py:190}}
Aug 30 19:48:29.293467 dv-cinder-759943-17-iscsi devstack@c-api.service[107950]: INFO cinder.api.v3.groups [None req-f785b0af-959d-48f6-b337-42b7fa35726f tempest-GroupsV320Test-916041547 tempest-GroupsV320Test-916041547-project] Creating group tempest-GroupsV320Test-Group-1680951792.
Aug 30 19:48:29.349283 dv-cinder-759943-17-iscsi devstack@c-api.service[107950]: DEBUG cinder.volume.api [None req-f785b0af-959d-48f6-b337-42b7fa35726f tempest-GroupsV320Test-916041547 tempest-GroupsV320Test-916041547-project] Availability zone cache updated, next update will occur around 2021-08-30 20:48:29.347309. {{(pid=107950) list_availability_zones /opt/stack/cinder/cinder/volume/api.py:148}}
Aug 30 19:48:29.349575 dv-cinder-759943-17-iscsi devstack@c-api.service[107950]: INFO cinder.volume.api [None req-f785b0af-959d-48f6-b337-42b7fa35726f tempest-GroupsV320Test-916041547 tempest-GroupsV320Test-916041547-project] Availability Zones retrieved successfully.
Aug 30 19:48:29.452429 dv-cinder-759943-17-iscsi devstack@c-api.service[107951]: INFO cinder.api.openstack.wsgi [None req-5f9235a4-a0c8-462b-8d8c-8975791a6b4a tempest-GroupSnapshotsTest-1302964930 tempest-GroupSnapshotsTest-1302964930-project] http://10.222.0.89/volume/v3/36d741d1b79f419ab8f2678620375a7d/groups returned with HTTP 202
Aug 30 19:48:29.466346 dv-cinder-759943-17-iscsi devstack@c-api.service[107951]: [pid: 107951|app: 0|req: 8/17] 10.222.0.89 () {62 vars in 1274 bytes} [Mon Aug 30 19:48:28 2021] POST /volume/v3/36d741d1b79f419ab8f2678620375a7d/groups => generated 112 bytes in 669 msecs (HTTP/1.1 202) 7 headers in 292 bytes (1 switches on core 0)
Aug 30 19:48:29.476485 dv-cinder-759943-17-iscsi devstack@c-api.service[107951]: INFO cinder.api.openstack.wsgi [None req-7329564e-aa88-4d42-8d45-c840a0890c29 tempest-GroupSnapshotsTest-1302964930 tempest-GroupSnapshotsTest-1302964930-project] GET http://10.222.0.89/volume/v3/36d741d1b79f419ab8f2678620375a7d/groups/14704332-6acd-4930-8b3a-53e364603410
Aug 30 19:48:29.480592 dv-cinder-759943-17-iscsi devstack@c-api.service[107951]: DEBUG cinder.api.openstack.wsgi [None req-7329564e-aa88-4d42-8d45-c840a0890c29 tempest-GroupSnapshotsTest-1302964930 tempest-GroupSnapshotsTest-1302964930-project] Empty body provided in request {{(pid=107951) get_body /opt/stack/cinder/cinder/api/openstack/wsgi.py:703}}
Aug 30 19:48:29.482333 dv-cinder-759943-17-iscsi devstack@c-api.service[107951]: /usr/local/lib/python3.8/dist-packages/webob/acceptparse.py:1047: DeprecationWarning: The behavior of AcceptValidHeader.best_match is currently being maintained for backward compatibility, but it will be deprecated in the future, as it does not conform to the RFC.
Aug 30 19:48:29.482333 dv-cinder-759943-17-iscsi devstack@c-api.service[107951]: warnings.warn(
Aug 30 19:48:29.483589 dv-cinder-759943-17-iscsi devstack@c-api.service[107951]: DEBUG cinder.api.openstack.wsgi [None req-7329564e-aa88-4d42-8d45-c840a0890c29 tempest-GroupSnapshotsTest-1302964930 tempest-GroupSnapshotsTest-1302964930-project] Calling method 'version_select' {{(pid=107951) _process_stack /opt/stack/cinder/cinder/api/openstack/wsgi.py:856}}
Aug 30 19:48:29.485257 dv-cinder-759943-17-iscsi devstack@c-api.service[107951]: DEBUG cinder.api.v3.groups [None req-7329564e-aa88-4d42-8d45-c840a0890c29 tempest-GroupSnapshotsTest-1302964930 tempest-GroupSnapshotsTest-1302964930-project] show called for member 14704332-6acd-4930-8b3a-53e364603410 {{(pid=107951) show /opt/stack/cinder/cinder/api/v3/groups.py:58}}
Aug 30 19:48:29.499496 dv-cinder-759943-17-iscsi devstack@c-api.service[107951]: /usr/local/lib/python3.8/dist-packages/oslo_context/context.py:105: DeprecationWarning: Policy enforcement is depending on the value of is_admin. This key is deprecated. Please update your policy file to use the standard policy values.
Aug 30 19:48:29.499496 dv-cinder-759943-17-iscsi devstack@c-api.service[107951]: warnings.warn('Policy enforcement is depending on the value of '
Aug 30 19:48:29.553397 dv-cinder-759943-17-iscsi devstack@c-api.service[107951]: INFO cinder.api.openstack.wsgi [None req-7329564e-aa88-4d42-8d45-c840a0890c29 tempest-GroupSnapshotsTest-1302964930 tempest-GroupSnapshotsTest-1302964930-project] http://10.222.0.89/volume/v3/36d741d1b79f419ab8f2678620375a7d/groups/14704332-6acd-4930-8b3a-53e364603410 returned with HTTP 200
Aug 30 19:48:29.554182 dv-cinder-759943-17-iscsi devstack@c-api.service[107951]: [pid: 107951|app: 0|req: 9/18] 10.222.0.89 () {60 vars in 1363 bytes} [Mon Aug 30 19:48:29 2021] GET /volume/v3/36d741d1b79f419ab8f2678620375a7d/groups/14704332-6acd-4930-8b3a-53e364603410 => generated 392 bytes in 87 msecs (HTTP/1.1 200) 7 headers in 286 bytes (1 switches on core 0)
Aug 30 19:48:29.628651 dv-cinder-759943-17-iscsi devstack@c-api.service[107950]: DEBUG cinder.quota [None req-f785b0af-959d-48f6-b337-42b7fa35726f tempest-GroupsV320Test-916041547 tempest-GroupsV320Test-916041547-project] Created reservations ['89f6b790-a6b9-4360-a6fe-1d321e3adb5c'] {{(pid=107950) reserve /opt/stack/cinder/cinder/quota.py:755}}
Aug 30 19:48:29.921978 dv-cinder-759943-17-iscsi devstack@c-api.service[107950]: INFO cinder.api.openstack.wsgi [None req-f785b0af-959d-48f6-b337-42b7fa35726f tempest-GroupsV320Test-916041547 tempest-GroupsV320Test-916041547-project] http://10.222.0.89/volume/v3/08a47c28125645fd8330dec659db9d2d/groups returned with HTTP 202
Aug 30 19:48:29.926032 dv-cinder-759943-17-iscsi devstack@c-api.service[107950]: [pid: 107950|app: 0|req: 10/19] 10.222.0.89 () {62 vars in 1274 bytes} [Mon Aug 30 19:48:29 2021] POST /volume/v3/08a47c28125645fd8330dec659db9d2d/groups => generated 108 bytes in 870 msecs (HTTP/1.1 202) 7 headers in 292 bytes (1 switches on core 0)
Aug 30 19:48:29.932683 dv-cinder-759943-17-iscsi devstack@c-api.service[107951]: INFO cinder.api.openstack.wsgi [None req-4ef2a480-dbe5-42be-b92a-3c98ca27a382 tempest-GroupsV320Test-916041547 tempest-GroupsV320Test-916041547-project] GET http://10.222.0.89/volume/v3/08a47c28125645fd8330dec659db9d2d/groups/56de9ba3-8371-4052-bb65-0c265e50b11d
Aug 30 19:48:29.937443 dv-cinder-759943-17-iscsi devstack@c-api.service[107951]: DEBUG cinder.api.openstack.wsgi [None req-4ef2a480-dbe5-42be-b92a-3c98ca27a382 tempest-GroupsV320Test-916041547 tempest-GroupsV320Test-916041547-project] Empty body provided in request {{(pid=107951) get_body /opt/stack/cinder/cinder/api/openstack/wsgi.py:703}}
Aug 30 19:48:29.937443 dv-cinder-759943-17-iscsi devstack@c-api.service[107951]: /usr/local/lib/python3.8/dist-packages/webob/acceptparse.py:1047: DeprecationWarning: The behavior of AcceptValidHeader.best_match is currently being maintained for backward compatibility, but it will be deprecated in the future, as it does not conform to the RFC.
Aug 30 19:48:29.937443 dv-cinder-759943-17-iscsi devstack@c-api.service[107951]: warnings.warn(
Aug 30 19:48:29.937443 dv-cinder-759943-17-iscsi devstack@c-api.service[107951]: DEBUG cinder.api.openstack.wsgi [None req-4ef2a480-dbe5-42be-b92a-3c98ca27a382 tempest-GroupsV320Test-916041547 tempest-GroupsV320Test-916041547-project] Calling method 'version_select' {{(pid=107951) _process_stack /opt/stack/cinder/cinder/api/openstack/wsgi.py:856}}
Aug 30 19:48:29.937443 dv-cinder-759943-17-iscsi devstack@c-api.service[107951]: DEBUG cinder.api.v3.groups [None req-4ef2a480-dbe5-42be-b92a-3c98ca27a382 tempest-GroupsV320Test-916041547 tempest-GroupsV320Test-916041547-project] show called for member 56de9ba3-8371-4052-bb65-0c265e50b11d {{(pid=107951) show /opt/stack/cinder/cinder/api/v3/groups.py:58}}
Aug 30 19:48:29.949075 dv-cinder-759943-17-iscsi devstack@c-api.service[107951]: /usr/local/lib/python3.8/dist-packages/oslo_context/context.py:105: DeprecationWarning: Policy enforcement is depending on the value of is_admin. This key is deprecated. Please update your policy file to use the standard policy values.
Aug 30 19:48:29.949075 dv-cinder-759943-17-iscsi devstack@c-api.service[107951]: warnings.warn('Policy enforcement is depending on the value of '
Aug 30 19:48:29.980543 dv-cinder-759943-17-iscsi devstack@c-api.service[107951]: INFO cinder.api.openstack.wsgi [None req-4ef2a480-dbe5-42be-b92a-3c98ca27a382 tempest-GroupsV320Test-916041547 tempest-GroupsV320Test-916041547-project] http://10.222.0.89/volume/v3/08a47c28125645fd8330dec659db9d2d/groups/56de9ba3-8371-4052-bb65-0c265e50b11d returned with HTTP 200
Aug 30 19:48:29.982214 dv-cinder-759943-17-iscsi devstack@c-api.service[107951]: [pid: 107951|app: 0|req: 10/20] 10.222.0.89 () {60 vars in 1363 bytes} [Mon Aug 30 19:48:29 2021] GET /volume/v3/08a47c28125645fd8330dec659db9d2d/groups/56de9ba3-8371-4052-bb65-0c265e50b11d => generated 388 bytes in 53 msecs (HTTP/1.1 200) 7 headers in 286 bytes (1 switches on core 0)
Aug 30 19:48:30.573816 dv-cinder-759943-17-iscsi devstack@c-api.service[107950]: INFO cinder.api.openstack.wsgi [None req-c4d5d954-d997-4daa-bdf9-ca7465507292 tempest-GroupSnapshotsTest-1302964930 tempest-GroupSnapshotsTest-1302964930-project] GET http://10.222.0.89/volume/v3/36d741d1b79f419ab8f2678620375a7d/groups/14704332-6acd-4930-8b3a-53e364603410
Aug 30 19:48:30.576161 dv-cinder-759943-17-iscsi devstack@c-api.service[107950]: DEBUG cinder.api.openstack.wsgi [None req-c4d5d954-d997-4daa-bdf9-ca7465507292 tempest-GroupSnapshotsTest-1302964930 tempest-GroupSnapshotsTest-1302964930-project] Empty body provided in request {{(pid=107950) get_body /opt/stack/cinder/cinder/api/openstack/wsgi.py:703}}
Aug 30 19:48:30.577078 dv-cinder-759943-17-iscsi devstack@c-api.service[107950]: /usr/local/lib/python3.8/dist-packages/webob/acceptparse.py:1047: DeprecationWarning: The behavior of AcceptValidHeader.best_match is currently being maintained for backward compatibility, but it will be deprecated in the future, as it does not conform to the RFC.
Aug 30 19:48:30.577078 dv-cinder-759943-17-iscsi devstack@c-api.service[107950]: warnings.warn(
Aug 30 19:48:30.578729 dv-cinder-759943-17-iscsi devstack@c-api.service[107950]: DEBUG cinder.api.openstack.wsgi [None req-c4d5d954-d997-4daa-bdf9-ca7465507292 tempest-GroupSnapshotsTest-1302964930 tempest-GroupSnapshotsTest-1302964930-project] Calling method 'version_select' {{(pid=107950) _process_stack /opt/stack/cinder/cinder/api/openstack/wsgi.py:856}}
Aug 30 19:48:30.582180 dv-cinder-759943-17-iscsi devstack@c-api.service[107950]: DEBUG cinder.api.v3.groups [None req-c4d5d954-d997-4daa-bdf9-ca7465507292 tempest-GroupSnapshotsTest-1302964930 tempest-GroupSnapshotsTest-1302964930-project] show called for member 14704332-6acd-4930-8b3a-53e364603410 {{(pid=107950) show /opt/stack/cinder/cinder/api/v3/groups.py:58}}
Aug 30 19:48:30.594535 dv-cinder-759943-17-iscsi devstack@c-api.service[107950]: /usr/local/lib/python3.8/dist-packages/oslo_context/context.py:105: DeprecationWarning: Policy enforcement is depending on the value of is_admin. This key is deprecated. Please update your policy file to use the standard policy values.
Aug 30 19:48:30.594535 dv-cinder-759943-17-iscsi devstack@c-api.service[107950]: warnings.warn('Policy enforcement is depending on the value of '
Aug 30 19:48:30.628321 dv-cinder-759943-17-iscsi devstack@c-api.service[107950]: INFO cinder.api.openstack.wsgi [None req-c4d5d954-d997-4daa-bdf9-ca7465507292 tempest-GroupSnapshotsTest-1302964930 tempest-GroupSnapshotsTest-1302964930-project] http://10.222.0.89/volume/v3/36d741d1b79f419ab8f2678620375a7d/groups/14704332-6acd-4930-8b3a-53e364603410 returned with HTTP 200
Aug 30 19:48:30.630152 dv-cinder-759943-17-iscsi devstack@c-api.service[107950]: [pid: 107950|app: 0|req: 11/21] 10.222.0.89 () {60 vars in 1363 bytes} [Mon Aug 30 19:48:30 2021] GET /volume/v3/36d741d1b79f419ab8f2678620375a7d/groups/14704332-6acd-4930-8b3a-53e364603410 => generated 393 bytes in 68 msecs (HTTP/1.1 200) 7 headers in 286 bytes (1 switches on core 0)
Aug 30 19:48:30.647620 dv-cinder-759943-17-iscsi devstack@c-api.service[107951]: INFO cinder.api.openstack.wsgi [None req-f41a3f30-8bbf-494c-9664-588113187bff tempest-GroupSnapshotsTest-1302964930 tempest-GroupSnapshotsTest-1302964930-project] POST http://10.222.0.89/volume/v3/36d741d1b79f419ab8f2678620375a7d/volumes
Aug 30 19:48:30.649210 dv-cinder-759943-17-iscsi devstack@c-api.service[107951]: /usr/local/lib/python3.8/dist-packages/webob/acceptparse.py:1047: DeprecationWarning: The behavior of AcceptValidHeader.best_match is currently being maintained for backward compatibility, but it will be deprecated in the future, as it does not conform to the RFC.
Aug 30 19:48:30.649210 dv-cinder-759943-17-iscsi devstack@c-api.service[107951]: warnings.warn(
Aug 30 19:48:30.649869 dv-cinder-759943-17-iscsi devstack@c-api.service[107951]: DEBUG cinder.api.openstack.wsgi [None req-f41a3f30-8bbf-494c-9664-588113187bff tempest-GroupSnapshotsTest-1302964930 tempest-GroupSnapshotsTest-1302964930-project] Action: 'create', calling method: create, body: {"volume": {"volume_type": "a46db117-c84f-4a1a-9cd2-4d9e8ac2ea9d", "group_id": "14704332-6acd-4930-8b3a-53e364603410", "size": 1, "name": "tempest-GroupSnapshotsTest-Volume-1739524853"}} {{(pid=107951) _process_stack /opt/stack/cinder/cinder/api/openstack/wsgi.py:854}}
Aug 30 19:48:30.652905 dv-cinder-759943-17-iscsi devstack@c-api.service[107951]: DEBUG cinder.api.v3.volumes [None req-f41a3f30-8bbf-494c-9664-588113187bff tempest-GroupSnapshotsTest-1302964930 tempest-GroupSnapshotsTest-1302964930-project] Create volume request body: {'volume': {'volume_type': 'a46db117-c84f-4a1a-9cd2-4d9e8ac2ea9d', 'group_id': '14704332-6acd-4930-8b3a-53e364603410', 'size': 1, 'name': 'tempest-GroupSnapshotsTest-Volume-1739524853'}} {{(pid=107951) create /opt/stack/cinder/cinder/api/v3/volumes.py:298}}
Aug 30 19:48:30.678237 dv-cinder-759943-17-iscsi devstack@c-api.service[107950]: INFO cinder.api.openstack.wsgi [req-812b9d2f-6ddc-46b2-a3ad-c658a8cd0d1b req-9f971f23-02f2-4d57-96e3-54fbc8fef68b tempest-VolumesGetTestJSON-2070075288 tempest-VolumesGetTestJSON-2070075288-project] GET http://10.222.0.89/volume/v3/73ad07954cd2481d8b9b0e13f9e6a7a7/volumes/f39dfdb8-04f3-48c4-9329-f0b3a4adaf7a
Aug 30 19:48:30.678962 dv-cinder-759943-17-iscsi devstack@c-api.service[107950]: DEBUG cinder.api.openstack.wsgi [req-812b9d2f-6ddc-46b2-a3ad-c658a8cd0d1b req-9f971f23-02f2-4d57-96e3-54fbc8fef68b tempest-VolumesGetTestJSON-2070075288 tempest-VolumesGetTestJSON-2070075288-project] Empty body provided in request {{(pid=107950) get_body /opt/stack/cinder/cinder/api/openstack/wsgi.py:703}}
Aug 30 19:48:30.679316 dv-cinder-759943-17-iscsi devstack@c-api.service[107950]: /usr/local/lib/python3.8/dist-packages/webob/acceptparse.py:1047: DeprecationWarning: The behavior of AcceptValidHeader.best_match is currently being maintained for backward compatibility, but it will be deprecated in the future, as it does not conform to the RFC.
Aug 30 19:48:30.679316 dv-cinder-759943-17-iscsi devstack@c-api.service[107950]: warnings.warn(
Aug 30 19:48:30.679848 dv-cinder-759943-17-iscsi devstack@c-api.service[107950]: DEBUG cinder.api.openstack.wsgi [req-812b9d2f-6ddc-46b2-a3ad-c658a8cd0d1b req-9f971f23-02f2-4d57-96e3-54fbc8fef68b tempest-VolumesGetTestJSON-2070075288 tempest-VolumesGetTestJSON-2070075288-project] Calling method 'show' {{(pid=107950) _process_stack /opt/stack/cinder/cinder/api/openstack/wsgi.py:856}}
Aug 30 19:48:30.685642 dv-cinder-759943-17-iscsi devstack@c-api.service[107951]: /usr/local/lib/python3.8/dist-packages/oslo_context/context.py:105: DeprecationWarning: Policy enforcement is depending on the value of is_admin. This key is deprecated. Please update your policy file to use the standard policy values.
Aug 30 19:48:30.685642 dv-cinder-759943-17-iscsi devstack@c-api.service[107951]: warnings.warn('Policy enforcement is depending on the value of '
Aug 30 19:48:30.695524 dv-cinder-759943-17-iscsi devstack@c-api.service[107950]: /usr/local/lib/python3.8/dist-packages/oslo_context/context.py:105: DeprecationWarning: Policy enforcement is depending on the value of is_admin. This key is deprecated. Please update your policy file to use the standard policy values.
Aug 30 19:48:30.695524 dv-cinder-759943-17-iscsi devstack@c-api.service[107950]: warnings.warn('Policy enforcement is depending on the value of '
Aug 30 19:48:30.695779 dv-cinder-759943-17-iscsi devstack@c-api.service[107951]: INFO cinder.api.v3.volumes [None req-f41a3f30-8bbf-494c-9664-588113187bff tempest-GroupSnapshotsTest-1302964930 tempest-GroupSnapshotsTest-1302964930-project] Create volume of 1 GB
Aug 30 19:48:30.712758 dv-cinder-759943-17-iscsi devstack@c-api.service[107951]: INFO cinder.volume.api [None req-f41a3f30-8bbf-494c-9664-588113187bff tempest-GroupSnapshotsTest-1302964930 tempest-GroupSnapshotsTest-1302964930-project] Availability Zones retrieved successfully.
Aug 30 19:48:30.713999 dv-cinder-759943-17-iscsi devstack@c-api.service[107950]: INFO cinder.volume.api [req-812b9d2f-6ddc-46b2-a3ad-c658a8cd0d1b req-9f971f23-02f2-4d57-96e3-54fbc8fef68b tempest-VolumesGetTestJSON-2070075288 tempest-VolumesGetTestJSON-2070075288-project] Volume info retrieved successfully.
Aug 30 19:48:30.730782 dv-cinder-759943-17-iscsi devstack@c-api.service[107950]: INFO cinder.api.openstack.wsgi [req-812b9d2f-6ddc-46b2-a3ad-c658a8cd0d1b req-9f971f23-02f2-4d57-96e3-54fbc8fef68b tempest-VolumesGetTestJSON-2070075288 tempest-VolumesGetTestJSON-2070075288-project] http://10.222.0.89/volume/v3/73ad07954cd2481d8b9b0e13f9e6a7a7/volumes/f39dfdb8-04f3-48c4-9329-f0b3a4adaf7a returned with HTTP 200
Aug 30 19:48:30.731608 dv-cinder-759943-17-iscsi devstack@c-api.service[107950]: [pid: 107950|app: 0|req: 12/22] 10.222.0.89 () {60 vars in 1579 bytes} [Mon Aug 30 19:48:30 2021] GET /volume/v3/73ad07954cd2481d8b9b0e13f9e6a7a7/volumes/f39dfdb8-04f3-48c4-9329-f0b3a4adaf7a => generated 924 bytes in 58 msecs (HTTP/1.1 200) 7 headers in 285 bytes (2 switches on core 0)
Aug 30 19:48:30.757355 dv-cinder-759943-17-iscsi devstack@c-api.service[107951]: DEBUG cinder.volume.api [None req-f41a3f30-8bbf-494c-9664-588113187bff tempest-GroupSnapshotsTest-1302964930 tempest-GroupSnapshotsTest-1302964930-project] Flow 'volume_create_api' (12998f21-8509-4d31-bf56-22f509d9b654) transitioned into state 'RUNNING' from state 'PENDING' {{(pid=107951) _flow_receiver /usr/local/lib/python3.8/dist-packages/taskflow/listeners/logging.py:141}}
Aug 30 19:48:30.765004 dv-cinder-759943-17-iscsi devstack@c-api.service[107950]: INFO cinder.api.openstack.wsgi [req-4ed5a8f9-a8c9-4cef-b49e-1b72b2afcc2a req-823fcfa1-8573-4884-a198-1f7aa8f847d5 tempest-VolumesSnapshotsTestJSON-863476630 tempest-VolumesSnapshotsTestJSON-863476630-project] GET http://10.222.0.89/volume/v3/e63e836566c94f62a0dcfa4de0f43a95/volumes/6b1536f5-fe18-4b99-a090-279dc680415d
Aug 30 19:48:30.766063 dv-cinder-759943-17-iscsi devstack@c-api.service[107950]: DEBUG cinder.api.openstack.wsgi [req-4ed5a8f9-a8c9-4cef-b49e-1b72b2afcc2a req-823fcfa1-8573-4884-a198-1f7aa8f847d5 tempest-VolumesSnapshotsTestJSON-863476630 tempest-VolumesSnapshotsTestJSON-863476630-project] Empty body provided in request {{(pid=107950) get_body /opt/stack/cinder/cinder/api/openstack/wsgi.py:703}}
Aug 30 19:48:30.766391 dv-cinder-759943-17-iscsi devstack@c-api.service[107950]: /usr/local/lib/python3.8/dist-packages/webob/acceptparse.py:1047: DeprecationWarning: The behavior of AcceptValidHeader.best_match is currently being maintained for backward compatibility, but it will be deprecated in the future, as it does not conform to the RFC.
Aug 30 19:48:30.766391 dv-cinder-759943-17-iscsi devstack@c-api.service[107950]: warnings.warn(
Aug 30 19:48:30.766818 dv-cinder-759943-17-iscsi devstack@c-api.service[107951]: DEBUG cinder.volume.api [None req-f41a3f30-8bbf-494c-9664-588113187bff tempest-GroupSnapshotsTest-1302964930 tempest-GroupSnapshotsTest-1302964930-project] Task 'cinder.volume.flows.api.create_volume.ExtractVolumeRequestTask;volume:create' (7d80eff5-0349-4b1e-8a0b-51ed2904b897) transitioned into state 'RUNNING' from state 'PENDING' {{(pid=107951) _task_receiver /usr/local/lib/python3.8/dist-packages/taskflow/listeners/logging.py:190}}
Aug 30 19:48:30.767119 dv-cinder-759943-17-iscsi devstack@c-api.service[107950]: DEBUG cinder.api.openstack.wsgi [req-4ed5a8f9-a8c9-4cef-b49e-1b72b2afcc2a req-823fcfa1-8573-4884-a198-1f7aa8f847d5 tempest-VolumesSnapshotsTestJSON-863476630 tempest-VolumesSnapshotsTestJSON-863476630-project] Calling method 'show' {{(pid=107950) _process_stack /opt/stack/cinder/cinder/api/openstack/wsgi.py:856}}
Aug 30 19:48:30.769009 dv-cinder-759943-17-iscsi devstack@c-api.service[107951]: /usr/local/lib/python3.8/dist-packages/oslo_context/context.py:105: DeprecationWarning: Policy enforcement is depending on the value of is_admin. This key is deprecated. Please update your policy file to use the standard policy values.
Aug 30 19:48:30.769009 dv-cinder-759943-17-iscsi devstack@c-api.service[107951]: warnings.warn('Policy enforcement is depending on the value of '
Aug 30 19:48:30.769554 dv-cinder-759943-17-iscsi devstack@c-api.service[107951]: DEBUG cinder.volume.flows.api.create_volume [None req-f41a3f30-8bbf-494c-9664-588113187bff tempest-GroupSnapshotsTest-1302964930 tempest-GroupSnapshotsTest-1302964930-project] Validating volume size '1' using validate_int {{(pid=107951) _extract_size /opt/stack/cinder/cinder/volume/flows/api/create_volume.py:225}}
Aug 30 19:48:30.796131 dv-cinder-759943-17-iscsi devstack@c-api.service[107950]: /usr/local/lib/python3.8/dist-packages/oslo_context/context.py:105: DeprecationWarning: Policy enforcement is depending on the value of is_admin. This key is deprecated. Please update your policy file to use the standard policy values.
Aug 30 19:48:30.796131 dv-cinder-759943-17-iscsi devstack@c-api.service[107950]: warnings.warn('Policy enforcement is depending on the value of '
Aug 30 19:48:30.805106 dv-cinder-759943-17-iscsi devstack@c-api.service[107950]: INFO cinder.volume.api [req-4ed5a8f9-a8c9-4cef-b49e-1b72b2afcc2a req-823fcfa1-8573-4884-a198-1f7aa8f847d5 tempest-VolumesSnapshotsTestJSON-863476630 tempest-VolumesSnapshotsTestJSON-863476630-project] Volume info retrieved successfully.
Aug 30 19:48:30.822768 dv-cinder-759943-17-iscsi devstack@c-api.service[107950]: INFO cinder.api.openstack.wsgi [req-4ed5a8f9-a8c9-4cef-b49e-1b72b2afcc2a req-823fcfa1-8573-4884-a198-1f7aa8f847d5 tempest-VolumesSnapshotsTestJSON-863476630 tempest-VolumesSnapshotsTestJSON-863476630-project] http://10.222.0.89/volume/v3/e63e836566c94f62a0dcfa4de0f43a95/volumes/6b1536f5-fe18-4b99-a090-279dc680415d returned with HTTP 200
Aug 30 19:48:30.824014 dv-cinder-759943-17-iscsi devstack@c-api.service[107950]: [pid: 107950|app: 0|req: 13/23] 10.222.0.89 () {60 vars in 1579 bytes} [Mon Aug 30 19:48:30 2021] GET /volume/v3/e63e836566c94f62a0dcfa4de0f43a95/volumes/6b1536f5-fe18-4b99-a090-279dc680415d => generated 916 bytes in 63 msecs (HTTP/1.1 200) 7 headers in 285 bytes (1 switches on core 0)
Aug 30 19:48:30.864157 dv-cinder-759943-17-iscsi devstack@c-api.service[107950]: INFO cinder.api.openstack.wsgi [req-327adc1b-e386-4e6a-9b2f-b7e5bfb6f723 req-4507447f-4365-44dd-97af-e6ec58627cf3 tempest-VolumesGetTestJSON-2070075288 tempest-VolumesGetTestJSON-2070075288-project] GET http://10.222.0.89/volume/v3/73ad07954cd2481d8b9b0e13f9e6a7a7/volumes/f39dfdb8-04f3-48c4-9329-f0b3a4adaf7a
Aug 30 19:48:30.866798 dv-cinder-759943-17-iscsi devstack@c-api.service[107950]: DEBUG cinder.api.openstack.wsgi [req-327adc1b-e386-4e6a-9b2f-b7e5bfb6f723 req-4507447f-4365-44dd-97af-e6ec58627cf3 tempest-VolumesGetTestJSON-2070075288 tempest-VolumesGetTestJSON-2070075288-project] Empty body provided in request {{(pid=107950) get_body /opt/stack/cinder/cinder/api/openstack/wsgi.py:703}}
Aug 30 19:48:30.866798 dv-cinder-759943-17-iscsi devstack@c-api.service[107950]: /usr/local/lib/python3.8/dist-packages/webob/acceptparse.py:1047: DeprecationWarning: The behavior of AcceptValidHeader.best_match is currently being maintained for backward compatibility, but it will be deprecated in the future, as it does not conform to the RFC.
Aug 30 19:48:30.866798 dv-cinder-759943-17-iscsi devstack@c-api.service[107950]: warnings.warn(
Aug 30 19:48:30.866798 dv-cinder-759943-17-iscsi devstack@c-api.service[107950]: DEBUG cinder.api.openstack.wsgi [req-327adc1b-e386-4e6a-9b2f-b7e5bfb6f723 req-4507447f-4365-44dd-97af-e6ec58627cf3 tempest-VolumesGetTestJSON-2070075288 tempest-VolumesGetTestJSON-2070075288-project] Calling method 'show' {{(pid=107950) _process_stack /opt/stack/cinder/cinder/api/openstack/wsgi.py:856}}
Aug 30 19:48:30.892014 dv-cinder-759943-17-iscsi devstack@c-api.service[107950]: /usr/local/lib/python3.8/dist-packages/oslo_context/context.py:105: DeprecationWarning: Policy enforcement is depending on the value of is_admin. This key is deprecated. Please update your policy file to use the standard policy values.
Aug 30 19:48:30.892014 dv-cinder-759943-17-iscsi devstack@c-api.service[107950]: warnings.warn('Policy enforcement is depending on the value of '
