Aug 20 00:01:51.723979 dv-cinder-759943-12-smb devstack@n-api.service[120898]: INFO nova.api.openstack.requestlog [None req-14db8ade-51fd-4603-ba86-927dc5aa46c7 tempest-VolumesSnapshotsTestJSON-305245637 tempest-VolumesSnapshotsTestJSON-305245637-project] 10.222.0.20 "GET /compute/v2.1/os-volumes/391e616b-2343-4970-8473-54c53be95da8" status: 404 len: 109 microversion: 2.1 time: 0.105505
Aug 20 00:01:51.725666 dv-cinder-759943-12-smb devstack@n-api.service[120898]: [pid: 120898|app: 0|req: 21/35] 10.222.0.20 () {58 vars in 1245 bytes} [Fri Aug 20 00:01:51 2021] GET /compute/v2.1/os-volumes/391e616b-2343-4970-8473-54c53be95da8 => generated 109 bytes in 108 msecs (HTTP/1.1 404) 9 headers in 379 bytes (2 switches on core 0)
Aug 20 00:01:51.761289 dv-cinder-759943-12-smb devstack@n-api.service[120898]: DEBUG nova.api.openstack.wsgi [None req-a5590933-57c5-49d5-8d54-73922294a8a8 tempest-VolumesSnapshotsTestJSON-305245637 tempest-VolumesSnapshotsTestJSON-305245637-project] Calling method '.version_select at 0x7f9b44032a60>' {{(pid=120898) _process_stack /opt/stack/nova/nova/api/openstack/wsgi.py:513}}
Aug 20 00:01:51.944815 dv-cinder-759943-12-smb devstack@n-api.service[120898]: INFO nova.api.openstack.wsgi [None req-a5590933-57c5-49d5-8d54-73922294a8a8 tempest-VolumesSnapshotsTestJSON-305245637 tempest-VolumesSnapshotsTestJSON-305245637-project] HTTP exception thrown: Volume 391e616b-2343-4970-8473-54c53be95da8 could not be found.
Aug 20 00:01:51.946837 dv-cinder-759943-12-smb devstack@n-api.service[120898]: DEBUG nova.api.openstack.wsgi [None req-a5590933-57c5-49d5-8d54-73922294a8a8 tempest-VolumesSnapshotsTestJSON-305245637 tempest-VolumesSnapshotsTestJSON-305245637-project] Returning 404 to user: Volume 391e616b-2343-4970-8473-54c53be95da8 could not be found. {{(pid=120898) __call__ /opt/stack/nova/nova/api/openstack/wsgi.py:927}}
Aug 20 00:01:51.948746 dv-cinder-759943-12-smb devstack@n-api.service[120898]: INFO nova.api.openstack.requestlog [None req-a5590933-57c5-49d5-8d54-73922294a8a8 tempest-VolumesSnapshotsTestJSON-305245637 tempest-VolumesSnapshotsTestJSON-305245637-project] 10.222.0.20 "DELETE /compute/v2.1/os-volumes/391e616b-2343-4970-8473-54c53be95da8" status: 404 len: 109 microversion: 2.1 time: 0.193549
Aug 20 00:01:51.954605 dv-cinder-759943-12-smb devstack@n-api.service[120898]: [pid: 120898|app: 0|req: 22/36] 10.222.0.20 () {58 vars in 1248 bytes} [Fri Aug 20 00:01:51 2021] DELETE /compute/v2.1/os-volumes/391e616b-2343-4970-8473-54c53be95da8 => generated 109 bytes in 196 msecs (HTTP/1.1 404) 9 headers in 379 bytes (2 switches on core 0)
Aug 20 00:01:51.960703 dv-cinder-759943-12-smb devstack@n-api.service[120897]: INFO nova.api.openstack.requestlog [None req-03ffcb51-6f43-47bf-9f9d-b1948771e1f5 tempest-VolumesTestJSON-870013786 tempest-VolumesTestJSON-870013786-project] 10.222.0.20 "GET /compute/v2.1/os-volumes?offset=1&limit=1" status: 200 len: 354 microversion: 2.1 time: 0.345933
Aug 20 00:01:51.961867 dv-cinder-759943-12-smb devstack@n-api.service[120897]: [pid: 120897|app: 0|req: 15/37] 10.222.0.20 () {58 vars in 1167 bytes} [Fri Aug 20 00:01:51 2021] GET /compute/v2.1/os-volumes?offset=1&limit=1 => generated 354 bytes in 348 msecs (HTTP/1.1 200) 9 headers in 357 bytes (1 switches on core 0)
Aug 20 00:01:51.967583 dv-cinder-759943-12-smb devstack@n-api.service[120898]: DEBUG nova.api.openstack.wsgi [None req-9d317129-88a0-47e8-a904-44158b2986e8 tempest-AttachVolumeNegativeTest-165173626 tempest-AttachVolumeNegativeTest-165173626-project] Calling method '>' {{(pid=120898) _process_stack /opt/stack/nova/nova/api/openstack/wsgi.py:513}}
Aug 20 00:01:51.985522 dv-cinder-759943-12-smb devstack@n-api.service[120898]: DEBUG nova.compute.api [None req-9d317129-88a0-47e8-a904-44158b2986e8 tempest-AttachVolumeNegativeTest-165173626 tempest-AttachVolumeNegativeTest-165173626-project] [instance: 1c8c27e4-23df-4671-8620-349cf49b027e] Fetching instance by UUID {{(pid=120898) get /opt/stack/nova/nova/compute/api.py:2825}}
Aug 20 00:01:51.988636 dv-cinder-759943-12-smb devstack@n-api.service[120897]: DEBUG nova.api.openstack.wsgi [None req-8eed227b-d787-4ef6-9bac-54ec95211b6c tempest-VolumesSnapshotsTestJSON-305245637 tempest-VolumesSnapshotsTestJSON-305245637-project] Calling method '.version_select at 0x7f9b3f7dea60>' {{(pid=120897) _process_stack /opt/stack/nova/nova/api/openstack/wsgi.py:513}}
Aug 20 00:01:52.016609 dv-cinder-759943-12-smb devstack@n-api.service[120898]: DEBUG oslo_concurrency.lockutils [None req-9d317129-88a0-47e8-a904-44158b2986e8 tempest-AttachVolumeNegativeTest-165173626 tempest-AttachVolumeNegativeTest-165173626-project] Lock "d6cc7ed0-59b0-48a5-b74d-845a1241d113" acquired by "nova.context.set_target_cell..get_or_set_cached_cell_and_set_connections" :: waited 0.000s {{(pid=120898) inner /usr/local/lib/python3.8/dist-packages/oslo_concurrency/lockutils.py:355}}
Aug 20 00:01:52.024393 dv-cinder-759943-12-smb devstack@n-api.service[120898]: DEBUG oslo_concurrency.lockutils [None req-9d317129-88a0-47e8-a904-44158b2986e8 tempest-AttachVolumeNegativeTest-165173626 tempest-AttachVolumeNegativeTest-165173626-project] Lock "d6cc7ed0-59b0-48a5-b74d-845a1241d113" released by "nova.context.set_target_cell..get_or_set_cached_cell_and_set_connections" :: held 0.007s {{(pid=120898) inner /usr/local/lib/python3.8/dist-packages/oslo_concurrency/lockutils.py:367}}
Aug 20 00:01:52.039271 dv-cinder-759943-12-smb devstack@n-api.service[120898]: DEBUG oslo_concurrency.lockutils [None req-9d317129-88a0-47e8-a904-44158b2986e8 tempest-AttachVolumeNegativeTest-165173626 tempest-AttachVolumeNegativeTest-165173626-project] Lock "d6cc7ed0-59b0-48a5-b74d-845a1241d113" acquired by "nova.context.set_target_cell..get_or_set_cached_cell_and_set_connections" :: waited 0.000s {{(pid=120898) inner /usr/local/lib/python3.8/dist-packages/oslo_concurrency/lockutils.py:355}}
Aug 20 00:01:52.045030 dv-cinder-759943-12-smb devstack@n-api.service[120898]: DEBUG oslo_concurrency.lockutils [None req-9d317129-88a0-47e8-a904-44158b2986e8 tempest-AttachVolumeNegativeTest-165173626 tempest-AttachVolumeNegativeTest-165173626-project] Lock "d6cc7ed0-59b0-48a5-b74d-845a1241d113" released by "nova.context.set_target_cell..get_or_set_cached_cell_and_set_connections" :: held 0.006s {{(pid=120898) inner /usr/local/lib/python3.8/dist-packages/oslo_concurrency/lockutils.py:367}}
Aug 20 00:01:52.108119 dv-cinder-759943-12-smb devstack@n-api.service[120897]: INFO nova.api.openstack.wsgi [None req-8eed227b-d787-4ef6-9bac-54ec95211b6c tempest-VolumesSnapshotsTestJSON-305245637 tempest-VolumesSnapshotsTestJSON-305245637-project] HTTP exception thrown: Volume 391e616b-2343-4970-8473-54c53be95da8 could not be found.
Aug 20 00:01:52.108119 dv-cinder-759943-12-smb devstack@n-api.service[120897]: DEBUG nova.api.openstack.wsgi [None req-8eed227b-d787-4ef6-9bac-54ec95211b6c tempest-VolumesSnapshotsTestJSON-305245637 tempest-VolumesSnapshotsTestJSON-305245637-project] Returning 404 to user: Volume 391e616b-2343-4970-8473-54c53be95da8 could not be found. {{(pid=120897) __call__ /opt/stack/nova/nova/api/openstack/wsgi.py:927}}
Aug 20 00:01:52.108119 dv-cinder-759943-12-smb devstack@n-api.service[120897]: INFO nova.api.openstack.requestlog [None req-8eed227b-d787-4ef6-9bac-54ec95211b6c tempest-VolumesSnapshotsTestJSON-305245637 tempest-VolumesSnapshotsTestJSON-305245637-project] 10.222.0.20 "GET /compute/v2.1/os-volumes/391e616b-2343-4970-8473-54c53be95da8" status: 404 len: 109 microversion: 2.1 time: 0.131168
Aug 20 00:01:52.109137 dv-cinder-759943-12-smb devstack@n-api.service[120897]: [pid: 120897|app: 0|req: 16/38] 10.222.0.20 () {58 vars in 1245 bytes} [Fri Aug 20 00:01:51 2021] GET /compute/v2.1/os-volumes/391e616b-2343-4970-8473-54c53be95da8 => generated 109 bytes in 146 msecs (HTTP/1.1 404) 9 headers in 379 bytes (1 switches on core 0)
Aug 20 00:01:52.144376 dv-cinder-759943-12-smb devstack@n-api.service[120897]: DEBUG nova.api.openstack.wsgi [None req-66f9781e-932d-40c3-af62-42f980eda62b tempest-VolumesTestJSON-870013786 tempest-VolumesTestJSON-870013786-project] Calling method '.version_select at 0x7f9b3f7de8b0>' {{(pid=120897) _process_stack /opt/stack/nova/nova/api/openstack/wsgi.py:513}}
Aug 20 00:01:52.250831 dv-cinder-759943-12-smb devstack@n-api.service[120898]: DEBUG nova.policy [None req-9d317129-88a0-47e8-a904-44158b2986e8 tempest-AttachVolumeNegativeTest-165173626 tempest-AttachVolumeNegativeTest-165173626-project] Policy check for os_compute_api:os-extended-server-attributes failed with credentials {'is_admin': False, 'user_id': '214190fe066a4545879d2d7fa0321a46', 'user_domain_id': 'default', 'system_scope': None, 'domain_id': None, 'project_id': '736cf43e1e7d4aa1b09f36d975ec0b6f', 'project_domain_id': 'default', 'roles': ['reader', 'member'], 'is_admin_project': True, 'service_user_id': None, 'service_user_domain_id': None, 'service_project_id': None, 'service_project_domain_id': None, 'service_roles': []} {{(pid=120898) authorize /opt/stack/nova/nova/policy.py:199}}
Aug 20 00:01:52.261693 dv-cinder-759943-12-smb devstack@n-api.service[120898]: INFO nova.api.openstack.requestlog [None req-9d317129-88a0-47e8-a904-44158b2986e8 tempest-AttachVolumeNegativeTest-165173626 tempest-AttachVolumeNegativeTest-165173626-project] 10.222.0.20 "GET /compute/v2.1/servers/1c8c27e4-23df-4671-8620-349cf49b027e" status: 200 len: 1269 microversion: 2.1 time: 0.310049
Aug 20 00:01:52.277761 dv-cinder-759943-12-smb devstack@n-api.service[120898]: [pid: 120898|app: 0|req: 23/39] 10.222.0.20 () {58 vars in 1236 bytes} [Fri Aug 20 00:01:51 2021] GET /compute/v2.1/servers/1c8c27e4-23df-4671-8620-349cf49b027e => generated 1269 bytes in 326 msecs (HTTP/1.1 200) 9 headers in 358 bytes (1 switches on core 0)
Aug 20 00:01:52.304885 dv-cinder-759943-12-smb devstack@n-api.service[120898]: DEBUG nova.api.openstack.wsgi [None req-fd5a6a6b-e764-478a-9898-2fa90ead15f5 tempest-DeleteServersTestJSON-447650635 tempest-DeleteServersTestJSON-447650635-project] Calling method '>' {{(pid=120898) _process_stack /opt/stack/nova/nova/api/openstack/wsgi.py:513}}
Aug 20 00:01:52.306462 dv-cinder-759943-12-smb devstack@n-api.service[120898]: DEBUG nova.compute.api [None req-fd5a6a6b-e764-478a-9898-2fa90ead15f5 tempest-DeleteServersTestJSON-447650635 tempest-DeleteServersTestJSON-447650635-project] [instance: 505e4f46-b9b9-48b8-95b1-beaadbbb45ae] Fetching instance by UUID {{(pid=120898) get /opt/stack/nova/nova/compute/api.py:2825}}
Aug 20 00:01:52.322343 dv-cinder-759943-12-smb devstack@n-api.service[120898]: DEBUG oslo_concurrency.lockutils [None req-fd5a6a6b-e764-478a-9898-2fa90ead15f5 tempest-DeleteServersTestJSON-447650635 tempest-DeleteServersTestJSON-447650635-project] Lock "d6cc7ed0-59b0-48a5-b74d-845a1241d113" acquired by "nova.context.set_target_cell..get_or_set_cached_cell_and_set_connections" :: waited 0.000s {{(pid=120898) inner /usr/local/lib/python3.8/dist-packages/oslo_concurrency/lockutils.py:355}}
Aug 20 00:01:52.325981 dv-cinder-759943-12-smb devstack@n-api.service[120898]: DEBUG oslo_concurrency.lockutils [None req-fd5a6a6b-e764-478a-9898-2fa90ead15f5 tempest-DeleteServersTestJSON-447650635 tempest-DeleteServersTestJSON-447650635-project] Lock "d6cc7ed0-59b0-48a5-b74d-845a1241d113" released by "nova.context.set_target_cell..get_or_set_cached_cell_and_set_connections" :: held 0.001s {{(pid=120898) inner /usr/local/lib/python3.8/dist-packages/oslo_concurrency/lockutils.py:367}}
Aug 20 00:01:52.328048 dv-cinder-759943-12-smb devstack@n-api.service[120898]: DEBUG oslo_concurrency.lockutils [None req-fd5a6a6b-e764-478a-9898-2fa90ead15f5 tempest-DeleteServersTestJSON-447650635 tempest-DeleteServersTestJSON-447650635-project] Lock "d6cc7ed0-59b0-48a5-b74d-845a1241d113" acquired by "nova.context.set_target_cell..get_or_set_cached_cell_and_set_connections" :: waited 0.000s {{(pid=120898) inner /usr/local/lib/python3.8/dist-packages/oslo_concurrency/lockutils.py:355}}
Aug 20 00:01:52.329136 dv-cinder-759943-12-smb devstack@n-api.service[120898]: DEBUG oslo_concurrency.lockutils [None req-fd5a6a6b-e764-478a-9898-2fa90ead15f5 tempest-DeleteServersTestJSON-447650635 tempest-DeleteServersTestJSON-447650635-project] Lock "d6cc7ed0-59b0-48a5-b74d-845a1241d113" released by "nova.context.set_target_cell..get_or_set_cached_cell_and_set_connections" :: held 0.001s {{(pid=120898) inner /usr/local/lib/python3.8/dist-packages/oslo_concurrency/lockutils.py:367}}
Aug 20 00:01:52.398255 dv-cinder-759943-12-smb devstack@n-api.service[120897]: INFO nova.api.openstack.requestlog [None req-66f9781e-932d-40c3-af62-42f980eda62b tempest-VolumesTestJSON-870013786 tempest-VolumesTestJSON-870013786-project] 10.222.0.20 "GET /compute/v2.1/os-volumes/detail?limit=2" status: 200 len: 694 microversion: 2.1 time: 0.286942
Aug 20 00:01:52.399343 dv-cinder-759943-12-smb devstack@n-api.service[120897]: [pid: 120897|app: 0|req: 17/40] 10.222.0.20 () {58 vars in 1170 bytes} [Fri Aug 20 00:01:52 2021] GET /compute/v2.1/os-volumes/detail?limit=2 => generated 694 bytes in 289 msecs (HTTP/1.1 200) 9 headers in 357 bytes (1 switches on core 0)
Aug 20 00:01:52.417114 dv-cinder-759943-12-smb devstack@n-api.service[120897]: DEBUG nova.api.openstack.wsgi [None req-b59d2367-79c6-4685-a33f-e7492d9c0768 tempest-VolumesTestJSON-870013786 tempest-VolumesTestJSON-870013786-project] Calling method '.version_select at 0x7f9b3f7e8040>' {{(pid=120897) _process_stack /opt/stack/nova/nova/api/openstack/wsgi.py:513}}
Aug 20 00:01:52.564109 dv-cinder-759943-12-smb devstack@n-api.service[120898]: DEBUG nova.policy [None req-fd5a6a6b-e764-478a-9898-2fa90ead15f5 tempest-DeleteServersTestJSON-447650635 tempest-DeleteServersTestJSON-447650635-project] Policy check for os_compute_api:os-extended-server-attributes failed with credentials {'is_admin': False, 'user_id': '00f602a68b364168a9799e963bee9219', 'user_domain_id': 'default', 'system_scope': None, 'domain_id': None, 'project_id': '05c49aee59c248e599fac6b893bf75e3', 'project_domain_id': 'default', 'roles': ['reader', 'member'], 'is_admin_project': True, 'service_user_id': None, 'service_user_domain_id': None, 'service_project_id': None, 'service_project_domain_id': None, 'service_roles': []} {{(pid=120898) authorize /opt/stack/nova/nova/policy.py:199}}
Aug 20 00:01:52.596685 dv-cinder-759943-12-smb devstack@n-api.service[120898]: INFO nova.api.openstack.requestlog [None req-fd5a6a6b-e764-478a-9898-2fa90ead15f5 tempest-DeleteServersTestJSON-447650635 tempest-DeleteServersTestJSON-447650635-project] 10.222.0.20 "GET /compute/v2.1/servers/505e4f46-b9b9-48b8-95b1-beaadbbb45ae" status: 200 len: 1275 microversion: 2.1 time: 0.316126
Aug 20 00:01:52.603023 dv-cinder-759943-12-smb devstack@n-api.service[120898]: [pid: 120898|app: 0|req: 24/41] 10.222.0.20 () {58 vars in 1236 bytes} [Fri Aug 20 00:01:52 2021] GET /compute/v2.1/servers/505e4f46-b9b9-48b8-95b1-beaadbbb45ae => generated 1275 bytes in 325 msecs (HTTP/1.1 200) 9 headers in 358 bytes (1 switches on core 0)
Aug 20 00:01:52.648659 dv-cinder-759943-12-smb devstack@n-api.service[120897]: INFO nova.api.openstack.requestlog [None req-b59d2367-79c6-4685-a33f-e7492d9c0768 tempest-VolumesTestJSON-870013786 tempest-VolumesTestJSON-870013786-project] 10.222.0.20 "GET /compute/v2.1/os-volumes/detail" status: 200 len: 1034 microversion: 2.1 time: 0.238986
Aug 20 00:01:52.649880 dv-cinder-759943-12-smb devstack@n-api.service[120897]: [pid: 120897|app: 0|req: 18/42] 10.222.0.20 () {58 vars in 1155 bytes} [Fri Aug 20 00:01:52 2021] GET /compute/v2.1/os-volumes/detail => generated 1034 bytes in 241 msecs (HTTP/1.1 200) 9 headers in 358 bytes (1 switches on core 0)
Aug 20 00:01:52.663971 dv-cinder-759943-12-smb devstack@n-api.service[120898]: DEBUG nova.api.openstack.wsgi [None req-01df9d4e-686b-4b1c-b5fa-1d4ad2a5dfef tempest-VolumesTestJSON-870013786 tempest-VolumesTestJSON-870013786-project] Calling method '.version_select at 0x7f9b448bd790>' {{(pid=120898) _process_stack /opt/stack/nova/nova/api/openstack/wsgi.py:513}}
Aug 20 00:01:52.850951 dv-cinder-759943-12-smb devstack@n-api.service[120898]: INFO nova.api.openstack.requestlog [None req-01df9d4e-686b-4b1c-b5fa-1d4ad2a5dfef tempest-VolumesTestJSON-870013786 tempest-VolumesTestJSON-870013786-project] 10.222.0.20 "GET /compute/v2.1/os-volumes/detail?offset=1&limit=1" status: 200 len: 354 microversion: 2.1 time: 0.192065
Aug 20 00:01:52.860189 dv-cinder-759943-12-smb devstack@n-api.service[120898]: [pid: 120898|app: 0|req: 25/43] 10.222.0.20 () {58 vars in 1188 bytes} [Fri Aug 20 00:01:52 2021] GET /compute/v2.1/os-volumes/detail?offset=1&limit=1 => generated 354 bytes in 195 msecs (HTTP/1.1 200) 9 headers in 357 bytes (1 switches on core 0)
Aug 20 00:01:52.865747 dv-cinder-759943-12-smb devstack@n-api.service[120897]: DEBUG nova.api.openstack.wsgi [None req-39b7b466-7856-49fa-ab14-929d9dee3a78 tempest-VolumesTestJSON-870013786 tempest-VolumesTestJSON-870013786-project] Calling method '.version_select at 0x7f9b448aadc0>' {{(pid=120897) _process_stack /opt/stack/nova/nova/api/openstack/wsgi.py:513}}
Aug 20 00:01:53.350866 dv-cinder-759943-12-smb devstack@n-api.service[120898]: DEBUG nova.api.openstack.wsgi [None req-0f186aec-6a73-4e85-932f-16a029b17254 tempest-AttachVolumeNegativeTest-165173626 tempest-AttachVolumeNegativeTest-165173626-project] Calling method '>' {{(pid=120898) _process_stack /opt/stack/nova/nova/api/openstack/wsgi.py:513}}
Aug 20 00:01:53.353821 dv-cinder-759943-12-smb devstack@n-api.service[120898]: DEBUG nova.compute.api [None req-0f186aec-6a73-4e85-932f-16a029b17254 tempest-AttachVolumeNegativeTest-165173626 tempest-AttachVolumeNegativeTest-165173626-project] [instance: 1c8c27e4-23df-4671-8620-349cf49b027e] Fetching instance by UUID {{(pid=120898) get /opt/stack/nova/nova/compute/api.py:2825}}
Aug 20 00:01:53.381511 dv-cinder-759943-12-smb devstack@n-api.service[120898]: DEBUG oslo_concurrency.lockutils [None req-0f186aec-6a73-4e85-932f-16a029b17254 tempest-AttachVolumeNegativeTest-165173626 tempest-AttachVolumeNegativeTest-165173626-project] Lock "d6cc7ed0-59b0-48a5-b74d-845a1241d113" acquired by "nova.context.set_target_cell..get_or_set_cached_cell_and_set_connections" :: waited 0.000s {{(pid=120898) inner /usr/local/lib/python3.8/dist-packages/oslo_concurrency/lockutils.py:355}}
Aug 20 00:01:53.397451 dv-cinder-759943-12-smb devstack@n-api.service[120898]: DEBUG oslo_concurrency.lockutils [None req-0f186aec-6a73-4e85-932f-16a029b17254 tempest-AttachVolumeNegativeTest-165173626 tempest-AttachVolumeNegativeTest-165173626-project] Lock "d6cc7ed0-59b0-48a5-b74d-845a1241d113" released by "nova.context.set_target_cell..get_or_set_cached_cell_and_set_connections" :: held 0.017s {{(pid=120898) inner /usr/local/lib/python3.8/dist-packages/oslo_concurrency/lockutils.py:367}}
Aug 20 00:01:53.417832 dv-cinder-759943-12-smb devstack@n-api.service[120898]: DEBUG oslo_concurrency.lockutils [None req-0f186aec-6a73-4e85-932f-16a029b17254 tempest-AttachVolumeNegativeTest-165173626 tempest-AttachVolumeNegativeTest-165173626-project] Lock "d6cc7ed0-59b0-48a5-b74d-845a1241d113" acquired by "nova.context.set_target_cell..get_or_set_cached_cell_and_set_connections" :: waited 0.000s {{(pid=120898) inner /usr/local/lib/python3.8/dist-packages/oslo_concurrency/lockutils.py:355}}
Aug 20 00:01:53.418998 dv-cinder-759943-12-smb devstack@n-api.service[120898]: DEBUG oslo_concurrency.lockutils [None req-0f186aec-6a73-4e85-932f-16a029b17254 tempest-AttachVolumeNegativeTest-165173626 tempest-AttachVolumeNegativeTest-165173626-project] Lock "d6cc7ed0-59b0-48a5-b74d-845a1241d113" released by "nova.context.set_target_cell..get_or_set_cached_cell_and_set_connections" :: held 0.001s {{(pid=120898) inner /usr/local/lib/python3.8/dist-packages/oslo_concurrency/lockutils.py:367}}
Aug 20 00:01:53.436010 dv-cinder-759943-12-smb devstack@n-api.service[120897]: INFO nova.api.openstack.requestlog [None req-39b7b466-7856-49fa-ab14-929d9dee3a78 tempest-VolumesTestJSON-870013786 tempest-VolumesTestJSON-870013786-project] 10.222.0.20 "GET /compute/v2.1/os-volumes/detail" status: 200 len: 1034 microversion: 2.1 time: 0.573705
Aug 20 00:01:53.437522 dv-cinder-759943-12-smb devstack@n-api.service[120897]: [pid: 120897|app: 0|req: 19/44] 10.222.0.20 () {58 vars in 1155 bytes} [Fri Aug 20 00:01:52 2021] GET /compute/v2.1/os-volumes/detail => generated 1034 bytes in 576 msecs (HTTP/1.1 200) 9 headers in 358 bytes (1 switches on core 0)
Aug 20 00:01:53.641558 dv-cinder-759943-12-smb devstack@n-api.service[120897]: DEBUG nova.api.openstack.wsgi [None req-1ca6c8b9-6273-4423-9ee1-6121fc4c9628 tempest-DeleteServersTestJSON-447650635 tempest-DeleteServersTestJSON-447650635-project] Calling method '>' {{(pid=120897) _process_stack /opt/stack/nova/nova/api/openstack/wsgi.py:513}}
Aug 20 00:01:53.645250 dv-cinder-759943-12-smb devstack@n-api.service[120897]: DEBUG nova.compute.api [None req-1ca6c8b9-6273-4423-9ee1-6121fc4c9628 tempest-DeleteServersTestJSON-447650635 tempest-DeleteServersTestJSON-447650635-project] [instance: 505e4f46-b9b9-48b8-95b1-beaadbbb45ae] Fetching instance by UUID {{(pid=120897) get /opt/stack/nova/nova/compute/api.py:2825}}
Aug 20 00:01:53.680295 dv-cinder-759943-12-smb devstack@n-api.service[120897]: DEBUG oslo_concurrency.lockutils [None req-1ca6c8b9-6273-4423-9ee1-6121fc4c9628 tempest-DeleteServersTestJSON-447650635 tempest-DeleteServersTestJSON-447650635-project] Lock "d6cc7ed0-59b0-48a5-b74d-845a1241d113" acquired by "nova.context.set_target_cell..get_or_set_cached_cell_and_set_connections" :: waited 0.008s {{(pid=120897) inner /usr/local/lib/python3.8/dist-packages/oslo_concurrency/lockutils.py:355}}
Aug 20 00:01:53.681122 dv-cinder-759943-12-smb devstack@n-api.service[120897]: DEBUG oslo_concurrency.lockutils [None req-1ca6c8b9-6273-4423-9ee1-6121fc4c9628 tempest-DeleteServersTestJSON-447650635 tempest-DeleteServersTestJSON-447650635-project] Lock "d6cc7ed0-59b0-48a5-b74d-845a1241d113" released by "nova.context.set_target_cell..get_or_set_cached_cell_and_set_connections" :: held 0.002s {{(pid=120897) inner /usr/local/lib/python3.8/dist-packages/oslo_concurrency/lockutils.py:367}}
Aug 20 00:01:53.682814 dv-cinder-759943-12-smb devstack@n-api.service[120897]: DEBUG oslo_concurrency.lockutils [None req-1ca6c8b9-6273-4423-9ee1-6121fc4c9628 tempest-DeleteServersTestJSON-447650635 tempest-DeleteServersTestJSON-447650635-project] Lock "d6cc7ed0-59b0-48a5-b74d-845a1241d113" acquired by "nova.context.set_target_cell..get_or_set_cached_cell_and_set_connections" :: waited 0.000s {{(pid=120897) inner /usr/local/lib/python3.8/dist-packages/oslo_concurrency/lockutils.py:355}}
Aug 20 00:01:53.683653 dv-cinder-759943-12-smb devstack@n-api.service[120897]: DEBUG oslo_concurrency.lockutils [None req-1ca6c8b9-6273-4423-9ee1-6121fc4c9628 tempest-DeleteServersTestJSON-447650635 tempest-DeleteServersTestJSON-447650635-project] Lock "d6cc7ed0-59b0-48a5-b74d-845a1241d113" released by "nova.context.set_target_cell..get_or_set_cached_cell_and_set_connections" :: held 0.001s {{(pid=120897) inner /usr/local/lib/python3.8/dist-packages/oslo_concurrency/lockutils.py:367}}
Aug 20 00:01:53.691024 dv-cinder-759943-12-smb devstack@n-api.service[120898]: DEBUG nova.policy [None req-0f186aec-6a73-4e85-932f-16a029b17254 tempest-AttachVolumeNegativeTest-165173626 tempest-AttachVolumeNegativeTest-165173626-project] Policy check for os_compute_api:os-extended-server-attributes failed with credentials {'is_admin': False, 'user_id': '214190fe066a4545879d2d7fa0321a46', 'user_domain_id': 'default', 'system_scope': None, 'domain_id': None, 'project_id': '736cf43e1e7d4aa1b09f36d975ec0b6f', 'project_domain_id': 'default', 'roles': ['reader', 'member'], 'is_admin_project': True, 'service_user_id': None, 'service_user_domain_id': None, 'service_project_id': None, 'service_project_domain_id': None, 'service_roles': []} {{(pid=120898) authorize /opt/stack/nova/nova/policy.py:199}}
Aug 20 00:01:53.722999 dv-cinder-759943-12-smb devstack@n-api.service[120898]: INFO nova.api.openstack.requestlog [None req-0f186aec-6a73-4e85-932f-16a029b17254 tempest-AttachVolumeNegativeTest-165173626 tempest-AttachVolumeNegativeTest-165173626-project] 10.222.0.20 "GET /compute/v2.1/servers/1c8c27e4-23df-4671-8620-349cf49b027e" status: 200 len: 1277 microversion: 2.1 time: 0.431637
Aug 20 00:01:53.762715 dv-cinder-759943-12-smb devstack@n-api.service[120898]: [pid: 120898|app: 0|req: 26/45] 10.222.0.20 () {58 vars in 1236 bytes} [Fri Aug 20 00:01:53 2021] GET /compute/v2.1/servers/1c8c27e4-23df-4671-8620-349cf49b027e => generated 1277 bytes in 455 msecs (HTTP/1.1 200) 9 headers in 358 bytes (1 switches on core 0)
Aug 20 00:01:54.117789 dv-cinder-759943-12-smb devstack@n-api.service[120897]: DEBUG nova.policy [None req-1ca6c8b9-6273-4423-9ee1-6121fc4c9628 tempest-DeleteServersTestJSON-447650635 tempest-DeleteServersTestJSON-447650635-project] Policy check for os_compute_api:os-extended-server-attributes failed with credentials {'is_admin': False, 'user_id': '00f602a68b364168a9799e963bee9219', 'user_domain_id': 'default', 'system_scope': None, 'domain_id': None, 'project_id': '05c49aee59c248e599fac6b893bf75e3', 'project_domain_id': 'default', 'roles': ['reader', 'member'], 'is_admin_project': True, 'service_user_id': None, 'service_user_domain_id': None, 'service_project_id': None, 'service_project_domain_id': None, 'service_roles': []} {{(pid=120897) authorize /opt/stack/nova/nova/policy.py:199}}
Aug 20 00:01:54.148468 dv-cinder-759943-12-smb devstack@n-api.service[120897]: INFO nova.api.openstack.requestlog [None req-1ca6c8b9-6273-4423-9ee1-6121fc4c9628 tempest-DeleteServersTestJSON-447650635 tempest-DeleteServersTestJSON-447650635-project] 10.222.0.20 "GET /compute/v2.1/servers/505e4f46-b9b9-48b8-95b1-beaadbbb45ae" status: 200 len: 1273 microversion: 2.1 time: 0.518754
Aug 20 00:01:54.149340 dv-cinder-759943-12-smb devstack@n-api.service[120897]: [pid: 120897|app: 0|req: 20/46] 10.222.0.20 () {58 vars in 1236 bytes} [Fri Aug 20 00:01:53 2021] GET /compute/v2.1/servers/505e4f46-b9b9-48b8-95b1-beaadbbb45ae => generated 1273 bytes in 522 msecs (HTTP/1.1 200) 9 headers in 358 bytes (1 switches on core 0)
Aug 20 00:01:54.760551 dv-cinder-759943-12-smb devstack@n-api.service[120898]: DEBUG nova.api.openstack.wsgi [None req-3203b871-6909-486a-a673-dd90c9f7bbaf tempest-AttachVolumeNegativeTest-165173626 tempest-AttachVolumeNegativeTest-165173626-project] Calling method '>' {{(pid=120898) _process_stack /opt/stack/nova/nova/api/openstack/wsgi.py:513}}
Aug 20 00:01:54.766387 dv-cinder-759943-12-smb devstack@n-api.service[120898]: DEBUG nova.compute.api [None req-3203b871-6909-486a-a673-dd90c9f7bbaf tempest-AttachVolumeNegativeTest-165173626 tempest-AttachVolumeNegativeTest-165173626-project] [instance: 1c8c27e4-23df-4671-8620-349cf49b027e] Fetching instance by UUID {{(pid=120898) get /opt/stack/nova/nova/compute/api.py:2825}}
Aug 20 00:01:54.775225 dv-cinder-759943-12-smb devstack@n-api.service[120898]: DEBUG oslo_concurrency.lockutils [None req-3203b871-6909-486a-a673-dd90c9f7bbaf tempest-AttachVolumeNegativeTest-165173626 tempest-AttachVolumeNegativeTest-165173626-project] Lock "d6cc7ed0-59b0-48a5-b74d-845a1241d113" acquired by "nova.context.set_target_cell..get_or_set_cached_cell_and_set_connections" :: waited 0.000s {{(pid=120898) inner /usr/local/lib/python3.8/dist-packages/oslo_concurrency/lockutils.py:355}}
Aug 20 00:01:54.775710 dv-cinder-759943-12-smb devstack@n-api.service[120898]: DEBUG oslo_concurrency.lockutils [None req-3203b871-6909-486a-a673-dd90c9f7bbaf tempest-AttachVolumeNegativeTest-165173626 tempest-AttachVolumeNegativeTest-165173626-project] Lock "d6cc7ed0-59b0-48a5-b74d-845a1241d113" released by "nova.context.set_target_cell..get_or_set_cached_cell_and_set_connections" :: held 0.001s {{(pid=120898) inner /usr/local/lib/python3.8/dist-packages/oslo_concurrency/lockutils.py:367}}
Aug 20 00:01:54.776536 dv-cinder-759943-12-smb devstack@n-api.service[120898]: DEBUG oslo_concurrency.lockutils [None req-3203b871-6909-486a-a673-dd90c9f7bbaf tempest-AttachVolumeNegativeTest-165173626 tempest-AttachVolumeNegativeTest-165173626-project] Lock "d6cc7ed0-59b0-48a5-b74d-845a1241d113" acquired by "nova.context.set_target_cell..get_or_set_cached_cell_and_set_connections" :: waited 0.000s {{(pid=120898) inner /usr/local/lib/python3.8/dist-packages/oslo_concurrency/lockutils.py:355}}
Aug 20 00:01:54.777160 dv-cinder-759943-12-smb devstack@n-api.service[120898]: DEBUG oslo_concurrency.lockutils [None req-3203b871-6909-486a-a673-dd90c9f7bbaf tempest-AttachVolumeNegativeTest-165173626 tempest-AttachVolumeNegativeTest-165173626-project] Lock "d6cc7ed0-59b0-48a5-b74d-845a1241d113" released by "nova.context.set_target_cell..get_or_set_cached_cell_and_set_connections" :: held 0.001s {{(pid=120898) inner /usr/local/lib/python3.8/dist-packages/oslo_concurrency/lockutils.py:367}}
Aug 20 00:01:55.112722 dv-cinder-759943-12-smb devstack@n-api.service[120898]: DEBUG nova.policy [None req-3203b871-6909-486a-a673-dd90c9f7bbaf tempest-AttachVolumeNegativeTest-165173626 tempest-AttachVolumeNegativeTest-165173626-project] Policy check for os_compute_api:os-extended-server-attributes failed with credentials {'is_admin': False, 'user_id': '214190fe066a4545879d2d7fa0321a46', 'user_domain_id': 'default', 'system_scope': None, 'domain_id': None, 'project_id': '736cf43e1e7d4aa1b09f36d975ec0b6f', 'project_domain_id': 'default', 'roles': ['reader', 'member'], 'is_admin_project': True, 'service_user_id': None, 'service_user_domain_id': None, 'service_project_id': None, 'service_project_domain_id': None, 'service_roles': []} {{(pid=120898) authorize /opt/stack/nova/nova/policy.py:199}}
Aug 20 00:01:55.128432 dv-cinder-759943-12-smb devstack@n-api.service[120898]: INFO nova.api.openstack.requestlog [None req-3203b871-6909-486a-a673-dd90c9f7bbaf tempest-AttachVolumeNegativeTest-165173626 tempest-AttachVolumeNegativeTest-165173626-project] 10.222.0.20 "GET /compute/v2.1/servers/1c8c27e4-23df-4671-8620-349cf49b027e" status: 200 len: 1275 microversion: 2.1 time: 0.371733
Aug 20 00:01:55.129219 dv-cinder-759943-12-smb devstack@n-api.service[120898]: [pid: 120898|app: 0|req: 27/47] 10.222.0.20 () {58 vars in 1236 bytes} [Fri Aug 20 00:01:54 2021] GET /compute/v2.1/servers/1c8c27e4-23df-4671-8620-349cf49b027e => generated 1275 bytes in 374 msecs (HTTP/1.1 200) 9 headers in 358 bytes (2 switches on core 0)
Aug 20 00:01:55.170799 dv-cinder-759943-12-smb devstack@n-api.service[120897]: DEBUG nova.api.openstack.wsgi [None req-3f3343b5-4630-4ebb-bfe8-1a23264f40fc tempest-DeleteServersTestJSON-447650635 tempest-DeleteServersTestJSON-447650635-project] Calling method '>' {{(pid=120897) _process_stack /opt/stack/nova/nova/api/openstack/wsgi.py:513}}
Aug 20 00:01:55.173607 dv-cinder-759943-12-smb devstack@n-api.service[120897]: DEBUG nova.compute.api [None req-3f3343b5-4630-4ebb-bfe8-1a23264f40fc tempest-DeleteServersTestJSON-447650635 tempest-DeleteServersTestJSON-447650635-project] [instance: 505e4f46-b9b9-48b8-95b1-beaadbbb45ae] Fetching instance by UUID {{(pid=120897) get /opt/stack/nova/nova/compute/api.py:2825}}
Aug 20 00:01:55.186938 dv-cinder-759943-12-smb devstack@n-api.service[120897]: DEBUG oslo_concurrency.lockutils [None req-3f3343b5-4630-4ebb-bfe8-1a23264f40fc tempest-DeleteServersTestJSON-447650635 tempest-DeleteServersTestJSON-447650635-project] Lock "d6cc7ed0-59b0-48a5-b74d-845a1241d113" acquired by "nova.context.set_target_cell..get_or_set_cached_cell_and_set_connections" :: waited 0.000s {{(pid=120897) inner /usr/local/lib/python3.8/dist-packages/oslo_concurrency/lockutils.py:355}}
Aug 20 00:01:55.187458 dv-cinder-759943-12-smb devstack@n-api.service[120897]: DEBUG oslo_concurrency.lockutils [None req-3f3343b5-4630-4ebb-bfe8-1a23264f40fc tempest-DeleteServersTestJSON-447650635 tempest-DeleteServersTestJSON-447650635-project] Lock "d6cc7ed0-59b0-48a5-b74d-845a1241d113" released by "nova.context.set_target_cell..get_or_set_cached_cell_and_set_connections" :: held 0.001s {{(pid=120897) inner /usr/local/lib/python3.8/dist-packages/oslo_concurrency/lockutils.py:367}}
Aug 20 00:01:55.191973 dv-cinder-759943-12-smb devstack@n-api.service[120897]: DEBUG oslo_concurrency.lockutils [None req-3f3343b5-4630-4ebb-bfe8-1a23264f40fc tempest-DeleteServersTestJSON-447650635 tempest-DeleteServersTestJSON-447650635-project] Lock "d6cc7ed0-59b0-48a5-b74d-845a1241d113" acquired by "nova.context.set_target_cell..get_or_set_cached_cell_and_set_connections" :: waited 0.000s {{(pid=120897) inner /usr/local/lib/python3.8/dist-packages/oslo_concurrency/lockutils.py:355}}
Aug 20 00:01:55.192490 dv-cinder-759943-12-smb devstack@n-api.service[120897]: DEBUG oslo_concurrency.lockutils [None req-3f3343b5-4630-4ebb-bfe8-1a23264f40fc tempest-DeleteServersTestJSON-447650635 tempest-DeleteServersTestJSON-447650635-project] Lock "d6cc7ed0-59b0-48a5-b74d-845a1241d113" released by "nova.context.set_target_cell..get_or_set_cached_cell_and_set_connections" :: held 0.002s {{(pid=120897) inner /usr/local/lib/python3.8/dist-packages/oslo_concurrency/lockutils.py:367}}
Aug 20 00:01:55.518042 dv-cinder-759943-12-smb devstack@n-api.service[120897]: DEBUG nova.policy [None req-3f3343b5-4630-4ebb-bfe8-1a23264f40fc tempest-DeleteServersTestJSON-447650635 tempest-DeleteServersTestJSON-447650635-project] Policy check for os_compute_api:os-extended-server-attributes failed with credentials {'is_admin': False, 'user_id': '00f602a68b364168a9799e963bee9219', 'user_domain_id': 'default', 'system_scope': None, 'domain_id': None, 'project_id': '05c49aee59c248e599fac6b893bf75e3', 'project_domain_id': 'default', 'roles': ['reader', 'member'], 'is_admin_project': True, 'service_user_id': None, 'service_user_domain_id': None, 'service_project_id': None, 'service_project_domain_id': None, 'service_roles': []} {{(pid=120897) authorize /opt/stack/nova/nova/policy.py:199}}
Aug 20 00:01:55.529821 dv-cinder-759943-12-smb devstack@n-api.service[120897]: INFO nova.api.openstack.requestlog [None req-3f3343b5-4630-4ebb-bfe8-1a23264f40fc tempest-DeleteServersTestJSON-447650635 tempest-DeleteServersTestJSON-447650635-project] 10.222.0.20 "GET /compute/v2.1/servers/505e4f46-b9b9-48b8-95b1-beaadbbb45ae" status: 200 len: 1273 microversion: 2.1 time: 0.363326
Aug 20 00:01:55.529821 dv-cinder-759943-12-smb devstack@n-api.service[120897]: [pid: 120897|app: 0|req: 21/48] 10.222.0.20 () {58 vars in 1236 bytes} [Fri Aug 20 00:01:55 2021] GET /compute/v2.1/servers/505e4f46-b9b9-48b8-95b1-beaadbbb45ae => generated 1273 bytes in 366 msecs (HTTP/1.1 200) 9 headers in 358 bytes (1 switches on core 0)
Aug 20 00:01:56.149695 dv-cinder-759943-12-smb devstack@n-api.service[120898]: DEBUG nova.api.openstack.wsgi [None req-484be6b1-4ee0-49b5-91bd-3af931cf4c6e tempest-AttachVolumeNegativeTest-165173626 tempest-AttachVolumeNegativeTest-165173626-project] Calling method '>' {{(pid=120898) _process_stack /opt/stack/nova/nova/api/openstack/wsgi.py:513}}
Aug 20 00:01:56.150345 dv-cinder-759943-12-smb devstack@n-api.service[120898]: DEBUG nova.compute.api [None req-484be6b1-4ee0-49b5-91bd-3af931cf4c6e tempest-AttachVolumeNegativeTest-165173626 tempest-AttachVolumeNegativeTest-165173626-project] [instance: 1c8c27e4-23df-4671-8620-349cf49b027e] Fetching instance by UUID {{(pid=120898) get /opt/stack/nova/nova/compute/api.py:2825}}
Aug 20 00:01:56.172597 dv-cinder-759943-12-smb devstack@n-api.service[120898]: DEBUG oslo_concurrency.lockutils [None req-484be6b1-4ee0-49b5-91bd-3af931cf4c6e tempest-AttachVolumeNegativeTest-165173626 tempest-AttachVolumeNegativeTest-165173626-project] Lock "d6cc7ed0-59b0-48a5-b74d-845a1241d113" acquired by "nova.context.set_target_cell..get_or_set_cached_cell_and_set_connections" :: waited 0.000s {{(pid=120898) inner /usr/local/lib/python3.8/dist-packages/oslo_concurrency/lockutils.py:355}}
Aug 20 00:01:56.173386 dv-cinder-759943-12-smb devstack@n-api.service[120898]: DEBUG oslo_concurrency.lockutils [None req-484be6b1-4ee0-49b5-91bd-3af931cf4c6e tempest-AttachVolumeNegativeTest-165173626 tempest-AttachVolumeNegativeTest-165173626-project] Lock "d6cc7ed0-59b0-48a5-b74d-845a1241d113" released by "nova.context.set_target_cell..get_or_set_cached_cell_and_set_connections" :: held 0.001s {{(pid=120898) inner /usr/local/lib/python3.8/dist-packages/oslo_concurrency/lockutils.py:367}}
Aug 20 00:01:56.175687 dv-cinder-759943-12-smb devstack@n-api.service[120898]: DEBUG oslo_concurrency.lockutils [None req-484be6b1-4ee0-49b5-91bd-3af931cf4c6e tempest-AttachVolumeNegativeTest-165173626 tempest-AttachVolumeNegativeTest-165173626-project] Lock "d6cc7ed0-59b0-48a5-b74d-845a1241d113" acquired by "nova.context.set_target_cell..get_or_set_cached_cell_and_set_connections" :: waited 0.000s {{(pid=120898) inner /usr/local/lib/python3.8/dist-packages/oslo_concurrency/lockutils.py:355}}
Aug 20 00:01:56.178727 dv-cinder-759943-12-smb devstack@n-api.service[120898]: DEBUG oslo_concurrency.lockutils [None req-484be6b1-4ee0-49b5-91bd-3af931cf4c6e tempest-AttachVolumeNegativeTest-165173626 tempest-AttachVolumeNegativeTest-165173626-project] Lock "d6cc7ed0-59b0-48a5-b74d-845a1241d113" released by "nova.context.set_target_cell..get_or_set_cached_cell_and_set_connections" :: held 0.003s {{(pid=120898) inner /usr/local/lib/python3.8/dist-packages/oslo_concurrency/lockutils.py:367}}
Aug 20 00:01:56.505161 dv-cinder-759943-12-smb devstack@n-api.service[120898]: DEBUG nova.policy [None req-484be6b1-4ee0-49b5-91bd-3af931cf4c6e tempest-AttachVolumeNegativeTest-165173626 tempest-AttachVolumeNegativeTest-165173626-project] Policy check for os_compute_api:os-extended-server-attributes failed with credentials {'is_admin': False, 'user_id': '214190fe066a4545879d2d7fa0321a46', 'user_domain_id': 'default', 'system_scope': None, 'domain_id': None, 'project_id': '736cf43e1e7d4aa1b09f36d975ec0b6f', 'project_domain_id': 'default', 'roles': ['reader', 'member'], 'is_admin_project': True, 'service_user_id': None, 'service_user_domain_id': None, 'service_project_id': None, 'service_project_domain_id': None, 'service_roles': []} {{(pid=120898) authorize /opt/stack/nova/nova/policy.py:199}}
Aug 20 00:01:56.519324 dv-cinder-759943-12-smb devstack@n-api.service[120898]: INFO nova.api.openstack.requestlog [None req-484be6b1-4ee0-49b5-91bd-3af931cf4c6e tempest-AttachVolumeNegativeTest-165173626 tempest-AttachVolumeNegativeTest-165173626-project] 10.222.0.20 "GET /compute/v2.1/servers/1c8c27e4-23df-4671-8620-349cf49b027e" status: 200 len: 1275 microversion: 2.1 time: 0.374161
Aug 20 00:01:56.535191 dv-cinder-759943-12-smb devstack@n-api.service[120898]: [pid: 120898|app: 0|req: 28/49] 10.222.0.20 () {58 vars in 1236 bytes} [Fri Aug 20 00:01:56 2021] GET /compute/v2.1/servers/1c8c27e4-23df-4671-8620-349cf49b027e => generated 1275 bytes in 376 msecs (HTTP/1.1 200) 9 headers in 358 bytes (1 switches on core 0)
Aug 20 00:01:56.552721 dv-cinder-759943-12-smb devstack@n-api.service[120897]: DEBUG nova.api.openstack.wsgi [None req-ed4ee8ae-4629-4796-960d-27584eaf0162 tempest-DeleteServersTestJSON-447650635 tempest-DeleteServersTestJSON-447650635-project] Calling method '>' {{(pid=120897) _process_stack /opt/stack/nova/nova/api/openstack/wsgi.py:513}}
Aug 20 00:01:56.553950 dv-cinder-759943-12-smb devstack@n-api.service[120897]: DEBUG nova.compute.api [None req-ed4ee8ae-4629-4796-960d-27584eaf0162 tempest-DeleteServersTestJSON-447650635 tempest-DeleteServersTestJSON-447650635-project] [instance: 505e4f46-b9b9-48b8-95b1-beaadbbb45ae] Fetching instance by UUID {{(pid=120897) get /opt/stack/nova/nova/compute/api.py:2825}}
Aug 20 00:01:56.573732 dv-cinder-759943-12-smb devstack@n-api.service[120897]: DEBUG oslo_concurrency.lockutils [None req-ed4ee8ae-4629-4796-960d-27584eaf0162 tempest-DeleteServersTestJSON-447650635 tempest-DeleteServersTestJSON-447650635-project] Lock "d6cc7ed0-59b0-48a5-b74d-845a1241d113" acquired by "nova.context.set_target_cell..get_or_set_cached_cell_and_set_connections" :: waited 0.000s {{(pid=120897) inner /usr/local/lib/python3.8/dist-packages/oslo_concurrency/lockutils.py:355}}
Aug 20 00:01:56.574250 dv-cinder-759943-12-smb devstack@n-api.service[120897]: DEBUG oslo_concurrency.lockutils [None req-ed4ee8ae-4629-4796-960d-27584eaf0162 tempest-DeleteServersTestJSON-447650635 tempest-DeleteServersTestJSON-447650635-project] Lock "d6cc7ed0-59b0-48a5-b74d-845a1241d113" released by "nova.context.set_target_cell..get_or_set_cached_cell_and_set_connections" :: held 0.001s {{(pid=120897) inner /usr/local/lib/python3.8/dist-packages/oslo_concurrency/lockutils.py:367}}
Aug 20 00:01:56.576930 dv-cinder-759943-12-smb devstack@n-api.service[120897]: DEBUG oslo_concurrency.lockutils [None req-ed4ee8ae-4629-4796-960d-27584eaf0162 tempest-DeleteServersTestJSON-447650635 tempest-DeleteServersTestJSON-447650635-project] Lock "d6cc7ed0-59b0-48a5-b74d-845a1241d113" acquired by "nova.context.set_target_cell..get_or_set_cached_cell_and_set_connections" :: waited 0.000s {{(pid=120897) inner /usr/local/lib/python3.8/dist-packages/oslo_concurrency/lockutils.py:355}}
Aug 20 00:01:56.579246 dv-cinder-759943-12-smb devstack@n-api.service[120897]: DEBUG oslo_concurrency.lockutils [None req-ed4ee8ae-4629-4796-960d-27584eaf0162 tempest-DeleteServersTestJSON-447650635 tempest-DeleteServersTestJSON-447650635-project] Lock "d6cc7ed0-59b0-48a5-b74d-845a1241d113" released by "nova.context.set_target_cell..get_or_set_cached_cell_and_set_connections" :: held 0.002s {{(pid=120897) inner /usr/local/lib/python3.8/dist-packages/oslo_concurrency/lockutils.py:367}}
Aug 20 00:01:57.209275 dv-cinder-759943-12-smb devstack@n-api.service[120897]: DEBUG nova.policy [None req-ed4ee8ae-4629-4796-960d-27584eaf0162 tempest-DeleteServersTestJSON-447650635 tempest-DeleteServersTestJSON-447650635-project] Policy check for os_compute_api:os-extended-server-attributes failed with credentials {'is_admin': False, 'user_id': '00f602a68b364168a9799e963bee9219', 'user_domain_id': 'default', 'system_scope': None, 'domain_id': None, 'project_id': '05c49aee59c248e599fac6b893bf75e3', 'project_domain_id': 'default', 'roles': ['reader', 'member'], 'is_admin_project': True, 'service_user_id': None, 'service_user_domain_id': None, 'service_project_id': None, 'service_project_domain_id': None, 'service_roles': []} {{(pid=120897) authorize /opt/stack/nova/nova/policy.py:199}}
Aug 20 00:01:57.229741 dv-cinder-759943-12-smb devstack@n-api.service[120897]: INFO nova.api.openstack.requestlog [None req-ed4ee8ae-4629-4796-960d-27584eaf0162 tempest-DeleteServersTestJSON-447650635 tempest-DeleteServersTestJSON-447650635-project] 10.222.0.20 "GET /compute/v2.1/servers/505e4f46-b9b9-48b8-95b1-beaadbbb45ae" status: 200 len: 1315 microversion: 2.1 time: 0.683169
Aug 20 00:01:57.236255 dv-cinder-759943-12-smb devstack@n-api.service[120897]: [pid: 120897|app: 0|req: 22/50] 10.222.0.20 () {58 vars in 1236 bytes} [Fri Aug 20 00:01:56 2021] GET /compute/v2.1/servers/505e4f46-b9b9-48b8-95b1-beaadbbb45ae => generated 1315 bytes in 687 msecs (HTTP/1.1 200) 9 headers in 358 bytes (1 switches on core 0)
Aug 20 00:01:57.552829 dv-cinder-759943-12-smb devstack@n-api.service[120898]: DEBUG nova.api.openstack.wsgi [None req-52606424-e15a-4e5f-bc7b-38d843ca1774 tempest-AttachVolumeNegativeTest-165173626 tempest-AttachVolumeNegativeTest-165173626-project] Calling method '>' {{(pid=120898) _process_stack /opt/stack/nova/nova/api/openstack/wsgi.py:513}}
Aug 20 00:01:57.553453 dv-cinder-759943-12-smb devstack@n-api.service[120898]: DEBUG nova.compute.api [None req-52606424-e15a-4e5f-bc7b-38d843ca1774 tempest-AttachVolumeNegativeTest-165173626 tempest-AttachVolumeNegativeTest-165173626-project] [instance: 1c8c27e4-23df-4671-8620-349cf49b027e] Fetching instance by UUID {{(pid=120898) get /opt/stack/nova/nova/compute/api.py:2825}}
Aug 20 00:01:57.573033 dv-cinder-759943-12-smb devstack@n-api.service[120898]: DEBUG oslo_concurrency.lockutils [None req-52606424-e15a-4e5f-bc7b-38d843ca1774 tempest-AttachVolumeNegativeTest-165173626 tempest-AttachVolumeNegativeTest-165173626-project] Lock "d6cc7ed0-59b0-48a5-b74d-845a1241d113" acquired by "nova.context.set_target_cell..get_or_set_cached_cell_and_set_connections" :: waited 0.000s {{(pid=120898) inner /usr/local/lib/python3.8/dist-packages/oslo_concurrency/lockutils.py:355}}
Aug 20 00:01:57.573727 dv-cinder-759943-12-smb devstack@n-api.service[120898]: DEBUG oslo_concurrency.lockutils [None req-52606424-e15a-4e5f-bc7b-38d843ca1774 tempest-AttachVolumeNegativeTest-165173626 tempest-AttachVolumeNegativeTest-165173626-project] Lock "d6cc7ed0-59b0-48a5-b74d-845a1241d113" released by "nova.context.set_target_cell..get_or_set_cached_cell_and_set_connections" :: held 0.002s {{(pid=120898) inner /usr/local/lib/python3.8/dist-packages/oslo_concurrency/lockutils.py:367}}
Aug 20 00:01:57.578542 dv-cinder-759943-12-smb devstack@n-api.service[120898]: DEBUG oslo_concurrency.lockutils [None req-52606424-e15a-4e5f-bc7b-38d843ca1774 tempest-AttachVolumeNegativeTest-165173626 tempest-AttachVolumeNegativeTest-165173626-project] Lock "d6cc7ed0-59b0-48a5-b74d-845a1241d113" acquired by "nova.context.set_target_cell..get_or_set_cached_cell_and_set_connections" :: waited 0.000s {{(pid=120898) inner /usr/local/lib/python3.8/dist-packages/oslo_concurrency/lockutils.py:355}}
Aug 20 00:01:57.580262 dv-cinder-759943-12-smb devstack@n-api.service[120898]: DEBUG oslo_concurrency.lockutils [None req-52606424-e15a-4e5f-bc7b-38d843ca1774 tempest-AttachVolumeNegativeTest-165173626 tempest-AttachVolumeNegativeTest-165173626-project] Lock "d6cc7ed0-59b0-48a5-b74d-845a1241d113" released by "nova.context.set_target_cell..get_or_set_cached_cell_and_set_connections" :: held 0.001s {{(pid=120898) inner /usr/local/lib/python3.8/dist-packages/oslo_concurrency/lockutils.py:367}}
Aug 20 00:01:57.830030 dv-cinder-759943-12-smb devstack@n-api.service[120898]: DEBUG nova.policy [None req-52606424-e15a-4e5f-bc7b-38d843ca1774 tempest-AttachVolumeNegativeTest-165173626 tempest-AttachVolumeNegativeTest-165173626-project] Policy check for os_compute_api:os-extended-server-attributes failed with credentials {'is_admin': False, 'user_id': '214190fe066a4545879d2d7fa0321a46', 'user_domain_id': 'default', 'system_scope': None, 'domain_id': None, 'project_id': '736cf43e1e7d4aa1b09f36d975ec0b6f', 'project_domain_id': 'default', 'roles': ['reader', 'member'], 'is_admin_project': True, 'service_user_id': None, 'service_user_domain_id': None, 'service_project_id': None, 'service_project_domain_id': None, 'service_roles': []} {{(pid=120898) authorize /opt/stack/nova/nova/policy.py:199}}
Aug 20 00:01:57.845505 dv-cinder-759943-12-smb devstack@n-api.service[120898]: INFO nova.api.openstack.requestlog [None req-52606424-e15a-4e5f-bc7b-38d843ca1774 tempest-AttachVolumeNegativeTest-165173626 tempest-AttachVolumeNegativeTest-165173626-project] 10.222.0.20 "GET /compute/v2.1/servers/1c8c27e4-23df-4671-8620-349cf49b027e" status: 200 len: 1317 microversion: 2.1 time: 0.296834
Aug 20 00:01:57.850520 dv-cinder-759943-12-smb devstack@n-api.service[120898]: [pid: 120898|app: 0|req: 29/51] 10.222.0.20 () {58 vars in 1236 bytes} [Fri Aug 20 00:01:57 2021] GET /compute/v2.1/servers/1c8c27e4-23df-4671-8620-349cf49b027e => generated 1317 bytes in 302 msecs (HTTP/1.1 200) 9 headers in 358 bytes (1 switches on core 0)
Aug 20 00:01:57.908997 dv-cinder-759943-12-smb devstack@n-api.service[120897]: DEBUG nova.api.openstack.wsgi [None req-4d368ebe-8842-4f86-be18-6660b24dac9a tempest-AttachVolumeShelveTestJSON-1971448624 tempest-AttachVolumeShelveTestJSON-1971448624-project] Action: 'create', calling method: >, body: {"server": {"name": "tempest-AttachVolumeShelveTestJSON-server-938803718", "imageRef": "c371185c-aa86-4ba6-a1e7-03a4f05d5a27", "flavorRef": "452", "adminPass": "***", "networks": [{"uuid": "a8a136b2-1de7-4a87-a481-729ff1bb0109"}], "security_groups": [{"name": "tempest-securitygroup--1257096480"}], "key_name": "tempest-keypair-863440221", "user_data": "IyEvYmluL3NoCmVjaG8gIlByaW50aW5nIHVidW50dSB1c2VyIGF1dGhvcml6ZWQga2V5cyIKY2F0IH51YnVudHUvLnNzaC9hdXRob3JpemVkX2tleXMgfHwgdHJ1ZQo="}} {{(pid=120897) _process_stack /opt/stack/nova/nova/api/openstack/wsgi.py:511}}
Aug 20 00:01:58.203067 dv-cinder-759943-12-smb devstack@n-api.service[120897]: DEBUG nova.network.neutron [None req-4d368ebe-8842-4f86-be18-6660b24dac9a tempest-AttachVolumeShelveTestJSON-1971448624 tempest-AttachVolumeShelveTestJSON-1971448624-project] validate_networks() for [('a8a136b2-1de7-4a87-a481-729ff1bb0109', None, None, None, None, None)] {{(pid=120897) validate_networks /opt/stack/nova/nova/network/neutron.py:2309}}
Aug 20 00:01:58.254048 dv-cinder-759943-12-smb devstack@n-api.service[120898]: DEBUG nova.api.openstack.wsgi [None req-a88d1d1d-7fef-4311-a506-07a3cae2348e tempest-DeleteServersTestJSON-447650635 tempest-DeleteServersTestJSON-447650635-project] Calling method '>' {{(pid=120898) _process_stack /opt/stack/nova/nova/api/openstack/wsgi.py:513}}
Aug 20 00:01:58.256554 dv-cinder-759943-12-smb devstack@n-api.service[120898]: DEBUG nova.compute.api [None req-a88d1d1d-7fef-4311-a506-07a3cae2348e tempest-DeleteServersTestJSON-447650635 tempest-DeleteServersTestJSON-447650635-project] [instance: 505e4f46-b9b9-48b8-95b1-beaadbbb45ae] Fetching instance by UUID {{(pid=120898) get /opt/stack/nova/nova/compute/api.py:2825}}
Aug 20 00:01:58.275051 dv-cinder-759943-12-smb devstack@n-api.service[120898]: DEBUG oslo_concurrency.lockutils [None req-a88d1d1d-7fef-4311-a506-07a3cae2348e tempest-DeleteServersTestJSON-447650635 tempest-DeleteServersTestJSON-447650635-project] Lock "d6cc7ed0-59b0-48a5-b74d-845a1241d113" acquired by "nova.context.set_target_cell..get_or_set_cached_cell_and_set_connections" :: waited 0.000s {{(pid=120898) inner /usr/local/lib/python3.8/dist-packages/oslo_concurrency/lockutils.py:355}}
