Aug 25 04:53:27.523902 dv-cinder-757936-7-smb neutron-server[93879]: DEBUG neutron.plugins.ml2.drivers.mech_agent [req-9d1553f7-002c-498b-ba97-b73858dc4480 req-e8c39739-f252-43c7-844c-5c7a2ade158a service neutron] Checking agent: {'id': 'dc48f21d-2413-4a4f-a567-7c913f3eeb89', 'agent_type': 'HyperV agent', 'binary': 'neutron-hyperv-agent', 'topic': 'N/A', 'host': 'hv-cinder-75793', 'admin_state_up': True, 'created_at': datetime.datetime(2021, 8, 25, 4, 50, 16), 'started_at': datetime.datetime(2021, 8, 25, 4, 50, 16), 'heartbeat_timestamp': datetime.datetime(2021, 8, 25, 4, 53, 16), 'description': None, 'resources_synced': None, 'availability_zone': None, 'alive': True, 'configurations': {'vswitch_mappings': {'physnet1$': 'br-data'}}, 'resource_versions': {}} {{(pid=93879) bind_port /opt/stack/neutron/neutron/plugins/ml2/drivers/mech_agent.py:104}}
Aug 25 04:53:27.524159 dv-cinder-757936-7-smb neutron-server[93879]: DEBUG neutron.plugins.ml2.drivers.mech_agent [req-9d1553f7-002c-498b-ba97-b73858dc4480 req-e8c39739-f252-43c7-844c-5c7a2ade158a service neutron] Checking segment: {'id': '1b1feb7c-784c-4f3c-b1b6-ffad9d063b2d', 'network_type': 'vlan', 'physical_network': 'physnet1', 'segmentation_id': 108, 'network_id': '9d714338-5a45-4bb5-bf5e-145a19c9411f'} for mappings: {'physnet1$': 'br-data'} with network types: ['local', 'flat', 'vlan'] {{(pid=93879) check_segment_for_agent /opt/stack/neutron/neutron/plugins/ml2/drivers/mech_agent.py:352}}
Aug 25 04:53:27.524553 dv-cinder-757936-7-smb neutron-server[93879]: DEBUG neutron.plugins.ml2.drivers.mech_agent [req-9d1553f7-002c-498b-ba97-b73858dc4480 req-e8c39739-f252-43c7-844c-5c7a2ade158a service neutron] Bound using segment: {'id': '1b1feb7c-784c-4f3c-b1b6-ffad9d063b2d', 'network_type': 'vlan', 'physical_network': 'physnet1', 'segmentation_id': 108, 'network_id': '9d714338-5a45-4bb5-bf5e-145a19c9411f'} {{(pid=93879) bind_port /opt/stack/neutron/neutron/plugins/ml2/drivers/mech_agent.py:114}}
Aug 25 04:53:27.524997 dv-cinder-757936-7-smb neutron-server[93879]: DEBUG neutron.plugins.ml2.managers [req-9d1553f7-002c-498b-ba97-b73858dc4480 req-e8c39739-f252-43c7-844c-5c7a2ade158a service neutron] Bound port: cbb48e56-e822-489f-a166-a5578f9ba5e9, host: hv-cinder-75793, vif_type: hyperv, vif_details: {"connectivity": "legacy", "port_filter": false}, binding_levels: [{'bound_driver': 'hyperv', 'bound_segment': {'id': '1b1feb7c-784c-4f3c-b1b6-ffad9d063b2d', 'network_type': 'vlan', 'physical_network': 'physnet1', 'segmentation_id': 108, 'network_id': '9d714338-5a45-4bb5-bf5e-145a19c9411f'}}] {{(pid=93879) _bind_port_level /opt/stack/neutron/neutron/plugins/ml2/managers.py:928}}
Aug 25 04:53:27.525365 dv-cinder-757936-7-smb neutron-server[93879]: DEBUG neutron_lib.callbacks.manager [req-9d1553f7-002c-498b-ba97-b73858dc4480 req-e8c39739-f252-43c7-844c-5c7a2ade158a service neutron] Notify callbacks ['neutron.plugins.ml2.plugin.SecurityGroupDbMixin._ensure_default_security_group_handler-16123132'] for port, before_update {{(pid=93879) _notify_loop /usr/local/lib/python3.8/dist-packages/neutron_lib/callbacks/manager.py:192}}
Aug 25 04:53:27.686211 dv-cinder-757936-7-smb neutron-server[93879]: DEBUG neutron.plugins.ml2.db [req-9d1553f7-002c-498b-ba97-b73858dc4480 req-e8c39739-f252-43c7-844c-5c7a2ade158a service neutron] For port cbb48e56-e822-489f-a166-a5578f9ba5e9, host hv-cinder-75793, cleared binding levels {{(pid=93879) clear_binding_levels /opt/stack/neutron/neutron/plugins/ml2/db.py:87}}
Aug 25 04:53:27.694128 dv-cinder-757936-7-smb neutron-server[93879]: DEBUG neutron.plugins.ml2.db [req-9d1553f7-002c-498b-ba97-b73858dc4480 req-e8c39739-f252-43c7-844c-5c7a2ade158a service neutron] For port cbb48e56-e822-489f-a166-a5578f9ba5e9, host hv-cinder-75793, set binding levels [PortBindingLevel(driver='hyperv',host='hv-cinder-75793',level=0,port_id=cbb48e56-e822-489f-a166-a5578f9ba5e9,segment=NetworkSegment(1b1feb7c-784c-4f3c-b1b6-ffad9d063b2d),segment_id=1b1feb7c-784c-4f3c-b1b6-ffad9d063b2d)] {{(pid=93879) set_binding_levels /opt/stack/neutron/neutron/plugins/ml2/db.py:59}}
Aug 25 04:53:27.708010 dv-cinder-757936-7-smb neutron-server[93879]: DEBUG neutron_lib.callbacks.manager [req-9d1553f7-002c-498b-ba97-b73858dc4480 req-e8c39739-f252-43c7-844c-5c7a2ade158a service neutron] Notify callbacks ['neutron.plugins.ml2.plugin.SecurityGroupServerNotifierRpcMixin._notify_sg_on_port_change-16122941', 'neutron.plugins.ml2.ovo_rpc._ObjectChangeHandler.handle_event-107687', 'neutron.api.rpc.agentnotifiers.dhcp_rpc_agent_api.DhcpAgentNotifyAPI._native_event_send_dhcp_notification-16298904', 'neutron.db.l3_db.L3RpcNotifierMixin._notify_gateway_port_ip_changed-8776874722789', 'neutron.db.l3_dvrscheduler_db._notify_l3_agent_port_update-8776874253770', 'neutron.db.l3_hascheduler_db._notify_l3_agent_ha_port_update-8776874253788'] for port, after_update {{(pid=93879) _notify_loop /usr/local/lib/python3.8/dist-packages/neutron_lib/callbacks/manager.py:192}}
Aug 25 04:53:27.755413 dv-cinder-757936-7-smb neutron-server[93879]: DEBUG neutron.db.db_base_plugin_common [req-57bdc479-8be0-4b23-9e42-5e73999e3ff2 req-3ad77272-9dea-42b1-bf68-632f1083d54c tempest-ServerRescueNegativeTestJSON-251310975 tempest-ServerRescueNegativeTestJSON-251310975-project] Allocated IP 172.20.0.13 (9d714338-5a45-4bb5-bf5e-145a19c9411f/121ea1b0-53db-4cde-a385-75ad5836fd49/1a726383-dfba-48c5-b9a5-adb0c782b582) {{(pid=93879) _store_ip_allocation /opt/stack/neutron/neutron/db/db_base_plugin_common.py:131}}
Aug 25 04:53:27.792591 dv-cinder-757936-7-smb neutron-server[93879]: DEBUG neutron.api.rpc.handlers.resources_rpc [None req-e8c39739-f252-43c7-844c-5c7a2ade158a service neutron] Pushing event updated for resources: {'Port': ['ID=cbb48e56-e822-489f-a166-a5578f9ba5e9,revision_number=3']} {{(pid=93879) push /opt/stack/neutron/neutron/api/rpc/handlers/resources_rpc.py:237}}
Aug 25 04:53:27.797350 dv-cinder-757936-7-smb neutron-server[93879]: DEBUG neutron.pecan_wsgi.hooks.policy_enforcement [req-9d1553f7-002c-498b-ba97-b73858dc4480 req-e8c39739-f252-43c7-844c-5c7a2ade158a service neutron] Attributes excluded by policy engine: ['standard_attr_id'] {{(pid=93879) _exclude_attributes_by_policy /opt/stack/neutron/neutron/pecan_wsgi/hooks/policy_enforcement.py:255}}
Aug 25 04:53:27.798399 dv-cinder-757936-7-smb neutron-server[93879]: DEBUG neutron_lib.callbacks.manager [req-9d1553f7-002c-498b-ba97-b73858dc4480 req-e8c39739-f252-43c7-844c-5c7a2ade158a service neutron] Notify callbacks ['neutron.notifiers.nova.Notifier._send_nova_notification-72331'] for port, before_response {{(pid=93879) _notify_loop /usr/local/lib/python3.8/dist-packages/neutron_lib/callbacks/manager.py:192}}
Aug 25 04:53:27.800542 dv-cinder-757936-7-smb neutron-server[93879]: INFO neutron.wsgi [req-9d1553f7-002c-498b-ba97-b73858dc4480 req-e8c39739-f252-43c7-844c-5c7a2ade158a service neutron] 10.222.0.32 "PUT /v2.0/ports/cbb48e56-e822-489f-a166-a5578f9ba5e9 HTTP/1.1" status: 200 len: 1094 time: 1.1810045
Aug 25 04:53:27.804003 dv-cinder-757936-7-smb neutron-server[93879]: DEBUG neutron.notifiers.nova [-] Sending events: [{'name': 'network-changed', 'server_uuid': 'e7e74a16-2797-45da-adb1-13496caa4a99', 'tag': 'cbb48e56-e822-489f-a166-a5578f9ba5e9'}] {{(pid=93879) send_events /opt/stack/neutron/neutron/notifiers/nova.py:262}}
Aug 25 04:53:27.806909 dv-cinder-757936-7-smb neutron-server[93879]: DEBUG novaclient.v2.client [-] REQ: curl -g -i --cacert "/opt/stack/data/ca-bundle.pem" -X POST http://10.222.0.10/compute/v2.1/os-server-external-events -H "Accept: application/json" -H "Content-Type: application/json" -H "User-Agent: python-novaclient" -H "X-Auth-Token: {SHA256}a0de6fa416d577de37059b520aa6c1217b328c78fddcf88001bb4e1dc6804cd7" -H "X-OpenStack-Nova-API-Version: 2.1" -H "X-OpenStack-Request-ID: req-a9bf8bdd-35f6-4787-9074-2c77fb5a08ce" -d '{"events": [{"name": "network-changed", "server_uuid": "e7e74a16-2797-45da-adb1-13496caa4a99", "tag": "cbb48e56-e822-489f-a166-a5578f9ba5e9"}]}' {{(pid=93879) _http_log_request /usr/local/lib/python3.8/dist-packages/keystoneauth1/session.py:519}}
Aug 25 04:53:27.926655 dv-cinder-757936-7-smb neutron-server[93879]: DEBUG novaclient.v2.client [-] RESP: [200] Connection: close Content-Length: 179 Content-Type: application/json Date: Wed, 25 Aug 2021 04:53:27 GMT OpenStack-API-Version: compute 2.1 Server: Apache/2.4.41 (Ubuntu) Vary: OpenStack-API-Version,X-OpenStack-Nova-API-Version X-OpenStack-Nova-API-Version: 2.1 x-compute-request-id: req-babe526d-91e5-48a1-8a4b-454498086a93 x-openstack-request-id: req-babe526d-91e5-48a1-8a4b-454498086a93 {{(pid=93879) _http_log_response /usr/local/lib/python3.8/dist-packages/keystoneauth1/session.py:550}}
Aug 25 04:53:27.927041 dv-cinder-757936-7-smb neutron-server[93879]: DEBUG novaclient.v2.client [-] RESP BODY: {"events": [{"name": "network-changed", "server_uuid": "e7e74a16-2797-45da-adb1-13496caa4a99", "tag": "cbb48e56-e822-489f-a166-a5578f9ba5e9", "status": "completed", "code": 200}]} {{(pid=93879) _http_log_response /usr/local/lib/python3.8/dist-packages/keystoneauth1/session.py:582}}
Aug 25 04:53:27.927333 dv-cinder-757936-7-smb neutron-server[93879]: DEBUG novaclient.v2.client [-] POST call to compute for http://10.222.0.10/compute/v2.1/os-server-external-events used request id req-babe526d-91e5-48a1-8a4b-454498086a93 {{(pid=93879) request /usr/local/lib/python3.8/dist-packages/keystoneauth1/session.py:954}}
Aug 25 04:53:27.927740 dv-cinder-757936-7-smb neutron-server[93879]: INFO neutron.notifiers.nova [-] Nova event response: {'name': 'network-changed', 'server_uuid': 'e7e74a16-2797-45da-adb1-13496caa4a99', 'tag': 'cbb48e56-e822-489f-a166-a5578f9ba5e9', 'status': 'completed', 'code': 200}
Aug 25 04:53:28.067383 dv-cinder-757936-7-smb neutron-server[93879]: DEBUG neutron.pecan_wsgi.hooks.policy_enforcement [req-9d1553f7-002c-498b-ba97-b73858dc4480 req-9f0cdbda-1077-4112-9b75-f6b29c6a773f service neutron] Attributes excluded by policy engine: ['standard_attr_id'] {{(pid=93879) _exclude_attributes_by_policy /opt/stack/neutron/neutron/pecan_wsgi/hooks/policy_enforcement.py:255}}
Aug 25 04:53:28.068981 dv-cinder-757936-7-smb neutron-server[93879]: INFO neutron.wsgi [req-9d1553f7-002c-498b-ba97-b73858dc4480 req-9f0cdbda-1077-4112-9b75-f6b29c6a773f service neutron] 10.222.0.32 "GET /v2.0/ports?tenant_id=5a510baa925d46d79b03257e4a271390&device_id=e7e74a16-2797-45da-adb1-13496caa4a99 HTTP/1.1" status: 200 len: 1097 time: 0.1696172
Aug 25 04:53:28.136303 dv-cinder-757936-7-smb neutron-server[93879]: INFO neutron.wsgi [req-9d1553f7-002c-498b-ba97-b73858dc4480 req-4e8ef2ae-d64b-477b-a2e0-f25709d79a1e service neutron] 10.222.0.32 "GET /v2.0/floatingips?fixed_ip_address=172.20.0.12&port_id=cbb48e56-e822-489f-a166-a5578f9ba5e9 HTTP/1.1" status: 200 len: 217 time: 0.0487471
Aug 25 04:53:28.151317 dv-cinder-757936-7-smb neutron-server[93879]: DEBUG neutron_lib.callbacks.manager [req-57bdc479-8be0-4b23-9e42-5e73999e3ff2 req-3ad77272-9dea-42b1-bf68-632f1083d54c tempest-ServerRescueNegativeTestJSON-251310975 tempest-ServerRescueNegativeTestJSON-251310975-project] Notify callbacks [] for port, precommit_create {{(pid=93879) _notify_loop /usr/local/lib/python3.8/dist-packages/neutron_lib/callbacks/manager.py:192}}
Aug 25 04:53:28.216870 dv-cinder-757936-7-smb neutron-server[93879]: DEBUG neutron.pecan_wsgi.hooks.policy_enforcement [req-9d1553f7-002c-498b-ba97-b73858dc4480 req-b3620e57-c1b3-4f7f-8a5b-55354aad04b2 service neutron] Attributes excluded by policy engine: ['standard_attr_id', 'shared'] {{(pid=93879) _exclude_attributes_by_policy /opt/stack/neutron/neutron/pecan_wsgi/hooks/policy_enforcement.py:255}}
Aug 25 04:53:28.218394 dv-cinder-757936-7-smb neutron-server[93879]: INFO neutron.wsgi [req-9d1553f7-002c-498b-ba97-b73858dc4480 req-b3620e57-c1b3-4f7f-8a5b-55354aad04b2 service neutron] 10.222.0.32 "GET /v2.0/subnets?id=121ea1b0-53db-4cde-a385-75ad5836fd49 HTTP/1.1" status: 200 len: 858 time: 0.0721023
Aug 25 04:53:28.265820 dv-cinder-757936-7-smb neutron-server[93879]: DEBUG neutron_lib.callbacks.manager [req-57bdc479-8be0-4b23-9e42-5e73999e3ff2 req-3ad77272-9dea-42b1-bf68-632f1083d54c tempest-ServerRescueNegativeTestJSON-251310975 tempest-ServerRescueNegativeTestJSON-251310975-project] Notify callbacks ['neutron.plugins.ml2.plugin.SecurityGroupServerNotifierRpcMixin._notify_sg_on_port_change-16122941', 'neutron.plugins.ml2.ovo_rpc._ObjectChangeHandler.handle_event-107687', 'neutron.api.rpc.agentnotifiers.dhcp_rpc_agent_api.DhcpAgentNotifyAPI._native_event_send_dhcp_notification-16298904', 'neutron.db.l3_dvrscheduler_db._notify_l3_agent_new_port-8776874253752'] for port, after_create {{(pid=93879) _notify_loop /usr/local/lib/python3.8/dist-packages/neutron_lib/callbacks/manager.py:192}}
Aug 25 04:53:28.368372 dv-cinder-757936-7-smb neutron-server[93879]: DEBUG neutron.api.rpc.handlers.resources_rpc [None req-3ad77272-9dea-42b1-bf68-632f1083d54c tempest-ServerRescueNegativeTestJSON-251310975 tempest-ServerRescueNegativeTestJSON-251310975-project] Pushing event updated for resources: {'Port': ['ID=1a726383-dfba-48c5-b9a5-adb0c782b582,revision_number=1']} {{(pid=93879) push /opt/stack/neutron/neutron/api/rpc/handlers/resources_rpc.py:237}}
Aug 25 04:53:28.395636 dv-cinder-757936-7-smb neutron-server[93879]: INFO neutron.wsgi [req-9d1553f7-002c-498b-ba97-b73858dc4480 req-f9575d3a-e75e-45c3-9a7f-364ba8196b64 service neutron] 10.222.0.32 "GET /v2.0/ports?network_id=9d714338-5a45-4bb5-bf5e-145a19c9411f&device_owner=network%3Adhcp HTTP/1.1" status: 200 len: 210 time: 0.1312740
Aug 25 04:53:28.406830 dv-cinder-757936-7-smb neutron-server[93879]: DEBUG neutron.scheduler.dhcp_agent_scheduler [req-57bdc479-8be0-4b23-9e42-5e73999e3ff2 req-3ad77272-9dea-42b1-bf68-632f1083d54c tempest-ServerRescueNegativeTestJSON-251310975 tempest-ServerRescueNegativeTestJSON-251310975-project] Network 9d714338-5a45-4bb5-bf5e-145a19c9411f is already hosted by enough agents. {{(pid=93879) _get_dhcp_agents_hosting_network /opt/stack/neutron/neutron/scheduler/dhcp_agent_scheduler.py:275}}
Aug 25 04:53:28.418699 dv-cinder-757936-7-smb neutron-server[93879]: DEBUG neutron.scheduler.base_scheduler [req-57bdc479-8be0-4b23-9e42-5e73999e3ff2 req-3ad77272-9dea-42b1-bf68-632f1083d54c tempest-ServerRescueNegativeTestJSON-251310975 tempest-ServerRescueNegativeTestJSON-251310975-project] Resources bound (agent type, host, resource id): {{(pid=93879) schedule /opt/stack/neutron/neutron/scheduler/base_scheduler.py:57}}
Aug 25 04:53:28.422219 dv-cinder-757936-7-smb neutron-server[93879]: DEBUG neutron.db.l3_dvrscheduler_db [req-57bdc479-8be0-4b23-9e42-5e73999e3ff2 req-3ad77272-9dea-42b1-bf68-632f1083d54c tempest-ServerRescueNegativeTestJSON-251310975 tempest-ServerRescueNegativeTestJSON-251310975-project] Received port after_create {{(pid=93879) _notify_l3_agent_new_port /opt/stack/neutron/neutron/db/l3_dvrscheduler_db.py:535}}
Aug 25 04:53:28.429732 dv-cinder-757936-7-smb neutron-server[93879]: DEBUG neutron.pecan_wsgi.hooks.policy_enforcement [req-57bdc479-8be0-4b23-9e42-5e73999e3ff2 req-3ad77272-9dea-42b1-bf68-632f1083d54c tempest-ServerRescueNegativeTestJSON-251310975 tempest-ServerRescueNegativeTestJSON-251310975-project] Attributes excluded by policy engine: ['standard_attr_id', 'binding:profile', 'binding:host_id', 'binding:vif_type', 'binding:vif_details', 'network'] {{(pid=93879) _exclude_attributes_by_policy /opt/stack/neutron/neutron/pecan_wsgi/hooks/policy_enforcement.py:255}}
Aug 25 04:53:28.430428 dv-cinder-757936-7-smb neutron-server[93879]: DEBUG neutron_lib.callbacks.manager [req-57bdc479-8be0-4b23-9e42-5e73999e3ff2 req-3ad77272-9dea-42b1-bf68-632f1083d54c tempest-ServerRescueNegativeTestJSON-251310975 tempest-ServerRescueNegativeTestJSON-251310975-project] Notify callbacks ['neutron.notifiers.nova.Notifier._send_nova_notification-72331'] for port, before_response {{(pid=93879) _notify_loop /usr/local/lib/python3.8/dist-packages/neutron_lib/callbacks/manager.py:192}}
Aug 25 04:53:28.496340 dv-cinder-757936-7-smb neutron-server[93879]: INFO neutron.wsgi [req-57bdc479-8be0-4b23-9e42-5e73999e3ff2 req-3ad77272-9dea-42b1-bf68-632f1083d54c tempest-ServerRescueNegativeTestJSON-251310975 tempest-ServerRescueNegativeTestJSON-251310975-project] 10.222.0.32 "POST /v2.0/ports HTTP/1.1" status: 201 len: 934 time: 1.2894709
Aug 25 04:53:28.518063 dv-cinder-757936-7-smb neutron-server[93880]: DEBUG neutron.plugins.ml2.rpc [None req-feae931f-de7a-4cd0-8e18-2bf5c477f22d None None] Device f2f1a022-ed71-4e20-b775-20f8b1323987 up at agent ovs-agent-dv-cinder-757936-7-smb {{(pid=93880) update_device_up /opt/stack/neutron/neutron/plugins/ml2/rpc.py:296}}
Aug 25 04:53:28.573073 dv-cinder-757936-7-smb neutron-server[93880]: DEBUG neutron.db.provisioning_blocks [None req-feae931f-de7a-4cd0-8e18-2bf5c477f22d None None] Provisioning for port f2f1a022-ed71-4e20-b775-20f8b1323987 completed by entity L2. {{(pid=93880) provisioning_complete /opt/stack/neutron/neutron/db/provisioning_blocks.py:133}}
Aug 25 04:53:28.577964 dv-cinder-757936-7-smb neutron-server[93880]: DEBUG neutron.db.provisioning_blocks [None req-feae931f-de7a-4cd0-8e18-2bf5c477f22d None None] Provisioning complete for port f2f1a022-ed71-4e20-b775-20f8b1323987 triggered by entity L2. {{(pid=93880) provisioning_complete /opt/stack/neutron/neutron/db/provisioning_blocks.py:139}}
Aug 25 04:53:28.578363 dv-cinder-757936-7-smb neutron-server[93880]: DEBUG neutron_lib.callbacks.manager [None req-feae931f-de7a-4cd0-8e18-2bf5c477f22d None None] Notify callbacks ['neutron.plugins.ml2.plugin.Ml2Plugin._port_provisioned-16213856'] for port, provisioning_complete {{(pid=93880) _notify_loop /usr/local/lib/python3.8/dist-packages/neutron_lib/callbacks/manager.py:192}}
Aug 25 04:53:28.634472 dv-cinder-757936-7-smb neutron-server[93879]: DEBUG neutron.api.v2.base [req-57bdc479-8be0-4b23-9e42-5e73999e3ff2 req-ee0c27e9-6fa4-4307-8771-43aad5a957fd service neutron] Request body: {'port': {'device_id': '2f7da7c1-b60a-425a-bcf8-2f77f4b6121c', 'device_owner': 'compute:nova', 'binding:host_id': 'hv-cinder-75793'}} {{(pid=93879) prepare_request_body /opt/stack/neutron/neutron/api/v2/base.py:730}}
Aug 25 04:53:28.641607 dv-cinder-757936-7-smb neutron-server[93878]: DEBUG neutron.pecan_wsgi.hooks.policy_enforcement [req-67c55ef5-5c62-403c-9948-67a18b925753 req-500fde5d-45e8-4d9c-a897-29479c1c6cfb tempest-ServerRescueNegativeTestJSON-251310975 tempest-ServerRescueNegativeTestJSON-251310975-project] Attributes excluded by policy engine: ['standard_attr_id', 'binding:profile', 'binding:host_id', 'binding:vif_type', 'binding:vif_details'] {{(pid=93878) _exclude_attributes_by_policy /opt/stack/neutron/neutron/pecan_wsgi/hooks/policy_enforcement.py:255}}
Aug 25 04:53:28.644087 dv-cinder-757936-7-smb neutron-server[93878]: INFO neutron.wsgi [req-67c55ef5-5c62-403c-9948-67a18b925753 req-500fde5d-45e8-4d9c-a897-29479c1c6cfb tempest-ServerRescueNegativeTestJSON-251310975 tempest-ServerRescueNegativeTestJSON-251310975-project] 10.222.0.10 "GET /v2.0/ports?device_id=2f7da7c1-b60a-425a-bcf8-2f77f4b6121c HTTP/1.1" status: 200 len: 932 time: 0.0637851
Aug 25 04:53:28.693663 dv-cinder-757936-7-smb neutron-server[93878]: INFO neutron.wsgi [req-67c55ef5-5c62-403c-9948-67a18b925753 req-55e5f377-4fc7-4ce2-b54c-527ad530a846 tempest-ServerRescueNegativeTestJSON-251310975 tempest-ServerRescueNegativeTestJSON-251310975-project] 10.222.0.10 "GET /v2.0/security-groups?id=403164ce-59f5-4461-9d88-2c4a52e6a3a3&fields=id&fields=name HTTP/1.1" status: 200 len: 286 time: 0.0430536
Aug 25 04:53:28.722577 dv-cinder-757936-7-smb neutron-server[93879]: INFO neutron.wsgi [req-9d1553f7-002c-498b-ba97-b73858dc4480 req-7496b1b2-35b6-4350-98f8-a2bec44f2489 service neutron] 10.222.0.32 "GET /v2.0/networks/9d714338-5a45-4bb5-bf5e-145a19c9411f?fields=segments HTTP/1.1" status: 200 len: 212 time: 0.3144755
Aug 25 04:53:28.725193 dv-cinder-757936-7-smb neutron-server[93880]: DEBUG neutron_lib.callbacks.manager [None req-feae931f-de7a-4cd0-8e18-2bf5c477f22d None None] Notify callbacks ['neutron.plugins.ml2.plugin.SecurityGroupDbMixin._ensure_default_security_group_handler-16123132'] for port, before_update {{(pid=93880) _notify_loop /usr/local/lib/python3.8/dist-packages/neutron_lib/callbacks/manager.py:192}}
Aug 25 04:53:28.771829 dv-cinder-757936-7-smb neutron-server[93880]: DEBUG neutron.plugins.ml2.db [None req-feae931f-de7a-4cd0-8e18-2bf5c477f22d None None] For port f2f1a022-ed71-4e20-b775-20f8b1323987, host dv-cinder-757936-7-smb, got binding levels [PortBindingLevel(driver='openvswitch',host='dv-cinder-757936-7-smb',level=0,port_id=f2f1a022-ed71-4e20-b775-20f8b1323987,segment=NetworkSegment(1b1feb7c-784c-4f3c-b1b6-ffad9d063b2d),segment_id=1b1feb7c-784c-4f3c-b1b6-ffad9d063b2d)] {{(pid=93880) get_binding_level_objs /opt/stack/neutron/neutron/plugins/ml2/db.py:74}}
Aug 25 04:53:28.779531 dv-cinder-757936-7-smb neutron-server[93879]: DEBUG neutron.pecan_wsgi.hooks.policy_enforcement [req-1f4b7b6c-0284-45a1-b9a0-322e4046aa97 req-b4e354c0-0d7b-446f-a727-1e3792cb20d5 tempest-AttachVolumeNegativeTest-166250876 tempest-AttachVolumeNegativeTest-166250876-project] Attributes excluded by policy engine: ['standard_attr_id', 'vlan_transparent', 'provider:network_type', 'provider:physical_network', 'provider:segmentation_id'] {{(pid=93879) _exclude_attributes_by_policy /opt/stack/neutron/neutron/pecan_wsgi/hooks/policy_enforcement.py:255}}
Aug 25 04:53:28.786533 dv-cinder-757936-7-smb neutron-server[93880]: DEBUG neutron_lib.callbacks.manager [None req-feae931f-de7a-4cd0-8e18-2bf5c477f22d None None] Notify callbacks ['neutron.plugins.ml2.plugin.SecurityGroupServerNotifierRpcMixin._notify_sg_on_port_change-16122941', 'neutron.plugins.ml2.ovo_rpc._ObjectChangeHandler.handle_event-107687', 'neutron.api.rpc.agentnotifiers.dhcp_rpc_agent_api.DhcpAgentNotifyAPI._native_event_send_dhcp_notification-16298904', 'neutron.db.l3_db.L3RpcNotifierMixin._notify_gateway_port_ip_changed-8776874722789', 'neutron.db.l3_dvrscheduler_db._notify_l3_agent_port_update-8776874253770', 'neutron.db.l3_hascheduler_db._notify_l3_agent_ha_port_update-8776874253788'] for port, after_update {{(pid=93880) _notify_loop /usr/local/lib/python3.8/dist-packages/neutron_lib/callbacks/manager.py:192}}
Aug 25 04:53:28.786738 dv-cinder-757936-7-smb neutron-server[93879]: INFO neutron.wsgi [req-1f4b7b6c-0284-45a1-b9a0-322e4046aa97 req-b4e354c0-0d7b-446f-a727-1e3792cb20d5 tempest-AttachVolumeNegativeTest-166250876 tempest-AttachVolumeNegativeTest-166250876-project] 10.222.0.10 "GET /v2.0/networks?id=4e927525-9ba0-4179-ba97-37d6fb7c6e23 HTTP/1.1" status: 200 len: 815 time: 0.3312604
Aug 25 04:53:28.806880 dv-cinder-757936-7-smb neutron-server[93879]: DEBUG neutron_lib.callbacks.manager [req-57bdc479-8be0-4b23-9e42-5e73999e3ff2 req-ee0c27e9-6fa4-4307-8771-43aad5a957fd service neutron] Notify callbacks ['neutron.plugins.ml2.plugin.SecurityGroupDbMixin._ensure_default_security_group_handler-16123132'] for port, before_update {{(pid=93879) _notify_loop /usr/local/lib/python3.8/dist-packages/neutron_lib/callbacks/manager.py:192}}
Aug 25 04:53:28.827243 dv-cinder-757936-7-smb neutron-server[93879]: INFO neutron.wsgi [req-1f4b7b6c-0284-45a1-b9a0-322e4046aa97 req-d5fef66d-685c-483d-871c-893ec0dd97db tempest-AttachVolumeNegativeTest-166250876 tempest-AttachVolumeNegativeTest-166250876-project] 10.222.0.10 "GET /v2.0/quotas/784effbe55604748b40f5980c5556444 HTTP/1.1" status: 200 len: 375 time: 0.0395131
Aug 25 04:53:28.835447 dv-cinder-757936-7-smb neutron-server[93878]: DEBUG neutron.pecan_wsgi.hooks.policy_enforcement [req-b3366fea-4806-4d17-b481-e7b1f79e3d19 req-1770f32e-0add-4483-bdcd-94ead8abf314 tempest-VolumesActionsTest-1199896843 tempest-VolumesActionsTest-1199896843-project] Attributes excluded by policy engine: ['standard_attr_id', 'binding:profile', 'binding:host_id', 'binding:vif_type', 'binding:vif_details'] {{(pid=93878) _exclude_attributes_by_policy /opt/stack/neutron/neutron/pecan_wsgi/hooks/policy_enforcement.py:255}}
Aug 25 04:53:28.837309 dv-cinder-757936-7-smb neutron-server[93878]: INFO neutron.wsgi [req-b3366fea-4806-4d17-b481-e7b1f79e3d19 req-1770f32e-0add-4483-bdcd-94ead8abf314 tempest-VolumesActionsTest-1199896843 tempest-VolumesActionsTest-1199896843-project] 10.222.0.10 "GET /v2.0/ports?device_id=154a974e-e03b-4581-8360-a73290ce35c5 HTTP/1.1" status: 200 len: 945 time: 0.0616057
Aug 25 04:53:28.855291 dv-cinder-757936-7-smb neutron-server[93880]: DEBUG neutron.api.rpc.handlers.resources_rpc [None req-feae931f-de7a-4cd0-8e18-2bf5c477f22d None None] Pushing event updated for resources: {'Port': ['ID=f2f1a022-ed71-4e20-b775-20f8b1323987,revision_number=5']} {{(pid=93880) push /opt/stack/neutron/neutron/api/rpc/handlers/resources_rpc.py:237}}
Aug 25 04:53:28.888686 dv-cinder-757936-7-smb neutron-server[93878]: INFO neutron.wsgi [req-b3366fea-4806-4d17-b481-e7b1f79e3d19 req-8838c438-1f77-4add-a8c0-759358236ab1 tempest-VolumesActionsTest-1199896843 tempest-VolumesActionsTest-1199896843-project] 10.222.0.10 "GET /v2.0/security-groups?id=ea24cbef-bda5-40ff-b463-d44a4017d9d3&fields=id&fields=name HTTP/1.1" status: 200 len: 286 time: 0.0432479
Aug 25 04:53:29.142614 dv-cinder-757936-7-smb neutron-server[93879]: INFO neutron.wsgi [req-9d1553f7-002c-498b-ba97-b73858dc4480 req-4e3568ba-7cb4-49d6-8d7c-240705ce7429 service neutron] 10.222.0.32 "GET /v2.0/networks/9d714338-5a45-4bb5-bf5e-145a19c9411f?fields=provider%3Aphysical_network&fields=provider%3Anetwork_type HTTP/1.1" status: 200 len: 281 time: 0.4003808
Aug 25 04:53:29.162763 dv-cinder-757936-7-smb neutron-server[93879]: INFO neutron.wsgi [req-1f4b7b6c-0284-45a1-b9a0-322e4046aa97 req-3f6cb602-35eb-45fb-991f-969615a71cfb tempest-AttachVolumeNegativeTest-166250876 tempest-AttachVolumeNegativeTest-166250876-project] 10.222.0.10 "GET /v2.0/ports?tenant_id=784effbe55604748b40f5980c5556444&fields=id HTTP/1.1" status: 200 len: 302 time: 0.3346641
Aug 25 04:53:29.407225 dv-cinder-757936-7-smb neutron-server[93879]: INFO neutron.wsgi [req-1f4b7b6c-0284-45a1-b9a0-322e4046aa97 req-b5feff1b-70c8-4890-90ae-ae0e90f4fd55 service neutron] 10.222.0.10 "GET /v2.0/networks/4e927525-9ba0-4179-ba97-37d6fb7c6e23?fields=segments HTTP/1.1" status: 200 len: 212 time: 0.1861753
Aug 25 04:53:29.410647 dv-cinder-757936-7-smb neutron-server[93879]: DEBUG neutron.pecan_wsgi.hooks.policy_enforcement [req-a9bf8bdd-35f6-4787-9074-2c77fb5a08ce req-a319a54e-bc63-4b0c-aac4-0a3b4e666e62 service neutron] Attributes excluded by policy engine: ['standard_attr_id'] {{(pid=93879) _exclude_attributes_by_policy /opt/stack/neutron/neutron/pecan_wsgi/hooks/policy_enforcement.py:255}}
Aug 25 04:53:29.412058 dv-cinder-757936-7-smb neutron-server[93879]: INFO neutron.wsgi [req-a9bf8bdd-35f6-4787-9074-2c77fb5a08ce req-a319a54e-bc63-4b0c-aac4-0a3b4e666e62 service neutron] 10.222.0.32 "GET /v2.0/ports?tenant_id=5a510baa925d46d79b03257e4a271390&device_id=e7e74a16-2797-45da-adb1-13496caa4a99 HTTP/1.1" status: 200 len: 1097 time: 0.1431298
Aug 25 04:53:29.637835 dv-cinder-757936-7-smb neutron-server[93879]: DEBUG neutron.notifiers.nova [req-57bdc479-8be0-4b23-9e42-5e73999e3ff2 req-ee0c27e9-6fa4-4307-8771-43aad5a957fd service neutron] Ignoring state change previous_port_status: DOWN current_port_status: DOWN port_id 1a726383-dfba-48c5-b9a5-adb0c782b582 {{(pid=93879) record_port_status_changed /opt/stack/neutron/neutron/notifiers/nova.py:224}}
Aug 25 04:53:29.650589 dv-cinder-757936-7-smb neutron-server[93879]: DEBUG neutron.pecan_wsgi.hooks.policy_enforcement [req-a9bf8bdd-35f6-4787-9074-2c77fb5a08ce req-0977382e-47e1-4aa3-b4c4-e03e05f55059 service neutron] Attributes excluded by policy engine: ['standard_attr_id', 'vlan_transparent'] {{(pid=93879) _exclude_attributes_by_policy /opt/stack/neutron/neutron/pecan_wsgi/hooks/policy_enforcement.py:255}}
Aug 25 04:53:29.652131 dv-cinder-757936-7-smb neutron-server[93879]: INFO neutron.wsgi [req-a9bf8bdd-35f6-4787-9074-2c77fb5a08ce req-0977382e-47e1-4aa3-b4c4-e03e05f55059 service neutron] 10.222.0.32 "GET /v2.0/networks?id=9d714338-5a45-4bb5-bf5e-145a19c9411f HTTP/1.1" status: 200 len: 919 time: 0.2266624
Aug 25 04:53:29.654665 dv-cinder-757936-7-smb neutron-server[93879]: DEBUG neutron_lib.callbacks.manager [req-57bdc479-8be0-4b23-9e42-5e73999e3ff2 req-ee0c27e9-6fa4-4307-8771-43aad5a957fd service neutron] Notify callbacks [] for port, precommit_update {{(pid=93879) _notify_loop /usr/local/lib/python3.8/dist-packages/neutron_lib/callbacks/manager.py:192}}
Aug 25 04:53:29.676203 dv-cinder-757936-7-smb neutron-server[93879]: INFO neutron.wsgi [req-1f4b7b6c-0284-45a1-b9a0-322e4046aa97 req-baf2fab5-6748-46bb-897c-2248cdffe094 service neutron] 10.222.0.10 "GET /v2.0/networks/4e927525-9ba0-4179-ba97-37d6fb7c6e23?fields=provider%3Aphysical_network&fields=provider%3Anetwork_type HTTP/1.1" status: 200 len: 281 time: 0.2618637
Aug 25 04:53:29.704545 dv-cinder-757936-7-smb neutron-server[93879]: DEBUG neutron.db.provisioning_blocks [req-57bdc479-8be0-4b23-9e42-5e73999e3ff2 req-ee0c27e9-6fa4-4307-8771-43aad5a957fd service neutron] Transition to ACTIVE for port object 1a726383-dfba-48c5-b9a5-adb0c782b582 will not be triggered until provisioned by entity L2. {{(pid=93879) add_provisioning_component /opt/stack/neutron/neutron/db/provisioning_blocks.py:73}}
Aug 25 04:53:29.706264 dv-cinder-757936-7-smb neutron-server[93879]: INFO neutron.wsgi [req-a9bf8bdd-35f6-4787-9074-2c77fb5a08ce req-f1f90add-d646-4882-85a0-ef9927ec4a43 service neutron] 10.222.0.32 "GET /v2.0/floatingips?fixed_ip_address=172.20.0.12&port_id=cbb48e56-e822-489f-a166-a5578f9ba5e9 HTTP/1.1" status: 200 len: 217 time: 0.0429187
Aug 25 04:53:29.709062 dv-cinder-757936-7-smb neutron-server[93879]: DEBUG neutron_lib.callbacks.manager [req-57bdc479-8be0-4b23-9e42-5e73999e3ff2 req-ee0c27e9-6fa4-4307-8771-43aad5a957fd service neutron] Notify callbacks ['neutron.plugins.ml2.plugin.SecurityGroupServerNotifierRpcMixin._notify_sg_on_port_change-16122941', 'neutron.plugins.ml2.ovo_rpc._ObjectChangeHandler.handle_event-107687', 'neutron.api.rpc.agentnotifiers.dhcp_rpc_agent_api.DhcpAgentNotifyAPI._native_event_send_dhcp_notification-16298904', 'neutron.db.l3_db.L3RpcNotifierMixin._notify_gateway_port_ip_changed-8776874722789', 'neutron.db.l3_dvrscheduler_db._notify_l3_agent_port_update-8776874253770', 'neutron.db.l3_hascheduler_db._notify_l3_agent_ha_port_update-8776874253788'] for port, after_update {{(pid=93879) _notify_loop /usr/local/lib/python3.8/dist-packages/neutron_lib/callbacks/manager.py:192}}
Aug 25 04:53:29.810867 dv-cinder-757936-7-smb neutron-server[93879]: DEBUG neutron.api.rpc.handlers.resources_rpc [None req-ee0c27e9-6fa4-4307-8771-43aad5a957fd service neutron] Pushing event updated for resources: {'Port': ['ID=1a726383-dfba-48c5-b9a5-adb0c782b582,revision_number=2']} {{(pid=93879) push /opt/stack/neutron/neutron/api/rpc/handlers/resources_rpc.py:237}}
Aug 25 04:53:29.827198 dv-cinder-757936-7-smb neutron-server[93879]: DEBUG neutron.pecan_wsgi.hooks.policy_enforcement [req-a9bf8bdd-35f6-4787-9074-2c77fb5a08ce req-817168d0-9c84-4877-a091-236aee0ad780 service neutron] Attributes excluded by policy engine: ['standard_attr_id', 'shared'] {{(pid=93879) _exclude_attributes_by_policy /opt/stack/neutron/neutron/pecan_wsgi/hooks/policy_enforcement.py:255}}
Aug 25 04:53:29.828988 dv-cinder-757936-7-smb neutron-server[93879]: INFO neutron.wsgi [req-a9bf8bdd-35f6-4787-9074-2c77fb5a08ce req-817168d0-9c84-4877-a091-236aee0ad780 service neutron] 10.222.0.32 "GET /v2.0/subnets?id=121ea1b0-53db-4cde-a385-75ad5836fd49 HTTP/1.1" status: 200 len: 858 time: 0.1105285
Aug 25 04:53:29.875891 dv-cinder-757936-7-smb neutron-server[93878]: DEBUG neutron.pecan_wsgi.hooks.policy_enforcement [req-dee83186-d9db-4905-bd81-fb8d8ae84768 req-1fbb2e78-8ba2-4b31-ad8e-7f90cdcd4d4f tempest-ServerRescueNegativeTestJSON-251310975 tempest-ServerRescueNegativeTestJSON-251310975-project] Attributes excluded by policy engine: ['standard_attr_id', 'binding:profile', 'binding:host_id', 'binding:vif_type', 'binding:vif_details'] {{(pid=93878) _exclude_attributes_by_policy /opt/stack/neutron/neutron/pecan_wsgi/hooks/policy_enforcement.py:255}}
Aug 25 04:53:29.877911 dv-cinder-757936-7-smb neutron-server[93878]: INFO neutron.wsgi [req-dee83186-d9db-4905-bd81-fb8d8ae84768 req-1fbb2e78-8ba2-4b31-ad8e-7f90cdcd4d4f tempest-ServerRescueNegativeTestJSON-251310975 tempest-ServerRescueNegativeTestJSON-251310975-project] 10.222.0.10 "GET /v2.0/ports?device_id=2f7da7c1-b60a-425a-bcf8-2f77f4b6121c HTTP/1.1" status: 200 len: 944 time: 0.1044555
Aug 25 04:53:29.931819 dv-cinder-757936-7-smb neutron-server[93879]: INFO neutron.wsgi [req-a9bf8bdd-35f6-4787-9074-2c77fb5a08ce req-505aaa17-2524-426c-989e-7b4962834ee2 service neutron] 10.222.0.32 "GET /v2.0/ports?network_id=9d714338-5a45-4bb5-bf5e-145a19c9411f&device_owner=network%3Adhcp HTTP/1.1" status: 200 len: 210 time: 0.0650954
Aug 25 04:53:29.932683 dv-cinder-757936-7-smb neutron-server[93879]: DEBUG neutron.plugins.ml2.managers [req-57bdc479-8be0-4b23-9e42-5e73999e3ff2 req-ee0c27e9-6fa4-4307-8771-43aad5a957fd service neutron] Attempting to bind port 1a726383-dfba-48c5-b9a5-adb0c782b582 on host hv-cinder-75793 for vnic_type normal with profile {{(pid=93879) bind_port /opt/stack/neutron/neutron/plugins/ml2/managers.py:790}}
Aug 25 04:53:29.933081 dv-cinder-757936-7-smb neutron-server[93879]: DEBUG neutron.plugins.ml2.managers [req-57bdc479-8be0-4b23-9e42-5e73999e3ff2 req-ee0c27e9-6fa4-4307-8771-43aad5a957fd service neutron] Attempting to bind port 1a726383-dfba-48c5-b9a5-adb0c782b582 by drivers openvswitch,hyperv on host hv-cinder-75793 at level 0 using segments [{'id': '1b1feb7c-784c-4f3c-b1b6-ffad9d063b2d', 'network_type': 'vlan', 'physical_network': 'physnet1', 'segmentation_id': 108, 'network_id': '9d714338-5a45-4bb5-bf5e-145a19c9411f'}] {{(pid=93879) _bind_port_level /opt/stack/neutron/neutron/plugins/ml2/managers.py:815}}
Aug 25 04:53:29.933416 dv-cinder-757936-7-smb neutron-server[93879]: DEBUG neutron.plugins.ml2.drivers.mech_agent [req-57bdc479-8be0-4b23-9e42-5e73999e3ff2 req-ee0c27e9-6fa4-4307-8771-43aad5a957fd service neutron] Attempting to bind port 1a726383-dfba-48c5-b9a5-adb0c782b582 on network 9d714338-5a45-4bb5-bf5e-145a19c9411f {{(pid=93879) bind_port /opt/stack/neutron/neutron/plugins/ml2/drivers/mech_agent.py:85}}
Aug 25 04:53:29.939708 dv-cinder-757936-7-smb neutron-server[93878]: INFO neutron.wsgi [req-dee83186-d9db-4905-bd81-fb8d8ae84768 req-faa44982-dd43-43fe-b7d3-741023514ee5 tempest-ServerRescueNegativeTestJSON-251310975 tempest-ServerRescueNegativeTestJSON-251310975-project] 10.222.0.10 "GET /v2.0/security-groups?id=403164ce-59f5-4461-9d88-2c4a52e6a3a3&fields=id&fields=name HTTP/1.1" status: 200 len: 286 time: 0.0550802
Aug 25 04:53:29.943054 dv-cinder-757936-7-smb neutron-server[93879]: DEBUG neutron.plugins.ml2.drivers.mech_agent [req-57bdc479-8be0-4b23-9e42-5e73999e3ff2 req-ee0c27e9-6fa4-4307-8771-43aad5a957fd service neutron] Port 1a726383-dfba-48c5-b9a5-adb0c782b582 on network 9d714338-5a45-4bb5-bf5e-145a19c9411f not bound, no agent of type Open vSwitch agent registered on host hv-cinder-75793 {{(pid=93879) bind_port /opt/stack/neutron/neutron/plugins/ml2/drivers/mech_agent.py:97}}
Aug 25 04:53:29.943495 dv-cinder-757936-7-smb neutron-server[93879]: DEBUG neutron.plugins.ml2.drivers.mech_agent [req-57bdc479-8be0-4b23-9e42-5e73999e3ff2 req-ee0c27e9-6fa4-4307-8771-43aad5a957fd service neutron] Attempting to bind port 1a726383-dfba-48c5-b9a5-adb0c782b582 on network 9d714338-5a45-4bb5-bf5e-145a19c9411f {{(pid=93879) bind_port /opt/stack/neutron/neutron/plugins/ml2/drivers/mech_agent.py:85}}
Aug 25 04:53:29.949783 dv-cinder-757936-7-smb neutron-server[93879]: INFO neutron.wsgi [req-e6422f4c-b9a8-4ac9-a923-1ac1f63d89ba req-da84bdc3-fd1c-4dec-9514-107291c75efd tempest-AttachVolumeNegativeTest-166250876 tempest-AttachVolumeNegativeTest-166250876-project] 10.222.0.10 "GET /v2.0/ports?device_id=2579c380-8606-412c-af3b-b54881169dd4 HTTP/1.1" status: 200 len: 210 time: 0.0814803
Aug 25 04:53:29.958332 dv-cinder-757936-7-smb neutron-server[93879]: DEBUG neutron.plugins.ml2.drivers.mech_agent [req-57bdc479-8be0-4b23-9e42-5e73999e3ff2 req-ee0c27e9-6fa4-4307-8771-43aad5a957fd service neutron] Checking agent: {'id': 'dc48f21d-2413-4a4f-a567-7c913f3eeb89', 'agent_type': 'HyperV agent', 'binary': 'neutron-hyperv-agent', 'topic': 'N/A', 'host': 'hv-cinder-75793', 'admin_state_up': True, 'created_at': datetime.datetime(2021, 8, 25, 4, 50, 16), 'started_at': datetime.datetime(2021, 8, 25, 4, 50, 16), 'heartbeat_timestamp': datetime.datetime(2021, 8, 25, 4, 53, 16), 'description': None, 'resources_synced': None, 'availability_zone': None, 'alive': True, 'configurations': {'vswitch_mappings': {'physnet1$': 'br-data'}}, 'resource_versions': {}} {{(pid=93879) bind_port /opt/stack/neutron/neutron/plugins/ml2/drivers/mech_agent.py:104}}
Aug 25 04:53:29.958942 dv-cinder-757936-7-smb neutron-server[93879]: DEBUG neutron.plugins.ml2.drivers.mech_agent [req-57bdc479-8be0-4b23-9e42-5e73999e3ff2 req-ee0c27e9-6fa4-4307-8771-43aad5a957fd service neutron] Checking segment: {'id': '1b1feb7c-784c-4f3c-b1b6-ffad9d063b2d', 'network_type': 'vlan', 'physical_network': 'physnet1', 'segmentation_id': 108, 'network_id': '9d714338-5a45-4bb5-bf5e-145a19c9411f'} for mappings: {'physnet1$': 'br-data'} with network types: ['local', 'flat', 'vlan'] {{(pid=93879) check_segment_for_agent /opt/stack/neutron/neutron/plugins/ml2/drivers/mech_agent.py:352}}
Aug 25 04:53:29.959510 dv-cinder-757936-7-smb neutron-server[93879]: DEBUG neutron.plugins.ml2.drivers.mech_agent [req-57bdc479-8be0-4b23-9e42-5e73999e3ff2 req-ee0c27e9-6fa4-4307-8771-43aad5a957fd service neutron] Bound using segment: {'id': '1b1feb7c-784c-4f3c-b1b6-ffad9d063b2d', 'network_type': 'vlan', 'physical_network': 'physnet1', 'segmentation_id': 108, 'network_id': '9d714338-5a45-4bb5-bf5e-145a19c9411f'} {{(pid=93879) bind_port /opt/stack/neutron/neutron/plugins/ml2/drivers/mech_agent.py:114}}
Aug 25 04:53:29.960186 dv-cinder-757936-7-smb neutron-server[93879]: DEBUG neutron.plugins.ml2.managers [req-57bdc479-8be0-4b23-9e42-5e73999e3ff2 req-ee0c27e9-6fa4-4307-8771-43aad5a957fd service neutron] Bound port: 1a726383-dfba-48c5-b9a5-adb0c782b582, host: hv-cinder-75793, vif_type: hyperv, vif_details: {"connectivity": "legacy", "port_filter": false}, binding_levels: [{'bound_driver': 'hyperv', 'bound_segment': {'id': '1b1feb7c-784c-4f3c-b1b6-ffad9d063b2d', 'network_type': 'vlan', 'physical_network': 'physnet1', 'segmentation_id': 108, 'network_id': '9d714338-5a45-4bb5-bf5e-145a19c9411f'}}] {{(pid=93879) _bind_port_level /opt/stack/neutron/neutron/plugins/ml2/managers.py:928}}
Aug 25 04:53:29.960951 dv-cinder-757936-7-smb neutron-server[93879]: DEBUG neutron_lib.callbacks.manager [req-57bdc479-8be0-4b23-9e42-5e73999e3ff2 req-ee0c27e9-6fa4-4307-8771-43aad5a957fd service neutron] Notify callbacks ['neutron.plugins.ml2.plugin.SecurityGroupDbMixin._ensure_default_security_group_handler-16123132'] for port, before_update {{(pid=93879) _notify_loop /usr/local/lib/python3.8/dist-packages/neutron_lib/callbacks/manager.py:192}}
Aug 25 04:53:30.149914 dv-cinder-757936-7-smb neutron-server[93879]: INFO neutron.wsgi [req-a9bf8bdd-35f6-4787-9074-2c77fb5a08ce req-cee6c326-5d51-4179-99e2-a3959925b9dc service neutron] 10.222.0.32 "GET /v2.0/networks/9d714338-5a45-4bb5-bf5e-145a19c9411f?fields=segments HTTP/1.1" status: 200 len: 212 time: 0.1970189
Aug 25 04:53:30.154604 dv-cinder-757936-7-smb neutron-server[93879]: DEBUG neutron.plugins.ml2.db [req-57bdc479-8be0-4b23-9e42-5e73999e3ff2 req-ee0c27e9-6fa4-4307-8771-43aad5a957fd service neutron] For port 1a726383-dfba-48c5-b9a5-adb0c782b582, host hv-cinder-75793, cleared binding levels {{(pid=93879) clear_binding_levels /opt/stack/neutron/neutron/plugins/ml2/db.py:87}}
Aug 25 04:53:30.159222 dv-cinder-757936-7-smb neutron-server[93879]: DEBUG neutron.plugins.ml2.db [req-57bdc479-8be0-4b23-9e42-5e73999e3ff2 req-ee0c27e9-6fa4-4307-8771-43aad5a957fd service neutron] For port 1a726383-dfba-48c5-b9a5-adb0c782b582, host hv-cinder-75793, set binding levels [PortBindingLevel(driver='hyperv',host='hv-cinder-75793',level=0,port_id=1a726383-dfba-48c5-b9a5-adb0c782b582,segment=NetworkSegment(1b1feb7c-784c-4f3c-b1b6-ffad9d063b2d),segment_id=1b1feb7c-784c-4f3c-b1b6-ffad9d063b2d)] {{(pid=93879) set_binding_levels /opt/stack/neutron/neutron/plugins/ml2/db.py:59}}
Aug 25 04:53:30.176846 dv-cinder-757936-7-smb neutron-server[93879]: DEBUG neutron.pecan_wsgi.hooks.policy_enforcement [req-9e7172cc-9400-4eee-9a9c-bc744e192acd req-7a62b832-90ec-41ed-86ed-021ed126be90 tempest-VolumesActionsTest-1199896843 tempest-VolumesActionsTest-1199896843-project] Attributes excluded by policy engine: ['standard_attr_id', 'binding:profile', 'binding:host_id', 'binding:vif_type', 'binding:vif_details'] {{(pid=93879) _exclude_attributes_by_policy /opt/stack/neutron/neutron/pecan_wsgi/hooks/policy_enforcement.py:255}}
Aug 25 04:53:30.178364 dv-cinder-757936-7-smb neutron-server[93879]: INFO neutron.wsgi [req-9e7172cc-9400-4eee-9a9c-bc744e192acd req-7a62b832-90ec-41ed-86ed-021ed126be90 tempest-VolumesActionsTest-1199896843 tempest-VolumesActionsTest-1199896843-project] 10.222.0.10 "GET /v2.0/ports?device_id=154a974e-e03b-4581-8360-a73290ce35c5 HTTP/1.1" status: 200 len: 945 time: 0.1395330
Aug 25 04:53:30.179484 dv-cinder-757936-7-smb neutron-server[93879]: DEBUG neutron_lib.callbacks.manager [req-57bdc479-8be0-4b23-9e42-5e73999e3ff2 req-ee0c27e9-6fa4-4307-8771-43aad5a957fd service neutron] Notify callbacks ['neutron.plugins.ml2.plugin.SecurityGroupServerNotifierRpcMixin._notify_sg_on_port_change-16122941', 'neutron.plugins.ml2.ovo_rpc._ObjectChangeHandler.handle_event-107687', 'neutron.api.rpc.agentnotifiers.dhcp_rpc_agent_api.DhcpAgentNotifyAPI._native_event_send_dhcp_notification-16298904', 'neutron.db.l3_db.L3RpcNotifierMixin._notify_gateway_port_ip_changed-8776874722789', 'neutron.db.l3_dvrscheduler_db._notify_l3_agent_port_update-8776874253770', 'neutron.db.l3_hascheduler_db._notify_l3_agent_ha_port_update-8776874253788'] for port, after_update {{(pid=93879) _notify_loop /usr/local/lib/python3.8/dist-packages/neutron_lib/callbacks/manager.py:192}}
Aug 25 04:53:30.265106 dv-cinder-757936-7-smb neutron-server[93879]: DEBUG neutron.pecan_wsgi.hooks.policy_enforcement [req-57bdc479-8be0-4b23-9e42-5e73999e3ff2 req-ee0c27e9-6fa4-4307-8771-43aad5a957fd service neutron] Attributes excluded by policy engine: ['standard_attr_id'] {{(pid=93879) _exclude_attributes_by_policy /opt/stack/neutron/neutron/pecan_wsgi/hooks/policy_enforcement.py:255}}
Aug 25 04:53:30.265918 dv-cinder-757936-7-smb neutron-server[93879]: DEBUG neutron_lib.callbacks.manager [req-57bdc479-8be0-4b23-9e42-5e73999e3ff2 req-ee0c27e9-6fa4-4307-8771-43aad5a957fd service neutron] Notify callbacks ['neutron.notifiers.nova.Notifier._send_nova_notification-72331'] for port, before_response {{(pid=93879) _notify_loop /usr/local/lib/python3.8/dist-packages/neutron_lib/callbacks/manager.py:192}}
Aug 25 04:53:30.267871 dv-cinder-757936-7-smb neutron-server[93879]: INFO neutron.wsgi [req-57bdc479-8be0-4b23-9e42-5e73999e3ff2 req-ee0c27e9-6fa4-4307-8771-43aad5a957fd service neutron] 10.222.0.32 "PUT /v2.0/ports/1a726383-dfba-48c5-b9a5-adb0c782b582 HTTP/1.1" status: 200 len: 1094 time: 1.6399784
Aug 25 04:53:30.269912 dv-cinder-757936-7-smb neutron-server[93879]: DEBUG neutron.notifiers.nova [-] Sending events: [{'name': 'network-changed', 'server_uuid': '2f7da7c1-b60a-425a-bcf8-2f77f4b6121c', 'tag': '1a726383-dfba-48c5-b9a5-adb0c782b582'}] {{(pid=93879) send_events /opt/stack/neutron/neutron/notifiers/nova.py:262}}
Aug 25 04:53:30.272595 dv-cinder-757936-7-smb neutron-server[93879]: DEBUG novaclient.v2.client [-] REQ: curl -g -i --cacert "/opt/stack/data/ca-bundle.pem" -X POST http://10.222.0.10/compute/v2.1/os-server-external-events -H "Accept: application/json" -H "Content-Type: application/json" -H "User-Agent: python-novaclient" -H "X-Auth-Token: {SHA256}a0de6fa416d577de37059b520aa6c1217b328c78fddcf88001bb4e1dc6804cd7" -H "X-OpenStack-Nova-API-Version: 2.1" -H "X-OpenStack-Request-ID: req-292f9e9a-992b-467d-a096-fbfdddbab27b" -d '{"events": [{"name": "network-changed", "server_uuid": "2f7da7c1-b60a-425a-bcf8-2f77f4b6121c", "tag": "1a726383-dfba-48c5-b9a5-adb0c782b582"}]}' {{(pid=93879) _http_log_request /usr/local/lib/python3.8/dist-packages/keystoneauth1/session.py:519}}
Aug 25 04:53:30.345590 dv-cinder-757936-7-smb neutron-server[93879]: INFO neutron.wsgi [req-9e7172cc-9400-4eee-9a9c-bc744e192acd req-f026fd2d-ce37-40c4-adb2-7dbf0f1e8d44 tempest-VolumesActionsTest-1199896843 tempest-VolumesActionsTest-1199896843-project] 10.222.0.10 "GET /v2.0/security-groups?id=ea24cbef-bda5-40ff-b463-d44a4017d9d3&fields=id&fields=name HTTP/1.1" status: 200 len: 286 time: 0.1493745
Aug 25 04:53:30.374090 dv-cinder-757936-7-smb neutron-server[93880]: DEBUG neutron.plugins.ml2.rpc [None req-feae931f-de7a-4cd0-8e18-2bf5c477f22d None None] Device f2f1a022-ed71-4e20-b775-20f8b1323987 up at agent ovs-agent-dv-cinder-757936-7-smb {{(pid=93880) update_device_up /opt/stack/neutron/neutron/plugins/ml2/rpc.py:296}}
Aug 25 04:53:30.407037 dv-cinder-757936-7-smb neutron-server[93879]: DEBUG novaclient.v2.client [-] RESP: [200] Connection: close Content-Length: 179 Content-Type: application/json Date: Wed, 25 Aug 2021 04:53:30 GMT OpenStack-API-Version: compute 2.1 Server: Apache/2.4.41 (Ubuntu) Vary: OpenStack-API-Version,X-OpenStack-Nova-API-Version X-OpenStack-Nova-API-Version: 2.1 x-compute-request-id: req-ccb0b897-9910-4df2-8728-0040dbc3b061 x-openstack-request-id: req-ccb0b897-9910-4df2-8728-0040dbc3b061 {{(pid=93879) _http_log_response /usr/local/lib/python3.8/dist-packages/keystoneauth1/session.py:550}}
Aug 25 04:53:30.407430 dv-cinder-757936-7-smb neutron-server[93879]: DEBUG novaclient.v2.client [-] RESP BODY: {"events": [{"name": "network-changed", "server_uuid": "2f7da7c1-b60a-425a-bcf8-2f77f4b6121c", "tag": "1a726383-dfba-48c5-b9a5-adb0c782b582", "status": "completed", "code": 200}]} {{(pid=93879) _http_log_response /usr/local/lib/python3.8/dist-packages/keystoneauth1/session.py:582}}
Aug 25 04:53:30.407769 dv-cinder-757936-7-smb neutron-server[93879]: DEBUG novaclient.v2.client [-] POST call to compute for http://10.222.0.10/compute/v2.1/os-server-external-events used request id req-ccb0b897-9910-4df2-8728-0040dbc3b061 {{(pid=93879) request /usr/local/lib/python3.8/dist-packages/keystoneauth1/session.py:954}}
Aug 25 04:53:30.408252 dv-cinder-757936-7-smb neutron-server[93879]: INFO neutron.notifiers.nova [-] Nova event response: {'name': 'network-changed', 'server_uuid': '2f7da7c1-b60a-425a-bcf8-2f77f4b6121c', 'tag': '1a726383-dfba-48c5-b9a5-adb0c782b582', 'status': 'completed', 'code': 200}
Aug 25 04:53:30.409958 dv-cinder-757936-7-smb neutron-server[93879]: DEBUG neutron.api.rpc.handlers.resources_rpc [None req-ee0c27e9-6fa4-4307-8771-43aad5a957fd service neutron] Pushing event updated for resources: {'Port': ['ID=1a726383-dfba-48c5-b9a5-adb0c782b582,revision_number=3']} {{(pid=93879) push /opt/stack/neutron/neutron/api/rpc/handlers/resources_rpc.py:237}}
Aug 25 04:53:30.421227 dv-cinder-757936-7-smb neutron-server[93879]: INFO neutron.wsgi [req-a9bf8bdd-35f6-4787-9074-2c77fb5a08ce req-0d250ece-9976-46b6-a999-843bcd1bfb7d service neutron] 10.222.0.32 "GET /v2.0/networks/9d714338-5a45-4bb5-bf5e-145a19c9411f?fields=provider%3Aphysical_network&fields=provider%3Anetwork_type HTTP/1.1" status: 200 len: 281 time: 0.2606907
Aug 25 04:53:30.435708 dv-cinder-757936-7-smb neutron-server[93880]: DEBUG neutron.db.provisioning_blocks [None req-feae931f-de7a-4cd0-8e18-2bf5c477f22d None None] Provisioning complete for port f2f1a022-ed71-4e20-b775-20f8b1323987 triggered by entity L2. {{(pid=93880) provisioning_complete /opt/stack/neutron/neutron/db/provisioning_blocks.py:139}}
Aug 25 04:53:30.436082 dv-cinder-757936-7-smb neutron-server[93880]: DEBUG neutron_lib.callbacks.manager [None req-feae931f-de7a-4cd0-8e18-2bf5c477f22d None None] Notify callbacks ['neutron.plugins.ml2.plugin.Ml2Plugin._port_provisioned-16213856'] for port, provisioning_complete {{(pid=93880) _notify_loop /usr/local/lib/python3.8/dist-packages/neutron_lib/callbacks/manager.py:192}}
Aug 25 04:53:30.450595 dv-cinder-757936-7-smb neutron-server[93879]: DEBUG neutron.pecan_wsgi.hooks.policy_enforcement [req-57bdc479-8be0-4b23-9e42-5e73999e3ff2 req-31ea781f-44ca-4a39-baa3-2b3541b0f3f6 service neutron] Attributes excluded by policy engine: ['standard_attr_id'] {{(pid=93879) _exclude_attributes_by_policy /opt/stack/neutron/neutron/pecan_wsgi/hooks/policy_enforcement.py:255}}
Aug 25 04:53:30.452265 dv-cinder-757936-7-smb neutron-server[93879]: INFO neutron.wsgi [req-57bdc479-8be0-4b23-9e42-5e73999e3ff2 req-31ea781f-44ca-4a39-baa3-2b3541b0f3f6 service neutron] 10.222.0.32 "GET /v2.0/ports?tenant_id=5a510baa925d46d79b03257e4a271390&device_id=2f7da7c1-b60a-425a-bcf8-2f77f4b6121c HTTP/1.1" status: 200 len: 1097 time: 0.0989180
Aug 25 04:53:30.580481 dv-cinder-757936-7-smb neutron-server[93879]: INFO neutron.wsgi [req-57bdc479-8be0-4b23-9e42-5e73999e3ff2 req-7fa9cf80-26cb-49e9-a875-59e00e74a138 service neutron] 10.222.0.32 "GET /v2.0/floatingips?fixed_ip_address=172.20.0.13&port_id=1a726383-dfba-48c5-b9a5-adb0c782b582 HTTP/1.1" status: 200 len: 217 time: 0.0338230
Aug 25 04:53:30.646954 dv-cinder-757936-7-smb neutron-server[93879]: DEBUG neutron.pecan_wsgi.hooks.policy_enforcement [req-57bdc479-8be0-4b23-9e42-5e73999e3ff2 req-f9f209fc-a816-45fa-b6ac-31797997188f service neutron] Attributes excluded by policy engine: ['standard_attr_id', 'shared'] {{(pid=93879) _exclude_attributes_by_policy /opt/stack/neutron/neutron/pecan_wsgi/hooks/policy_enforcement.py:255}}
