Aug 19 02:22:32.056044 dv-cinder-757936-6-iscsi neutron-server[94404]: DEBUG neutron_lib.callbacks.manager [None req-83348a6e-1313-4fb4-942e-3b5717b41d52 tempest-AttachVolumeShelveTestJSON-764432892 tempest-AttachVolumeShelveTestJSON-764432892-project] Notify callbacks ['neutron.plugins.ml2.plugin.SecurityGroupServerNotifierRpcMixin._notify_sg_on_port_change-1461658', 'neutron.plugins.ml2.ovo_rpc._ObjectChangeHandler.handle_event-917501', 'neutron.api.rpc.agentnotifiers.dhcp_rpc_agent_api.DhcpAgentNotifyAPI._native_event_send_dhcp_notification-530394', 'neutron.db.l3_db.L3RpcNotifierMixin._notify_gateway_port_ip_changed-8792002080880', 'neutron.db.l3_dvrscheduler_db._notify_l3_agent_port_update-8792001562453', 'neutron.db.l3_hascheduler_db._notify_l3_agent_ha_port_update-8792001562471'] for port, after_update {{(pid=94404) _notify_loop /usr/local/lib/python3.8/dist-packages/neutron_lib/callbacks/manager.py:192}}
Aug 19 02:22:32.098279 dv-cinder-757936-6-iscsi neutron-server[94404]: DEBUG neutron_lib.callbacks.manager [None req-83348a6e-1313-4fb4-942e-3b5717b41d52 tempest-AttachVolumeShelveTestJSON-764432892 tempest-AttachVolumeShelveTestJSON-764432892-project] Notify callbacks ['neutron.services.l3_router.l3_router_plugin.DVRResourceOperationHandler._create_dvr_floating_gw_port-580800'] for floatingip, after_create {{(pid=94404) _notify_loop /usr/local/lib/python3.8/dist-packages/neutron_lib/callbacks/manager.py:192}}
Aug 19 02:22:32.126688 dv-cinder-757936-6-iscsi neutron-server[94404]: DEBUG neutron.api.rpc.handlers.resources_rpc [None req-83348a6e-1313-4fb4-942e-3b5717b41d52 tempest-AttachVolumeShelveTestJSON-764432892 tempest-AttachVolumeShelveTestJSON-764432892-project] Pushing event updated for resources: {'Port': ['ID=f9ba4c2e-e302-4eb6-b951-c36d8be5d6ea,revision_number=2']} {{(pid=94404) push /opt/stack/neutron/neutron/api/rpc/handlers/resources_rpc.py:237}}
Aug 19 02:22:32.210067 dv-cinder-757936-6-iscsi neutron-server[94404]: DEBUG neutron_lib.callbacks.manager [None req-83348a6e-1313-4fb4-942e-3b5717b41d52 tempest-AttachVolumeShelveTestJSON-764432892 tempest-AttachVolumeShelveTestJSON-764432892-project] Notify callbacks ['neutron.notifiers.nova.Notifier._send_nova_notification-932345'] for floatingip, before_response {{(pid=94404) _notify_loop /usr/local/lib/python3.8/dist-packages/neutron_lib/callbacks/manager.py:192}}
Aug 19 02:22:32.213252 dv-cinder-757936-6-iscsi neutron-server[94404]: INFO neutron.wsgi [None req-83348a6e-1313-4fb4-942e-3b5717b41d52 tempest-AttachVolumeShelveTestJSON-764432892 tempest-AttachVolumeShelveTestJSON-764432892-project] 10.222.0.38 "POST /v2.0/floatingips HTTP/1.1" status: 201 len: 693 time: 6.2064383
Aug 19 02:22:32.690043 dv-cinder-757936-6-iscsi neutron-server[94405]: DEBUG neutron.pecan_wsgi.hooks.policy_enforcement [req-9d5abe29-9dc7-4fc6-a9c2-431b7ff96d04 req-a18bdf44-7b73-4092-a8c5-4e59773d8240 tempest-AttachVolumeNegativeTest-968223286 tempest-AttachVolumeNegativeTest-968223286-project] Attributes excluded by policy engine: ['standard_attr_id', 'binding:profile', 'binding:host_id', 'binding:vif_type', 'binding:vif_details'] {{(pid=94405) _exclude_attributes_by_policy /opt/stack/neutron/neutron/pecan_wsgi/hooks/policy_enforcement.py:255}}
Aug 19 02:22:32.697386 dv-cinder-757936-6-iscsi neutron-server[94405]: INFO neutron.wsgi [req-9d5abe29-9dc7-4fc6-a9c2-431b7ff96d04 req-a18bdf44-7b73-4092-a8c5-4e59773d8240 tempest-AttachVolumeNegativeTest-968223286 tempest-AttachVolumeNegativeTest-968223286-project] 10.222.0.38 "GET /v2.0/ports?device_id=1a05df28-f88a-4c07-a6ed-a5f157df588a HTTP/1.1" status: 200 len: 944 time: 0.0644622
Aug 19 02:22:32.734697 dv-cinder-757936-6-iscsi neutron-server[94405]: INFO neutron.wsgi [req-9d5abe29-9dc7-4fc6-a9c2-431b7ff96d04 req-f5c7a2a6-9e8f-4500-8086-0644fe76124d tempest-AttachVolumeNegativeTest-968223286 tempest-AttachVolumeNegativeTest-968223286-project] 10.222.0.38 "GET /v2.0/security-groups?id=5252bb7c-ca61-4c24-a9cd-4ae2eef8f928&fields=id&fields=name HTTP/1.1" status: 200 len: 286 time: 0.0360041
Aug 19 02:22:32.856600 dv-cinder-757936-6-iscsi neutron-server[94406]: DEBUG neutron_lib.callbacks.manager [None req-752af2e0-9474-4fc0-9df7-5cfde2ee76fe None None] Notify callbacks ['neutron.services.segments.db._update_segment_host_mapping_for_agent-8792002063059', 'neutron.plugins.ml2.plugin.Ml2Plugin._retry_binding_revived_agents-1516233'] for agent, after_update {{(pid=94406) _notify_loop /usr/local/lib/python3.8/dist-packages/neutron_lib/callbacks/manager.py:192}}
Aug 19 02:22:32.951800 dv-cinder-757936-6-iscsi neutron-server[94405]: DEBUG neutron.wsgi [-] (94405) accepted ('10.222.0.38', 40780) {{(pid=94405) server /usr/local/lib/python3.8/dist-packages/eventlet/wsgi.py:982}}
Aug 19 02:22:32.987491 dv-cinder-757936-6-iscsi neutron-server[94405]: DEBUG neutron_lib.callbacks.manager [None req-e696a143-5d87-4b95-a1d6-814482662426 admin admin] Notify callbacks [] for security_group, before_create {{(pid=94405) _notify_loop /usr/local/lib/python3.8/dist-packages/neutron_lib/callbacks/manager.py:192}}
Aug 19 02:22:33.080618 dv-cinder-757936-6-iscsi neutron-server[94404]: INFO neutron.wsgi [req-208e7ea2-68e4-4075-9d7c-89dd8d345b22 req-09f3fca3-a536-4730-b754-391555ed9ffd tempest-ServerRescueNegativeTestJSON-1854286765 tempest-ServerRescueNegativeTestJSON-1854286765-project] 10.222.0.38 "GET /v2.0/ports?device_id=1d6fcf7d-e9db-4e42-b2a9-32bbb60b30d4 HTTP/1.1" status: 200 len: 210 time: 0.0645821
Aug 19 02:22:33.091751 dv-cinder-757936-6-iscsi neutron-server[94404]: DEBUG neutron.wsgi [-] (94404) accepted ('10.222.0.38', 40784) {{(pid=94404) server /usr/local/lib/python3.8/dist-packages/eventlet/wsgi.py:982}}
Aug 19 02:22:33.248320 dv-cinder-757936-6-iscsi neutron-server[94405]: DEBUG neutron.pecan_wsgi.hooks.policy_enforcement [req-a1450c68-5dcc-475e-94aa-7b29a9c5e0a2 req-cde9f0ed-5415-4ec6-9306-cbb4d582298f tempest-DeleteServersTestJSON-2034330841 tempest-DeleteServersTestJSON-2034330841-project] Attributes excluded by policy engine: ['standard_attr_id', 'binding:profile', 'binding:host_id', 'binding:vif_type', 'binding:vif_details'] {{(pid=94405) _exclude_attributes_by_policy /opt/stack/neutron/neutron/pecan_wsgi/hooks/policy_enforcement.py:255}}
Aug 19 02:22:33.250113 dv-cinder-757936-6-iscsi neutron-server[94405]: INFO neutron.wsgi [req-a1450c68-5dcc-475e-94aa-7b29a9c5e0a2 req-cde9f0ed-5415-4ec6-9306-cbb4d582298f tempest-DeleteServersTestJSON-2034330841 tempest-DeleteServersTestJSON-2034330841-project] 10.222.0.38 "GET /v2.0/ports?device_id=5d18d0fb-8efd-4559-b0f6-311b00fdef4e HTTP/1.1" status: 200 len: 943 time: 0.1379046
Aug 19 02:22:33.276272 dv-cinder-757936-6-iscsi neutron-server[94404]: DEBUG neutron_lib.callbacks.manager [None req-284431a4-bba4-407e-bcba-36626efe4789 admin admin] Notify callbacks [] for security_group, before_create {{(pid=94404) _notify_loop /usr/local/lib/python3.8/dist-packages/neutron_lib/callbacks/manager.py:192}}
Aug 19 02:22:33.296008 dv-cinder-757936-6-iscsi neutron-server[94404]: INFO neutron.wsgi [req-ba3ad2fb-21ba-48a5-a980-82af2d5e8c8a req-c6a61e44-fc98-43ad-a891-e6485af063f4 tempest-AttachVolumeShelveTestJSON-764432892 tempest-AttachVolumeShelveTestJSON-764432892-project] 10.222.0.38 "GET /v2.0/security-groups?name=tempest-securitygroup--904610200&fields=id&tenant_id=e2dd06eea8a84e9e9331267e6db39639 HTTP/1.1" status: 200 len: 267 time: 0.0840356
Aug 19 02:22:33.296280 dv-cinder-757936-6-iscsi neutron-server[94405]: INFO neutron.wsgi [req-a1450c68-5dcc-475e-94aa-7b29a9c5e0a2 req-71d7254b-69b2-490f-9ad0-381fa36fd3c5 tempest-DeleteServersTestJSON-2034330841 tempest-DeleteServersTestJSON-2034330841-project] 10.222.0.38 "GET /v2.0/security-groups?id=446f5e1c-a4df-4b89-8917-8c2f7cb5e9b0&fields=id&fields=name HTTP/1.1" status: 200 len: 286 time: 0.0367024
Aug 19 02:22:33.435570 dv-cinder-757936-6-iscsi neutron-server[94404]: DEBUG neutron.pecan_wsgi.hooks.policy_enforcement [req-ba3ad2fb-21ba-48a5-a980-82af2d5e8c8a req-1f01aa93-9dcd-444d-a786-1639d70c95af tempest-AttachVolumeShelveTestJSON-764432892 tempest-AttachVolumeShelveTestJSON-764432892-project] Attributes excluded by policy engine: ['standard_attr_id', 'vlan_transparent', 'provider:network_type', 'provider:physical_network', 'provider:segmentation_id'] {{(pid=94404) _exclude_attributes_by_policy /opt/stack/neutron/neutron/pecan_wsgi/hooks/policy_enforcement.py:255}}
Aug 19 02:22:33.438055 dv-cinder-757936-6-iscsi neutron-server[94404]: INFO neutron.wsgi [req-ba3ad2fb-21ba-48a5-a980-82af2d5e8c8a req-1f01aa93-9dcd-444d-a786-1639d70c95af tempest-AttachVolumeShelveTestJSON-764432892 tempest-AttachVolumeShelveTestJSON-764432892-project] 10.222.0.38 "GET /v2.0/networks?id=b7d26125-ff21-4756-af22-988f1c5fab5c HTTP/1.1" status: 200 len: 816 time: 0.1194768
Aug 19 02:22:33.439420 dv-cinder-757936-6-iscsi neutron-server[94405]: DEBUG neutron_lib.callbacks.manager [None req-e696a143-5d87-4b95-a1d6-814482662426 admin admin] Notify callbacks [] for security_group, precommit_create {{(pid=94405) _notify_loop /usr/local/lib/python3.8/dist-packages/neutron_lib/callbacks/manager.py:192}}
Aug 19 02:22:33.458539 dv-cinder-757936-6-iscsi neutron-server[94404]: INFO neutron.wsgi [req-ba3ad2fb-21ba-48a5-a980-82af2d5e8c8a req-cbfc7d3b-7c66-4af8-9fe0-de7ce4f75d88 tempest-AttachVolumeShelveTestJSON-764432892 tempest-AttachVolumeShelveTestJSON-764432892-project] 10.222.0.38 "GET /v2.0/quotas/e2dd06eea8a84e9e9331267e6db39639 HTTP/1.1" status: 200 len: 375 time: 0.0140905
Aug 19 02:22:33.519762 dv-cinder-757936-6-iscsi neutron-server[94404]: INFO neutron.wsgi [req-ba3ad2fb-21ba-48a5-a980-82af2d5e8c8a req-b6d6aebb-25d9-421c-affc-3374bcc24691 tempest-AttachVolumeShelveTestJSON-764432892 tempest-AttachVolumeShelveTestJSON-764432892-project] 10.222.0.38 "GET /v2.0/ports?tenant_id=e2dd06eea8a84e9e9331267e6db39639&fields=id HTTP/1.1" status: 200 len: 348 time: 0.0594180
Aug 19 02:22:33.587397 dv-cinder-757936-6-iscsi neutron-server[94405]: DEBUG neutron_lib.callbacks.manager [None req-e696a143-5d87-4b95-a1d6-814482662426 admin admin] Notify callbacks ['neutron.plugins.ml2.ovo_rpc._ObjectChangeHandler.handle_event-283112'] for security_group, after_create {{(pid=94405) _notify_loop /usr/local/lib/python3.8/dist-packages/neutron_lib/callbacks/manager.py:192}}
Aug 19 02:22:33.642971 dv-cinder-757936-6-iscsi neutron-server[94405]: INFO neutron.wsgi [None req-e696a143-5d87-4b95-a1d6-814482662426 admin admin] 10.222.0.38 "GET /v2.0/security-groups?tenant_id=fb7a75bd62cd473cadd78948823c5c33&name=default HTTP/1.1" status: 200 len: 2979 time: 0.6941276
Aug 19 02:22:33.647383 dv-cinder-757936-6-iscsi neutron-server[94404]: DEBUG neutron.wsgi [-] (94404) accepted ('10.222.0.38', 40800) {{(pid=94404) server /usr/local/lib/python3.8/dist-packages/eventlet/wsgi.py:982}}
Aug 19 02:22:33.656103 dv-cinder-757936-6-iscsi neutron-server[94405]: DEBUG neutron.api.rpc.handlers.resources_rpc [None req-e696a143-5d87-4b95-a1d6-814482662426 admin admin] Pushing event updated for resources: {'SecurityGroup': ['ID=fe4c236b-9394-443c-beba-32e632a6a7ad,revision_number=1']} {{(pid=94405) push /opt/stack/neutron/neutron/api/rpc/handlers/resources_rpc.py:237}}
Aug 19 02:22:33.661191 dv-cinder-757936-6-iscsi neutron-server[94404]: INFO neutron.wsgi [req-ba3ad2fb-21ba-48a5-a980-82af2d5e8c8a req-7cbc3969-1ff5-4ec2-89c6-c80dc6e9a680 service neutron] 10.222.0.38 "GET /v2.0/networks/b7d26125-ff21-4756-af22-988f1c5fab5c?fields=segments HTTP/1.1" status: 200 len: 212 time: 0.1239457
Aug 19 02:22:33.729180 dv-cinder-757936-6-iscsi neutron-server[94405]: DEBUG neutron.wsgi [-] (94405) accepted ('10.222.0.38', 40804) {{(pid=94405) server /usr/local/lib/python3.8/dist-packages/eventlet/wsgi.py:982}}
Aug 19 02:22:33.744507 dv-cinder-757936-6-iscsi neutron-server[94405]: DEBUG neutron_lib.callbacks.manager [None req-e4221aed-1344-47f0-8468-6b3f1862d535 admin admin] Notify callbacks [] for security_group, before_create {{(pid=94405) _notify_loop /usr/local/lib/python3.8/dist-packages/neutron_lib/callbacks/manager.py:192}}
Aug 19 02:22:33.862534 dv-cinder-757936-6-iscsi neutron-server[94404]: DEBUG neutron_lib.callbacks.manager [None req-9d5813f6-2103-4826-b2ac-eb2f035770ba admin admin] Notify callbacks [] for security_group, before_delete {{(pid=94404) _notify_loop /usr/local/lib/python3.8/dist-packages/neutron_lib/callbacks/manager.py:192}}
Aug 19 02:22:33.871070 dv-cinder-757936-6-iscsi neutron-server[94404]: DEBUG neutron_lib.callbacks.manager [None req-284431a4-bba4-407e-bcba-36626efe4789 admin admin] Notify callbacks [] for security_group, precommit_create {{(pid=94404) _notify_loop /usr/local/lib/python3.8/dist-packages/neutron_lib/callbacks/manager.py:192}}
Aug 19 02:22:33.873573 dv-cinder-757936-6-iscsi neutron-server[94405]: DEBUG neutron.pecan_wsgi.hooks.policy_enforcement [req-05460ac0-130d-4c2d-9c68-22a75ef394f0 req-2d6f64cc-3e63-4729-a267-01ec26111056 tempest-AttachVolumeNegativeTest-968223286 tempest-AttachVolumeNegativeTest-968223286-project] Attributes excluded by policy engine: ['standard_attr_id', 'binding:profile', 'binding:host_id', 'binding:vif_type', 'binding:vif_details'] {{(pid=94405) _exclude_attributes_by_policy /opt/stack/neutron/neutron/pecan_wsgi/hooks/policy_enforcement.py:255}}
Aug 19 02:22:33.875817 dv-cinder-757936-6-iscsi neutron-server[94405]: INFO neutron.wsgi [req-05460ac0-130d-4c2d-9c68-22a75ef394f0 req-2d6f64cc-3e63-4729-a267-01ec26111056 tempest-AttachVolumeNegativeTest-968223286 tempest-AttachVolumeNegativeTest-968223286-project] 10.222.0.38 "GET /v2.0/ports?device_id=1a05df28-f88a-4c07-a6ed-a5f157df588a HTTP/1.1" status: 200 len: 944 time: 0.0655031
Aug 19 02:22:33.909760 dv-cinder-757936-6-iscsi neutron-server[94404]: INFO neutron.wsgi [req-ba3ad2fb-21ba-48a5-a980-82af2d5e8c8a req-14310d3b-c594-49a5-bf38-d4e209c34f2c service neutron] 10.222.0.38 "GET /v2.0/networks/b7d26125-ff21-4756-af22-988f1c5fab5c?fields=provider%3Aphysical_network&fields=provider%3Anetwork_type HTTP/1.1" status: 200 len: 281 time: 0.2385817
Aug 19 02:22:33.919721 dv-cinder-757936-6-iscsi neutron-server[94404]: DEBUG neutron_lib.callbacks.manager [None req-9d5813f6-2103-4826-b2ac-eb2f035770ba admin admin] Notify callbacks [] for security_group, precommit_delete {{(pid=94404) _notify_loop /usr/local/lib/python3.8/dist-packages/neutron_lib/callbacks/manager.py:192}}
Aug 19 02:22:33.929175 dv-cinder-757936-6-iscsi neutron-server[94405]: INFO neutron.wsgi [req-05460ac0-130d-4c2d-9c68-22a75ef394f0 req-69abab25-5c37-46c9-b32b-97172220a703 tempest-AttachVolumeNegativeTest-968223286 tempest-AttachVolumeNegativeTest-968223286-project] 10.222.0.38 "GET /v2.0/security-groups?id=5252bb7c-ca61-4c24-a9cd-4ae2eef8f928&fields=id&fields=name HTTP/1.1" status: 200 len: 286 time: 0.0471215
Aug 19 02:22:33.954087 dv-cinder-757936-6-iscsi neutron-server[94404]: DEBUG neutron_lib.callbacks.manager [None req-284431a4-bba4-407e-bcba-36626efe4789 admin admin] Notify callbacks ['neutron.plugins.ml2.ovo_rpc._ObjectChangeHandler.handle_event-283112'] for security_group, after_create {{(pid=94404) _notify_loop /usr/local/lib/python3.8/dist-packages/neutron_lib/callbacks/manager.py:192}}
Aug 19 02:22:34.002268 dv-cinder-757936-6-iscsi neutron-server[94404]: INFO neutron.wsgi [None req-284431a4-bba4-407e-bcba-36626efe4789 admin admin] 10.222.0.38 "GET /v2.0/security-groups?tenant_id=d49503fcc4e04c03932cf35a697241d5&name=default HTTP/1.1" status: 200 len: 2979 time: 0.9168508
Aug 19 02:22:34.005749 dv-cinder-757936-6-iscsi neutron-server[94404]: DEBUG neutron.wsgi [-] (94404) accepted ('10.222.0.38', 40814) {{(pid=94404) server /usr/local/lib/python3.8/dist-packages/eventlet/wsgi.py:982}}
Aug 19 02:22:34.052460 dv-cinder-757936-6-iscsi neutron-server[94404]: DEBUG neutron.api.rpc.handlers.resources_rpc [None req-284431a4-bba4-407e-bcba-36626efe4789 admin admin] Pushing event updated for resources: {'SecurityGroup': ['ID=22484f01-1fee-4fde-b398-4eb9646b0a32,revision_number=1']} {{(pid=94404) push /opt/stack/neutron/neutron/api/rpc/handlers/resources_rpc.py:237}}
Aug 19 02:22:34.083947 dv-cinder-757936-6-iscsi neutron-server[94404]: DEBUG neutron_lib.callbacks.manager [None req-f6e4632f-36d6-4b91-a92a-1c792e55d819 admin admin] Notify callbacks [] for security_group, before_delete {{(pid=94404) _notify_loop /usr/local/lib/python3.8/dist-packages/neutron_lib/callbacks/manager.py:192}}
Aug 19 02:22:34.107837 dv-cinder-757936-6-iscsi neutron-server[94405]: DEBUG neutron_lib.callbacks.manager [None req-e4221aed-1344-47f0-8468-6b3f1862d535 admin admin] Notify callbacks [] for security_group, precommit_create {{(pid=94405) _notify_loop /usr/local/lib/python3.8/dist-packages/neutron_lib/callbacks/manager.py:192}}
Aug 19 02:22:34.109044 dv-cinder-757936-6-iscsi neutron-server[94404]: DEBUG neutron_lib.callbacks.manager [None req-f6e4632f-36d6-4b91-a92a-1c792e55d819 admin admin] Notify callbacks [] for security_group, precommit_delete {{(pid=94404) _notify_loop /usr/local/lib/python3.8/dist-packages/neutron_lib/callbacks/manager.py:192}}
Aug 19 02:22:34.190246 dv-cinder-757936-6-iscsi neutron-server[94405]: INFO neutron.wsgi [req-d0d37443-18cb-4194-a6ef-0d1bee25d80b req-910824bd-6bae-40be-92b4-cc0900b9a504 tempest-ServerRescueNegativeTestJSON-1854286765 tempest-ServerRescueNegativeTestJSON-1854286765-project] 10.222.0.38 "GET /v2.0/ports?device_id=1d6fcf7d-e9db-4e42-b2a9-32bbb60b30d4 HTTP/1.1" status: 200 len: 210 time: 0.0410976
Aug 19 02:22:34.239341 dv-cinder-757936-6-iscsi neutron-server[94404]: DEBUG neutron_lib.callbacks.manager [None req-9d5813f6-2103-4826-b2ac-eb2f035770ba admin admin] Notify callbacks ['neutron.plugins.ml2.ovo_rpc._ObjectChangeHandler.handle_event-283112'] for security_group, after_delete {{(pid=94404) _notify_loop /usr/local/lib/python3.8/dist-packages/neutron_lib/callbacks/manager.py:192}}
Aug 19 02:22:34.244331 dv-cinder-757936-6-iscsi neutron-server[94404]: DEBUG neutron_lib.callbacks.manager [None req-9d5813f6-2103-4826-b2ac-eb2f035770ba admin admin] Notify callbacks [] for security_group, before_response {{(pid=94404) _notify_loop /usr/local/lib/python3.8/dist-packages/neutron_lib/callbacks/manager.py:192}}
Aug 19 02:22:34.244331 dv-cinder-757936-6-iscsi neutron-server[94404]: INFO neutron.wsgi [None req-9d5813f6-2103-4826-b2ac-eb2f035770ba admin admin] 10.222.0.38 "DELETE /v2.0/security-groups/fe4c236b-9394-443c-beba-32e632a6a7ad HTTP/1.1" status: 204 len: 168 time: 0.5945444
Aug 19 02:22:34.253392 dv-cinder-757936-6-iscsi neutron-server[94404]: DEBUG neutron.api.rpc.handlers.resources_rpc [None req-9d5813f6-2103-4826-b2ac-eb2f035770ba admin admin] Pushing event deleted for resources: {'SecurityGroup': ['ID=fe4c236b-9394-443c-beba-32e632a6a7ad,revision_number=None']} {{(pid=94404) push /opt/stack/neutron/neutron/api/rpc/handlers/resources_rpc.py:237}}
Aug 19 02:22:34.285088 dv-cinder-757936-6-iscsi neutron-server[94404]: DEBUG neutron_lib.callbacks.manager [None req-f6e4632f-36d6-4b91-a92a-1c792e55d819 admin admin] Notify callbacks ['neutron.plugins.ml2.ovo_rpc._ObjectChangeHandler.handle_event-283112'] for security_group, after_delete {{(pid=94404) _notify_loop /usr/local/lib/python3.8/dist-packages/neutron_lib/callbacks/manager.py:192}}
Aug 19 02:22:34.289640 dv-cinder-757936-6-iscsi neutron-server[94405]: DEBUG neutron_lib.callbacks.manager [None req-e4221aed-1344-47f0-8468-6b3f1862d535 admin admin] Notify callbacks ['neutron.plugins.ml2.ovo_rpc._ObjectChangeHandler.handle_event-283112'] for security_group, after_create {{(pid=94405) _notify_loop /usr/local/lib/python3.8/dist-packages/neutron_lib/callbacks/manager.py:192}}
Aug 19 02:22:34.293621 dv-cinder-757936-6-iscsi neutron-server[94404]: DEBUG neutron_lib.callbacks.manager [None req-f6e4632f-36d6-4b91-a92a-1c792e55d819 admin admin] Notify callbacks [] for security_group, before_response {{(pid=94404) _notify_loop /usr/local/lib/python3.8/dist-packages/neutron_lib/callbacks/manager.py:192}}
Aug 19 02:22:34.293621 dv-cinder-757936-6-iscsi neutron-server[94404]: INFO neutron.wsgi [None req-f6e4632f-36d6-4b91-a92a-1c792e55d819 admin admin] 10.222.0.38 "DELETE /v2.0/security-groups/22484f01-1fee-4fde-b398-4eb9646b0a32 HTTP/1.1" status: 204 len: 168 time: 0.2849033
Aug 19 02:22:34.303895 dv-cinder-757936-6-iscsi neutron-server[94404]: DEBUG neutron.api.rpc.handlers.resources_rpc [None req-f6e4632f-36d6-4b91-a92a-1c792e55d819 admin admin] Pushing event deleted for resources: {'SecurityGroup': ['ID=22484f01-1fee-4fde-b398-4eb9646b0a32,revision_number=None']} {{(pid=94404) push /opt/stack/neutron/neutron/api/rpc/handlers/resources_rpc.py:237}}
Aug 19 02:22:34.439184 dv-cinder-757936-6-iscsi neutron-server[94405]: INFO neutron.wsgi [None req-e4221aed-1344-47f0-8468-6b3f1862d535 admin admin] 10.222.0.38 "GET /v2.0/security-groups?tenant_id=8bc9fd35a63c40cd8a018b946848148c&name=default HTTP/1.1" status: 200 len: 2979 time: 0.7089071
Aug 19 02:22:34.442274 dv-cinder-757936-6-iscsi neutron-server[94404]: DEBUG neutron.wsgi [-] (94404) accepted ('10.222.0.38', 40830) {{(pid=94404) server /usr/local/lib/python3.8/dist-packages/eventlet/wsgi.py:982}}
Aug 19 02:22:34.445468 dv-cinder-757936-6-iscsi neutron-server[94405]: DEBUG neutron.api.rpc.handlers.resources_rpc [None req-e4221aed-1344-47f0-8468-6b3f1862d535 admin admin] Pushing event updated for resources: {'SecurityGroup': ['ID=8cdcdb44-43bc-4ce3-a4f1-c82427eaf413,revision_number=1']} {{(pid=94405) push /opt/stack/neutron/neutron/api/rpc/handlers/resources_rpc.py:237}}
Aug 19 02:22:34.529749 dv-cinder-757936-6-iscsi neutron-server[94404]: INFO neutron.wsgi [req-934451a9-de29-4fba-a79a-5e50e5d7f2a8 req-c20fe563-5502-4ce4-a9a1-5fac1fb7c0e9 tempest-AttachVolumeShelveTestJSON-764432892 tempest-AttachVolumeShelveTestJSON-764432892-project] 10.222.0.38 "GET /v2.0/ports?device_id=3a9a27af-1edc-49d7-abe2-6be0de0295de HTTP/1.1" status: 200 len: 210 time: 0.0519359
Aug 19 02:22:34.549276 dv-cinder-757936-6-iscsi neutron-server[94404]: DEBUG neutron_lib.callbacks.manager [None req-7a0f7caa-6a16-4824-b569-73b2a53f90e7 admin admin] Notify callbacks [] for security_group, before_delete {{(pid=94404) _notify_loop /usr/local/lib/python3.8/dist-packages/neutron_lib/callbacks/manager.py:192}}
Aug 19 02:22:34.566734 dv-cinder-757936-6-iscsi neutron-server[94405]: DEBUG neutron.pecan_wsgi.hooks.policy_enforcement [req-82bbae13-1c4e-4208-802f-830f50d0d216 req-b4893f69-d386-417d-acbc-164abdf5a374 tempest-DeleteServersTestJSON-2034330841 tempest-DeleteServersTestJSON-2034330841-project] Attributes excluded by policy engine: ['standard_attr_id', 'binding:profile', 'binding:host_id', 'binding:vif_type', 'binding:vif_details'] {{(pid=94405) _exclude_attributes_by_policy /opt/stack/neutron/neutron/pecan_wsgi/hooks/policy_enforcement.py:255}}
Aug 19 02:22:34.570203 dv-cinder-757936-6-iscsi neutron-server[94405]: INFO neutron.wsgi [req-82bbae13-1c4e-4208-802f-830f50d0d216 req-b4893f69-d386-417d-acbc-164abdf5a374 tempest-DeleteServersTestJSON-2034330841 tempest-DeleteServersTestJSON-2034330841-project] 10.222.0.38 "GET /v2.0/ports?device_id=5d18d0fb-8efd-4559-b0f6-311b00fdef4e HTTP/1.1" status: 200 len: 943 time: 0.1247535
Aug 19 02:22:34.588309 dv-cinder-757936-6-iscsi neutron-server[94404]: DEBUG neutron_lib.callbacks.manager [None req-7a0f7caa-6a16-4824-b569-73b2a53f90e7 admin admin] Notify callbacks [] for security_group, precommit_delete {{(pid=94404) _notify_loop /usr/local/lib/python3.8/dist-packages/neutron_lib/callbacks/manager.py:192}}
Aug 19 02:22:34.652946 dv-cinder-757936-6-iscsi neutron-server[94405]: INFO neutron.wsgi [req-82bbae13-1c4e-4208-802f-830f50d0d216 req-07c79e30-5583-4f6e-827b-665c7dac6b34 tempest-DeleteServersTestJSON-2034330841 tempest-DeleteServersTestJSON-2034330841-project] 10.222.0.38 "GET /v2.0/security-groups?id=446f5e1c-a4df-4b89-8917-8c2f7cb5e9b0&fields=id&fields=name HTTP/1.1" status: 200 len: 286 time: 0.0784972
Aug 19 02:22:34.982230 dv-cinder-757936-6-iscsi neutron-server[94404]: DEBUG neutron_lib.callbacks.manager [None req-7a0f7caa-6a16-4824-b569-73b2a53f90e7 admin admin] Notify callbacks ['neutron.plugins.ml2.ovo_rpc._ObjectChangeHandler.handle_event-283112'] for security_group, after_delete {{(pid=94404) _notify_loop /usr/local/lib/python3.8/dist-packages/neutron_lib/callbacks/manager.py:192}}
Aug 19 02:22:34.984845 dv-cinder-757936-6-iscsi neutron-server[94404]: DEBUG neutron_lib.callbacks.manager [None req-7a0f7caa-6a16-4824-b569-73b2a53f90e7 admin admin] Notify callbacks [] for security_group, before_response {{(pid=94404) _notify_loop /usr/local/lib/python3.8/dist-packages/neutron_lib/callbacks/manager.py:192}}
Aug 19 02:22:34.988963 dv-cinder-757936-6-iscsi neutron-server[94404]: INFO neutron.wsgi [None req-7a0f7caa-6a16-4824-b569-73b2a53f90e7 admin admin] 10.222.0.38 "DELETE /v2.0/security-groups/8cdcdb44-43bc-4ce3-a4f1-c82427eaf413 HTTP/1.1" status: 204 len: 168 time: 0.5421774
Aug 19 02:22:35.011449 dv-cinder-757936-6-iscsi neutron-server[94404]: DEBUG neutron.api.rpc.handlers.resources_rpc [None req-7a0f7caa-6a16-4824-b569-73b2a53f90e7 admin admin] Pushing event deleted for resources: {'SecurityGroup': ['ID=8cdcdb44-43bc-4ce3-a4f1-c82427eaf413,revision_number=None']} {{(pid=94404) push /opt/stack/neutron/neutron/api/rpc/handlers/resources_rpc.py:237}}
Aug 19 02:22:35.130526 dv-cinder-757936-6-iscsi neutron-server[94404]: DEBUG neutron.pecan_wsgi.hooks.policy_enforcement [req-2e383ae8-d930-4783-8721-416ff9b0100d req-eec6b249-4271-481f-9872-81e53c36af44 tempest-AttachVolumeNegativeTest-968223286 tempest-AttachVolumeNegativeTest-968223286-project] Attributes excluded by policy engine: ['standard_attr_id', 'binding:profile', 'binding:host_id', 'binding:vif_type', 'binding:vif_details'] {{(pid=94404) _exclude_attributes_by_policy /opt/stack/neutron/neutron/pecan_wsgi/hooks/policy_enforcement.py:255}}
Aug 19 02:22:35.140026 dv-cinder-757936-6-iscsi neutron-server[94404]: INFO neutron.wsgi [req-2e383ae8-d930-4783-8721-416ff9b0100d req-eec6b249-4271-481f-9872-81e53c36af44 tempest-AttachVolumeNegativeTest-968223286 tempest-AttachVolumeNegativeTest-968223286-project] 10.222.0.38 "GET /v2.0/ports?device_id=1a05df28-f88a-4c07-a6ed-a5f157df588a HTTP/1.1" status: 200 len: 944 time: 0.0656185
Aug 19 02:22:35.198761 dv-cinder-757936-6-iscsi neutron-server[94404]: INFO neutron.wsgi [req-2e383ae8-d930-4783-8721-416ff9b0100d req-28cbed5a-099d-43ee-a8ce-1424c1ff0676 tempest-AttachVolumeNegativeTest-968223286 tempest-AttachVolumeNegativeTest-968223286-project] 10.222.0.38 "GET /v2.0/security-groups?id=5252bb7c-ca61-4c24-a9cd-4ae2eef8f928&fields=id&fields=name HTTP/1.1" status: 200 len: 286 time: 0.0576086
Aug 19 02:22:35.273045 dv-cinder-757936-6-iscsi neutron-server[94406]: DEBUG neutron_lib.callbacks.manager [None req-77b4d975-300a-46b5-af20-9d9d7f4530b2 None None] Notify callbacks ['neutron.services.segments.db._update_segment_host_mapping_for_agent-8792002063059', 'neutron.plugins.ml2.plugin.Ml2Plugin._retry_binding_revived_agents-1516233'] for agent, after_update {{(pid=94406) _notify_loop /usr/local/lib/python3.8/dist-packages/neutron_lib/callbacks/manager.py:192}}
Aug 19 02:22:35.286395 dv-cinder-757936-6-iscsi neutron-server[94405]: INFO neutron.wsgi [req-4426565c-95e6-45de-aefa-0cf721a42fe3 req-699e225c-f226-4a5e-b888-7f427fda4ea8 tempest-ServerRescueNegativeTestJSON-1854286765 tempest-ServerRescueNegativeTestJSON-1854286765-project] 10.222.0.38 "GET /v2.0/ports?device_id=1d6fcf7d-e9db-4e42-b2a9-32bbb60b30d4 HTTP/1.1" status: 200 len: 210 time: 0.0269954
Aug 19 02:22:35.517006 dv-cinder-757936-6-iscsi neutron-server[94404]: DEBUG neutron.wsgi [-] (94404) accepted ('10.222.0.38', 40852) {{(pid=94404) server /usr/local/lib/python3.8/dist-packages/eventlet/wsgi.py:982}}
Aug 19 02:22:35.531613 dv-cinder-757936-6-iscsi neutron-server[94406]: DEBUG neutron_lib.callbacks.manager [None req-a3f4e9c8-a095-4a01-855a-f3c4d5e004f7 None None] Notify callbacks ['neutron.services.segments.db._update_segment_host_mapping_for_agent-8792002063059', 'neutron.plugins.ml2.plugin.Ml2Plugin._retry_binding_revived_agents-1516233'] for agent, after_update {{(pid=94406) _notify_loop /usr/local/lib/python3.8/dist-packages/neutron_lib/callbacks/manager.py:192}}
Aug 19 02:22:35.539193 dv-cinder-757936-6-iscsi neutron-server[94404]: DEBUG neutron_lib.callbacks.manager [None req-dd44eb4f-bbc1-4beb-a39e-e8b8aca306c9 admin admin] Notify callbacks [] for security_group, before_create {{(pid=94404) _notify_loop /usr/local/lib/python3.8/dist-packages/neutron_lib/callbacks/manager.py:192}}
Aug 19 02:22:35.680470 dv-cinder-757936-6-iscsi neutron-server[94404]: INFO neutron.wsgi [req-8dbb05aa-7e6b-4055-b99e-25d0cc000bc7 req-8bd68986-e89c-4480-af33-919420ac2eb5 tempest-AttachVolumeShelveTestJSON-764432892 tempest-AttachVolumeShelveTestJSON-764432892-project] 10.222.0.38 "GET /v2.0/ports?device_id=3a9a27af-1edc-49d7-abe2-6be0de0295de HTTP/1.1" status: 200 len: 210 time: 0.0415511
Aug 19 02:22:35.826437 dv-cinder-757936-6-iscsi neutron-server[94404]: DEBUG neutron_lib.callbacks.manager [None req-dd44eb4f-bbc1-4beb-a39e-e8b8aca306c9 admin admin] Notify callbacks [] for security_group, precommit_create {{(pid=94404) _notify_loop /usr/local/lib/python3.8/dist-packages/neutron_lib/callbacks/manager.py:192}}
Aug 19 02:22:35.875099 dv-cinder-757936-6-iscsi neutron-server[94405]: DEBUG neutron.pecan_wsgi.hooks.policy_enforcement [req-bc64d8f5-a502-4276-87c5-ac19da110428 req-d67fc5f8-838c-45d3-bfb5-7aef0467a4f3 tempest-DeleteServersTestJSON-2034330841 tempest-DeleteServersTestJSON-2034330841-project] Attributes excluded by policy engine: ['standard_attr_id', 'binding:profile', 'binding:host_id', 'binding:vif_type', 'binding:vif_details'] {{(pid=94405) _exclude_attributes_by_policy /opt/stack/neutron/neutron/pecan_wsgi/hooks/policy_enforcement.py:255}}
Aug 19 02:22:35.876826 dv-cinder-757936-6-iscsi neutron-server[94405]: INFO neutron.wsgi [req-bc64d8f5-a502-4276-87c5-ac19da110428 req-d67fc5f8-838c-45d3-bfb5-7aef0467a4f3 tempest-DeleteServersTestJSON-2034330841 tempest-DeleteServersTestJSON-2034330841-project] 10.222.0.38 "GET /v2.0/ports?device_id=5d18d0fb-8efd-4559-b0f6-311b00fdef4e HTTP/1.1" status: 200 len: 943 time: 0.0681236
Aug 19 02:22:35.942766 dv-cinder-757936-6-iscsi neutron-server[94404]: DEBUG neutron_lib.callbacks.manager [None req-dd44eb4f-bbc1-4beb-a39e-e8b8aca306c9 admin admin] Notify callbacks ['neutron.plugins.ml2.ovo_rpc._ObjectChangeHandler.handle_event-283112'] for security_group, after_create {{(pid=94404) _notify_loop /usr/local/lib/python3.8/dist-packages/neutron_lib/callbacks/manager.py:192}}
Aug 19 02:22:35.950274 dv-cinder-757936-6-iscsi neutron-server[94405]: INFO neutron.wsgi [req-bc64d8f5-a502-4276-87c5-ac19da110428 req-c873ab1b-4f17-4d21-9304-7136a316dff2 tempest-DeleteServersTestJSON-2034330841 tempest-DeleteServersTestJSON-2034330841-project] 10.222.0.38 "GET /v2.0/security-groups?id=446f5e1c-a4df-4b89-8917-8c2f7cb5e9b0&fields=id&fields=name HTTP/1.1" status: 200 len: 286 time: 0.0544701
Aug 19 02:22:36.026931 dv-cinder-757936-6-iscsi neutron-server[94404]: DEBUG neutron.api.rpc.handlers.resources_rpc [None req-dd44eb4f-bbc1-4beb-a39e-e8b8aca306c9 admin admin] Pushing event updated for resources: {'SecurityGroup': ['ID=0bf969dd-6ba6-4709-bf29-3cddcffc7db0,revision_number=1']} {{(pid=94404) push /opt/stack/neutron/neutron/api/rpc/handlers/resources_rpc.py:237}}
Aug 19 02:22:36.077308 dv-cinder-757936-6-iscsi neutron-server[94405]: DEBUG neutron.wsgi [-] (94405) accepted ('10.222.0.38', 40886) {{(pid=94405) server /usr/local/lib/python3.8/dist-packages/eventlet/wsgi.py:982}}
Aug 19 02:22:36.089153 dv-cinder-757936-6-iscsi neutron-server[94404]: INFO neutron.wsgi [None req-dd44eb4f-bbc1-4beb-a39e-e8b8aca306c9 admin admin] 10.222.0.38 "GET /v2.0/security-groups?tenant_id=59c3b051f20e4c9cac9ffd6cea918867&name=default HTTP/1.1" status: 200 len: 2979 time: 0.5665834
Aug 19 02:22:36.143344 dv-cinder-757936-6-iscsi neutron-server[94405]: DEBUG neutron_lib.callbacks.manager [None req-506946a3-85d6-4b3c-a92a-9d23165bb12a admin admin] Notify callbacks [] for security_group, before_delete {{(pid=94405) _notify_loop /usr/local/lib/python3.8/dist-packages/neutron_lib/callbacks/manager.py:192}}
Aug 19 02:22:36.166174 dv-cinder-757936-6-iscsi neutron-server[94405]: DEBUG neutron_lib.callbacks.manager [None req-506946a3-85d6-4b3c-a92a-9d23165bb12a admin admin] Notify callbacks [] for security_group, precommit_delete {{(pid=94405) _notify_loop /usr/local/lib/python3.8/dist-packages/neutron_lib/callbacks/manager.py:192}}
Aug 19 02:22:36.316207 dv-cinder-757936-6-iscsi neutron-server[94404]: DEBUG neutron.pecan_wsgi.hooks.policy_enforcement [req-d95bb47e-5181-4367-ad9d-6b2f0379e1cf req-e7fdbecb-66ea-49ff-bc43-6ae33c7b24cc tempest-AttachVolumeNegativeTest-968223286 tempest-AttachVolumeNegativeTest-968223286-project] Attributes excluded by policy engine: ['standard_attr_id', 'binding:profile', 'binding:host_id', 'binding:vif_type', 'binding:vif_details'] {{(pid=94404) _exclude_attributes_by_policy /opt/stack/neutron/neutron/pecan_wsgi/hooks/policy_enforcement.py:255}}
Aug 19 02:22:36.317930 dv-cinder-757936-6-iscsi neutron-server[94404]: INFO neutron.wsgi [req-d95bb47e-5181-4367-ad9d-6b2f0379e1cf req-e7fdbecb-66ea-49ff-bc43-6ae33c7b24cc tempest-AttachVolumeNegativeTest-968223286 tempest-AttachVolumeNegativeTest-968223286-project] 10.222.0.38 "GET /v2.0/ports?device_id=1a05df28-f88a-4c07-a6ed-a5f157df588a HTTP/1.1" status: 200 len: 944 time: 0.0583456
Aug 19 02:22:36.365413 dv-cinder-757936-6-iscsi neutron-server[94404]: INFO neutron.wsgi [req-d95bb47e-5181-4367-ad9d-6b2f0379e1cf req-59d9b887-e339-4565-9b53-a5d3b5035312 tempest-AttachVolumeNegativeTest-968223286 tempest-AttachVolumeNegativeTest-968223286-project] 10.222.0.38 "GET /v2.0/security-groups?id=5252bb7c-ca61-4c24-a9cd-4ae2eef8f928&fields=id&fields=name HTTP/1.1" status: 200 len: 286 time: 0.0409291
Aug 19 02:22:36.404784 dv-cinder-757936-6-iscsi neutron-server[94405]: INFO neutron.wsgi [req-510ccdb9-b0d2-4b4d-a686-2f3a3131c460 req-92933f26-fcf5-46be-9c4e-56702e77fbf1 tempest-ServerRescueNegativeTestJSON-1854286765 tempest-ServerRescueNegativeTestJSON-1854286765-project] 10.222.0.38 "GET /v2.0/ports?device_id=1d6fcf7d-e9db-4e42-b2a9-32bbb60b30d4 HTTP/1.1" status: 200 len: 210 time: 0.0432696
Aug 19 02:22:36.410043 dv-cinder-757936-6-iscsi neutron-server[94405]: DEBUG neutron_lib.callbacks.manager [None req-506946a3-85d6-4b3c-a92a-9d23165bb12a admin admin] Notify callbacks ['neutron.plugins.ml2.ovo_rpc._ObjectChangeHandler.handle_event-283112'] for security_group, after_delete {{(pid=94405) _notify_loop /usr/local/lib/python3.8/dist-packages/neutron_lib/callbacks/manager.py:192}}
Aug 19 02:22:36.413286 dv-cinder-757936-6-iscsi neutron-server[94405]: DEBUG neutron_lib.callbacks.manager [None req-506946a3-85d6-4b3c-a92a-9d23165bb12a admin admin] Notify callbacks [] for security_group, before_response {{(pid=94405) _notify_loop /usr/local/lib/python3.8/dist-packages/neutron_lib/callbacks/manager.py:192}}
Aug 19 02:22:36.414814 dv-cinder-757936-6-iscsi neutron-server[94405]: INFO neutron.wsgi [None req-506946a3-85d6-4b3c-a92a-9d23165bb12a admin admin] 10.222.0.38 "DELETE /v2.0/security-groups/0bf969dd-6ba6-4709-bf29-3cddcffc7db0 HTTP/1.1" status: 204 len: 168 time: 0.3362062
Aug 19 02:22:36.428952 dv-cinder-757936-6-iscsi neutron-server[94405]: DEBUG neutron.api.rpc.handlers.resources_rpc [None req-506946a3-85d6-4b3c-a92a-9d23165bb12a admin admin] Pushing event deleted for resources: {'SecurityGroup': ['ID=0bf969dd-6ba6-4709-bf29-3cddcffc7db0,revision_number=None']} {{(pid=94405) push /opt/stack/neutron/neutron/api/rpc/handlers/resources_rpc.py:237}}
Aug 19 02:22:36.457454 dv-cinder-757936-6-iscsi neutron-server[94406]: DEBUG neutron_lib.callbacks.manager [None req-d0d4ccf9-076e-4cdf-9386-1024c22035de None None] Notify callbacks ['neutron.services.segments.db._update_segment_host_mapping_for_agent-8792002063059', 'neutron.plugins.ml2.plugin.Ml2Plugin._retry_binding_revived_agents-1516233'] for agent, after_update {{(pid=94406) _notify_loop /usr/local/lib/python3.8/dist-packages/neutron_lib/callbacks/manager.py:192}}
Aug 19 02:22:36.787425 dv-cinder-757936-6-iscsi neutron-server[94404]: INFO neutron.wsgi [req-a56f6cb5-b339-43f9-a2d8-cf8a53555ff3 req-6fa8d09f-8ac5-49ea-a5ab-c279f19b7aa7 tempest-AttachVolumeShelveTestJSON-764432892 tempest-AttachVolumeShelveTestJSON-764432892-project] 10.222.0.38 "GET /v2.0/ports?device_id=3a9a27af-1edc-49d7-abe2-6be0de0295de HTTP/1.1" status: 200 len: 210 time: 0.0301898
Aug 19 02:22:37.081881 dv-cinder-757936-6-iscsi neutron-server[94405]: DEBUG neutron.pecan_wsgi.hooks.policy_enforcement [req-9f7ccccc-b1d3-40ab-94ed-3a1692d4f877 req-19a0a250-9126-47bd-97ab-a7a0e76e7198 tempest-DeleteServersTestJSON-2034330841 tempest-DeleteServersTestJSON-2034330841-project] Attributes excluded by policy engine: ['standard_attr_id', 'binding:profile', 'binding:host_id', 'binding:vif_type', 'binding:vif_details'] {{(pid=94405) _exclude_attributes_by_policy /opt/stack/neutron/neutron/pecan_wsgi/hooks/policy_enforcement.py:255}}
Aug 19 02:22:37.084616 dv-cinder-757936-6-iscsi neutron-server[94405]: INFO neutron.wsgi [req-9f7ccccc-b1d3-40ab-94ed-3a1692d4f877 req-19a0a250-9126-47bd-97ab-a7a0e76e7198 tempest-DeleteServersTestJSON-2034330841 tempest-DeleteServersTestJSON-2034330841-project] 10.222.0.38 "GET /v2.0/ports?device_id=5d18d0fb-8efd-4559-b0f6-311b00fdef4e HTTP/1.1" status: 200 len: 943 time: 0.0523651
Aug 19 02:22:37.126219 dv-cinder-757936-6-iscsi neutron-server[94405]: INFO neutron.wsgi [req-9f7ccccc-b1d3-40ab-94ed-3a1692d4f877 req-fd234517-f7d5-4db7-9dea-dcbcdcefc85b tempest-DeleteServersTestJSON-2034330841 tempest-DeleteServersTestJSON-2034330841-project] 10.222.0.38 "GET /v2.0/security-groups?id=446f5e1c-a4df-4b89-8917-8c2f7cb5e9b0&fields=id&fields=name HTTP/1.1" status: 200 len: 286 time: 0.0339918
Aug 19 02:22:37.376825 dv-cinder-757936-6-iscsi neutron-server[94404]: DEBUG neutron.wsgi [-] (94404) accepted ('10.222.0.41', 52416) {{(pid=94404) server /usr/local/lib/python3.8/dist-packages/eventlet/wsgi.py:982}}
Aug 19 02:22:37.407432 dv-cinder-757936-6-iscsi neutron-server[94405]: INFO neutron.wsgi [req-1549176d-9bd3-4de5-b2e8-ed38a32b87d8 req-bb29cc25-c297-4718-8ca4-669191c7f56f service neutron] 10.222.0.41 "GET /v2.0/ports?network_id=a5930404-2796-4817-a73b-ad6d2e869865&device_owner=network%3Adhcp HTTP/1.1" status: 200 len: 210 time: 0.0509019
Aug 19 02:22:37.499569 dv-cinder-757936-6-iscsi neutron-server[94405]: INFO neutron.wsgi [req-0a9b2e3b-0281-4e20-b625-e8bf5fe9f463 req-fa5031c4-9725-4605-adc8-30cee5d334b4 tempest-ServerRescueNegativeTestJSON-1854286765 tempest-ServerRescueNegativeTestJSON-1854286765-project] 10.222.0.38 "GET /v2.0/ports?device_id=1d6fcf7d-e9db-4e42-b2a9-32bbb60b30d4 HTTP/1.1" status: 200 len: 210 time: 0.0263247
Aug 19 02:22:37.548131 dv-cinder-757936-6-iscsi neutron-server[94404]: DEBUG neutron.pecan_wsgi.hooks.policy_enforcement [req-a97fab8e-a7e8-44be-9977-3350b97049e4 req-f48fd2f7-bc26-46c5-b80c-6754df2b39c8 tempest-AttachVolumeNegativeTest-968223286 tempest-AttachVolumeNegativeTest-968223286-project] Attributes excluded by policy engine: ['standard_attr_id', 'binding:profile', 'binding:host_id', 'binding:vif_type', 'binding:vif_details'] {{(pid=94404) _exclude_attributes_by_policy /opt/stack/neutron/neutron/pecan_wsgi/hooks/policy_enforcement.py:255}}
Aug 19 02:22:37.549538 dv-cinder-757936-6-iscsi neutron-server[94404]: INFO neutron.wsgi [req-a97fab8e-a7e8-44be-9977-3350b97049e4 req-f48fd2f7-bc26-46c5-b80c-6754df2b39c8 tempest-AttachVolumeNegativeTest-968223286 tempest-AttachVolumeNegativeTest-968223286-project] 10.222.0.38 "GET /v2.0/ports?device_id=1a05df28-f88a-4c07-a6ed-a5f157df588a HTTP/1.1" status: 200 len: 944 time: 0.0832763
Aug 19 02:22:37.561294 dv-cinder-757936-6-iscsi neutron-server[94404]: DEBUG neutron.pecan_wsgi.hooks.policy_enforcement [req-c7f449ce-0f20-451d-86bb-ddff52884f8c req-8a3d1ee4-ec3c-4838-9f97-d85bb9cb442d tempest-ServerRescueNegativeTestJSON-1854286765 tempest-ServerRescueNegativeTestJSON-1854286765-project] Attributes excluded by policy engine: ['standard_attr_id', 'vlan_transparent', 'provider:network_type', 'provider:physical_network', 'provider:segmentation_id'] {{(pid=94404) _exclude_attributes_by_policy /opt/stack/neutron/neutron/pecan_wsgi/hooks/policy_enforcement.py:255}}
Aug 19 02:22:37.563186 dv-cinder-757936-6-iscsi neutron-server[94404]: INFO neutron.wsgi [req-c7f449ce-0f20-451d-86bb-ddff52884f8c req-8a3d1ee4-ec3c-4838-9f97-d85bb9cb442d tempest-ServerRescueNegativeTestJSON-1854286765 tempest-ServerRescueNegativeTestJSON-1854286765-project] 10.222.0.41 "GET /v2.0/networks?id=34db8e1c-8048-4709-a04f-207207e68c2a HTTP/1.1" status: 200 len: 818 time: 0.1436656
Aug 19 02:22:37.576058 dv-cinder-757936-6-iscsi neutron-server[94404]: DEBUG neutron.api.v2.base [req-760c5545-a626-4db5-bc86-b9231acc21bd req-079af546-415d-4cd5-9d95-7a4ed98da760 service neutron] Request body: {'port': {'device_id': 'fa0639fa-8ce2-432a-a287-af28a671b4d9', 'device_owner': 'compute:nova', 'binding:host_id': 'hv-cinder-75793'}} {{(pid=94404) prepare_request_body /opt/stack/neutron/neutron/api/v2/base.py:730}}
Aug 19 02:22:37.617548 dv-cinder-757936-6-iscsi neutron-server[94404]: DEBUG neutron.api.v2.base [req-c7f449ce-0f20-451d-86bb-ddff52884f8c req-7d12ff8f-0c3e-4f3e-b2c6-78b97a068627 tempest-ServerRescueNegativeTestJSON-1854286765 tempest-ServerRescueNegativeTestJSON-1854286765-project] Request body: {'port': {'device_id': '1d6fcf7d-e9db-4e42-b2a9-32bbb60b30d4', 'network_id': '34db8e1c-8048-4709-a04f-207207e68c2a', 'admin_state_up': True, 'tenant_id': '874fbd494f1e4fc2a1c14a1cb88e5366'}} {{(pid=94404) prepare_request_body /opt/stack/neutron/neutron/api/v2/base.py:730}}
Aug 19 02:22:37.753987 dv-cinder-757936-6-iscsi neutron-server[94405]: INFO neutron.wsgi [req-1549176d-9bd3-4de5-b2e8-ed38a32b87d8 req-975c8a6d-64f3-454b-a2d1-d7fbaf091f6e service neutron] 10.222.0.41 "GET /v2.0/networks/a5930404-2796-4817-a73b-ad6d2e869865?fields=segments HTTP/1.1" status: 200 len: 212 time: 0.1594758
Aug 19 02:22:37.788261 dv-cinder-757936-6-iscsi neutron-server[94404]: INFO neutron.wsgi [req-a97fab8e-a7e8-44be-9977-3350b97049e4 req-9a0f1a32-c344-4873-9e78-3ee57ac434fe tempest-AttachVolumeNegativeTest-968223286 tempest-AttachVolumeNegativeTest-968223286-project] 10.222.0.38 "GET /v2.0/security-groups?id=5252bb7c-ca61-4c24-a9cd-4ae2eef8f928&fields=id&fields=name HTTP/1.1" status: 200 len: 286 time: 0.2239883
Aug 19 02:22:37.834321 dv-cinder-757936-6-iscsi neutron-server[94404]: DEBUG neutron_lib.callbacks.manager [req-760c5545-a626-4db5-bc86-b9231acc21bd req-079af546-415d-4cd5-9d95-7a4ed98da760 service neutron] Notify callbacks ['neutron.plugins.ml2.plugin.SecurityGroupDbMixin._ensure_default_security_group_handler-1461723'] for port, before_update {{(pid=94404) _notify_loop /usr/local/lib/python3.8/dist-packages/neutron_lib/callbacks/manager.py:192}}
Aug 19 02:22:37.904357 dv-cinder-757936-6-iscsi neutron-server[94404]: DEBUG neutron.pecan_wsgi.hooks.policy_enforcement [req-dfb6ca23-5b1b-4594-b36c-37f5ffe43a40 req-207a38c0-e16a-4dcb-8ebe-14a99868abe5 service neutron] Attributes excluded by policy engine: ['standard_attr_id'] {{(pid=94404) _exclude_attributes_by_policy /opt/stack/neutron/neutron/pecan_wsgi/hooks/policy_enforcement.py:255}}
Aug 19 02:22:37.911077 dv-cinder-757936-6-iscsi neutron-server[94404]: INFO neutron.wsgi [req-dfb6ca23-5b1b-4594-b36c-37f5ffe43a40 req-207a38c0-e16a-4dcb-8ebe-14a99868abe5 service neutron] 10.222.0.41 "GET /v2.0/ports?tenant_id=77d93c2e37494f0a989abf69e511d3f3&device_id=1a05df28-f88a-4c07-a6ed-a5f157df588a HTTP/1.1" status: 200 len: 1097 time: 0.3025863
Aug 19 02:22:37.956093 dv-cinder-757936-6-iscsi neutron-server[94405]: INFO neutron.wsgi [req-1549176d-9bd3-4de5-b2e8-ed38a32b87d8 req-1f6e3ecc-1087-4b15-bcc6-8c715ef3386d service neutron] 10.222.0.41 "GET /v2.0/networks/a5930404-2796-4817-a73b-ad6d2e869865?fields=provider%3Aphysical_network&fields=provider%3Anetwork_type HTTP/1.1" status: 200 len: 281 time: 0.1937473
Aug 19 02:22:37.959231 dv-cinder-757936-6-iscsi neutron-server[94405]: INFO neutron.wsgi [req-1bbaa174-f2b4-4ae8-b041-05707c17a041 req-f9000560-0eb5-4aca-81d6-c3c9997c45f7 tempest-AttachVolumeShelveTestJSON-764432892 tempest-AttachVolumeShelveTestJSON-764432892-project] 10.222.0.38 "GET /v2.0/ports?device_id=3a9a27af-1edc-49d7-abe2-6be0de0295de HTTP/1.1" status: 200 len: 210 time: 0.0454731
Aug 19 02:22:38.067548 dv-cinder-757936-6-iscsi neutron-server[94406]: DEBUG neutron_lib.callbacks.manager [None req-1a8f0a53-162b-4233-b821-6218a0cbf54d None None] Notify callbacks ['neutron.services.segments.db._update_segment_host_mapping_for_agent-8792002063059', 'neutron.plugins.ml2.plugin.Ml2Plugin._retry_binding_revived_agents-1516233'] for agent, after_update {{(pid=94406) _notify_loop /usr/local/lib/python3.8/dist-packages/neutron_lib/callbacks/manager.py:192}}
Aug 19 02:22:38.191687 dv-cinder-757936-6-iscsi neutron-server[94405]: DEBUG neutron.pecan_wsgi.hooks.policy_enforcement [req-d74ea352-6295-45a0-bdd4-4c45751e58d5 req-c6289451-738e-4296-b8e6-bc9e1b74876c service neutron] Attributes excluded by policy engine: ['standard_attr_id'] {{(pid=94405) _exclude_attributes_by_policy /opt/stack/neutron/neutron/pecan_wsgi/hooks/policy_enforcement.py:255}}
Aug 19 02:22:38.193650 dv-cinder-757936-6-iscsi neutron-server[94405]: INFO neutron.wsgi [req-d74ea352-6295-45a0-bdd4-4c45751e58d5 req-c6289451-738e-4296-b8e6-bc9e1b74876c service neutron] 10.222.0.41 "GET /v2.0/ports?tenant_id=7be8d950e0b64adfbd62bc6fbaaef027&device_id=5d18d0fb-8efd-4559-b0f6-311b00fdef4e HTTP/1.1" status: 200 len: 1096 time: 0.0495858
Aug 19 02:22:38.410510 dv-cinder-757936-6-iscsi neutron-server[94405]: DEBUG neutron.pecan_wsgi.hooks.policy_enforcement [req-d74ea352-6295-45a0-bdd4-4c45751e58d5 req-be5a165d-6361-40ea-be40-c93fe7740b44 service neutron] Attributes excluded by policy engine: ['standard_attr_id', 'vlan_transparent'] {{(pid=94405) _exclude_attributes_by_policy /opt/stack/neutron/neutron/pecan_wsgi/hooks/policy_enforcement.py:255}}
Aug 19 02:22:38.413509 dv-cinder-757936-6-iscsi neutron-server[94405]: INFO neutron.wsgi [req-d74ea352-6295-45a0-bdd4-4c45751e58d5 req-be5a165d-6361-40ea-be40-c93fe7740b44 service neutron] 10.222.0.41 "GET /v2.0/networks?id=a5930404-2796-4817-a73b-ad6d2e869865 HTTP/1.1" status: 200 len: 913 time: 0.2056065
Aug 19 02:22:38.432528 dv-cinder-757936-6-iscsi neutron-server[94404]: DEBUG neutron.pecan_wsgi.hooks.quota_enforcement [req-c7f449ce-0f20-451d-86bb-ddff52884f8c req-7d12ff8f-0c3e-4f3e-b2c6-78b97a068627 tempest-ServerRescueNegativeTestJSON-1854286765 tempest-ServerRescueNegativeTestJSON-1854286765-project] Made reservation on behalf of 874fbd494f1e4fc2a1c14a1cb88e5366 for: {'port': 1} {{(pid=94404) before /opt/stack/neutron/neutron/pecan_wsgi/hooks/quota_enforcement.py:53}}
Aug 19 02:22:38.438179 dv-cinder-757936-6-iscsi neutron-server[94404]: DEBUG neutron_lib.callbacks.manager [req-c7f449ce-0f20-451d-86bb-ddff52884f8c req-7d12ff8f-0c3e-4f3e-b2c6-78b97a068627 tempest-ServerRescueNegativeTestJSON-1854286765 tempest-ServerRescueNegativeTestJSON-1854286765-project] Notify callbacks ['neutron.plugins.ml2.plugin.SecurityGroupDbMixin._ensure_default_security_group_handler-1461723'] for port, before_create {{(pid=94404) _notify_loop /usr/local/lib/python3.8/dist-packages/neutron_lib/callbacks/manager.py:192}}
Aug 19 02:22:38.476249 dv-cinder-757936-6-iscsi neutron-server[94405]: INFO neutron.wsgi [req-d74ea352-6295-45a0-bdd4-4c45751e58d5 req-8d416174-d591-49f2-bc3b-dafba93ce13c service neutron] 10.222.0.41 "GET /v2.0/floatingips?fixed_ip_address=172.20.0.2&port_id=6940bc89-d332-4597-b8c6-88c43900247c HTTP/1.1" status: 200 len: 217 time: 0.0501223
Aug 19 02:22:38.534891 dv-cinder-757936-6-iscsi neutron-server[94405]: DEBUG neutron.pecan_wsgi.hooks.policy_enforcement [req-d74ea352-6295-45a0-bdd4-4c45751e58d5 req-916f6478-bdf8-4ea1-bd48-6ab9c8dc4d67 service neutron] Attributes excluded by policy engine: ['standard_attr_id', 'shared'] {{(pid=94405) _exclude_attributes_by_policy /opt/stack/neutron/neutron/pecan_wsgi/hooks/policy_enforcement.py:255}}
Aug 19 02:22:38.536561 dv-cinder-757936-6-iscsi neutron-server[94405]: INFO neutron.wsgi [req-d74ea352-6295-45a0-bdd4-4c45751e58d5 req-916f6478-bdf8-4ea1-bd48-6ab9c8dc4d67 service neutron] 10.222.0.41 "GET /v2.0/subnets?id=e69a7175-189c-42ec-b982-8787a1a7b1d8 HTTP/1.1" status: 200 len: 852 time: 0.0544894
Aug 19 02:22:38.627749 dv-cinder-757936-6-iscsi neutron-server[94405]: INFO neutron.wsgi [req-d74ea352-6295-45a0-bdd4-4c45751e58d5 req-f293d86a-e122-4328-9c5a-1723844f4f67 service neutron] 10.222.0.41 "GET /v2.0/ports?network_id=a5930404-2796-4817-a73b-ad6d2e869865&device_owner=network%3Adhcp HTTP/1.1" status: 200 len: 210 time: 0.0599256
Aug 19 02:22:38.658667 dv-cinder-757936-6-iscsi neutron-server[94404]: DEBUG neutron.pecan_wsgi.hooks.policy_enforcement [req-dfb6ca23-5b1b-4594-b36c-37f5ffe43a40 req-812431fa-648e-4db6-874f-536ad792f188 service neutron] Attributes excluded by policy engine: ['standard_attr_id', 'vlan_transparent'] {{(pid=94404) _exclude_attributes_by_policy /opt/stack/neutron/neutron/pecan_wsgi/hooks/policy_enforcement.py:255}}
Aug 19 02:22:38.660880 dv-cinder-757936-6-iscsi neutron-server[94404]: INFO neutron.wsgi [req-dfb6ca23-5b1b-4594-b36c-37f5ffe43a40 req-812431fa-648e-4db6-874f-536ad792f188 service neutron] 10.222.0.41 "GET /v2.0/networks?tenant_id=77d93c2e37494f0a989abf69e511d3f3&shared=False HTTP/1.1" status: 200 len: 916 time: 0.6702657
