Aug 19 02:22:29.120486 dv-cinder-757936-6-iscsi neutron-server[94404]: DEBUG neutron.db.provisioning_blocks [req-86a364c6-d8b4-4107-a86f-ff1abc501346 req-0bc46992-1243-4ee4-8053-b5bf6e0ed2a8 service neutron] Transition to ACTIVE for port object d5065a47-0c1d-421f-aa59-e6b566570acf will not be triggered until provisioned by entity L2. {{(pid=94404) add_provisioning_component /opt/stack/neutron/neutron/db/provisioning_blocks.py:73}}
Aug 19 02:22:29.127161 dv-cinder-757936-6-iscsi neutron-server[94405]: DEBUG neutron.plugins.ml2.db [req-1549176d-9bd3-4de5-b2e8-ed38a32b87d8 req-302860b1-a878-471f-86d3-e98f83096051 service neutron] For port 6940bc89-d332-4597-b8c6-88c43900247c, host hv-cinder-75793, cleared binding levels {{(pid=94405) clear_binding_levels /opt/stack/neutron/neutron/plugins/ml2/db.py:87}}
Aug 19 02:22:29.130181 dv-cinder-757936-6-iscsi neutron-server[94405]: DEBUG neutron.wsgi [-] (94405) accepted ('10.222.0.38', 40674) {{(pid=94405) server /usr/local/lib/python3.8/dist-packages/eventlet/wsgi.py:982}}
Aug 19 02:22:29.170821 dv-cinder-757936-6-iscsi neutron-server[94406]: DEBUG neutron.db.provisioning_blocks [None req-a3f4e9c8-a095-4a01-855a-f3c4d5e004f7 None None] Provisioning for port 3f06adbd-b66d-40de-9138-c108e77761c6 completed by entity L2. {{(pid=94406) provisioning_complete /opt/stack/neutron/neutron/db/provisioning_blocks.py:133}}
Aug 19 02:22:29.178249 dv-cinder-757936-6-iscsi neutron-server[94406]: DEBUG neutron.db.provisioning_blocks [None req-a3f4e9c8-a095-4a01-855a-f3c4d5e004f7 None None] Provisioning complete for port 3f06adbd-b66d-40de-9138-c108e77761c6 triggered by entity L2. {{(pid=94406) provisioning_complete /opt/stack/neutron/neutron/db/provisioning_blocks.py:139}}
Aug 19 02:22:29.179040 dv-cinder-757936-6-iscsi neutron-server[94406]: DEBUG neutron_lib.callbacks.manager [None req-a3f4e9c8-a095-4a01-855a-f3c4d5e004f7 None None] Notify callbacks ['neutron.plugins.ml2.plugin.Ml2Plugin._port_provisioned-1518972'] for port, provisioning_complete {{(pid=94406) _notify_loop /usr/local/lib/python3.8/dist-packages/neutron_lib/callbacks/manager.py:192}}
Aug 19 02:22:29.248233 dv-cinder-757936-6-iscsi neutron-server[94405]: DEBUG neutron.plugins.ml2.db [req-1549176d-9bd3-4de5-b2e8-ed38a32b87d8 req-302860b1-a878-471f-86d3-e98f83096051 service neutron] For port 6940bc89-d332-4597-b8c6-88c43900247c, host hv-cinder-75793, set binding levels [PortBindingLevel(driver='hyperv',host='hv-cinder-75793',level=0,port_id=6940bc89-d332-4597-b8c6-88c43900247c,segment=NetworkSegment(363e07b6-5eb4-42d0-b5a9-f037c58c853c),segment_id=363e07b6-5eb4-42d0-b5a9-f037c58c853c)] {{(pid=94405) set_binding_levels /opt/stack/neutron/neutron/plugins/ml2/db.py:59}}
Aug 19 02:22:29.257775 dv-cinder-757936-6-iscsi neutron-server[94404]: INFO neutron.wsgi [req-f2b22b76-356f-4cd1-94f2-2e1af423981d req-f113d04c-0378-46db-bbda-c009521fcbb5 tempest-AttachVolumeNegativeTest-968223286 tempest-AttachVolumeNegativeTest-968223286-project] 10.222.0.38 "GET /v2.0/security-groups?id=5252bb7c-ca61-4c24-a9cd-4ae2eef8f928&fields=id&fields=name HTTP/1.1" status: 200 len: 286 time: 0.2539158
Aug 19 02:22:29.316535 dv-cinder-757936-6-iscsi neutron-server[94404]: DEBUG neutron_lib.callbacks.manager [req-86a364c6-d8b4-4107-a86f-ff1abc501346 req-0bc46992-1243-4ee4-8053-b5bf6e0ed2a8 service neutron] Notify callbacks ['neutron.plugins.ml2.plugin.SecurityGroupServerNotifierRpcMixin._notify_sg_on_port_change-1461658', 'neutron.plugins.ml2.ovo_rpc._ObjectChangeHandler.handle_event-917501', 'neutron.api.rpc.agentnotifiers.dhcp_rpc_agent_api.DhcpAgentNotifyAPI._native_event_send_dhcp_notification-530394', 'neutron.db.l3_db.L3RpcNotifierMixin._notify_gateway_port_ip_changed-8792002080880', 'neutron.db.l3_dvrscheduler_db._notify_l3_agent_port_update-8792001562453', 'neutron.db.l3_hascheduler_db._notify_l3_agent_ha_port_update-8792001562471'] for port, after_update {{(pid=94404) _notify_loop /usr/local/lib/python3.8/dist-packages/neutron_lib/callbacks/manager.py:192}}
Aug 19 02:22:29.370745 dv-cinder-757936-6-iscsi neutron-server[94406]: DEBUG neutron_lib.callbacks.manager [None req-a3f4e9c8-a095-4a01-855a-f3c4d5e004f7 None None] Notify callbacks ['neutron.plugins.ml2.plugin.SecurityGroupDbMixin._ensure_default_security_group_handler-1461723'] for port, before_update {{(pid=94406) _notify_loop /usr/local/lib/python3.8/dist-packages/neutron_lib/callbacks/manager.py:192}}
Aug 19 02:22:29.383486 dv-cinder-757936-6-iscsi neutron-server[94405]: INFO neutron.wsgi [req-c0667fb5-4414-47f2-a79a-6571ee503013 req-f9ed3a03-0396-49ae-abd1-14269371ae5f tempest-ServerRescueNegativeTestJSON-1854286765 tempest-ServerRescueNegativeTestJSON-1854286765-project] 10.222.0.38 "GET /v2.0/ports?device_id=1d6fcf7d-e9db-4e42-b2a9-32bbb60b30d4 HTTP/1.1" status: 200 len: 210 time: 0.2521243
Aug 19 02:22:29.406408 dv-cinder-757936-6-iscsi neutron-server[94405]: DEBUG neutron_lib.callbacks.manager [req-1549176d-9bd3-4de5-b2e8-ed38a32b87d8 req-302860b1-a878-471f-86d3-e98f83096051 service neutron] Notify callbacks ['neutron.plugins.ml2.plugin.SecurityGroupServerNotifierRpcMixin._notify_sg_on_port_change-1461658', 'neutron.plugins.ml2.ovo_rpc._ObjectChangeHandler.handle_event-917501', 'neutron.api.rpc.agentnotifiers.dhcp_rpc_agent_api.DhcpAgentNotifyAPI._native_event_send_dhcp_notification-530394', 'neutron.db.l3_db.L3RpcNotifierMixin._notify_gateway_port_ip_changed-8792002080880', 'neutron.db.l3_dvrscheduler_db._notify_l3_agent_port_update-8792001562453', 'neutron.db.l3_hascheduler_db._notify_l3_agent_ha_port_update-8792001562471'] for port, after_update {{(pid=94405) _notify_loop /usr/local/lib/python3.8/dist-packages/neutron_lib/callbacks/manager.py:192}}
Aug 19 02:22:29.428811 dv-cinder-757936-6-iscsi neutron-server[94406]: DEBUG neutron.plugins.ml2.db [None req-a3f4e9c8-a095-4a01-855a-f3c4d5e004f7 None None] For port 3f06adbd-b66d-40de-9138-c108e77761c6, host dv-cinder-757936-6-iscsi, got binding levels [PortBindingLevel(driver='openvswitch',host='dv-cinder-757936-6-iscsi',level=0,port_id=3f06adbd-b66d-40de-9138-c108e77761c6,segment=NetworkSegment(00861b06-cb4d-469a-bb33-00e73b333d27),segment_id=00861b06-cb4d-469a-bb33-00e73b333d27)] {{(pid=94406) get_binding_level_objs /opt/stack/neutron/neutron/plugins/ml2/db.py:74}}
Aug 19 02:22:29.470230 dv-cinder-757936-6-iscsi neutron-server[94404]: DEBUG neutron.api.rpc.handlers.resources_rpc [None req-0bc46992-1243-4ee4-8053-b5bf6e0ed2a8 service neutron] Pushing event updated for resources: {'Port': ['ID=d5065a47-0c1d-421f-aa59-e6b566570acf,revision_number=2']} {{(pid=94404) push /opt/stack/neutron/neutron/api/rpc/handlers/resources_rpc.py:237}}
Aug 19 02:22:29.489900 dv-cinder-757936-6-iscsi neutron-server[94405]: DEBUG neutron_lib.callbacks.manager [None req-c5959341-c7c9-4fa2-befa-95b788ff4252 admin admin] Notify callbacks [] for security_group, precommit_create {{(pid=94405) _notify_loop /usr/local/lib/python3.8/dist-packages/neutron_lib/callbacks/manager.py:192}}
Aug 19 02:22:29.519874 dv-cinder-757936-6-iscsi neutron-server[94406]: DEBUG neutron_lib.callbacks.manager [None req-a3f4e9c8-a095-4a01-855a-f3c4d5e004f7 None None] Notify callbacks ['neutron.plugins.ml2.plugin.SecurityGroupServerNotifierRpcMixin._notify_sg_on_port_change-1461658', 'neutron.plugins.ml2.ovo_rpc._ObjectChangeHandler.handle_event-917501', 'neutron.api.rpc.agentnotifiers.dhcp_rpc_agent_api.DhcpAgentNotifyAPI._native_event_send_dhcp_notification-530394', 'neutron.db.l3_db.L3RpcNotifierMixin._notify_gateway_port_ip_changed-8792002080880', 'neutron.db.l3_dvrscheduler_db._notify_l3_agent_port_update-8792001562453', 'neutron.db.l3_hascheduler_db._notify_l3_agent_ha_port_update-8792001562471'] for port, after_update {{(pid=94406) _notify_loop /usr/local/lib/python3.8/dist-packages/neutron_lib/callbacks/manager.py:192}}
Aug 19 02:22:29.533322 dv-cinder-757936-6-iscsi neutron-server[94405]: DEBUG neutron.pecan_wsgi.hooks.policy_enforcement [req-1549176d-9bd3-4de5-b2e8-ed38a32b87d8 req-302860b1-a878-471f-86d3-e98f83096051 service neutron] Attributes excluded by policy engine: ['standard_attr_id'] {{(pid=94405) _exclude_attributes_by_policy /opt/stack/neutron/neutron/pecan_wsgi/hooks/policy_enforcement.py:255}}
Aug 19 02:22:29.535305 dv-cinder-757936-6-iscsi neutron-server[94405]: DEBUG neutron_lib.callbacks.manager [req-1549176d-9bd3-4de5-b2e8-ed38a32b87d8 req-302860b1-a878-471f-86d3-e98f83096051 service neutron] Notify callbacks ['neutron.notifiers.nova.Notifier._send_nova_notification-932345', 'neutron.api.rpc.agentnotifiers.dhcp_rpc_agent_api.DhcpAgentNotifyAPI._send_dhcp_notification-530380'] for port, before_response {{(pid=94405) _notify_loop /usr/local/lib/python3.8/dist-packages/neutron_lib/callbacks/manager.py:192}}
Aug 19 02:22:29.539833 dv-cinder-757936-6-iscsi neutron-server[94405]: INFO neutron.wsgi [req-1549176d-9bd3-4de5-b2e8-ed38a32b87d8 req-302860b1-a878-471f-86d3-e98f83096051 service neutron] 10.222.0.41 "PUT /v2.0/ports/6940bc89-d332-4597-b8c6-88c43900247c HTTP/1.1" status: 200 len: 1093 time: 3.4139175
Aug 19 02:22:29.541823 dv-cinder-757936-6-iscsi neutron-server[94405]: DEBUG neutron.notifiers.nova [-] Sending events: [{'name': 'network-changed', 'server_uuid': '5d18d0fb-8efd-4559-b0f6-311b00fdef4e', 'tag': '6940bc89-d332-4597-b8c6-88c43900247c'}] {{(pid=94405) send_events /opt/stack/neutron/neutron/notifiers/nova.py:262}}
Aug 19 02:22:29.566051 dv-cinder-757936-6-iscsi neutron-server[94404]: DEBUG neutron_lib.callbacks.manager [None req-83348a6e-1313-4fb4-942e-3b5717b41d52 tempest-AttachVolumeShelveTestJSON-764432892 tempest-AttachVolumeShelveTestJSON-764432892-project] Notify callbacks [] for port, precommit_create {{(pid=94404) _notify_loop /usr/local/lib/python3.8/dist-packages/neutron_lib/callbacks/manager.py:192}}
Aug 19 02:22:29.636972 dv-cinder-757936-6-iscsi neutron-server[94406]: DEBUG neutron.api.rpc.handlers.resources_rpc [None req-a3f4e9c8-a095-4a01-855a-f3c4d5e004f7 None None] Pushing event updated for resources: {'Port': ['ID=3f06adbd-b66d-40de-9138-c108e77761c6,revision_number=5']} {{(pid=94406) push /opt/stack/neutron/neutron/api/rpc/handlers/resources_rpc.py:237}}
Aug 19 02:22:29.721780 dv-cinder-757936-6-iscsi neutron-server[94406]: DEBUG neutron.plugins.ml2.rpc [None req-a3f4e9c8-a095-4a01-855a-f3c4d5e004f7 None None] Device e400b327-d6c2-4189-8099-a2906e9f3260 up at agent ovs-agent-dv-cinder-757936-6-iscsi {{(pid=94406) update_device_up /opt/stack/neutron/neutron/plugins/ml2/rpc.py:296}}
Aug 19 02:22:29.750351 dv-cinder-757936-6-iscsi neutron-server[94405]: DEBUG neutron_lib.callbacks.manager [None req-c5959341-c7c9-4fa2-befa-95b788ff4252 admin admin] Notify callbacks ['neutron.plugins.ml2.ovo_rpc._ObjectChangeHandler.handle_event-283112'] for security_group, after_create {{(pid=94405) _notify_loop /usr/local/lib/python3.8/dist-packages/neutron_lib/callbacks/manager.py:192}}
Aug 19 02:22:29.785048 dv-cinder-757936-6-iscsi neutron-server[94404]: DEBUG neutron.plugins.ml2.managers [req-86a364c6-d8b4-4107-a86f-ff1abc501346 req-0bc46992-1243-4ee4-8053-b5bf6e0ed2a8 service neutron] Attempting to bind port d5065a47-0c1d-421f-aa59-e6b566570acf on host hv-cinder-75793 for vnic_type normal with profile {{(pid=94404) bind_port /opt/stack/neutron/neutron/plugins/ml2/managers.py:790}}
Aug 19 02:22:29.785359 dv-cinder-757936-6-iscsi neutron-server[94404]: DEBUG neutron.plugins.ml2.managers [req-86a364c6-d8b4-4107-a86f-ff1abc501346 req-0bc46992-1243-4ee4-8053-b5bf6e0ed2a8 service neutron] Attempting to bind port d5065a47-0c1d-421f-aa59-e6b566570acf by drivers openvswitch,hyperv on host hv-cinder-75793 at level 0 using segments [{'id': 'be6d47e5-50eb-4b2f-8bf7-0c6c74c699c6', 'network_type': 'vlan', 'physical_network': 'physnet1', 'segmentation_id': 436, 'network_id': '49e13cdf-85ea-4f91-a253-eb569af4ca01'}] {{(pid=94404) _bind_port_level /opt/stack/neutron/neutron/plugins/ml2/managers.py:815}}
Aug 19 02:22:29.785928 dv-cinder-757936-6-iscsi neutron-server[94404]: DEBUG neutron.plugins.ml2.drivers.mech_agent [req-86a364c6-d8b4-4107-a86f-ff1abc501346 req-0bc46992-1243-4ee4-8053-b5bf6e0ed2a8 service neutron] Attempting to bind port d5065a47-0c1d-421f-aa59-e6b566570acf on network 49e13cdf-85ea-4f91-a253-eb569af4ca01 {{(pid=94404) bind_port /opt/stack/neutron/neutron/plugins/ml2/drivers/mech_agent.py:85}}
Aug 19 02:22:29.837392 dv-cinder-757936-6-iscsi neutron-server[94404]: DEBUG neutron.pecan_wsgi.hooks.policy_enforcement [req-1b39f508-42e5-4b5c-860d-3b3b41bc5237 req-57d82ee8-8dc0-425b-95e5-c1bfbe07ef2d tempest-DeleteServersTestJSON-2034330841 tempest-DeleteServersTestJSON-2034330841-project] Attributes excluded by policy engine: ['standard_attr_id', 'binding:profile', 'binding:host_id', 'binding:vif_type', 'binding:vif_details'] {{(pid=94404) _exclude_attributes_by_policy /opt/stack/neutron/neutron/pecan_wsgi/hooks/policy_enforcement.py:255}}
Aug 19 02:22:29.842568 dv-cinder-757936-6-iscsi neutron-server[94405]: INFO neutron.wsgi [None req-c5959341-c7c9-4fa2-befa-95b788ff4252 admin admin] 10.222.0.38 "GET /v2.0/security-groups?tenant_id=911b3dc55cef48268502482bba8e2cc3&name=default HTTP/1.1" status: 200 len: 2978 time: 1.6133308
Aug 19 02:22:29.847096 dv-cinder-757936-6-iscsi neutron-server[94404]: INFO neutron.wsgi [req-1b39f508-42e5-4b5c-860d-3b3b41bc5237 req-57d82ee8-8dc0-425b-95e5-c1bfbe07ef2d tempest-DeleteServersTestJSON-2034330841 tempest-DeleteServersTestJSON-2034330841-project] 10.222.0.38 "GET /v2.0/ports?device_id=5d18d0fb-8efd-4559-b0f6-311b00fdef4e HTTP/1.1" status: 200 len: 943 time: 0.3559012
Aug 19 02:22:29.848731 dv-cinder-757936-6-iscsi neutron-server[94406]: DEBUG neutron.db.provisioning_blocks [None req-a3f4e9c8-a095-4a01-855a-f3c4d5e004f7 None None] Provisioning complete for port e400b327-d6c2-4189-8099-a2906e9f3260 triggered by entity L2. {{(pid=94406) provisioning_complete /opt/stack/neutron/neutron/db/provisioning_blocks.py:139}}
Aug 19 02:22:29.849126 dv-cinder-757936-6-iscsi neutron-server[94406]: DEBUG neutron_lib.callbacks.manager [None req-a3f4e9c8-a095-4a01-855a-f3c4d5e004f7 None None] Notify callbacks ['neutron.plugins.ml2.plugin.Ml2Plugin._port_provisioned-1518972'] for port, provisioning_complete {{(pid=94406) _notify_loop /usr/local/lib/python3.8/dist-packages/neutron_lib/callbacks/manager.py:192}}
Aug 19 02:22:29.865002 dv-cinder-757936-6-iscsi neutron-server[94404]: DEBUG neutron.wsgi [-] (94404) accepted ('10.222.0.38', 40696) {{(pid=94404) server /usr/local/lib/python3.8/dist-packages/eventlet/wsgi.py:982}}
Aug 19 02:22:29.867929 dv-cinder-757936-6-iscsi neutron-server[94404]: DEBUG neutron.plugins.ml2.drivers.mech_agent [req-86a364c6-d8b4-4107-a86f-ff1abc501346 req-0bc46992-1243-4ee4-8053-b5bf6e0ed2a8 service neutron] Port d5065a47-0c1d-421f-aa59-e6b566570acf on network 49e13cdf-85ea-4f91-a253-eb569af4ca01 not bound, no agent of type Open vSwitch agent registered on host hv-cinder-75793 {{(pid=94404) bind_port /opt/stack/neutron/neutron/plugins/ml2/drivers/mech_agent.py:97}}
Aug 19 02:22:29.868255 dv-cinder-757936-6-iscsi neutron-server[94404]: DEBUG neutron.plugins.ml2.drivers.mech_agent [req-86a364c6-d8b4-4107-a86f-ff1abc501346 req-0bc46992-1243-4ee4-8053-b5bf6e0ed2a8 service neutron] Attempting to bind port d5065a47-0c1d-421f-aa59-e6b566570acf on network 49e13cdf-85ea-4f91-a253-eb569af4ca01 {{(pid=94404) bind_port /opt/stack/neutron/neutron/plugins/ml2/drivers/mech_agent.py:85}}
Aug 19 02:22:29.954751 dv-cinder-757936-6-iscsi neutron-server[94404]: DEBUG neutron.db.db_base_plugin_common [req-760c5545-a626-4db5-bc86-b9231acc21bd req-8ca2dce0-6184-4850-91fe-7047793070a7 tempest-ServerRescueNegativeTestJSON-1854286765 tempest-ServerRescueNegativeTestJSON-1854286765-project] Allocated IP 172.20.0.2 (34db8e1c-8048-4709-a04f-207207e68c2a/393ed1e1-db1b-44e1-afae-9af64b34a8ee/833739cf-bcfb-45ce-86f3-696ef9d44112) {{(pid=94404) _store_ip_allocation /opt/stack/neutron/neutron/db/db_base_plugin_common.py:131}}
Aug 19 02:22:29.995580 dv-cinder-757936-6-iscsi neutron-server[94405]: DEBUG neutron_lib.callbacks.manager [None req-f201b5bd-f045-4164-9833-cadc74656d7b admin admin] Notify callbacks [] for security_group, before_create {{(pid=94405) _notify_loop /usr/local/lib/python3.8/dist-packages/neutron_lib/callbacks/manager.py:192}}
Aug 19 02:22:30.031414 dv-cinder-757936-6-iscsi neutron-server[94404]: DEBUG neutron.plugins.ml2.drivers.mech_agent [req-86a364c6-d8b4-4107-a86f-ff1abc501346 req-0bc46992-1243-4ee4-8053-b5bf6e0ed2a8 service neutron] Checking agent: {'id': 'fd39492e-b155-4ff4-9f4d-3113ec9fcac3', 'agent_type': 'HyperV agent', 'binary': 'neutron-hyperv-agent', 'topic': 'N/A', 'host': 'hv-cinder-75793', 'admin_state_up': True, 'created_at': datetime.datetime(2021, 8, 19, 2, 20, 22), 'started_at': datetime.datetime(2021, 8, 19, 2, 20, 22), 'heartbeat_timestamp': datetime.datetime(2021, 8, 19, 2, 22, 22), 'description': None, 'resources_synced': None, 'availability_zone': None, 'alive': True, 'configurations': {'vswitch_mappings': {'physnet1$': 'br-data'}}, 'resource_versions': {}} {{(pid=94404) bind_port /opt/stack/neutron/neutron/plugins/ml2/drivers/mech_agent.py:104}}
Aug 19 02:22:30.032028 dv-cinder-757936-6-iscsi neutron-server[94404]: DEBUG neutron.plugins.ml2.drivers.mech_agent [req-86a364c6-d8b4-4107-a86f-ff1abc501346 req-0bc46992-1243-4ee4-8053-b5bf6e0ed2a8 service neutron] Checking segment: {'id': 'be6d47e5-50eb-4b2f-8bf7-0c6c74c699c6', 'network_type': 'vlan', 'physical_network': 'physnet1', 'segmentation_id': 436, 'network_id': '49e13cdf-85ea-4f91-a253-eb569af4ca01'} for mappings: {'physnet1$': 'br-data'} with network types: ['local', 'flat', 'vlan'] {{(pid=94404) check_segment_for_agent /opt/stack/neutron/neutron/plugins/ml2/drivers/mech_agent.py:352}}
Aug 19 02:22:30.032646 dv-cinder-757936-6-iscsi neutron-server[94404]: DEBUG neutron.plugins.ml2.drivers.mech_agent [req-86a364c6-d8b4-4107-a86f-ff1abc501346 req-0bc46992-1243-4ee4-8053-b5bf6e0ed2a8 service neutron] Bound using segment: {'id': 'be6d47e5-50eb-4b2f-8bf7-0c6c74c699c6', 'network_type': 'vlan', 'physical_network': 'physnet1', 'segmentation_id': 436, 'network_id': '49e13cdf-85ea-4f91-a253-eb569af4ca01'} {{(pid=94404) bind_port /opt/stack/neutron/neutron/plugins/ml2/drivers/mech_agent.py:114}}
Aug 19 02:22:30.033121 dv-cinder-757936-6-iscsi neutron-server[94404]: DEBUG neutron.plugins.ml2.managers [req-86a364c6-d8b4-4107-a86f-ff1abc501346 req-0bc46992-1243-4ee4-8053-b5bf6e0ed2a8 service neutron] Bound port: d5065a47-0c1d-421f-aa59-e6b566570acf, host: hv-cinder-75793, vif_type: hyperv, vif_details: {"connectivity": "legacy", "port_filter": false}, binding_levels: [{'bound_driver': 'hyperv', 'bound_segment': {'id': 'be6d47e5-50eb-4b2f-8bf7-0c6c74c699c6', 'network_type': 'vlan', 'physical_network': 'physnet1', 'segmentation_id': 436, 'network_id': '49e13cdf-85ea-4f91-a253-eb569af4ca01'}}] {{(pid=94404) _bind_port_level /opt/stack/neutron/neutron/plugins/ml2/managers.py:928}}
Aug 19 02:22:30.033480 dv-cinder-757936-6-iscsi neutron-server[94404]: DEBUG neutron_lib.callbacks.manager [req-86a364c6-d8b4-4107-a86f-ff1abc501346 req-0bc46992-1243-4ee4-8053-b5bf6e0ed2a8 service neutron] Notify callbacks ['neutron.plugins.ml2.plugin.SecurityGroupDbMixin._ensure_default_security_group_handler-1461723'] for port, before_update {{(pid=94404) _notify_loop /usr/local/lib/python3.8/dist-packages/neutron_lib/callbacks/manager.py:192}}
Aug 19 02:22:30.063662 dv-cinder-757936-6-iscsi neutron-server[94404]: DEBUG neutron_lib.callbacks.manager [None req-83348a6e-1313-4fb4-942e-3b5717b41d52 tempest-AttachVolumeShelveTestJSON-764432892 tempest-AttachVolumeShelveTestJSON-764432892-project] Notify callbacks ['neutron.plugins.ml2.plugin.SecurityGroupServerNotifierRpcMixin._notify_sg_on_port_change-1461658', 'neutron.plugins.ml2.ovo_rpc._ObjectChangeHandler.handle_event-917501', 'neutron.api.rpc.agentnotifiers.dhcp_rpc_agent_api.DhcpAgentNotifyAPI._native_event_send_dhcp_notification-530394', 'neutron.db.l3_dvrscheduler_db._notify_l3_agent_new_port-8792001562435'] for port, after_create {{(pid=94404) _notify_loop /usr/local/lib/python3.8/dist-packages/neutron_lib/callbacks/manager.py:192}}
Aug 19 02:22:30.067496 dv-cinder-757936-6-iscsi neutron-server[94405]: DEBUG neutron.api.rpc.handlers.resources_rpc [None req-302860b1-a878-471f-86d3-e98f83096051 service neutron] Pushing event updated for resources: {'Port': ['ID=6940bc89-d332-4597-b8c6-88c43900247c,revision_number=3']} {{(pid=94405) push /opt/stack/neutron/neutron/api/rpc/handlers/resources_rpc.py:237}}
Aug 19 02:22:30.145141 dv-cinder-757936-6-iscsi neutron-server[94405]: DEBUG neutron.api.rpc.handlers.resources_rpc [None req-c5959341-c7c9-4fa2-befa-95b788ff4252 admin admin] Pushing event updated for resources: {'SecurityGroup': ['ID=587ffed1-90a2-4742-a3e8-1a5c30ff428c,revision_number=1']} {{(pid=94405) push /opt/stack/neutron/neutron/api/rpc/handlers/resources_rpc.py:237}}
Aug 19 02:22:30.174427 dv-cinder-757936-6-iscsi neutron-server[94405]: DEBUG novaclient.v2.client [-] REQ: curl -g -i --cacert "/opt/stack/data/ca-bundle.pem" -X POST http://10.222.0.38/compute/v2.1/os-server-external-events -H "Accept: application/json" -H "Content-Type: application/json" -H "User-Agent: python-novaclient" -H "X-Auth-Token: {SHA256}2e18d1cb06b647339a7633158544a46b320e2fbe8af4390dd2b50db1bf7c1505" -H "X-OpenStack-Nova-API-Version: 2.1" -H "X-OpenStack-Request-ID: req-d74ea352-6295-45a0-bdd4-4c45751e58d5" -d '{"events": [{"name": "network-changed", "server_uuid": "5d18d0fb-8efd-4559-b0f6-311b00fdef4e", "tag": "6940bc89-d332-4597-b8c6-88c43900247c"}]}' {{(pid=94405) _http_log_request /usr/local/lib/python3.8/dist-packages/keystoneauth1/session.py:519}}
Aug 19 02:22:30.184580 dv-cinder-757936-6-iscsi neutron-server[94405]: DEBUG neutron.pecan_wsgi.hooks.policy_enforcement [req-1549176d-9bd3-4de5-b2e8-ed38a32b87d8 req-7def2f63-6e4a-464e-8883-786e28970abf service neutron] Attributes excluded by policy engine: ['standard_attr_id'] {{(pid=94405) _exclude_attributes_by_policy /opt/stack/neutron/neutron/pecan_wsgi/hooks/policy_enforcement.py:255}}
Aug 19 02:22:30.190677 dv-cinder-757936-6-iscsi neutron-server[94405]: INFO neutron.wsgi [req-1549176d-9bd3-4de5-b2e8-ed38a32b87d8 req-7def2f63-6e4a-464e-8883-786e28970abf service neutron] 10.222.0.41 "GET /v2.0/ports?tenant_id=7be8d950e0b64adfbd62bc6fbaaef027&device_id=5d18d0fb-8efd-4559-b0f6-311b00fdef4e HTTP/1.1" status: 200 len: 1096 time: 0.3770130
Aug 19 02:22:30.493738 dv-cinder-757936-6-iscsi neutron-server[94405]: DEBUG neutron_lib.callbacks.manager [None req-f201b5bd-f045-4164-9833-cadc74656d7b admin admin] Notify callbacks [] for security_group, precommit_create {{(pid=94405) _notify_loop /usr/local/lib/python3.8/dist-packages/neutron_lib/callbacks/manager.py:192}}
Aug 19 02:22:30.494303 dv-cinder-757936-6-iscsi neutron-server[94404]: DEBUG neutron.scheduler.dhcp_agent_scheduler [None req-83348a6e-1313-4fb4-942e-3b5717b41d52 tempest-AttachVolumeShelveTestJSON-764432892 tempest-AttachVolumeShelveTestJSON-764432892-project] Network 0d0d9eb6-7b8c-4d4e-bfa4-3c4e02a5948e is already hosted by enough agents. {{(pid=94404) _get_dhcp_agents_hosting_network /opt/stack/neutron/neutron/scheduler/dhcp_agent_scheduler.py:275}}
Aug 19 02:22:30.494303 dv-cinder-757936-6-iscsi neutron-server[94404]: INFO neutron.wsgi [req-1b39f508-42e5-4b5c-860d-3b3b41bc5237 req-cf6517f7-f72b-4bec-9bf3-3107beaa02ad tempest-DeleteServersTestJSON-2034330841 tempest-DeleteServersTestJSON-2034330841-project] 10.222.0.38 "GET /v2.0/security-groups?id=446f5e1c-a4df-4b89-8917-8c2f7cb5e9b0&fields=id&fields=name HTTP/1.1" status: 200 len: 286 time: 0.6413560
Aug 19 02:22:30.513838 dv-cinder-757936-6-iscsi neutron-server[94404]: DEBUG neutron.scheduler.base_scheduler [None req-83348a6e-1313-4fb4-942e-3b5717b41d52 tempest-AttachVolumeShelveTestJSON-764432892 tempest-AttachVolumeShelveTestJSON-764432892-project] Resources bound (agent type, host, resource id): {{(pid=94404) schedule /opt/stack/neutron/neutron/scheduler/base_scheduler.py:57}}
Aug 19 02:22:30.552815 dv-cinder-757936-6-iscsi neutron-server[94405]: INFO neutron.wsgi [req-1549176d-9bd3-4de5-b2e8-ed38a32b87d8 req-c38f28e2-9436-447e-87c2-ffa29fada342 service neutron] 10.222.0.41 "GET /v2.0/floatingips?fixed_ip_address=172.20.0.2&port_id=6940bc89-d332-4597-b8c6-88c43900247c HTTP/1.1" status: 200 len: 217 time: 0.1272354
Aug 19 02:22:30.573344 dv-cinder-757936-6-iscsi neutron-server[94404]: DEBUG neutron.plugins.ml2.db [req-86a364c6-d8b4-4107-a86f-ff1abc501346 req-0bc46992-1243-4ee4-8053-b5bf6e0ed2a8 service neutron] For port d5065a47-0c1d-421f-aa59-e6b566570acf, host hv-cinder-75793, cleared binding levels {{(pid=94404) clear_binding_levels /opt/stack/neutron/neutron/plugins/ml2/db.py:87}}
Aug 19 02:22:30.583587 dv-cinder-757936-6-iscsi neutron-server[94404]: DEBUG neutron.plugins.ml2.db [req-86a364c6-d8b4-4107-a86f-ff1abc501346 req-0bc46992-1243-4ee4-8053-b5bf6e0ed2a8 service neutron] For port d5065a47-0c1d-421f-aa59-e6b566570acf, host hv-cinder-75793, set binding levels [PortBindingLevel(driver='hyperv',host='hv-cinder-75793',level=0,port_id=d5065a47-0c1d-421f-aa59-e6b566570acf,segment=NetworkSegment(be6d47e5-50eb-4b2f-8bf7-0c6c74c699c6),segment_id=be6d47e5-50eb-4b2f-8bf7-0c6c74c699c6)] {{(pid=94404) set_binding_levels /opt/stack/neutron/neutron/plugins/ml2/db.py:59}}
Aug 19 02:22:30.666113 dv-cinder-757936-6-iscsi neutron-server[94405]: DEBUG novaclient.v2.client [-] RESP: [200] Connection: close Content-Length: 179 Content-Type: application/json Date: Thu, 19 Aug 2021 02:22:30 GMT OpenStack-API-Version: compute 2.1 Server: Apache/2.4.41 (Ubuntu) Vary: OpenStack-API-Version,X-OpenStack-Nova-API-Version X-OpenStack-Nova-API-Version: 2.1 x-compute-request-id: req-b762c7f4-4c89-4ddc-b50d-b82182c72179 x-openstack-request-id: req-b762c7f4-4c89-4ddc-b50d-b82182c72179 {{(pid=94405) _http_log_response /usr/local/lib/python3.8/dist-packages/keystoneauth1/session.py:550}}
Aug 19 02:22:30.666773 dv-cinder-757936-6-iscsi neutron-server[94405]: DEBUG novaclient.v2.client [-] RESP BODY: {"events": [{"name": "network-changed", "server_uuid": "5d18d0fb-8efd-4559-b0f6-311b00fdef4e", "tag": "6940bc89-d332-4597-b8c6-88c43900247c", "status": "completed", "code": 200}]} {{(pid=94405) _http_log_response /usr/local/lib/python3.8/dist-packages/keystoneauth1/session.py:582}}
Aug 19 02:22:30.667412 dv-cinder-757936-6-iscsi neutron-server[94405]: DEBUG novaclient.v2.client [-] POST call to compute for http://10.222.0.38/compute/v2.1/os-server-external-events used request id req-b762c7f4-4c89-4ddc-b50d-b82182c72179 {{(pid=94405) request /usr/local/lib/python3.8/dist-packages/keystoneauth1/session.py:954}}
Aug 19 02:22:30.668468 dv-cinder-757936-6-iscsi neutron-server[94405]: INFO neutron.notifiers.nova [-] Nova event response: {'name': 'network-changed', 'server_uuid': '5d18d0fb-8efd-4559-b0f6-311b00fdef4e', 'tag': '6940bc89-d332-4597-b8c6-88c43900247c', 'status': 'completed', 'code': 200}
Aug 19 02:22:30.684543 dv-cinder-757936-6-iscsi neutron-server[94405]: DEBUG neutron.pecan_wsgi.hooks.policy_enforcement [req-1549176d-9bd3-4de5-b2e8-ed38a32b87d8 req-676dde4f-81ff-40fb-adc9-8da34e3a8a8a service neutron] Attributes excluded by policy engine: ['standard_attr_id', 'shared'] {{(pid=94405) _exclude_attributes_by_policy /opt/stack/neutron/neutron/pecan_wsgi/hooks/policy_enforcement.py:255}}
Aug 19 02:22:30.686545 dv-cinder-757936-6-iscsi neutron-server[94405]: INFO neutron.wsgi [req-1549176d-9bd3-4de5-b2e8-ed38a32b87d8 req-676dde4f-81ff-40fb-adc9-8da34e3a8a8a service neutron] 10.222.0.41 "GET /v2.0/subnets?id=e69a7175-189c-42ec-b982-8787a1a7b1d8 HTTP/1.1" status: 200 len: 852 time: 0.1076190
Aug 19 02:22:30.687942 dv-cinder-757936-6-iscsi neutron-server[94404]: DEBUG neutron.db.l3_dvrscheduler_db [None req-83348a6e-1313-4fb4-942e-3b5717b41d52 tempest-AttachVolumeShelveTestJSON-764432892 tempest-AttachVolumeShelveTestJSON-764432892-project] Received port after_create {{(pid=94404) _notify_l3_agent_new_port /opt/stack/neutron/neutron/db/l3_dvrscheduler_db.py:535}}
Aug 19 02:22:30.756431 dv-cinder-757936-6-iscsi neutron-server[94405]: INFO neutron.wsgi [req-7d91df7e-4b8b-4943-a326-3e873922b416 req-337138c1-7b05-4b53-a570-e65ec2f30021 tempest-ServerRescueNegativeTestJSON-1854286765 tempest-ServerRescueNegativeTestJSON-1854286765-project] 10.222.0.38 "GET /v2.0/ports?device_id=1d6fcf7d-e9db-4e42-b2a9-32bbb60b30d4 HTTP/1.1" status: 200 len: 210 time: 0.0423720
Aug 19 02:22:30.779766 dv-cinder-757936-6-iscsi neutron-server[94404]: DEBUG neutron.api.rpc.handlers.resources_rpc [None req-83348a6e-1313-4fb4-942e-3b5717b41d52 tempest-AttachVolumeShelveTestJSON-764432892 tempest-AttachVolumeShelveTestJSON-764432892-project] Pushing event updated for resources: {'Port': ['ID=f9ba4c2e-e302-4eb6-b951-c36d8be5d6ea,revision_number=1']} {{(pid=94404) push /opt/stack/neutron/neutron/api/rpc/handlers/resources_rpc.py:237}}
Aug 19 02:22:30.822588 dv-cinder-757936-6-iscsi neutron-server[94405]: DEBUG neutron_lib.callbacks.manager [None req-f201b5bd-f045-4164-9833-cadc74656d7b admin admin] Notify callbacks ['neutron.plugins.ml2.ovo_rpc._ObjectChangeHandler.handle_event-283112'] for security_group, after_create {{(pid=94405) _notify_loop /usr/local/lib/python3.8/dist-packages/neutron_lib/callbacks/manager.py:192}}
Aug 19 02:22:30.879829 dv-cinder-757936-6-iscsi neutron-server[94405]: INFO neutron.wsgi [None req-f201b5bd-f045-4164-9833-cadc74656d7b admin admin] 10.222.0.38 "GET /v2.0/security-groups?tenant_id=b650289370a34b148b22c3d3b553e660&name=default HTTP/1.1" status: 200 len: 2979 time: 1.7466588
Aug 19 02:22:30.916429 dv-cinder-757936-6-iscsi neutron-server[94404]: DEBUG neutron_lib.callbacks.manager [req-760c5545-a626-4db5-bc86-b9231acc21bd req-8ca2dce0-6184-4850-91fe-7047793070a7 tempest-ServerRescueNegativeTestJSON-1854286765 tempest-ServerRescueNegativeTestJSON-1854286765-project] Notify callbacks [] for port, precommit_create {{(pid=94404) _notify_loop /usr/local/lib/python3.8/dist-packages/neutron_lib/callbacks/manager.py:192}}
Aug 19 02:22:30.916947 dv-cinder-757936-6-iscsi neutron-server[94405]: DEBUG neutron.api.rpc.handlers.resources_rpc [None req-f201b5bd-f045-4164-9833-cadc74656d7b admin admin] Pushing event updated for resources: {'SecurityGroup': ['ID=2475cf94-7111-4848-b56d-b9faf25181c5,revision_number=1']} {{(pid=94405) push /opt/stack/neutron/neutron/api/rpc/handlers/resources_rpc.py:237}}
Aug 19 02:22:30.917419 dv-cinder-757936-6-iscsi neutron-server[94404]: DEBUG neutron_lib.callbacks.manager [req-86a364c6-d8b4-4107-a86f-ff1abc501346 req-0bc46992-1243-4ee4-8053-b5bf6e0ed2a8 service neutron] Notify callbacks ['neutron.plugins.ml2.plugin.SecurityGroupServerNotifierRpcMixin._notify_sg_on_port_change-1461658', 'neutron.plugins.ml2.ovo_rpc._ObjectChangeHandler.handle_event-917501', 'neutron.api.rpc.agentnotifiers.dhcp_rpc_agent_api.DhcpAgentNotifyAPI._native_event_send_dhcp_notification-530394', 'neutron.db.l3_db.L3RpcNotifierMixin._notify_gateway_port_ip_changed-8792002080880', 'neutron.db.l3_dvrscheduler_db._notify_l3_agent_port_update-8792001562453', 'neutron.db.l3_hascheduler_db._notify_l3_agent_ha_port_update-8792001562471'] for port, after_update {{(pid=94404) _notify_loop /usr/local/lib/python3.8/dist-packages/neutron_lib/callbacks/manager.py:192}}
Aug 19 02:22:30.917836 dv-cinder-757936-6-iscsi neutron-server[94405]: DEBUG neutron.wsgi [-] (94405) accepted ('10.222.0.38', 40722) {{(pid=94405) server /usr/local/lib/python3.8/dist-packages/eventlet/wsgi.py:982}}
Aug 19 02:22:30.918177 dv-cinder-757936-6-iscsi neutron-server[94404]: DEBUG neutron_lib.callbacks.manager [None req-8ab0744c-7321-4eec-b33f-848b68b7fd42 admin admin] Notify callbacks [] for security_group, before_delete {{(pid=94404) _notify_loop /usr/local/lib/python3.8/dist-packages/neutron_lib/callbacks/manager.py:192}}
Aug 19 02:22:30.994102 dv-cinder-757936-6-iscsi neutron-server[94405]: DEBUG neutron_lib.callbacks.manager [None req-8549c215-f4cd-49b3-9481-b04a2d342a85 admin admin] Notify callbacks [] for security_group, before_delete {{(pid=94405) _notify_loop /usr/local/lib/python3.8/dist-packages/neutron_lib/callbacks/manager.py:192}}
Aug 19 02:22:31.026686 dv-cinder-757936-6-iscsi neutron-server[94405]: DEBUG neutron_lib.callbacks.manager [None req-8549c215-f4cd-49b3-9481-b04a2d342a85 admin admin] Notify callbacks [] for security_group, precommit_delete {{(pid=94405) _notify_loop /usr/local/lib/python3.8/dist-packages/neutron_lib/callbacks/manager.py:192}}
Aug 19 02:22:31.210801 dv-cinder-757936-6-iscsi neutron-server[94404]: DEBUG neutron_lib.callbacks.manager [None req-83348a6e-1313-4fb4-942e-3b5717b41d52 tempest-AttachVolumeShelveTestJSON-764432892 tempest-AttachVolumeShelveTestJSON-764432892-project] Notify callbacks [] for floatingip, precommit_create {{(pid=94404) _notify_loop /usr/local/lib/python3.8/dist-packages/neutron_lib/callbacks/manager.py:192}}
Aug 19 02:22:31.225260 dv-cinder-757936-6-iscsi neutron-server[94404]: DEBUG neutron.api.rpc.handlers.resources_rpc [None req-0bc46992-1243-4ee4-8053-b5bf6e0ed2a8 service neutron] Pushing event updated for resources: {'Port': ['ID=d5065a47-0c1d-421f-aa59-e6b566570acf,revision_number=3']} {{(pid=94404) push /opt/stack/neutron/neutron/api/rpc/handlers/resources_rpc.py:237}}
Aug 19 02:22:31.248935 dv-cinder-757936-6-iscsi neutron-server[94404]: DEBUG neutron.pecan_wsgi.hooks.policy_enforcement [req-bc0e381d-bcc9-4119-8ddf-4cf71a6bd664 req-dc059365-f175-4fa7-8bad-19c130ea93c2 tempest-AttachVolumeNegativeTest-968223286 tempest-AttachVolumeNegativeTest-968223286-project] Attributes excluded by policy engine: ['standard_attr_id', 'binding:profile', 'binding:host_id', 'binding:vif_type', 'binding:vif_details'] {{(pid=94404) _exclude_attributes_by_policy /opt/stack/neutron/neutron/pecan_wsgi/hooks/policy_enforcement.py:255}}
Aug 19 02:22:31.257934 dv-cinder-757936-6-iscsi neutron-server[94404]: INFO neutron.wsgi [req-bc0e381d-bcc9-4119-8ddf-4cf71a6bd664 req-dc059365-f175-4fa7-8bad-19c130ea93c2 tempest-AttachVolumeNegativeTest-968223286 tempest-AttachVolumeNegativeTest-968223286-project] 10.222.0.38 "GET /v2.0/ports?device_id=1a05df28-f88a-4c07-a6ed-a5f157df588a HTTP/1.1" status: 200 len: 944 time: 0.5604408
Aug 19 02:22:31.266795 dv-cinder-757936-6-iscsi neutron-server[94404]: DEBUG neutron.pecan_wsgi.hooks.policy_enforcement [req-86a364c6-d8b4-4107-a86f-ff1abc501346 req-0bc46992-1243-4ee4-8053-b5bf6e0ed2a8 service neutron] Attributes excluded by policy engine: ['standard_attr_id'] {{(pid=94404) _exclude_attributes_by_policy /opt/stack/neutron/neutron/pecan_wsgi/hooks/policy_enforcement.py:255}}
Aug 19 02:22:31.267591 dv-cinder-757936-6-iscsi neutron-server[94404]: DEBUG neutron_lib.callbacks.manager [req-86a364c6-d8b4-4107-a86f-ff1abc501346 req-0bc46992-1243-4ee4-8053-b5bf6e0ed2a8 service neutron] Notify callbacks ['neutron.notifiers.nova.Notifier._send_nova_notification-932345', 'neutron.api.rpc.agentnotifiers.dhcp_rpc_agent_api.DhcpAgentNotifyAPI._send_dhcp_notification-530380'] for port, before_response {{(pid=94404) _notify_loop /usr/local/lib/python3.8/dist-packages/neutron_lib/callbacks/manager.py:192}}
Aug 19 02:22:31.269197 dv-cinder-757936-6-iscsi neutron-server[94404]: INFO neutron.wsgi [req-86a364c6-d8b4-4107-a86f-ff1abc501346 req-0bc46992-1243-4ee4-8053-b5bf6e0ed2a8 service neutron] 10.222.0.41 "PUT /v2.0/ports/d5065a47-0c1d-421f-aa59-e6b566570acf HTTP/1.1" status: 200 len: 1094 time: 5.8070810
Aug 19 02:22:31.269718 dv-cinder-757936-6-iscsi neutron-server[94404]: DEBUG neutron.notifiers.nova [-] Sending events: [{'name': 'network-changed', 'server_uuid': '1a05df28-f88a-4c07-a6ed-a5f157df588a', 'tag': 'd5065a47-0c1d-421f-aa59-e6b566570acf'}] {{(pid=94404) send_events /opt/stack/neutron/neutron/notifiers/nova.py:262}}
Aug 19 02:22:31.365190 dv-cinder-757936-6-iscsi neutron-server[94404]: DEBUG neutron_lib.callbacks.manager [None req-8ab0744c-7321-4eec-b33f-848b68b7fd42 admin admin] Notify callbacks [] for security_group, precommit_delete {{(pid=94404) _notify_loop /usr/local/lib/python3.8/dist-packages/neutron_lib/callbacks/manager.py:192}}
Aug 19 02:22:31.371362 dv-cinder-757936-6-iscsi neutron-server[94405]: DEBUG neutron_lib.callbacks.manager [None req-8549c215-f4cd-49b3-9481-b04a2d342a85 admin admin] Notify callbacks ['neutron.plugins.ml2.ovo_rpc._ObjectChangeHandler.handle_event-283112'] for security_group, after_delete {{(pid=94405) _notify_loop /usr/local/lib/python3.8/dist-packages/neutron_lib/callbacks/manager.py:192}}
Aug 19 02:22:31.385882 dv-cinder-757936-6-iscsi neutron-server[94405]: DEBUG neutron_lib.callbacks.manager [None req-8549c215-f4cd-49b3-9481-b04a2d342a85 admin admin] Notify callbacks [] for security_group, before_response {{(pid=94405) _notify_loop /usr/local/lib/python3.8/dist-packages/neutron_lib/callbacks/manager.py:192}}
Aug 19 02:22:31.385882 dv-cinder-757936-6-iscsi neutron-server[94405]: INFO neutron.wsgi [None req-8549c215-f4cd-49b3-9481-b04a2d342a85 admin admin] 10.222.0.38 "DELETE /v2.0/security-groups/2475cf94-7111-4848-b56d-b9faf25181c5 HTTP/1.1" status: 204 len: 168 time: 0.4641902
Aug 19 02:22:31.416867 dv-cinder-757936-6-iscsi neutron-server[94405]: DEBUG neutron.api.rpc.handlers.resources_rpc [None req-8549c215-f4cd-49b3-9481-b04a2d342a85 admin admin] Pushing event deleted for resources: {'SecurityGroup': ['ID=2475cf94-7111-4848-b56d-b9faf25181c5,revision_number=None']} {{(pid=94405) push /opt/stack/neutron/neutron/api/rpc/handlers/resources_rpc.py:237}}
Aug 19 02:22:31.421842 dv-cinder-757936-6-iscsi neutron-server[94404]: DEBUG novaclient.v2.client [-] REQ: curl -g -i --cacert "/opt/stack/data/ca-bundle.pem" -X POST http://10.222.0.38/compute/v2.1/os-server-external-events -H "Accept: application/json" -H "Content-Type: application/json" -H "User-Agent: python-novaclient" -H "X-Auth-Token: {SHA256}b8cd4e76628992cc75f9fea655004049b58e0ea7117d0e52ac6cde003ef8a8b0" -H "X-OpenStack-Nova-API-Version: 2.1" -H "X-OpenStack-Request-ID: req-dfb6ca23-5b1b-4594-b36c-37f5ffe43a40" -d '{"events": [{"name": "network-changed", "server_uuid": "1a05df28-f88a-4c07-a6ed-a5f157df588a", "tag": "d5065a47-0c1d-421f-aa59-e6b566570acf"}]}' {{(pid=94404) _http_log_request /usr/local/lib/python3.8/dist-packages/keystoneauth1/session.py:519}}
Aug 19 02:22:31.519812 dv-cinder-757936-6-iscsi neutron-server[94404]: INFO neutron.wsgi [req-bc0e381d-bcc9-4119-8ddf-4cf71a6bd664 req-dc2a9457-b399-4581-8685-c7edbce238be tempest-AttachVolumeNegativeTest-968223286 tempest-AttachVolumeNegativeTest-968223286-project] 10.222.0.38 "GET /v2.0/security-groups?id=5252bb7c-ca61-4c24-a9cd-4ae2eef8f928&fields=id&fields=name HTTP/1.1" status: 200 len: 286 time: 0.2595901
Aug 19 02:22:31.540753 dv-cinder-757936-6-iscsi neutron-server[94404]: DEBUG neutron_lib.callbacks.manager [None req-83348a6e-1313-4fb4-942e-3b5717b41d52 tempest-AttachVolumeShelveTestJSON-764432892 tempest-AttachVolumeShelveTestJSON-764432892-project] Notify callbacks ['neutron.plugins.ml2.plugin.SecurityGroupDbMixin._ensure_default_security_group_handler-1461723'] for port, before_update {{(pid=94404) _notify_loop /usr/local/lib/python3.8/dist-packages/neutron_lib/callbacks/manager.py:192}}
Aug 19 02:22:31.602425 dv-cinder-757936-6-iscsi neutron-server[94404]: DEBUG novaclient.v2.client [-] RESP: [200] Connection: close Content-Length: 179 Content-Type: application/json Date: Thu, 19 Aug 2021 02:22:31 GMT OpenStack-API-Version: compute 2.1 Server: Apache/2.4.41 (Ubuntu) Vary: OpenStack-API-Version,X-OpenStack-Nova-API-Version X-OpenStack-Nova-API-Version: 2.1 x-compute-request-id: req-01408974-1eca-48e0-aae8-2db40a6ff68a x-openstack-request-id: req-01408974-1eca-48e0-aae8-2db40a6ff68a {{(pid=94404) _http_log_response /usr/local/lib/python3.8/dist-packages/keystoneauth1/session.py:550}}
Aug 19 02:22:31.602986 dv-cinder-757936-6-iscsi neutron-server[94404]: DEBUG novaclient.v2.client [-] RESP BODY: {"events": [{"name": "network-changed", "server_uuid": "1a05df28-f88a-4c07-a6ed-a5f157df588a", "tag": "d5065a47-0c1d-421f-aa59-e6b566570acf", "status": "completed", "code": 200}]} {{(pid=94404) _http_log_response /usr/local/lib/python3.8/dist-packages/keystoneauth1/session.py:582}}
Aug 19 02:22:31.603232 dv-cinder-757936-6-iscsi neutron-server[94404]: DEBUG novaclient.v2.client [-] POST call to compute for http://10.222.0.38/compute/v2.1/os-server-external-events used request id req-01408974-1eca-48e0-aae8-2db40a6ff68a {{(pid=94404) request /usr/local/lib/python3.8/dist-packages/keystoneauth1/session.py:954}}
Aug 19 02:22:31.603695 dv-cinder-757936-6-iscsi neutron-server[94404]: INFO neutron.notifiers.nova [-] Nova event response: {'name': 'network-changed', 'server_uuid': '1a05df28-f88a-4c07-a6ed-a5f157df588a', 'tag': 'd5065a47-0c1d-421f-aa59-e6b566570acf', 'status': 'completed', 'code': 200}
Aug 19 02:22:31.637818 dv-cinder-757936-6-iscsi neutron-server[94404]: DEBUG neutron_lib.callbacks.manager [req-760c5545-a626-4db5-bc86-b9231acc21bd req-8ca2dce0-6184-4850-91fe-7047793070a7 tempest-ServerRescueNegativeTestJSON-1854286765 tempest-ServerRescueNegativeTestJSON-1854286765-project] Notify callbacks ['neutron.plugins.ml2.plugin.SecurityGroupServerNotifierRpcMixin._notify_sg_on_port_change-1461658', 'neutron.plugins.ml2.ovo_rpc._ObjectChangeHandler.handle_event-917501', 'neutron.api.rpc.agentnotifiers.dhcp_rpc_agent_api.DhcpAgentNotifyAPI._native_event_send_dhcp_notification-530394', 'neutron.db.l3_dvrscheduler_db._notify_l3_agent_new_port-8792001562435'] for port, after_create {{(pid=94404) _notify_loop /usr/local/lib/python3.8/dist-packages/neutron_lib/callbacks/manager.py:192}}
Aug 19 02:22:31.667403 dv-cinder-757936-6-iscsi neutron-server[94406]: DEBUG neutron.plugins.ml2.rpc [None req-a3f4e9c8-a095-4a01-855a-f3c4d5e004f7 None None] Device 3f06adbd-b66d-40de-9138-c108e77761c6 up at agent ovs-agent-dv-cinder-757936-6-iscsi {{(pid=94406) update_device_up /opt/stack/neutron/neutron/plugins/ml2/rpc.py:296}}
Aug 19 02:22:31.725154 dv-cinder-757936-6-iscsi neutron-server[94406]: DEBUG neutron.db.provisioning_blocks [None req-a3f4e9c8-a095-4a01-855a-f3c4d5e004f7 None None] Provisioning complete for port 3f06adbd-b66d-40de-9138-c108e77761c6 triggered by entity L2. {{(pid=94406) provisioning_complete /opt/stack/neutron/neutron/db/provisioning_blocks.py:139}}
Aug 19 02:22:31.725768 dv-cinder-757936-6-iscsi neutron-server[94406]: DEBUG neutron_lib.callbacks.manager [None req-a3f4e9c8-a095-4a01-855a-f3c4d5e004f7 None None] Notify callbacks ['neutron.plugins.ml2.plugin.Ml2Plugin._port_provisioned-1518972'] for port, provisioning_complete {{(pid=94406) _notify_loop /usr/local/lib/python3.8/dist-packages/neutron_lib/callbacks/manager.py:192}}
Aug 19 02:22:31.783394 dv-cinder-757936-6-iscsi neutron-server[94404]: DEBUG neutron.scheduler.dhcp_agent_scheduler [req-760c5545-a626-4db5-bc86-b9231acc21bd req-8ca2dce0-6184-4850-91fe-7047793070a7 tempest-ServerRescueNegativeTestJSON-1854286765 tempest-ServerRescueNegativeTestJSON-1854286765-project] Network 34db8e1c-8048-4709-a04f-207207e68c2a is already hosted by enough agents. {{(pid=94404) _get_dhcp_agents_hosting_network /opt/stack/neutron/neutron/scheduler/dhcp_agent_scheduler.py:275}}
Aug 19 02:22:31.794747 dv-cinder-757936-6-iscsi neutron-server[94404]: DEBUG neutron_lib.callbacks.manager [None req-8ab0744c-7321-4eec-b33f-848b68b7fd42 admin admin] Notify callbacks ['neutron.plugins.ml2.ovo_rpc._ObjectChangeHandler.handle_event-283112'] for security_group, after_delete {{(pid=94404) _notify_loop /usr/local/lib/python3.8/dist-packages/neutron_lib/callbacks/manager.py:192}}
Aug 19 02:22:31.799193 dv-cinder-757936-6-iscsi neutron-server[94404]: DEBUG neutron_lib.callbacks.manager [None req-8ab0744c-7321-4eec-b33f-848b68b7fd42 admin admin] Notify callbacks [] for security_group, before_response {{(pid=94404) _notify_loop /usr/local/lib/python3.8/dist-packages/neutron_lib/callbacks/manager.py:192}}
Aug 19 02:22:31.800506 dv-cinder-757936-6-iscsi neutron-server[94404]: INFO neutron.wsgi [None req-8ab0744c-7321-4eec-b33f-848b68b7fd42 admin admin] 10.222.0.38 "DELETE /v2.0/security-groups/587ffed1-90a2-4742-a3e8-1a5c30ff428c HTTP/1.1" status: 204 len: 168 time: 1.9295111
Aug 19 02:22:31.828759 dv-cinder-757936-6-iscsi neutron-server[94404]: DEBUG neutron.scheduler.base_scheduler [req-760c5545-a626-4db5-bc86-b9231acc21bd req-8ca2dce0-6184-4850-91fe-7047793070a7 tempest-ServerRescueNegativeTestJSON-1854286765 tempest-ServerRescueNegativeTestJSON-1854286765-project] Resources bound (agent type, host, resource id): {{(pid=94404) schedule /opt/stack/neutron/neutron/scheduler/base_scheduler.py:57}}
Aug 19 02:22:31.836076 dv-cinder-757936-6-iscsi neutron-server[94404]: DEBUG neutron.db.l3_dvrscheduler_db [req-760c5545-a626-4db5-bc86-b9231acc21bd req-8ca2dce0-6184-4850-91fe-7047793070a7 tempest-ServerRescueNegativeTestJSON-1854286765 tempest-ServerRescueNegativeTestJSON-1854286765-project] Received port after_create {{(pid=94404) _notify_l3_agent_new_port /opt/stack/neutron/neutron/db/l3_dvrscheduler_db.py:535}}
Aug 19 02:22:31.842196 dv-cinder-757936-6-iscsi neutron-server[94404]: DEBUG neutron.pecan_wsgi.hooks.policy_enforcement [req-760c5545-a626-4db5-bc86-b9231acc21bd req-8ca2dce0-6184-4850-91fe-7047793070a7 tempest-ServerRescueNegativeTestJSON-1854286765 tempest-ServerRescueNegativeTestJSON-1854286765-project] Attributes excluded by policy engine: ['standard_attr_id', 'binding:profile', 'binding:host_id', 'binding:vif_type', 'binding:vif_details', 'network'] {{(pid=94404) _exclude_attributes_by_policy /opt/stack/neutron/neutron/pecan_wsgi/hooks/policy_enforcement.py:255}}
Aug 19 02:22:31.842946 dv-cinder-757936-6-iscsi neutron-server[94404]: DEBUG neutron_lib.callbacks.manager [req-760c5545-a626-4db5-bc86-b9231acc21bd req-8ca2dce0-6184-4850-91fe-7047793070a7 tempest-ServerRescueNegativeTestJSON-1854286765 tempest-ServerRescueNegativeTestJSON-1854286765-project] Notify callbacks ['neutron.notifiers.nova.Notifier._send_nova_notification-932345', 'neutron.api.rpc.agentnotifiers.dhcp_rpc_agent_api.DhcpAgentNotifyAPI._send_dhcp_notification-530380'] for port, before_response {{(pid=94404) _notify_loop /usr/local/lib/python3.8/dist-packages/neutron_lib/callbacks/manager.py:192}}
Aug 19 02:22:31.846372 dv-cinder-757936-6-iscsi neutron-server[94404]: DEBUG neutron.api.rpc.handlers.resources_rpc [None req-8ab0744c-7321-4eec-b33f-848b68b7fd42 admin admin] Pushing event deleted for resources: {'SecurityGroup': ['ID=587ffed1-90a2-4742-a3e8-1a5c30ff428c,revision_number=None']} {{(pid=94404) push /opt/stack/neutron/neutron/api/rpc/handlers/resources_rpc.py:237}}
Aug 19 02:22:31.851304 dv-cinder-757936-6-iscsi neutron-server[94404]: DEBUG neutron.api.rpc.handlers.resources_rpc [None req-8ca2dce0-6184-4850-91fe-7047793070a7 tempest-ServerRescueNegativeTestJSON-1854286765 tempest-ServerRescueNegativeTestJSON-1854286765-project] Pushing event updated for resources: {'Port': ['ID=833739cf-bcfb-45ce-86f3-696ef9d44112,revision_number=1']} {{(pid=94404) push /opt/stack/neutron/neutron/api/rpc/handlers/resources_rpc.py:237}}
Aug 19 02:22:31.863396 dv-cinder-757936-6-iscsi neutron-server[94404]: DEBUG neutron.pecan_wsgi.hooks.policy_enforcement [req-be80c7d4-ceb7-49bb-a989-a7b8e10ac6f0 req-a017b5c2-2636-47ea-aab6-732107b4dd28 tempest-DeleteServersTestJSON-2034330841 tempest-DeleteServersTestJSON-2034330841-project] Attributes excluded by policy engine: ['standard_attr_id', 'binding:profile', 'binding:host_id', 'binding:vif_type', 'binding:vif_details'] {{(pid=94404) _exclude_attributes_by_policy /opt/stack/neutron/neutron/pecan_wsgi/hooks/policy_enforcement.py:255}}
Aug 19 02:22:31.865308 dv-cinder-757936-6-iscsi neutron-server[94404]: INFO neutron.wsgi [req-be80c7d4-ceb7-49bb-a989-a7b8e10ac6f0 req-a017b5c2-2636-47ea-aab6-732107b4dd28 tempest-DeleteServersTestJSON-2034330841 tempest-DeleteServersTestJSON-2034330841-project] 10.222.0.38 "GET /v2.0/ports?device_id=5d18d0fb-8efd-4559-b0f6-311b00fdef4e HTTP/1.1" status: 200 len: 943 time: 0.2357948
Aug 19 02:22:31.900836 dv-cinder-757936-6-iscsi neutron-server[94405]: INFO neutron.wsgi [req-ad7d36d9-5e42-45e3-9f39-c5fbdf2f05c8 req-1353f11e-ae57-4bd9-8a97-2ba8ed39a456 tempest-ServerRescueNegativeTestJSON-1854286765 tempest-ServerRescueNegativeTestJSON-1854286765-project] 10.222.0.38 "GET /v2.0/ports?device_id=1d6fcf7d-e9db-4e42-b2a9-32bbb60b30d4 HTTP/1.1" status: 200 len: 210 time: 0.0443461
Aug 19 02:22:31.960246 dv-cinder-757936-6-iscsi neutron-server[94404]: INFO neutron.wsgi [req-be80c7d4-ceb7-49bb-a989-a7b8e10ac6f0 req-230a2828-f7a4-43e5-aec5-0a0f10f5b67c tempest-DeleteServersTestJSON-2034330841 tempest-DeleteServersTestJSON-2034330841-project] 10.222.0.38 "GET /v2.0/security-groups?id=446f5e1c-a4df-4b89-8917-8c2f7cb5e9b0&fields=id&fields=name HTTP/1.1" status: 200 len: 286 time: 0.0812936
Aug 19 02:22:31.990940 dv-cinder-757936-6-iscsi neutron-server[94404]: DEBUG neutron_lib.callbacks.manager [None req-83348a6e-1313-4fb4-942e-3b5717b41d52 tempest-AttachVolumeShelveTestJSON-764432892 tempest-AttachVolumeShelveTestJSON-764432892-project] Notify callbacks [] for port, precommit_update {{(pid=94404) _notify_loop /usr/local/lib/python3.8/dist-packages/neutron_lib/callbacks/manager.py:192}}
Aug 19 02:22:32.012111 dv-cinder-757936-6-iscsi neutron-server[94404]: INFO neutron.wsgi [req-760c5545-a626-4db5-bc86-b9231acc21bd req-8ca2dce0-6184-4850-91fe-7047793070a7 tempest-ServerRescueNegativeTestJSON-1854286765 tempest-ServerRescueNegativeTestJSON-1854286765-project] 10.222.0.41 "POST /v2.0/ports HTTP/1.1" status: 201 len: 933 time: 3.7777603
