Aug 24 18:11:55.137054 dv-cinder-756710-5-smb devstack@c-api.service[100861]: INFO cinder.volume.api [None req-578c2004-90b4-4d14-a4fe-c6e9d5824fd8 tempest-GroupSnapshotsTest-811117387 tempest-GroupSnapshotsTest-811117387-project] Availability Zones retrieved successfully.
Aug 24 18:11:55.155428 dv-cinder-756710-5-smb devstack@c-api.service[100862]: INFO cinder.api.openstack.wsgi [None req-d83fac78-4432-4083-a69d-a5ddf3aa3f72 tempest-VolumeTypesAccessTest-55448526 tempest-VolumeTypesAccessTest-55448526-project-admin] http://10.222.0.35/volume/v3/a064958bf32d48ac8d10984686240bb3/types returned with HTTP 200
Aug 24 18:11:55.163143 dv-cinder-756710-5-smb devstack@c-api.service[100862]: [pid: 100862|app: 0|req: 69/136] 10.222.0.35 () {60 vars in 1230 bytes} [Tue Aug 24 18:11:55 2021] POST /volume/v3/a064958bf32d48ac8d10984686240bb3/types => generated 228 bytes in 60 msecs (HTTP/1.1 200) 7 headers in 285 bytes (1 switches on core 0)
Aug 24 18:11:55.169462 dv-cinder-756710-5-smb devstack@c-api.service[100862]: INFO cinder.api.openstack.wsgi [None req-0cd0f4c1-bfd0-4363-b94a-3789963ebb0f tempest-VolumeTypesAccessTest-55448526 tempest-VolumeTypesAccessTest-55448526-project-admin] POST http://10.222.0.35/volume/v3/a064958bf32d48ac8d10984686240bb3/types/7c71d1ec-0aa4-4ec6-8ca5-308931d497f0/action
Aug 24 18:11:55.170661 dv-cinder-756710-5-smb devstack@c-api.service[100862]: DEBUG cinder.api.openstack.wsgi [None req-0cd0f4c1-bfd0-4363-b94a-3789963ebb0f tempest-VolumeTypesAccessTest-55448526 tempest-VolumeTypesAccessTest-55448526-project-admin] Action body: b'{"addProjectAccess": {"project": "5fb843b1609a488ca6e857e1ded131ad"}}' {{(pid=100862) get_method /opt/stack/cinder/cinder/api/openstack/wsgi.py:971}}
Aug 24 18:11:55.171320 dv-cinder-756710-5-smb devstack@c-api.service[100862]: DEBUG cinder.api.openstack.wsgi [None req-0cd0f4c1-bfd0-4363-b94a-3789963ebb0f tempest-VolumeTypesAccessTest-55448526 tempest-VolumeTypesAccessTest-55448526-project-admin] Action: 'action', calling method: _addProjectAccess, body: {"addProjectAccess": {"project": "5fb843b1609a488ca6e857e1ded131ad"}} {{(pid=100862) _process_stack /opt/stack/cinder/cinder/api/openstack/wsgi.py:854}}
Aug 24 18:11:55.193458 dv-cinder-756710-5-smb devstack@c-api.service[100861]: DEBUG cinder.volume.api [None req-578c2004-90b4-4d14-a4fe-c6e9d5824fd8 tempest-GroupSnapshotsTest-811117387 tempest-GroupSnapshotsTest-811117387-project] Flow 'volume_create_api' (d294a639-ce0c-4cb6-b625-aa570f6800b1) transitioned into state 'RUNNING' from state 'PENDING' {{(pid=100861) _flow_receiver /usr/local/lib/python3.8/dist-packages/taskflow/listeners/logging.py:141}}
Aug 24 18:11:55.198174 dv-cinder-756710-5-smb devstack@c-api.service[100861]: DEBUG cinder.volume.api [None req-578c2004-90b4-4d14-a4fe-c6e9d5824fd8 tempest-GroupSnapshotsTest-811117387 tempest-GroupSnapshotsTest-811117387-project] Task 'cinder.volume.flows.api.create_volume.ExtractVolumeRequestTask;volume:create' (885eb218-57e5-424d-b20c-2a9eb5344069) transitioned into state 'RUNNING' from state 'PENDING' {{(pid=100861) _task_receiver /usr/local/lib/python3.8/dist-packages/taskflow/listeners/logging.py:190}}
Aug 24 18:11:55.200594 dv-cinder-756710-5-smb devstack@c-api.service[100861]: /usr/local/lib/python3.8/dist-packages/oslo_context/context.py:105: DeprecationWarning: Policy enforcement is depending on the value of is_admin. This key is deprecated. Please update your policy file to use the standard policy values.
Aug 24 18:11:55.200594 dv-cinder-756710-5-smb devstack@c-api.service[100861]: warnings.warn('Policy enforcement is depending on the value of '
Aug 24 18:11:55.201129 dv-cinder-756710-5-smb devstack@c-api.service[100861]: DEBUG cinder.volume.flows.api.create_volume [None req-578c2004-90b4-4d14-a4fe-c6e9d5824fd8 tempest-GroupSnapshotsTest-811117387 tempest-GroupSnapshotsTest-811117387-project] Validating volume size '1' using validate_int {{(pid=100861) _extract_size /opt/stack/cinder/cinder/volume/flows/api/create_volume.py:225}}
Aug 24 18:11:55.207656 dv-cinder-756710-5-smb devstack@c-api.service[100862]: INFO cinder.api.openstack.wsgi [None req-0cd0f4c1-bfd0-4363-b94a-3789963ebb0f tempest-VolumeTypesAccessTest-55448526 tempest-VolumeTypesAccessTest-55448526-project-admin] http://10.222.0.35/volume/v3/a064958bf32d48ac8d10984686240bb3/types/7c71d1ec-0aa4-4ec6-8ca5-308931d497f0/action returned with HTTP 202
Aug 24 18:11:55.208998 dv-cinder-756710-5-smb devstack@c-api.service[100862]: [pid: 100862|app: 0|req: 70/137] 10.222.0.35 () {60 vars in 1361 bytes} [Tue Aug 24 18:11:55 2021] POST /volume/v3/a064958bf32d48ac8d10984686240bb3/types/7c71d1ec-0aa4-4ec6-8ca5-308931d497f0/action => generated 0 bytes in 45 msecs (HTTP/1.1 202) 6 headers in 233 bytes (1 switches on core 0)
Aug 24 18:11:55.218145 dv-cinder-756710-5-smb devstack@c-api.service[100862]: INFO cinder.api.openstack.wsgi [None req-10a2e72f-1eee-4c37-9841-51116ca01ecc tempest-VolumeTypesAccessTest-55448526 tempest-VolumeTypesAccessTest-55448526-project-admin] POST http://10.222.0.35/volume/v3/a064958bf32d48ac8d10984686240bb3/types/7c71d1ec-0aa4-4ec6-8ca5-308931d497f0/action
Aug 24 18:11:55.219285 dv-cinder-756710-5-smb devstack@c-api.service[100862]: DEBUG cinder.api.openstack.wsgi [None req-10a2e72f-1eee-4c37-9841-51116ca01ecc tempest-VolumeTypesAccessTest-55448526 tempest-VolumeTypesAccessTest-55448526-project-admin] Action body: b'{"addProjectAccess": {"project": "6c3d10f127d54fb1ac9a0d39db19f639"}}' {{(pid=100862) get_method /opt/stack/cinder/cinder/api/openstack/wsgi.py:971}}
Aug 24 18:11:55.219895 dv-cinder-756710-5-smb devstack@c-api.service[100862]: DEBUG cinder.api.openstack.wsgi [None req-10a2e72f-1eee-4c37-9841-51116ca01ecc tempest-VolumeTypesAccessTest-55448526 tempest-VolumeTypesAccessTest-55448526-project-admin] Action: 'action', calling method: _addProjectAccess, body: {"addProjectAccess": {"project": "6c3d10f127d54fb1ac9a0d39db19f639"}} {{(pid=100862) _process_stack /opt/stack/cinder/cinder/api/openstack/wsgi.py:854}}
Aug 24 18:11:55.248419 dv-cinder-756710-5-smb devstack@c-api.service[100862]: INFO cinder.api.openstack.wsgi [None req-10a2e72f-1eee-4c37-9841-51116ca01ecc tempest-VolumeTypesAccessTest-55448526 tempest-VolumeTypesAccessTest-55448526-project-admin] http://10.222.0.35/volume/v3/a064958bf32d48ac8d10984686240bb3/types/7c71d1ec-0aa4-4ec6-8ca5-308931d497f0/action returned with HTTP 202
Aug 24 18:11:55.251304 dv-cinder-756710-5-smb devstack@c-api.service[100862]: [pid: 100862|app: 0|req: 71/138] 10.222.0.35 () {60 vars in 1361 bytes} [Tue Aug 24 18:11:55 2021] POST /volume/v3/a064958bf32d48ac8d10984686240bb3/types/7c71d1ec-0aa4-4ec6-8ca5-308931d497f0/action => generated 0 bytes in 38 msecs (HTTP/1.1 202) 6 headers in 233 bytes (1 switches on core 0)
Aug 24 18:11:55.255193 dv-cinder-756710-5-smb devstack@c-api.service[100861]: DEBUG cinder.volume.api [None req-578c2004-90b4-4d14-a4fe-c6e9d5824fd8 tempest-GroupSnapshotsTest-811117387 tempest-GroupSnapshotsTest-811117387-project] Task 'cinder.volume.flows.api.create_volume.ExtractVolumeRequestTask;volume:create' (885eb218-57e5-424d-b20c-2a9eb5344069) transitioned into state 'SUCCESS' from state 'RUNNING' with result '{'size': 1, 'snapshot_id': None, 'source_volid': None, 'volume_type': VolumeType(created_at=2021-08-24T18:11:54Z,deleted=False,deleted_at=None,description=None,extra_specs={},id=a82f4908-f15a-4824-97b9-b5e72878fd3c,is_public=True,name='tempest-GroupSnapshotsTest-volume-type-496826098',projects=[],qos_specs=,qos_specs_id=None,updated_at=None), 'volume_type_id': 'a82f4908-f15a-4824-97b9-b5e72878fd3c', 'encryption_key_id': None, 'qos_specs': None, 'consistencygroup_id': None, 'cgsnapshot_id': None, 'group_id': '440bb6c6-bdde-4c34-964d-412e2c12e812', 'replication_status': 'disabled', 'refresh_az': False, 'backup_id': None, 'multiattach': False, 'availability_zones': ['nova']}' {{(pid=100861) _task_receiver /usr/local/lib/python3.8/dist-packages/taskflow/listeners/logging.py:178}}
Aug 24 18:11:55.257656 dv-cinder-756710-5-smb devstack@c-api.service[100861]: DEBUG cinder.volume.api [None req-578c2004-90b4-4d14-a4fe-c6e9d5824fd8 tempest-GroupSnapshotsTest-811117387 tempest-GroupSnapshotsTest-811117387-project] Task 'cinder.volume.flows.api.create_volume.QuotaReserveTask;volume:create' (5b4e1752-0c36-459d-ab91-4b808089a519) transitioned into state 'RUNNING' from state 'PENDING' {{(pid=100861) _task_receiver /usr/local/lib/python3.8/dist-packages/taskflow/listeners/logging.py:190}}
Aug 24 18:11:55.264346 dv-cinder-756710-5-smb devstack@c-api.service[100862]: INFO cinder.api.openstack.wsgi [None req-c66e1bc2-1368-429f-aca2-3839f5f4307f tempest-VolumeTypesAccessTest-55448526 tempest-VolumeTypesAccessTest-55448526-project-admin] GET http://10.222.0.35/volume/v3/a064958bf32d48ac8d10984686240bb3/types/7c71d1ec-0aa4-4ec6-8ca5-308931d497f0/os-volume-type-access
Aug 24 18:11:55.265607 dv-cinder-756710-5-smb devstack@c-api.service[100862]: DEBUG cinder.api.openstack.wsgi [None req-c66e1bc2-1368-429f-aca2-3839f5f4307f tempest-VolumeTypesAccessTest-55448526 tempest-VolumeTypesAccessTest-55448526-project-admin] Empty body provided in request {{(pid=100862) get_body /opt/stack/cinder/cinder/api/openstack/wsgi.py:703}}
Aug 24 18:11:55.266267 dv-cinder-756710-5-smb devstack@c-api.service[100862]: DEBUG cinder.api.openstack.wsgi [None req-c66e1bc2-1368-429f-aca2-3839f5f4307f tempest-VolumeTypesAccessTest-55448526 tempest-VolumeTypesAccessTest-55448526-project-admin] Calling method 'index' {{(pid=100862) _process_stack /opt/stack/cinder/cinder/api/openstack/wsgi.py:856}}
Aug 24 18:11:55.291255 dv-cinder-756710-5-smb devstack@c-api.service[100862]: INFO cinder.api.openstack.wsgi [None req-c66e1bc2-1368-429f-aca2-3839f5f4307f tempest-VolumeTypesAccessTest-55448526 tempest-VolumeTypesAccessTest-55448526-project-admin] http://10.222.0.35/volume/v3/a064958bf32d48ac8d10984686240bb3/types/7c71d1ec-0aa4-4ec6-8ca5-308931d497f0/os-volume-type-access returned with HTTP 200
Aug 24 18:11:55.296910 dv-cinder-756710-5-smb devstack@c-api.service[100862]: [pid: 100862|app: 0|req: 72/139] 10.222.0.35 () {58 vars in 1385 bytes} [Tue Aug 24 18:11:55 2021] GET /volume/v3/a064958bf32d48ac8d10984686240bb3/types/7c71d1ec-0aa4-4ec6-8ca5-308931d497f0/os-volume-type-access => generated 244 bytes in 37 msecs (HTTP/1.1 200) 7 headers in 285 bytes (2 switches on core 0)
Aug 24 18:11:55.304670 dv-cinder-756710-5-smb devstack@c-api.service[100861]: WARNING cinder.quota [None req-578c2004-90b4-4d14-a4fe-c6e9d5824fd8 tempest-GroupSnapshotsTest-811117387 tempest-GroupSnapshotsTest-811117387-project] Deprecated: Default quota for resource: volumes_tempest-GroupSnapshotsTest-volume-type-496826098 is set by the default quota flag: quota_volumes_tempest-GroupSnapshotsTest-volume-type-496826098, it is now deprecated. Please use the default quota class for default quota.
Aug 24 18:11:55.305574 dv-cinder-756710-5-smb devstack@c-api.service[100861]: WARNING cinder.quota [None req-578c2004-90b4-4d14-a4fe-c6e9d5824fd8 tempest-GroupSnapshotsTest-811117387 tempest-GroupSnapshotsTest-811117387-project] Deprecated: Default quota for resource: gigabytes_tempest-GroupSnapshotsTest-volume-type-496826098 is set by the default quota flag: quota_gigabytes_tempest-GroupSnapshotsTest-volume-type-496826098, it is now deprecated. Please use the default quota class for default quota.
Aug 24 18:11:55.313730 dv-cinder-756710-5-smb devstack@c-api.service[100862]: INFO cinder.api.openstack.wsgi [None req-e5d68a0c-8aa6-479f-8c99-dfbbae4d20e0 tempest-VolumeTypesAccessTest-55448526 tempest-VolumeTypesAccessTest-55448526-project-admin] POST http://10.222.0.35/volume/v3/a064958bf32d48ac8d10984686240bb3/types/7c71d1ec-0aa4-4ec6-8ca5-308931d497f0/action
Aug 24 18:11:55.314443 dv-cinder-756710-5-smb devstack@c-api.service[100862]: DEBUG cinder.api.openstack.wsgi [None req-e5d68a0c-8aa6-479f-8c99-dfbbae4d20e0 tempest-VolumeTypesAccessTest-55448526 tempest-VolumeTypesAccessTest-55448526-project-admin] Action body: b'{"removeProjectAccess": {"project": "6c3d10f127d54fb1ac9a0d39db19f639"}}' {{(pid=100862) get_method /opt/stack/cinder/cinder/api/openstack/wsgi.py:971}}
Aug 24 18:11:55.315545 dv-cinder-756710-5-smb devstack@c-api.service[100862]: DEBUG cinder.api.openstack.wsgi [None req-e5d68a0c-8aa6-479f-8c99-dfbbae4d20e0 tempest-VolumeTypesAccessTest-55448526 tempest-VolumeTypesAccessTest-55448526-project-admin] Action: 'action', calling method: _removeProjectAccess, body: {"removeProjectAccess": {"project": "6c3d10f127d54fb1ac9a0d39db19f639"}} {{(pid=100862) _process_stack /opt/stack/cinder/cinder/api/openstack/wsgi.py:854}}
Aug 24 18:11:55.339082 dv-cinder-756710-5-smb devstack@c-api.service[100862]: INFO cinder.api.openstack.wsgi [None req-e5d68a0c-8aa6-479f-8c99-dfbbae4d20e0 tempest-VolumeTypesAccessTest-55448526 tempest-VolumeTypesAccessTest-55448526-project-admin] http://10.222.0.35/volume/v3/a064958bf32d48ac8d10984686240bb3/types/7c71d1ec-0aa4-4ec6-8ca5-308931d497f0/action returned with HTTP 202
Aug 24 18:11:55.340808 dv-cinder-756710-5-smb devstack@c-api.service[100862]: [pid: 100862|app: 0|req: 73/140] 10.222.0.35 () {60 vars in 1361 bytes} [Tue Aug 24 18:11:55 2021] POST /volume/v3/a064958bf32d48ac8d10984686240bb3/types/7c71d1ec-0aa4-4ec6-8ca5-308931d497f0/action => generated 0 bytes in 42 msecs (HTTP/1.1 202) 6 headers in 233 bytes (1 switches on core 0)
Aug 24 18:11:55.350403 dv-cinder-756710-5-smb devstack@c-api.service[100862]: INFO cinder.api.openstack.wsgi [None req-f1ae2f15-5c9c-48f7-a14c-35a80a191970 tempest-VolumeTypesAccessTest-55448526 tempest-VolumeTypesAccessTest-55448526-project-admin] POST http://10.222.0.35/volume/v3/a064958bf32d48ac8d10984686240bb3/types/7c71d1ec-0aa4-4ec6-8ca5-308931d497f0/action
Aug 24 18:11:55.352275 dv-cinder-756710-5-smb devstack@c-api.service[100862]: DEBUG cinder.api.openstack.wsgi [None req-f1ae2f15-5c9c-48f7-a14c-35a80a191970 tempest-VolumeTypesAccessTest-55448526 tempest-VolumeTypesAccessTest-55448526-project-admin] Action body: b'{"removeProjectAccess": {"project": "5fb843b1609a488ca6e857e1ded131ad"}}' {{(pid=100862) get_method /opt/stack/cinder/cinder/api/openstack/wsgi.py:971}}
Aug 24 18:11:55.352958 dv-cinder-756710-5-smb devstack@c-api.service[100862]: DEBUG cinder.api.openstack.wsgi [None req-f1ae2f15-5c9c-48f7-a14c-35a80a191970 tempest-VolumeTypesAccessTest-55448526 tempest-VolumeTypesAccessTest-55448526-project-admin] Action: 'action', calling method: _removeProjectAccess, body: {"removeProjectAccess": {"project": "5fb843b1609a488ca6e857e1ded131ad"}} {{(pid=100862) _process_stack /opt/stack/cinder/cinder/api/openstack/wsgi.py:854}}
Aug 24 18:11:55.390516 dv-cinder-756710-5-smb devstack@c-api.service[100862]: INFO cinder.api.openstack.wsgi [None req-f1ae2f15-5c9c-48f7-a14c-35a80a191970 tempest-VolumeTypesAccessTest-55448526 tempest-VolumeTypesAccessTest-55448526-project-admin] http://10.222.0.35/volume/v3/a064958bf32d48ac8d10984686240bb3/types/7c71d1ec-0aa4-4ec6-8ca5-308931d497f0/action returned with HTTP 202
Aug 24 18:11:55.392120 dv-cinder-756710-5-smb devstack@c-api.service[100862]: [pid: 100862|app: 0|req: 74/141] 10.222.0.35 () {60 vars in 1361 bytes} [Tue Aug 24 18:11:55 2021] POST /volume/v3/a064958bf32d48ac8d10984686240bb3/types/7c71d1ec-0aa4-4ec6-8ca5-308931d497f0/action => generated 0 bytes in 47 msecs (HTTP/1.1 202) 6 headers in 233 bytes (1 switches on core 0)
Aug 24 18:11:55.397761 dv-cinder-756710-5-smb devstack@c-api.service[100861]: DEBUG cinder.quota [None req-578c2004-90b4-4d14-a4fe-c6e9d5824fd8 tempest-GroupSnapshotsTest-811117387 tempest-GroupSnapshotsTest-811117387-project] Created reservations ['b6803996-7d9c-4c5f-a6d6-e386c7d446bf', 'f2457c4f-690f-4265-a8ec-ed39f548e3e0', 'b3295ce4-e173-41cb-b302-343d25d39bfc', 'dec2566a-aca6-4c92-aaa4-9ad116dd3e99'] {{(pid=100861) reserve /opt/stack/cinder/cinder/quota.py:755}}
Aug 24 18:11:55.399471 dv-cinder-756710-5-smb devstack@c-api.service[100861]: DEBUG cinder.volume.api [None req-578c2004-90b4-4d14-a4fe-c6e9d5824fd8 tempest-GroupSnapshotsTest-811117387 tempest-GroupSnapshotsTest-811117387-project] Task 'cinder.volume.flows.api.create_volume.QuotaReserveTask;volume:create' (5b4e1752-0c36-459d-ab91-4b808089a519) transitioned into state 'SUCCESS' from state 'RUNNING' with result '{'reservations': ['b6803996-7d9c-4c5f-a6d6-e386c7d446bf', 'f2457c4f-690f-4265-a8ec-ed39f548e3e0', 'b3295ce4-e173-41cb-b302-343d25d39bfc', 'dec2566a-aca6-4c92-aaa4-9ad116dd3e99']}' {{(pid=100861) _task_receiver /usr/local/lib/python3.8/dist-packages/taskflow/listeners/logging.py:178}}
Aug 24 18:11:55.401886 dv-cinder-756710-5-smb devstack@c-api.service[100862]: INFO cinder.api.openstack.wsgi [None req-5449d095-d3ac-401b-82b4-4798eeeffea3 tempest-VolumeTypesAccessTest-55448526 tempest-VolumeTypesAccessTest-55448526-project-admin] DELETE http://10.222.0.35/volume/v3/a064958bf32d48ac8d10984686240bb3/types/7c71d1ec-0aa4-4ec6-8ca5-308931d497f0
Aug 24 18:11:55.402608 dv-cinder-756710-5-smb devstack@c-api.service[100862]: DEBUG cinder.api.openstack.wsgi [None req-5449d095-d3ac-401b-82b4-4798eeeffea3 tempest-VolumeTypesAccessTest-55448526 tempest-VolumeTypesAccessTest-55448526-project-admin] Empty body provided in request {{(pid=100862) get_body /opt/stack/cinder/cinder/api/openstack/wsgi.py:703}}
Aug 24 18:11:55.403607 dv-cinder-756710-5-smb devstack@c-api.service[100862]: DEBUG cinder.api.openstack.wsgi [None req-5449d095-d3ac-401b-82b4-4798eeeffea3 tempest-VolumeTypesAccessTest-55448526 tempest-VolumeTypesAccessTest-55448526-project-admin] Calling method '_delete' {{(pid=100862) _process_stack /opt/stack/cinder/cinder/api/openstack/wsgi.py:856}}
Aug 24 18:11:55.415552 dv-cinder-756710-5-smb devstack@c-api.service[100861]: DEBUG cinder.volume.api [None req-578c2004-90b4-4d14-a4fe-c6e9d5824fd8 tempest-GroupSnapshotsTest-811117387 tempest-GroupSnapshotsTest-811117387-project] Task 'cinder.volume.flows.api.create_volume.EntryCreateTask;volume:create' (681b2f98-19be-47b5-8b89-72f8b63b55c8) transitioned into state 'RUNNING' from state 'PENDING' {{(pid=100861) _task_receiver /usr/local/lib/python3.8/dist-packages/taskflow/listeners/logging.py:190}}
Aug 24 18:11:55.460272 dv-cinder-756710-5-smb devstack@c-api.service[100861]: DEBUG cinder.volume.api [None req-578c2004-90b4-4d14-a4fe-c6e9d5824fd8 tempest-GroupSnapshotsTest-811117387 tempest-GroupSnapshotsTest-811117387-project] Task 'cinder.volume.flows.api.create_volume.EntryCreateTask;volume:create' (681b2f98-19be-47b5-8b89-72f8b63b55c8) transitioned into state 'SUCCESS' from state 'RUNNING' with result '{'volume_id': '58d3f676-1406-48f8-9bbb-294b177b8912', 'volume_properties': VolumeProperties(attach_status='detached',availability_zone='nova',cgsnapshot_id=None,consistencygroup_id=None,display_description=None,display_name='tempest-GroupSnapshotsTest-Volume-1686857695',encryption_key_id=None,group_id=440bb6c6-bdde-4c34-964d-412e2c12e812,group_type_id=,metadata={},multiattach=False,project_id='65947c4500c046299504529bc28f7b96',qos_specs=None,replication_status=,reservations=['b6803996-7d9c-4c5f-a6d6-e386c7d446bf','f2457c4f-690f-4265-a8ec-ed39f548e3e0','b3295ce4-e173-41cb-b302-343d25d39bfc','dec2566a-aca6-4c92-aaa4-9ad116dd3e99'],size=1,snapshot_id=None,source_replicaid=,source_volid=None,status='creating',user_id='c621ca1436694a15a6f7442926eedf2d',volume_type_id=a82f4908-f15a-4824-97b9-b5e72878fd3c), 'volume': Volume(_name_id=None,admin_metadata=,attach_status='detached',availability_zone='nova',bootable=False,cluster=,cluster_name=None,consistencygroup=,consistencygroup_id=None,created_at=2021-08-24T18:11:55Z,deleted=False,deleted_at=None,display_description=None,display_name='tempest-GroupSnapshotsTest-Volume-1686857695',ec2_id=None,encryption_key_id=None,glance_metadata=,group=,group_id=440bb6c6-bdde-4c34-964d-412e2c12e812,host=None,id=58d3f676-1406-48f8-9bbb-294b177b8912,launched_at=None,metadata={},migration_status=None,multiattach=False,previous_status=None,project_id='65947c4500c046299504529bc28f7b96',provider_auth=None,provider_geometry=None,provider_id=None,provider_location=None,replication_driver_data=None,replication_extended_status=None,replication_status=None,scheduled_at=None,service_uuid=None,shared_targets=True,size=1,snapshot_id=None,snapshots=,source_volid=None,status='creating',terminated_at=None,updated_at=None,user_id='c621ca1436694a15a6f7442926eedf2d',volume_attachment=,volume_type=VolumeType(a82f4908-f15a-4824-97b9-b5e72878fd3c),volume_type_id=a82f4908-f15a-4824-97b9-b5e72878fd3c)}' {{(pid=100861) _task_receiver /usr/local/lib/python3.8/dist-packages/taskflow/listeners/logging.py:178}}
Aug 24 18:11:55.462839 dv-cinder-756710-5-smb devstack@c-api.service[100861]: DEBUG cinder.volume.api [None req-578c2004-90b4-4d14-a4fe-c6e9d5824fd8 tempest-GroupSnapshotsTest-811117387 tempest-GroupSnapshotsTest-811117387-project] Task 'cinder.volume.flows.api.create_volume.QuotaCommitTask;volume:create' (e15d036e-7469-4ea7-babd-4498ffc3aa01) transitioned into state 'RUNNING' from state 'PENDING' {{(pid=100861) _task_receiver /usr/local/lib/python3.8/dist-packages/taskflow/listeners/logging.py:190}}
Aug 24 18:11:55.521476 dv-cinder-756710-5-smb devstack@c-api.service[100861]: DEBUG cinder.volume.api [None req-578c2004-90b4-4d14-a4fe-c6e9d5824fd8 tempest-GroupSnapshotsTest-811117387 tempest-GroupSnapshotsTest-811117387-project] Task 'cinder.volume.flows.api.create_volume.QuotaCommitTask;volume:create' (e15d036e-7469-4ea7-babd-4498ffc3aa01) transitioned into state 'SUCCESS' from state 'RUNNING' with result '{'volume_properties': VolumeProperties(attach_status='detached',availability_zone='nova',cgsnapshot_id=None,consistencygroup_id=None,display_description=None,display_name='tempest-GroupSnapshotsTest-Volume-1686857695',encryption_key_id=None,group_id=440bb6c6-bdde-4c34-964d-412e2c12e812,group_type_id=,metadata={},multiattach=False,project_id='65947c4500c046299504529bc28f7b96',qos_specs=None,replication_status=,reservations=['b6803996-7d9c-4c5f-a6d6-e386c7d446bf','f2457c4f-690f-4265-a8ec-ed39f548e3e0','b3295ce4-e173-41cb-b302-343d25d39bfc','dec2566a-aca6-4c92-aaa4-9ad116dd3e99'],size=1,snapshot_id=None,source_replicaid=,source_volid=None,status='creating',user_id='c621ca1436694a15a6f7442926eedf2d',volume_type_id=a82f4908-f15a-4824-97b9-b5e72878fd3c)}' {{(pid=100861) _task_receiver /usr/local/lib/python3.8/dist-packages/taskflow/listeners/logging.py:178}}
Aug 24 18:11:55.522688 dv-cinder-756710-5-smb devstack@c-api.service[100862]: INFO cinder.api.openstack.wsgi [None req-5449d095-d3ac-401b-82b4-4798eeeffea3 tempest-VolumeTypesAccessTest-55448526 tempest-VolumeTypesAccessTest-55448526-project-admin] http://10.222.0.35/volume/v3/a064958bf32d48ac8d10984686240bb3/types/7c71d1ec-0aa4-4ec6-8ca5-308931d497f0 returned with HTTP 202
Aug 24 18:11:55.524068 dv-cinder-756710-5-smb devstack@c-api.service[100862]: [pid: 100862|app: 0|req: 75/142] 10.222.0.35 () {58 vars in 1322 bytes} [Tue Aug 24 18:11:55 2021] DELETE /volume/v3/a064958bf32d48ac8d10984686240bb3/types/7c71d1ec-0aa4-4ec6-8ca5-308931d497f0 => generated 0 bytes in 127 msecs (HTTP/1.1 202) 6 headers in 233 bytes (2 switches on core 0)
Aug 24 18:11:55.525172 dv-cinder-756710-5-smb devstack@c-api.service[100861]: DEBUG cinder.volume.api [None req-578c2004-90b4-4d14-a4fe-c6e9d5824fd8 tempest-GroupSnapshotsTest-811117387 tempest-GroupSnapshotsTest-811117387-project] Task 'cinder.volume.flows.api.create_volume.VolumeCastTask;volume:create' (ce0ed58e-56bf-41f3-9bf1-29bc30edadbf) transitioned into state 'RUNNING' from state 'PENDING' {{(pid=100861) _task_receiver /usr/local/lib/python3.8/dist-packages/taskflow/listeners/logging.py:190}}
Aug 24 18:11:55.536771 dv-cinder-756710-5-smb devstack@c-api.service[100862]: INFO cinder.api.openstack.wsgi [None req-c78a6e8e-d355-4669-aeca-28438bcfdc7f tempest-VolumeTypesAccessTest-55448526 tempest-VolumeTypesAccessTest-55448526-project-admin] GET http://10.222.0.35/volume/v3/a064958bf32d48ac8d10984686240bb3/types/7c71d1ec-0aa4-4ec6-8ca5-308931d497f0
Aug 24 18:11:55.537645 dv-cinder-756710-5-smb devstack@c-api.service[100862]: DEBUG cinder.api.openstack.wsgi [None req-c78a6e8e-d355-4669-aeca-28438bcfdc7f tempest-VolumeTypesAccessTest-55448526 tempest-VolumeTypesAccessTest-55448526-project-admin] Empty body provided in request {{(pid=100862) get_body /opt/stack/cinder/cinder/api/openstack/wsgi.py:703}}
Aug 24 18:11:55.538244 dv-cinder-756710-5-smb devstack@c-api.service[100862]: DEBUG cinder.api.openstack.wsgi [None req-c78a6e8e-d355-4669-aeca-28438bcfdc7f tempest-VolumeTypesAccessTest-55448526 tempest-VolumeTypesAccessTest-55448526-project-admin] Calling method 'show' {{(pid=100862) _process_stack /opt/stack/cinder/cinder/api/openstack/wsgi.py:856}}
Aug 24 18:11:55.545394 dv-cinder-756710-5-smb devstack@c-api.service[100862]: INFO cinder.api.openstack.wsgi [None req-c78a6e8e-d355-4669-aeca-28438bcfdc7f tempest-VolumeTypesAccessTest-55448526 tempest-VolumeTypesAccessTest-55448526-project-admin] http://10.222.0.35/volume/v3/a064958bf32d48ac8d10984686240bb3/types/7c71d1ec-0aa4-4ec6-8ca5-308931d497f0 returned with HTTP 404
Aug 24 18:11:55.546839 dv-cinder-756710-5-smb devstack@c-api.service[100862]: [pid: 100862|app: 0|req: 76/143] 10.222.0.35 () {58 vars in 1319 bytes} [Tue Aug 24 18:11:55 2021] GET /volume/v3/a064958bf32d48ac8d10984686240bb3/types/7c71d1ec-0aa4-4ec6-8ca5-308931d497f0 => generated 114 bytes in 18 msecs (HTTP/1.1 404) 7 headers in 292 bytes (1 switches on core 0)
Aug 24 18:11:55.556017 dv-cinder-756710-5-smb devstack@c-api.service[100862]: INFO cinder.api.openstack.wsgi [None req-46300f47-022f-4d39-b4c2-7fa3f3fff60b tempest-VolumeTypesAccessTest-655218834 tempest-VolumeTypesAccessTest-655218834-project] DELETE http://10.222.0.35/volume/v3/5fb843b1609a488ca6e857e1ded131ad/volumes/20bd57e0-1dbf-46cb-88f0-d7b9360dff98
Aug 24 18:11:55.556784 dv-cinder-756710-5-smb devstack@c-api.service[100862]: DEBUG cinder.api.openstack.wsgi [None req-46300f47-022f-4d39-b4c2-7fa3f3fff60b tempest-VolumeTypesAccessTest-655218834 tempest-VolumeTypesAccessTest-655218834-project] Empty body provided in request {{(pid=100862) get_body /opt/stack/cinder/cinder/api/openstack/wsgi.py:703}}
Aug 24 18:11:55.557418 dv-cinder-756710-5-smb devstack@c-api.service[100862]: DEBUG cinder.api.openstack.wsgi [None req-46300f47-022f-4d39-b4c2-7fa3f3fff60b tempest-VolumeTypesAccessTest-655218834 tempest-VolumeTypesAccessTest-655218834-project] Calling method 'delete' {{(pid=100862) _process_stack /opt/stack/cinder/cinder/api/openstack/wsgi.py:856}}
Aug 24 18:11:55.558053 dv-cinder-756710-5-smb devstack@c-api.service[100862]: INFO cinder.api.v3.volumes [None req-46300f47-022f-4d39-b4c2-7fa3f3fff60b tempest-VolumeTypesAccessTest-655218834 tempest-VolumeTypesAccessTest-655218834-project] Delete volume with id: 20bd57e0-1dbf-46cb-88f0-d7b9360dff98
Aug 24 18:11:55.580111 dv-cinder-756710-5-smb devstack@c-api.service[100862]: /usr/local/lib/python3.8/dist-packages/oslo_context/context.py:105: DeprecationWarning: Policy enforcement is depending on the value of is_admin. This key is deprecated. Please update your policy file to use the standard policy values.
Aug 24 18:11:55.580111 dv-cinder-756710-5-smb devstack@c-api.service[100862]: warnings.warn('Policy enforcement is depending on the value of '
Aug 24 18:11:55.583298 dv-cinder-756710-5-smb devstack@c-api.service[100861]: DEBUG cinder.volume.api [None req-578c2004-90b4-4d14-a4fe-c6e9d5824fd8 tempest-GroupSnapshotsTest-811117387 tempest-GroupSnapshotsTest-811117387-project] Task 'cinder.volume.flows.api.create_volume.VolumeCastTask;volume:create' (ce0ed58e-56bf-41f3-9bf1-29bc30edadbf) transitioned into state 'SUCCESS' from state 'RUNNING' with result 'None' {{(pid=100861) _task_receiver /usr/local/lib/python3.8/dist-packages/taskflow/listeners/logging.py:178}}
Aug 24 18:11:55.584527 dv-cinder-756710-5-smb devstack@c-api.service[100862]: INFO cinder.volume.api [None req-46300f47-022f-4d39-b4c2-7fa3f3fff60b tempest-VolumeTypesAccessTest-655218834 tempest-VolumeTypesAccessTest-655218834-project] Volume info retrieved successfully.
Aug 24 18:11:55.585587 dv-cinder-756710-5-smb devstack@c-api.service[100861]: DEBUG cinder.volume.api [None req-578c2004-90b4-4d14-a4fe-c6e9d5824fd8 tempest-GroupSnapshotsTest-811117387 tempest-GroupSnapshotsTest-811117387-project] Flow 'volume_create_api' (d294a639-ce0c-4cb6-b625-aa570f6800b1) transitioned into state 'SUCCESS' from state 'RUNNING' {{(pid=100861) _flow_receiver /usr/local/lib/python3.8/dist-packages/taskflow/listeners/logging.py:141}}
Aug 24 18:11:55.595136 dv-cinder-756710-5-smb devstack@c-api.service[100861]: INFO cinder.volume.api [None req-578c2004-90b4-4d14-a4fe-c6e9d5824fd8 tempest-GroupSnapshotsTest-811117387 tempest-GroupSnapshotsTest-811117387-project] Create volume request issued successfully.
Aug 24 18:11:55.611194 dv-cinder-756710-5-smb devstack@c-api.service[100861]: WARNING stevedore.named [None req-578c2004-90b4-4d14-a4fe-c6e9d5824fd8 tempest-GroupSnapshotsTest-811117387 tempest-GroupSnapshotsTest-811117387-project] Could not load cinder.keymgr.conf_key_mgr.ConfKeyManager
Aug 24 18:11:55.611661 dv-cinder-756710-5-smb devstack@c-api.service[100861]: WARNING castellan.key_manager [None req-578c2004-90b4-4d14-a4fe-c6e9d5824fd8 tempest-GroupSnapshotsTest-811117387 tempest-GroupSnapshotsTest-811117387-project] Deprecation Warning : cinder.keymgr.conf_key_mgr.ConfKeyManager is not a stevedore based driver, trying to load it as a class: stevedore.exception.NoMatches: No 'castellan.drivers' driver found, looking for 'cinder.keymgr.conf_key_mgr.ConfKeyManager'
Aug 24 18:11:55.634522 dv-cinder-756710-5-smb devstack@c-api.service[100861]: DEBUG oslo_db.sqlalchemy.engines [None req-578c2004-90b4-4d14-a4fe-c6e9d5824fd8 tempest-GroupSnapshotsTest-811117387 tempest-GroupSnapshotsTest-811117387-project] MySQL server mode set to STRICT_TRANS_TABLES,STRICT_ALL_TABLES,NO_ZERO_IN_DATE,NO_ZERO_DATE,ERROR_FOR_DIVISION_BY_ZERO,TRADITIONAL,NO_ENGINE_SUBSTITUTION {{(pid=100861) _check_effective_sql_mode /usr/local/lib/python3.8/dist-packages/oslo_db/sqlalchemy/engines.py:314}}
Aug 24 18:11:55.645438 dv-cinder-756710-5-smb devstack@c-api.service[100862]: INFO cinder.volume.api [None req-46300f47-022f-4d39-b4c2-7fa3f3fff60b tempest-VolumeTypesAccessTest-655218834 tempest-VolumeTypesAccessTest-655218834-project] Delete volume request issued successfully.
Aug 24 18:11:55.646800 dv-cinder-756710-5-smb devstack@c-api.service[100862]: INFO cinder.api.openstack.wsgi [None req-46300f47-022f-4d39-b4c2-7fa3f3fff60b tempest-VolumeTypesAccessTest-655218834 tempest-VolumeTypesAccessTest-655218834-project] http://10.222.0.35/volume/v3/5fb843b1609a488ca6e857e1ded131ad/volumes/20bd57e0-1dbf-46cb-88f0-d7b9360dff98 returned with HTTP 202
Aug 24 18:11:55.648103 dv-cinder-756710-5-smb devstack@c-api.service[100861]: /usr/local/lib/python3.8/dist-packages/oslo_context/context.py:105: DeprecationWarning: Policy enforcement is depending on the value of is_admin. This key is deprecated. Please update your policy file to use the standard policy values.
Aug 24 18:11:55.648103 dv-cinder-756710-5-smb devstack@c-api.service[100861]: warnings.warn('Policy enforcement is depending on the value of '
Aug 24 18:11:55.649081 dv-cinder-756710-5-smb devstack@c-api.service[100862]: [pid: 100862|app: 0|req: 77/144] 10.222.0.35 () {58 vars in 1328 bytes} [Tue Aug 24 18:11:55 2021] DELETE /volume/v3/5fb843b1609a488ca6e857e1ded131ad/volumes/20bd57e0-1dbf-46cb-88f0-d7b9360dff98 => generated 0 bytes in 99 msecs (HTTP/1.1 202) 6 headers in 233 bytes (1 switches on core 0)
Aug 24 18:11:55.660769 dv-cinder-756710-5-smb devstack@c-api.service[100862]: INFO cinder.api.openstack.wsgi [None req-34442a56-f5ac-4628-b460-9518c8764fc6 tempest-VolumeTypesAccessTest-655218834 tempest-VolumeTypesAccessTest-655218834-project] GET http://10.222.0.35/volume/v3/5fb843b1609a488ca6e857e1ded131ad/volumes/20bd57e0-1dbf-46cb-88f0-d7b9360dff98
Aug 24 18:11:55.661653 dv-cinder-756710-5-smb devstack@c-api.service[100862]: DEBUG cinder.api.openstack.wsgi [None req-34442a56-f5ac-4628-b460-9518c8764fc6 tempest-VolumeTypesAccessTest-655218834 tempest-VolumeTypesAccessTest-655218834-project] Empty body provided in request {{(pid=100862) get_body /opt/stack/cinder/cinder/api/openstack/wsgi.py:703}}
Aug 24 18:11:55.661759 dv-cinder-756710-5-smb devstack@c-api.service[100862]: /usr/local/lib/python3.8/dist-packages/webob/acceptparse.py:1047: DeprecationWarning: The behavior of AcceptValidHeader.best_match is currently being maintained for backward compatibility, but it will be deprecated in the future, as it does not conform to the RFC.
Aug 24 18:11:55.661759 dv-cinder-756710-5-smb devstack@c-api.service[100862]: warnings.warn(
Aug 24 18:11:55.663391 dv-cinder-756710-5-smb devstack@c-api.service[100862]: DEBUG cinder.api.openstack.wsgi [None req-34442a56-f5ac-4628-b460-9518c8764fc6 tempest-VolumeTypesAccessTest-655218834 tempest-VolumeTypesAccessTest-655218834-project] Calling method 'show' {{(pid=100862) _process_stack /opt/stack/cinder/cinder/api/openstack/wsgi.py:856}}
Aug 24 18:11:55.665184 dv-cinder-756710-5-smb devstack@c-api.service[100861]: INFO cinder.api.openstack.wsgi [None req-578c2004-90b4-4d14-a4fe-c6e9d5824fd8 tempest-GroupSnapshotsTest-811117387 tempest-GroupSnapshotsTest-811117387-project] http://10.222.0.35/volume/v3/65947c4500c046299504529bc28f7b96/volumes returned with HTTP 202
Aug 24 18:11:55.668272 dv-cinder-756710-5-smb devstack@c-api.service[100861]: [pid: 100861|app: 0|req: 68/145] 10.222.0.35 () {62 vars in 1277 bytes} [Tue Aug 24 18:11:55 2021] POST /volume/v3/65947c4500c046299504529bc28f7b96/volumes => generated 907 bytes in 588 msecs (HTTP/1.1 202) 7 headers in 292 bytes (1 switches on core 0)
Aug 24 18:11:55.684397 dv-cinder-756710-5-smb devstack@c-api.service[100861]: INFO cinder.api.openstack.wsgi [None req-3fed0a00-61f9-4194-a2c8-cdfc4b6e76b1 tempest-GroupSnapshotsTest-811117387 tempest-GroupSnapshotsTest-811117387-project] GET http://10.222.0.35/volume/v3/65947c4500c046299504529bc28f7b96/volumes/58d3f676-1406-48f8-9bbb-294b177b8912
Aug 24 18:11:55.685403 dv-cinder-756710-5-smb devstack@c-api.service[100861]: DEBUG cinder.api.openstack.wsgi [None req-3fed0a00-61f9-4194-a2c8-cdfc4b6e76b1 tempest-GroupSnapshotsTest-811117387 tempest-GroupSnapshotsTest-811117387-project] Empty body provided in request {{(pid=100861) get_body /opt/stack/cinder/cinder/api/openstack/wsgi.py:703}}
Aug 24 18:11:55.685637 dv-cinder-756710-5-smb devstack@c-api.service[100861]: /usr/local/lib/python3.8/dist-packages/webob/acceptparse.py:1047: DeprecationWarning: The behavior of AcceptValidHeader.best_match is currently being maintained for backward compatibility, but it will be deprecated in the future, as it does not conform to the RFC.
Aug 24 18:11:55.685637 dv-cinder-756710-5-smb devstack@c-api.service[100861]: warnings.warn(
Aug 24 18:11:55.685962 dv-cinder-756710-5-smb devstack@c-api.service[100861]: DEBUG cinder.api.openstack.wsgi [None req-3fed0a00-61f9-4194-a2c8-cdfc4b6e76b1 tempest-GroupSnapshotsTest-811117387 tempest-GroupSnapshotsTest-811117387-project] Calling method 'show' {{(pid=100861) _process_stack /opt/stack/cinder/cinder/api/openstack/wsgi.py:856}}
Aug 24 18:11:55.698110 dv-cinder-756710-5-smb devstack@c-api.service[100862]: /usr/local/lib/python3.8/dist-packages/oslo_context/context.py:105: DeprecationWarning: Policy enforcement is depending on the value of is_admin. This key is deprecated. Please update your policy file to use the standard policy values.
Aug 24 18:11:55.698110 dv-cinder-756710-5-smb devstack@c-api.service[100862]: warnings.warn('Policy enforcement is depending on the value of '
Aug 24 18:11:55.716664 dv-cinder-756710-5-smb devstack@c-api.service[100862]: INFO cinder.volume.api [None req-34442a56-f5ac-4628-b460-9518c8764fc6 tempest-VolumeTypesAccessTest-655218834 tempest-VolumeTypesAccessTest-655218834-project] Volume info retrieved successfully.
Aug 24 18:11:55.717385 dv-cinder-756710-5-smb devstack@c-api.service[100861]: /usr/local/lib/python3.8/dist-packages/oslo_context/context.py:105: DeprecationWarning: Policy enforcement is depending on the value of is_admin. This key is deprecated. Please update your policy file to use the standard policy values.
Aug 24 18:11:55.717385 dv-cinder-756710-5-smb devstack@c-api.service[100861]: warnings.warn('Policy enforcement is depending on the value of '
Aug 24 18:11:55.739079 dv-cinder-756710-5-smb devstack@c-api.service[100861]: INFO cinder.volume.api [None req-3fed0a00-61f9-4194-a2c8-cdfc4b6e76b1 tempest-GroupSnapshotsTest-811117387 tempest-GroupSnapshotsTest-811117387-project] Volume info retrieved successfully.
Aug 24 18:11:55.751460 dv-cinder-756710-5-smb devstack@c-api.service[100862]: INFO cinder.api.openstack.wsgi [None req-34442a56-f5ac-4628-b460-9518c8764fc6 tempest-VolumeTypesAccessTest-655218834 tempest-VolumeTypesAccessTest-655218834-project] http://10.222.0.35/volume/v3/5fb843b1609a488ca6e857e1ded131ad/volumes/20bd57e0-1dbf-46cb-88f0-d7b9360dff98 returned with HTTP 200
Aug 24 18:11:55.761887 dv-cinder-756710-5-smb devstack@c-api.service[100861]: WARNING stevedore.named [None req-3fed0a00-61f9-4194-a2c8-cdfc4b6e76b1 tempest-GroupSnapshotsTest-811117387 tempest-GroupSnapshotsTest-811117387-project] Could not load cinder.keymgr.conf_key_mgr.ConfKeyManager
Aug 24 18:11:55.761887 dv-cinder-756710-5-smb devstack@c-api.service[100861]: WARNING castellan.key_manager [None req-3fed0a00-61f9-4194-a2c8-cdfc4b6e76b1 tempest-GroupSnapshotsTest-811117387 tempest-GroupSnapshotsTest-811117387-project] Deprecation Warning : cinder.keymgr.conf_key_mgr.ConfKeyManager is not a stevedore based driver, trying to load it as a class: stevedore.exception.NoMatches: No 'castellan.drivers' driver found, looking for 'cinder.keymgr.conf_key_mgr.ConfKeyManager'
Aug 24 18:11:55.762233 dv-cinder-756710-5-smb devstack@c-api.service[100862]: [pid: 100862|app: 0|req: 78/146] 10.222.0.35 () {58 vars in 1325 bytes} [Tue Aug 24 18:11:55 2021] GET /volume/v3/5fb843b1609a488ca6e857e1ded131ad/volumes/20bd57e0-1dbf-46cb-88f0-d7b9360dff98 => generated 954 bytes in 104 msecs (HTTP/1.1 200) 7 headers in 285 bytes (1 switches on core 0)
Aug 24 18:11:55.767256 dv-cinder-756710-5-smb devstack@c-api.service[100861]: DEBUG oslo_db.sqlalchemy.engines [None req-3fed0a00-61f9-4194-a2c8-cdfc4b6e76b1 tempest-GroupSnapshotsTest-811117387 tempest-GroupSnapshotsTest-811117387-project] MySQL server mode set to STRICT_TRANS_TABLES,STRICT_ALL_TABLES,NO_ZERO_IN_DATE,NO_ZERO_DATE,ERROR_FOR_DIVISION_BY_ZERO,TRADITIONAL,NO_ENGINE_SUBSTITUTION {{(pid=100861) _check_effective_sql_mode /usr/local/lib/python3.8/dist-packages/oslo_db/sqlalchemy/engines.py:314}}
Aug 24 18:11:55.776172 dv-cinder-756710-5-smb devstack@c-api.service[100861]: /usr/local/lib/python3.8/dist-packages/oslo_context/context.py:105: DeprecationWarning: Policy enforcement is depending on the value of is_admin. This key is deprecated. Please update your policy file to use the standard policy values.
Aug 24 18:11:55.776172 dv-cinder-756710-5-smb devstack@c-api.service[100861]: warnings.warn('Policy enforcement is depending on the value of '
Aug 24 18:11:55.795066 dv-cinder-756710-5-smb devstack@c-api.service[100861]: INFO cinder.api.openstack.wsgi [None req-3fed0a00-61f9-4194-a2c8-cdfc4b6e76b1 tempest-GroupSnapshotsTest-811117387 tempest-GroupSnapshotsTest-811117387-project] http://10.222.0.35/volume/v3/65947c4500c046299504529bc28f7b96/volumes/58d3f676-1406-48f8-9bbb-294b177b8912 returned with HTTP 200
Aug 24 18:11:55.803162 dv-cinder-756710-5-smb devstack@c-api.service[100861]: [pid: 100861|app: 0|req: 69/147] 10.222.0.35 () {60 vars in 1366 bytes} [Tue Aug 24 18:11:55 2021] GET /volume/v3/65947c4500c046299504529bc28f7b96/volumes/58d3f676-1406-48f8-9bbb-294b177b8912 => generated 975 bytes in 115 msecs (HTTP/1.1 200) 7 headers in 286 bytes (2 switches on core 0)
Aug 24 18:11:55.955559 dv-cinder-756710-5-smb devstack@c-api.service[100862]: INFO cinder.api.openstack.wsgi [None req-69f0bc72-1f60-4bd1-9088-4ec141d2a684 tempest-VolumesImageMetadata-813963364 tempest-VolumesImageMetadata-813963364-project] GET http://10.222.0.35/volume/v3/9ce11be91aaf44ceb0dd9d01ee54115d/volumes/e98cfb53-4c3d-41e9-a22f-58cd1d693037
Aug 24 18:11:55.956574 dv-cinder-756710-5-smb devstack@c-api.service[100862]: DEBUG cinder.api.openstack.wsgi [None req-69f0bc72-1f60-4bd1-9088-4ec141d2a684 tempest-VolumesImageMetadata-813963364 tempest-VolumesImageMetadata-813963364-project] Empty body provided in request {{(pid=100862) get_body /opt/stack/cinder/cinder/api/openstack/wsgi.py:703}}
Aug 24 18:11:55.956937 dv-cinder-756710-5-smb devstack@c-api.service[100862]: /usr/local/lib/python3.8/dist-packages/webob/acceptparse.py:1047: DeprecationWarning: The behavior of AcceptValidHeader.best_match is currently being maintained for backward compatibility, but it will be deprecated in the future, as it does not conform to the RFC.
Aug 24 18:11:55.956937 dv-cinder-756710-5-smb devstack@c-api.service[100862]: warnings.warn(
Aug 24 18:11:55.957769 dv-cinder-756710-5-smb devstack@c-api.service[100862]: DEBUG cinder.api.openstack.wsgi [None req-69f0bc72-1f60-4bd1-9088-4ec141d2a684 tempest-VolumesImageMetadata-813963364 tempest-VolumesImageMetadata-813963364-project] Calling method 'show' {{(pid=100862) _process_stack /opt/stack/cinder/cinder/api/openstack/wsgi.py:856}}
Aug 24 18:11:55.973684 dv-cinder-756710-5-smb devstack@c-api.service[100862]: /usr/local/lib/python3.8/dist-packages/oslo_context/context.py:105: DeprecationWarning: Policy enforcement is depending on the value of is_admin. This key is deprecated. Please update your policy file to use the standard policy values.
Aug 24 18:11:55.973684 dv-cinder-756710-5-smb devstack@c-api.service[100862]: warnings.warn('Policy enforcement is depending on the value of '
Aug 24 18:11:55.983016 dv-cinder-756710-5-smb devstack@c-api.service[100862]: INFO cinder.volume.api [None req-69f0bc72-1f60-4bd1-9088-4ec141d2a684 tempest-VolumesImageMetadata-813963364 tempest-VolumesImageMetadata-813963364-project] Volume info retrieved successfully.
Aug 24 18:11:55.998983 dv-cinder-756710-5-smb devstack@c-api.service[100862]: INFO cinder.api.openstack.wsgi [None req-69f0bc72-1f60-4bd1-9088-4ec141d2a684 tempest-VolumesImageMetadata-813963364 tempest-VolumesImageMetadata-813963364-project] http://10.222.0.35/volume/v3/9ce11be91aaf44ceb0dd9d01ee54115d/volumes/e98cfb53-4c3d-41e9-a22f-58cd1d693037 returned with HTTP 200
Aug 24 18:11:56.000426 dv-cinder-756710-5-smb devstack@c-api.service[100862]: [pid: 100862|app: 0|req: 79/148] 10.222.0.35 () {58 vars in 1325 bytes} [Tue Aug 24 18:11:55 2021] GET /volume/v3/9ce11be91aaf44ceb0dd9d01ee54115d/volumes/e98cfb53-4c3d-41e9-a22f-58cd1d693037 => generated 911 bytes in 50 msecs (HTTP/1.1 200) 7 headers in 285 bytes (1 switches on core 0)
Aug 24 18:11:56.771306 dv-cinder-756710-5-smb devstack@c-api.service[100861]: INFO cinder.api.openstack.wsgi [None req-5182490b-6da6-4db9-ab79-6b86d6820d54 tempest-VolumeTypesAccessTest-655218834 tempest-VolumeTypesAccessTest-655218834-project] GET http://10.222.0.35/volume/v3/5fb843b1609a488ca6e857e1ded131ad/volumes/20bd57e0-1dbf-46cb-88f0-d7b9360dff98
Aug 24 18:11:56.772777 dv-cinder-756710-5-smb devstack@c-api.service[100861]: DEBUG cinder.api.openstack.wsgi [None req-5182490b-6da6-4db9-ab79-6b86d6820d54 tempest-VolumeTypesAccessTest-655218834 tempest-VolumeTypesAccessTest-655218834-project] Empty body provided in request {{(pid=100861) get_body /opt/stack/cinder/cinder/api/openstack/wsgi.py:703}}
Aug 24 18:11:56.773085 dv-cinder-756710-5-smb devstack@c-api.service[100861]: /usr/local/lib/python3.8/dist-packages/webob/acceptparse.py:1047: DeprecationWarning: The behavior of AcceptValidHeader.best_match is currently being maintained for backward compatibility, but it will be deprecated in the future, as it does not conform to the RFC.
Aug 24 18:11:56.773085 dv-cinder-756710-5-smb devstack@c-api.service[100861]: warnings.warn(
Aug 24 18:11:56.773770 dv-cinder-756710-5-smb devstack@c-api.service[100861]: DEBUG cinder.api.openstack.wsgi [None req-5182490b-6da6-4db9-ab79-6b86d6820d54 tempest-VolumeTypesAccessTest-655218834 tempest-VolumeTypesAccessTest-655218834-project] Calling method 'show' {{(pid=100861) _process_stack /opt/stack/cinder/cinder/api/openstack/wsgi.py:856}}
Aug 24 18:11:56.788190 dv-cinder-756710-5-smb devstack@c-api.service[100861]: INFO cinder.api.openstack.wsgi [None req-5182490b-6da6-4db9-ab79-6b86d6820d54 tempest-VolumeTypesAccessTest-655218834 tempest-VolumeTypesAccessTest-655218834-project] http://10.222.0.35/volume/v3/5fb843b1609a488ca6e857e1ded131ad/volumes/20bd57e0-1dbf-46cb-88f0-d7b9360dff98 returned with HTTP 404
Aug 24 18:11:56.789135 dv-cinder-756710-5-smb devstack@c-api.service[100861]: [pid: 100861|app: 0|req: 70/149] 10.222.0.35 () {58 vars in 1325 bytes} [Tue Aug 24 18:11:56 2021] GET /volume/v3/5fb843b1609a488ca6e857e1ded131ad/volumes/20bd57e0-1dbf-46cb-88f0-d7b9360dff98 => generated 109 bytes in 23 msecs (HTTP/1.1 404) 7 headers in 292 bytes (1 switches on core 0)
Aug 24 18:11:56.797798 dv-cinder-756710-5-smb devstack@c-api.service[100862]: INFO cinder.api.openstack.wsgi [None req-82d9888e-5b16-4724-9a33-6e700ddde8ad tempest-VolumeTypesAccessTest-55448526 tempest-VolumeTypesAccessTest-55448526-project-admin] DELETE http://10.222.0.35/volume/v3/a064958bf32d48ac8d10984686240bb3/types/04de4000-2909-4f48-a12f-f02ed0f33325
Aug 24 18:11:56.799587 dv-cinder-756710-5-smb devstack@c-api.service[100862]: DEBUG cinder.api.openstack.wsgi [None req-82d9888e-5b16-4724-9a33-6e700ddde8ad tempest-VolumeTypesAccessTest-55448526 tempest-VolumeTypesAccessTest-55448526-project-admin] Empty body provided in request {{(pid=100862) get_body /opt/stack/cinder/cinder/api/openstack/wsgi.py:703}}
Aug 24 18:11:56.799719 dv-cinder-756710-5-smb devstack@c-api.service[100862]: /usr/local/lib/python3.8/dist-packages/webob/acceptparse.py:1047: DeprecationWarning: The behavior of AcceptValidHeader.best_match is currently being maintained for backward compatibility, but it will be deprecated in the future, as it does not conform to the RFC.
Aug 24 18:11:56.799719 dv-cinder-756710-5-smb devstack@c-api.service[100862]: warnings.warn(
Aug 24 18:11:56.800301 dv-cinder-756710-5-smb devstack@c-api.service[100862]: DEBUG cinder.api.openstack.wsgi [None req-82d9888e-5b16-4724-9a33-6e700ddde8ad tempest-VolumeTypesAccessTest-55448526 tempest-VolumeTypesAccessTest-55448526-project-admin] Calling method '_delete' {{(pid=100862) _process_stack /opt/stack/cinder/cinder/api/openstack/wsgi.py:856}}
Aug 24 18:11:56.816360 dv-cinder-756710-5-smb devstack@c-api.service[100861]: INFO cinder.api.openstack.wsgi [None req-4cd567a4-2817-45e1-a350-a2f06b76a12f tempest-GroupSnapshotsTest-811117387 tempest-GroupSnapshotsTest-811117387-project] GET http://10.222.0.35/volume/v3/65947c4500c046299504529bc28f7b96/volumes/58d3f676-1406-48f8-9bbb-294b177b8912
Aug 24 18:11:56.816856 dv-cinder-756710-5-smb devstack@c-api.service[100861]: DEBUG cinder.api.openstack.wsgi [None req-4cd567a4-2817-45e1-a350-a2f06b76a12f tempest-GroupSnapshotsTest-811117387 tempest-GroupSnapshotsTest-811117387-project] Empty body provided in request {{(pid=100861) get_body /opt/stack/cinder/cinder/api/openstack/wsgi.py:703}}
Aug 24 18:11:56.817263 dv-cinder-756710-5-smb devstack@c-api.service[100861]: DEBUG cinder.api.openstack.wsgi [None req-4cd567a4-2817-45e1-a350-a2f06b76a12f tempest-GroupSnapshotsTest-811117387 tempest-GroupSnapshotsTest-811117387-project] Calling method 'show' {{(pid=100861) _process_stack /opt/stack/cinder/cinder/api/openstack/wsgi.py:856}}
Aug 24 18:11:56.834576 dv-cinder-756710-5-smb devstack@c-api.service[100861]: /usr/local/lib/python3.8/dist-packages/oslo_context/context.py:105: DeprecationWarning: Policy enforcement is depending on the value of is_admin. This key is deprecated. Please update your policy file to use the standard policy values.
Aug 24 18:11:56.834576 dv-cinder-756710-5-smb devstack@c-api.service[100861]: warnings.warn('Policy enforcement is depending on the value of '
Aug 24 18:11:56.844880 dv-cinder-756710-5-smb devstack@c-api.service[100861]: INFO cinder.volume.api [None req-4cd567a4-2817-45e1-a350-a2f06b76a12f tempest-GroupSnapshotsTest-811117387 tempest-GroupSnapshotsTest-811117387-project] Volume info retrieved successfully.
Aug 24 18:11:56.853213 dv-cinder-756710-5-smb devstack@c-api.service[100861]: WARNING stevedore.named [None req-4cd567a4-2817-45e1-a350-a2f06b76a12f tempest-GroupSnapshotsTest-811117387 tempest-GroupSnapshotsTest-811117387-project] Could not load cinder.keymgr.conf_key_mgr.ConfKeyManager
Aug 24 18:11:56.853840 dv-cinder-756710-5-smb devstack@c-api.service[100861]: WARNING castellan.key_manager [None req-4cd567a4-2817-45e1-a350-a2f06b76a12f tempest-GroupSnapshotsTest-811117387 tempest-GroupSnapshotsTest-811117387-project] Deprecation Warning : cinder.keymgr.conf_key_mgr.ConfKeyManager is not a stevedore based driver, trying to load it as a class: stevedore.exception.NoMatches: No 'castellan.drivers' driver found, looking for 'cinder.keymgr.conf_key_mgr.ConfKeyManager'
Aug 24 18:11:56.861429 dv-cinder-756710-5-smb devstack@c-api.service[100861]: DEBUG oslo_db.sqlalchemy.engines [None req-4cd567a4-2817-45e1-a350-a2f06b76a12f tempest-GroupSnapshotsTest-811117387 tempest-GroupSnapshotsTest-811117387-project] MySQL server mode set to STRICT_TRANS_TABLES,STRICT_ALL_TABLES,NO_ZERO_IN_DATE,NO_ZERO_DATE,ERROR_FOR_DIVISION_BY_ZERO,TRADITIONAL,NO_ENGINE_SUBSTITUTION {{(pid=100861) _check_effective_sql_mode /usr/local/lib/python3.8/dist-packages/oslo_db/sqlalchemy/engines.py:314}}
Aug 24 18:11:56.867395 dv-cinder-756710-5-smb devstack@c-api.service[100861]: /usr/local/lib/python3.8/dist-packages/oslo_context/context.py:105: DeprecationWarning: Policy enforcement is depending on the value of is_admin. This key is deprecated. Please update your policy file to use the standard policy values.
