Aug 24 18:12:11.840686 dv-cinder-756709-5-smb neutron-server[94651]: INFO neutron.wsgi [req-8c27f47e-ae6b-4b74-85d7-f30b4f7b6024 req-46de52aa-a1e8-4ffe-88b0-fad22ca4ed87 tempest-DeleteServersTestJSON-1266130645 tempest-DeleteServersTestJSON-1266130645-project] 10.222.0.15 "GET /v2.0/ports?device_id=1133ed79-53fe-4b29-9a68-d974b5f27944 HTTP/1.1" status: 200 len: 943 time: 0.1517165
Aug 24 18:12:11.910187 dv-cinder-756709-5-smb neutron-server[94651]: INFO neutron.wsgi [req-8c27f47e-ae6b-4b74-85d7-f30b4f7b6024 req-785180cf-bc97-43ba-84bb-2619c6109b10 tempest-DeleteServersTestJSON-1266130645 tempest-DeleteServersTestJSON-1266130645-project] 10.222.0.15 "GET /v2.0/security-groups?id=f8dedbc8-2386-4026-9789-aed6fbf1dc2e&fields=id&fields=name HTTP/1.1" status: 200 len: 286 time: 0.0576284
Aug 24 18:12:11.949002 dv-cinder-756709-5-smb neutron-server[94652]: DEBUG neutron.pecan_wsgi.hooks.quota_enforcement [req-7cfb89fc-8392-4431-b9ff-64a844626a31 req-060eefec-b2bd-442b-8cfa-7b09b98b8ad9 tempest-ServerRescueNegativeTestJSON-1987739490 tempest-ServerRescueNegativeTestJSON-1987739490-project] Made reservation on behalf of c0b220c67e884d38bd93b647367842b5 for: {'port': 1} {{(pid=94652) before /opt/stack/neutron/neutron/pecan_wsgi/hooks/quota_enforcement.py:53}}
Aug 24 18:12:11.962475 dv-cinder-756709-5-smb neutron-server[94652]: DEBUG neutron_lib.callbacks.manager [req-7cfb89fc-8392-4431-b9ff-64a844626a31 req-060eefec-b2bd-442b-8cfa-7b09b98b8ad9 tempest-ServerRescueNegativeTestJSON-1987739490 tempest-ServerRescueNegativeTestJSON-1987739490-project] Notify callbacks ['neutron.plugins.ml2.plugin.SecurityGroupDbMixin._ensure_default_security_group_handler-4067324'] for port, before_create {{(pid=94652) _notify_loop /usr/local/lib/python3.8/dist-packages/neutron_lib/callbacks/manager.py:192}}
Aug 24 18:12:11.978366 dv-cinder-756709-5-smb neutron-server[94652]: DEBUG neutron_lib.callbacks.manager [None req-827aaab5-1a0c-4583-a3f5-edb2ac0c2bec tempest-AttachVolumeShelveTestJSON-1713646620 tempest-AttachVolumeShelveTestJSON-1713646620-project] Notify callbacks ['neutron.services.l3_router.l3_router_plugin.DVRResourceOperationHandler._create_dvr_floating_gw_port-921730'] for floatingip, after_create {{(pid=94652) _notify_loop /usr/local/lib/python3.8/dist-packages/neutron_lib/callbacks/manager.py:192}}
Aug 24 18:12:11.981108 dv-cinder-756709-5-smb neutron-server[94653]: DEBUG neutron.plugins.ml2.rpc [None req-f2f93cd7-5b62-40e7-afd0-3560db438fd1 None None] Device 80db8e40-1f03-4f67-8355-7bead29f9411 up at agent ovs-agent-dv-cinder-756709-5-smb {{(pid=94653) update_device_up /opt/stack/neutron/neutron/plugins/ml2/rpc.py:296}}
Aug 24 18:12:12.013732 dv-cinder-756709-5-smb neutron-server[94652]: DEBUG neutron.api.rpc.handlers.resources_rpc [None req-827aaab5-1a0c-4583-a3f5-edb2ac0c2bec tempest-AttachVolumeShelveTestJSON-1713646620 tempest-AttachVolumeShelveTestJSON-1713646620-project] Pushing event updated for resources: {'Port': ['ID=0e482253-39ec-4f79-b0f9-f74bb41135d0,revision_number=2']} {{(pid=94652) push /opt/stack/neutron/neutron/api/rpc/handlers/resources_rpc.py:237}}
Aug 24 18:12:12.065050 dv-cinder-756709-5-smb neutron-server[94652]: DEBUG neutron_lib.callbacks.manager [None req-7c91617c-c1a3-4726-91d0-712ff6d29e95 tempest-AttachVolumeTestJSON-1290165704 tempest-AttachVolumeTestJSON-1290165704-project] Notify callbacks [] for security_group_rule, before_response {{(pid=94652) _notify_loop /usr/local/lib/python3.8/dist-packages/neutron_lib/callbacks/manager.py:192}}
Aug 24 18:12:12.069831 dv-cinder-756709-5-smb neutron-server[94652]: INFO neutron.wsgi [None req-7c91617c-c1a3-4726-91d0-712ff6d29e95 tempest-AttachVolumeTestJSON-1290165704 tempest-AttachVolumeTestJSON-1290165704-project] 10.222.0.15 "POST /v2.0/security-group-rules HTTP/1.1" status: 201 len: 769 time: 2.5512905
Aug 24 18:12:12.070460 dv-cinder-756709-5-smb neutron-server[94651]: DEBUG neutron.wsgi [-] (94651) accepted ('10.222.0.15', 57288) {{(pid=94651) server /usr/local/lib/python3.8/dist-packages/eventlet/wsgi.py:982}}
Aug 24 18:12:12.079211 dv-cinder-756709-5-smb neutron-server[94651]: DEBUG neutron.api.v2.base [None req-33d70326-c5d9-4cfa-ab30-1568981ad0a2 tempest-AttachVolumeTestJSON-1290165704 tempest-AttachVolumeTestJSON-1290165704-project] Request body: {'floatingip': {'floating_network_id': 'cb513439-ce46-4c49-bd6d-5132183286e2'}} {{(pid=94651) prepare_request_body /opt/stack/neutron/neutron/api/v2/base.py:730}}
Aug 24 18:12:12.167653 dv-cinder-756709-5-smb neutron-server[94653]: DEBUG neutron.db.provisioning_blocks [None req-f2f93cd7-5b62-40e7-afd0-3560db438fd1 None None] Provisioning for port 80db8e40-1f03-4f67-8355-7bead29f9411 completed by entity L2. {{(pid=94653) provisioning_complete /opt/stack/neutron/neutron/db/provisioning_blocks.py:133}}
Aug 24 18:12:12.175438 dv-cinder-756709-5-smb neutron-server[94653]: DEBUG neutron.db.provisioning_blocks [None req-f2f93cd7-5b62-40e7-afd0-3560db438fd1 None None] Provisioning complete for port 80db8e40-1f03-4f67-8355-7bead29f9411 triggered by entity L2. {{(pid=94653) provisioning_complete /opt/stack/neutron/neutron/db/provisioning_blocks.py:139}}
Aug 24 18:12:12.175775 dv-cinder-756709-5-smb neutron-server[94653]: DEBUG neutron_lib.callbacks.manager [None req-f2f93cd7-5b62-40e7-afd0-3560db438fd1 None None] Notify callbacks ['neutron.plugins.ml2.plugin.Ml2Plugin._port_provisioned-4107360'] for port, provisioning_complete {{(pid=94653) _notify_loop /usr/local/lib/python3.8/dist-packages/neutron_lib/callbacks/manager.py:192}}
Aug 24 18:12:12.180822 dv-cinder-756709-5-smb neutron-server[94652]: DEBUG neutron_lib.callbacks.manager [None req-827aaab5-1a0c-4583-a3f5-edb2ac0c2bec tempest-AttachVolumeShelveTestJSON-1713646620 tempest-AttachVolumeShelveTestJSON-1713646620-project] Notify callbacks ['neutron.notifiers.nova.Notifier._send_nova_notification-464770'] for floatingip, before_response {{(pid=94652) _notify_loop /usr/local/lib/python3.8/dist-packages/neutron_lib/callbacks/manager.py:192}}
Aug 24 18:12:12.186386 dv-cinder-756709-5-smb neutron-server[94652]: INFO neutron.wsgi [None req-827aaab5-1a0c-4583-a3f5-edb2ac0c2bec tempest-AttachVolumeShelveTestJSON-1713646620 tempest-AttachVolumeShelveTestJSON-1713646620-project] 10.222.0.15 "POST /v2.0/floatingips HTTP/1.1" status: 201 len: 693 time: 5.6668429
Aug 24 18:12:12.216993 dv-cinder-756709-5-smb neutron-server[94652]: DEBUG neutron.db.db_base_plugin_common [req-7cfb89fc-8392-4431-b9ff-64a844626a31 req-060eefec-b2bd-442b-8cfa-7b09b98b8ad9 tempest-ServerRescueNegativeTestJSON-1987739490 tempest-ServerRescueNegativeTestJSON-1987739490-project] Allocated IP 172.20.0.3 (fc16ee20-9e36-4533-bb8d-fa4b3540535c/4a122926-86ce-4629-af83-51be5fec7a9b/26e0d23e-0664-4e07-8c94-8bc0d399d86f) {{(pid=94652) _store_ip_allocation /opt/stack/neutron/neutron/db/db_base_plugin_common.py:131}}
Aug 24 18:12:12.315338 dv-cinder-756709-5-smb neutron-server[94651]: DEBUG neutron_lib.callbacks.manager [None req-33d70326-c5d9-4cfa-ab30-1568981ad0a2 tempest-AttachVolumeTestJSON-1290165704 tempest-AttachVolumeTestJSON-1290165704-project] Notify callbacks [] for floatingip, before_create {{(pid=94651) _notify_loop /usr/local/lib/python3.8/dist-packages/neutron_lib/callbacks/manager.py:192}}
Aug 24 18:12:12.385475 dv-cinder-756709-5-smb neutron-server[94653]: DEBUG neutron_lib.callbacks.manager [None req-f2f93cd7-5b62-40e7-afd0-3560db438fd1 None None] Notify callbacks ['neutron.plugins.ml2.plugin.SecurityGroupDbMixin._ensure_default_security_group_handler-4067324'] for port, before_update {{(pid=94653) _notify_loop /usr/local/lib/python3.8/dist-packages/neutron_lib/callbacks/manager.py:192}}
Aug 24 18:12:12.483986 dv-cinder-756709-5-smb neutron-server[94653]: DEBUG neutron.plugins.ml2.db [None req-f2f93cd7-5b62-40e7-afd0-3560db438fd1 None None] For port 80db8e40-1f03-4f67-8355-7bead29f9411, host dv-cinder-756709-5-smb, got binding levels [PortBindingLevel(driver='openvswitch',host='dv-cinder-756709-5-smb',level=0,port_id=80db8e40-1f03-4f67-8355-7bead29f9411,segment=NetworkSegment(27a51a95-7487-4c30-90f5-3f648bc52c5b),segment_id=27a51a95-7487-4c30-90f5-3f648bc52c5b)] {{(pid=94653) get_binding_level_objs /opt/stack/neutron/neutron/plugins/ml2/db.py:74}}
Aug 24 18:12:12.524732 dv-cinder-756709-5-smb neutron-server[94652]: DEBUG neutron_lib.callbacks.manager [req-7cfb89fc-8392-4431-b9ff-64a844626a31 req-060eefec-b2bd-442b-8cfa-7b09b98b8ad9 tempest-ServerRescueNegativeTestJSON-1987739490 tempest-ServerRescueNegativeTestJSON-1987739490-project] Notify callbacks [] for port, precommit_create {{(pid=94652) _notify_loop /usr/local/lib/python3.8/dist-packages/neutron_lib/callbacks/manager.py:192}}
Aug 24 18:12:12.579836 dv-cinder-756709-5-smb neutron-server[94651]: INFO neutron.wsgi [req-0fc7a276-7747-464f-bffc-dde0aad34b30 req-aa4f4978-8ff9-49c9-962f-8cba8a369012 tempest-AttachVolumeShelveTestJSON-1713646620 tempest-AttachVolumeShelveTestJSON-1713646620-project] 10.222.0.15 "GET /v2.0/security-groups?name=tempest-securitygroup--1445446749&fields=id&tenant_id=fd611e9d1b2a4705ab8fb58faf7a761a HTTP/1.1" status: 200 len: 267 time: 0.0704966
Aug 24 18:12:12.583624 dv-cinder-756709-5-smb neutron-server[94651]: DEBUG neutron_lib.callbacks.manager [None req-33d70326-c5d9-4cfa-ab30-1568981ad0a2 tempest-AttachVolumeTestJSON-1290165704 tempest-AttachVolumeTestJSON-1290165704-project] Notify callbacks ['neutron.plugins.ml2.plugin.SecurityGroupDbMixin._ensure_default_security_group_handler-4067324'] for port, before_create {{(pid=94651) _notify_loop /usr/local/lib/python3.8/dist-packages/neutron_lib/callbacks/manager.py:192}}
Aug 24 18:12:12.593810 dv-cinder-756709-5-smb neutron-server[94653]: DEBUG neutron_lib.callbacks.manager [None req-f2f93cd7-5b62-40e7-afd0-3560db438fd1 None None] Notify callbacks ['neutron.plugins.ml2.plugin.SecurityGroupServerNotifierRpcMixin._notify_sg_on_port_change-4067133', 'neutron.plugins.ml2.ovo_rpc._ObjectChangeHandler.handle_event-466089', 'neutron.api.rpc.agentnotifiers.dhcp_rpc_agent_api.DhcpAgentNotifyAPI._native_event_send_dhcp_notification-780690', 'neutron.db.l3_db.L3RpcNotifierMixin._notify_gateway_port_ip_changed-8729757722853', 'neutron.db.l3_dvrscheduler_db._notify_l3_agent_port_update-8729757301450', 'neutron.db.l3_hascheduler_db._notify_l3_agent_ha_port_update-8729757301468'] for port, after_update {{(pid=94653) _notify_loop /usr/local/lib/python3.8/dist-packages/neutron_lib/callbacks/manager.py:192}}
Aug 24 18:12:12.601757 dv-cinder-756709-5-smb neutron-server[94653]: DEBUG neutron.plugins.ml2.rpc [None req-f2f93cd7-5b62-40e7-afd0-3560db438fd1 None None] Device 29aeb86e-c716-4815-925f-590932d30499 up at agent ovs-agent-dv-cinder-756709-5-smb {{(pid=94653) update_device_up /opt/stack/neutron/neutron/plugins/ml2/rpc.py:296}}
Aug 24 18:12:12.696052 dv-cinder-756709-5-smb neutron-server[94652]: DEBUG neutron_lib.callbacks.manager [req-7cfb89fc-8392-4431-b9ff-64a844626a31 req-060eefec-b2bd-442b-8cfa-7b09b98b8ad9 tempest-ServerRescueNegativeTestJSON-1987739490 tempest-ServerRescueNegativeTestJSON-1987739490-project] Notify callbacks ['neutron.plugins.ml2.plugin.SecurityGroupServerNotifierRpcMixin._notify_sg_on_port_change-4067133', 'neutron.plugins.ml2.ovo_rpc._ObjectChangeHandler.handle_event-466089', 'neutron.api.rpc.agentnotifiers.dhcp_rpc_agent_api.DhcpAgentNotifyAPI._native_event_send_dhcp_notification-780690', 'neutron.db.l3_dvrscheduler_db._notify_l3_agent_new_port-8729757301432'] for port, after_create {{(pid=94652) _notify_loop /usr/local/lib/python3.8/dist-packages/neutron_lib/callbacks/manager.py:192}}
Aug 24 18:12:12.761676 dv-cinder-756709-5-smb neutron-server[94652]: DEBUG neutron.scheduler.dhcp_agent_scheduler [req-7cfb89fc-8392-4431-b9ff-64a844626a31 req-060eefec-b2bd-442b-8cfa-7b09b98b8ad9 tempest-ServerRescueNegativeTestJSON-1987739490 tempest-ServerRescueNegativeTestJSON-1987739490-project] Network fc16ee20-9e36-4533-bb8d-fa4b3540535c is already hosted by enough agents. {{(pid=94652) _get_dhcp_agents_hosting_network /opt/stack/neutron/neutron/scheduler/dhcp_agent_scheduler.py:275}}
Aug 24 18:12:12.765518 dv-cinder-756709-5-smb neutron-server[94652]: DEBUG neutron.scheduler.base_scheduler [req-7cfb89fc-8392-4431-b9ff-64a844626a31 req-060eefec-b2bd-442b-8cfa-7b09b98b8ad9 tempest-ServerRescueNegativeTestJSON-1987739490 tempest-ServerRescueNegativeTestJSON-1987739490-project] Resources bound (agent type, host, resource id): {{(pid=94652) schedule /opt/stack/neutron/neutron/scheduler/base_scheduler.py:57}}
Aug 24 18:12:12.770253 dv-cinder-756709-5-smb neutron-server[94652]: DEBUG neutron.db.l3_dvrscheduler_db [req-7cfb89fc-8392-4431-b9ff-64a844626a31 req-060eefec-b2bd-442b-8cfa-7b09b98b8ad9 tempest-ServerRescueNegativeTestJSON-1987739490 tempest-ServerRescueNegativeTestJSON-1987739490-project] Received port after_create {{(pid=94652) _notify_l3_agent_new_port /opt/stack/neutron/neutron/db/l3_dvrscheduler_db.py:535}}
Aug 24 18:12:12.776262 dv-cinder-756709-5-smb neutron-server[94652]: DEBUG neutron.pecan_wsgi.hooks.policy_enforcement [req-7cfb89fc-8392-4431-b9ff-64a844626a31 req-060eefec-b2bd-442b-8cfa-7b09b98b8ad9 tempest-ServerRescueNegativeTestJSON-1987739490 tempest-ServerRescueNegativeTestJSON-1987739490-project] Attributes excluded by policy engine: ['standard_attr_id', 'binding:profile', 'binding:host_id', 'binding:vif_type', 'binding:vif_details', 'network'] {{(pid=94652) _exclude_attributes_by_policy /opt/stack/neutron/neutron/pecan_wsgi/hooks/policy_enforcement.py:255}}
Aug 24 18:12:12.776946 dv-cinder-756709-5-smb neutron-server[94652]: DEBUG neutron_lib.callbacks.manager [req-7cfb89fc-8392-4431-b9ff-64a844626a31 req-060eefec-b2bd-442b-8cfa-7b09b98b8ad9 tempest-ServerRescueNegativeTestJSON-1987739490 tempest-ServerRescueNegativeTestJSON-1987739490-project] Notify callbacks ['neutron.notifiers.nova.Notifier._send_nova_notification-464770', 'neutron.api.rpc.agentnotifiers.dhcp_rpc_agent_api.DhcpAgentNotifyAPI._send_dhcp_notification-780768'] for port, before_response {{(pid=94652) _notify_loop /usr/local/lib/python3.8/dist-packages/neutron_lib/callbacks/manager.py:192}}
Aug 24 18:12:12.792343 dv-cinder-756709-5-smb neutron-server[94652]: DEBUG neutron.api.rpc.handlers.resources_rpc [None req-060eefec-b2bd-442b-8cfa-7b09b98b8ad9 tempest-ServerRescueNegativeTestJSON-1987739490 tempest-ServerRescueNegativeTestJSON-1987739490-project] Pushing event updated for resources: {'Port': ['ID=26e0d23e-0664-4e07-8c94-8bc0d399d86f,revision_number=1']} {{(pid=94652) push /opt/stack/neutron/neutron/api/rpc/handlers/resources_rpc.py:237}}
Aug 24 18:12:12.917154 dv-cinder-756709-5-smb neutron-server[94653]: DEBUG neutron.api.rpc.handlers.resources_rpc [None req-f2f93cd7-5b62-40e7-afd0-3560db438fd1 None None] Pushing event updated for resources: {'Port': ['ID=80db8e40-1f03-4f67-8355-7bead29f9411,revision_number=5']} {{(pid=94653) push /opt/stack/neutron/neutron/api/rpc/handlers/resources_rpc.py:237}}
Aug 24 18:12:12.922073 dv-cinder-756709-5-smb neutron-server[94652]: INFO neutron.wsgi [req-7cfb89fc-8392-4431-b9ff-64a844626a31 req-060eefec-b2bd-442b-8cfa-7b09b98b8ad9 tempest-ServerRescueNegativeTestJSON-1987739490 tempest-ServerRescueNegativeTestJSON-1987739490-project] 10.222.0.30 "POST /v2.0/ports HTTP/1.1" status: 201 len: 933 time: 2.3238134
Aug 24 18:12:12.940546 dv-cinder-756709-5-smb neutron-server[94651]: DEBUG neutron.pecan_wsgi.hooks.policy_enforcement [req-8818d7a1-66c3-4c99-9871-d860557162b0 req-abece124-2244-4184-b166-b341f0d2e9a7 tempest-AttachVolumeNegativeTest-70032171 tempest-AttachVolumeNegativeTest-70032171-project] Attributes excluded by policy engine: ['standard_attr_id', 'binding:profile', 'binding:host_id', 'binding:vif_type', 'binding:vif_details'] {{(pid=94651) _exclude_attributes_by_policy /opt/stack/neutron/neutron/pecan_wsgi/hooks/policy_enforcement.py:255}}
Aug 24 18:12:12.942017 dv-cinder-756709-5-smb neutron-server[94652]: DEBUG neutron.api.v2.base [req-7cfb89fc-8392-4431-b9ff-64a844626a31 req-dd1d292f-d7b5-4352-9d14-41a3c947efec service neutron] Request body: {'port': {'device_id': 'cb50c45c-b765-4f3c-9ca3-796c4b5a1fad', 'device_owner': 'compute:nova', 'binding:host_id': 'hv-cinder-75670'}} {{(pid=94652) prepare_request_body /opt/stack/neutron/neutron/api/v2/base.py:730}}
Aug 24 18:12:12.946220 dv-cinder-756709-5-smb neutron-server[94651]: INFO neutron.wsgi [req-8818d7a1-66c3-4c99-9871-d860557162b0 req-abece124-2244-4184-b166-b341f0d2e9a7 tempest-AttachVolumeNegativeTest-70032171 tempest-AttachVolumeNegativeTest-70032171-project] 10.222.0.15 "GET /v2.0/ports?device_id=ce41bc9b-fd99-4ffc-aff1-921c15c83724 HTTP/1.1" status: 200 len: 943 time: 0.3124702
Aug 24 18:12:12.960641 dv-cinder-756709-5-smb neutron-server[94653]: DEBUG neutron.db.provisioning_blocks [None req-f2f93cd7-5b62-40e7-afd0-3560db438fd1 None None] Provisioning complete for port 29aeb86e-c716-4815-925f-590932d30499 triggered by entity L2. {{(pid=94653) provisioning_complete /opt/stack/neutron/neutron/db/provisioning_blocks.py:139}}
Aug 24 18:12:12.961307 dv-cinder-756709-5-smb neutron-server[94653]: DEBUG neutron_lib.callbacks.manager [None req-f2f93cd7-5b62-40e7-afd0-3560db438fd1 None None] Notify callbacks ['neutron.plugins.ml2.plugin.Ml2Plugin._port_provisioned-4107360'] for port, provisioning_complete {{(pid=94653) _notify_loop /usr/local/lib/python3.8/dist-packages/neutron_lib/callbacks/manager.py:192}}
Aug 24 18:12:12.998752 dv-cinder-756709-5-smb neutron-server[94651]: DEBUG neutron.db.db_base_plugin_common [None req-33d70326-c5d9-4cfa-ab30-1568981ad0a2 tempest-AttachVolumeTestJSON-1290165704 tempest-AttachVolumeTestJSON-1290165704-project] Allocated IP 172.28.2.208 (cb513439-ce46-4c49-bd6d-5132183286e2/ffe3d560-bb41-4f5c-853f-fbbdab2c67ac/04ae64cb-6fc0-4d9f-bb25-cde92f2bd519) {{(pid=94651) _store_ip_allocation /opt/stack/neutron/neutron/db/db_base_plugin_common.py:131}}
Aug 24 18:12:13.205718 dv-cinder-756709-5-smb neutron-server[94652]: DEBUG neutron_lib.callbacks.manager [req-7cfb89fc-8392-4431-b9ff-64a844626a31 req-dd1d292f-d7b5-4352-9d14-41a3c947efec service neutron] Notify callbacks ['neutron.plugins.ml2.plugin.SecurityGroupDbMixin._ensure_default_security_group_handler-4067324'] for port, before_update {{(pid=94652) _notify_loop /usr/local/lib/python3.8/dist-packages/neutron_lib/callbacks/manager.py:192}}
Aug 24 18:12:13.205917 dv-cinder-756709-5-smb neutron-server[94651]: DEBUG neutron.pecan_wsgi.hooks.policy_enforcement [req-0fc7a276-7747-464f-bffc-dde0aad34b30 req-3c0f2171-3c52-4c1e-880b-2e236642a6d4 tempest-AttachVolumeShelveTestJSON-1713646620 tempest-AttachVolumeShelveTestJSON-1713646620-project] Attributes excluded by policy engine: ['standard_attr_id', 'vlan_transparent', 'provider:network_type', 'provider:physical_network', 'provider:segmentation_id'] {{(pid=94651) _exclude_attributes_by_policy /opt/stack/neutron/neutron/pecan_wsgi/hooks/policy_enforcement.py:255}}
Aug 24 18:12:13.207923 dv-cinder-756709-5-smb neutron-server[94651]: INFO neutron.wsgi [req-0fc7a276-7747-464f-bffc-dde0aad34b30 req-3c0f2171-3c52-4c1e-880b-2e236642a6d4 tempest-AttachVolumeShelveTestJSON-1713646620 tempest-AttachVolumeShelveTestJSON-1713646620-project] 10.222.0.15 "GET /v2.0/networks?id=942fdbf4-9fb6-44c5-a674-bb9a1970495e HTTP/1.1" status: 200 len: 817 time: 0.5934174
Aug 24 18:12:13.242184 dv-cinder-756709-5-smb neutron-server[94651]: INFO neutron.wsgi [req-8818d7a1-66c3-4c99-9871-d860557162b0 req-aea3500c-3355-4018-8d52-7430ca523010 tempest-AttachVolumeNegativeTest-70032171 tempest-AttachVolumeNegativeTest-70032171-project] 10.222.0.15 "GET /v2.0/security-groups?id=56ceb3e6-33d2-4d78-9853-51c5f1d10683&fields=id&fields=name HTTP/1.1" status: 200 len: 286 time: 0.2346869
Aug 24 18:12:13.273695 dv-cinder-756709-5-smb neutron-server[94651]: INFO neutron.wsgi [req-0fc7a276-7747-464f-bffc-dde0aad34b30 req-47a83b45-0cdb-45a1-8a68-a7c3f8bbb05d tempest-AttachVolumeShelveTestJSON-1713646620 tempest-AttachVolumeShelveTestJSON-1713646620-project] 10.222.0.15 "GET /v2.0/quotas/fd611e9d1b2a4705ab8fb58faf7a761a HTTP/1.1" status: 200 len: 375 time: 0.0289900
Aug 24 18:12:13.287167 dv-cinder-756709-5-smb neutron-server[94652]: DEBUG neutron.pecan_wsgi.hooks.policy_enforcement [req-58a0fc67-0d69-42e3-8f27-4101a7acc309 req-d497816c-76d7-47e0-bda2-fc508b182833 tempest-ServerRescueNegativeTestJSON-1987739490 tempest-ServerRescueNegativeTestJSON-1987739490-project] Attributes excluded by policy engine: ['standard_attr_id', 'vlan_transparent', 'provider:network_type', 'provider:physical_network', 'provider:segmentation_id'] {{(pid=94652) _exclude_attributes_by_policy /opt/stack/neutron/neutron/pecan_wsgi/hooks/policy_enforcement.py:255}}
Aug 24 18:12:13.289129 dv-cinder-756709-5-smb neutron-server[94652]: INFO neutron.wsgi [req-58a0fc67-0d69-42e3-8f27-4101a7acc309 req-d497816c-76d7-47e0-bda2-fc508b182833 tempest-ServerRescueNegativeTestJSON-1987739490 tempest-ServerRescueNegativeTestJSON-1987739490-project] 10.222.0.30 "GET /v2.0/networks?id=fc16ee20-9e36-4533-bb8d-fa4b3540535c HTTP/1.1" status: 200 len: 817 time: 0.2959442
Aug 24 18:12:13.327678 dv-cinder-756709-5-smb neutron-server[94652]: DEBUG neutron.api.v2.base [req-58a0fc67-0d69-42e3-8f27-4101a7acc309 req-e73c6bb2-b53b-4eda-8353-826b98f95da3 tempest-ServerRescueNegativeTestJSON-1987739490 tempest-ServerRescueNegativeTestJSON-1987739490-project] Request body: {'port': {'device_id': '991c6dc3-35e0-49d0-9f70-babdae115f8a', 'network_id': 'fc16ee20-9e36-4533-bb8d-fa4b3540535c', 'admin_state_up': True, 'tenant_id': 'c0b220c67e884d38bd93b647367842b5'}} {{(pid=94652) prepare_request_body /opt/stack/neutron/neutron/api/v2/base.py:730}}
Aug 24 18:12:13.415758 dv-cinder-756709-5-smb neutron-server[94651]: DEBUG neutron_lib.callbacks.manager [None req-33d70326-c5d9-4cfa-ab30-1568981ad0a2 tempest-AttachVolumeTestJSON-1290165704 tempest-AttachVolumeTestJSON-1290165704-project] Notify callbacks [] for port, precommit_create {{(pid=94651) _notify_loop /usr/local/lib/python3.8/dist-packages/neutron_lib/callbacks/manager.py:192}}
Aug 24 18:12:13.495174 dv-cinder-756709-5-smb neutron-server[94651]: INFO neutron.wsgi [req-a05470ec-78ab-418f-a236-06e3d0682250 req-6005970d-b263-4df1-8f00-67f473eb3942 tempest-ServerRescueNegativeTestJSON-1987739490 tempest-ServerRescueNegativeTestJSON-1987739490-project] 10.222.0.15 "GET /v2.0/ports?device_id=991c6dc3-35e0-49d0-9f70-babdae115f8a HTTP/1.1" status: 200 len: 210 time: 0.1577263
Aug 24 18:12:13.561935 dv-cinder-756709-5-smb neutron-server[94651]: INFO neutron.wsgi [req-0fc7a276-7747-464f-bffc-dde0aad34b30 req-b9213794-c653-4aad-9462-530901639405 tempest-AttachVolumeShelveTestJSON-1713646620 tempest-AttachVolumeShelveTestJSON-1713646620-project] 10.222.0.15 "GET /v2.0/ports?tenant_id=fd611e9d1b2a4705ab8fb58faf7a761a&fields=id HTTP/1.1" status: 200 len: 348 time: 0.2709007
Aug 24 18:12:13.591018 dv-cinder-756709-5-smb neutron-server[94651]: DEBUG neutron_lib.callbacks.manager [None req-33d70326-c5d9-4cfa-ab30-1568981ad0a2 tempest-AttachVolumeTestJSON-1290165704 tempest-AttachVolumeTestJSON-1290165704-project] Notify callbacks ['neutron.plugins.ml2.plugin.SecurityGroupServerNotifierRpcMixin._notify_sg_on_port_change-4067133', 'neutron.plugins.ml2.ovo_rpc._ObjectChangeHandler.handle_event-466089', 'neutron.api.rpc.agentnotifiers.dhcp_rpc_agent_api.DhcpAgentNotifyAPI._native_event_send_dhcp_notification-780690', 'neutron.db.l3_dvrscheduler_db._notify_l3_agent_new_port-8729757301432'] for port, after_create {{(pid=94651) _notify_loop /usr/local/lib/python3.8/dist-packages/neutron_lib/callbacks/manager.py:192}}
Aug 24 18:12:13.822620 dv-cinder-756709-5-smb neutron-server[94653]: DEBUG neutron.plugins.ml2.rpc [None req-f2f93cd7-5b62-40e7-afd0-3560db438fd1 None None] Device 80db8e40-1f03-4f67-8355-7bead29f9411 up at agent ovs-agent-dv-cinder-756709-5-smb {{(pid=94653) update_device_up /opt/stack/neutron/neutron/plugins/ml2/rpc.py:296}}
Aug 24 18:12:13.901121 dv-cinder-756709-5-smb neutron-server[94653]: DEBUG neutron.db.provisioning_blocks [None req-f2f93cd7-5b62-40e7-afd0-3560db438fd1 None None] Provisioning complete for port 80db8e40-1f03-4f67-8355-7bead29f9411 triggered by entity L2. {{(pid=94653) provisioning_complete /opt/stack/neutron/neutron/db/provisioning_blocks.py:139}}
Aug 24 18:12:13.901773 dv-cinder-756709-5-smb neutron-server[94653]: DEBUG neutron_lib.callbacks.manager [None req-f2f93cd7-5b62-40e7-afd0-3560db438fd1 None None] Notify callbacks ['neutron.plugins.ml2.plugin.Ml2Plugin._port_provisioned-4107360'] for port, provisioning_complete {{(pid=94653) _notify_loop /usr/local/lib/python3.8/dist-packages/neutron_lib/callbacks/manager.py:192}}
Aug 24 18:12:13.920990 dv-cinder-756709-5-smb neutron-server[94651]: DEBUG neutron.scheduler.dhcp_agent_scheduler [None req-33d70326-c5d9-4cfa-ab30-1568981ad0a2 tempest-AttachVolumeTestJSON-1290165704 tempest-AttachVolumeTestJSON-1290165704-project] Network cb513439-ce46-4c49-bd6d-5132183286e2 is already hosted by enough agents. {{(pid=94651) _get_dhcp_agents_hosting_network /opt/stack/neutron/neutron/scheduler/dhcp_agent_scheduler.py:275}}
Aug 24 18:12:13.949024 dv-cinder-756709-5-smb neutron-server[94651]: DEBUG neutron.scheduler.base_scheduler [None req-33d70326-c5d9-4cfa-ab30-1568981ad0a2 tempest-AttachVolumeTestJSON-1290165704 tempest-AttachVolumeTestJSON-1290165704-project] Resources bound (agent type, host, resource id): {{(pid=94651) schedule /opt/stack/neutron/neutron/scheduler/base_scheduler.py:57}}
Aug 24 18:12:13.953197 dv-cinder-756709-5-smb neutron-server[94651]: DEBUG neutron.db.l3_dvrscheduler_db [None req-33d70326-c5d9-4cfa-ab30-1568981ad0a2 tempest-AttachVolumeTestJSON-1290165704 tempest-AttachVolumeTestJSON-1290165704-project] Received port after_create {{(pid=94651) _notify_l3_agent_new_port /opt/stack/neutron/neutron/db/l3_dvrscheduler_db.py:535}}
Aug 24 18:12:13.959399 dv-cinder-756709-5-smb neutron-server[94652]: DEBUG neutron.notifiers.nova [req-7cfb89fc-8392-4431-b9ff-64a844626a31 req-dd1d292f-d7b5-4352-9d14-41a3c947efec service neutron] Ignoring state change previous_port_status: DOWN current_port_status: DOWN port_id 26e0d23e-0664-4e07-8c94-8bc0d399d86f {{(pid=94652) record_port_status_changed /opt/stack/neutron/neutron/notifiers/nova.py:224}}
Aug 24 18:12:14.108871 dv-cinder-756709-5-smb neutron-server[94652]: DEBUG neutron_lib.callbacks.manager [req-7cfb89fc-8392-4431-b9ff-64a844626a31 req-dd1d292f-d7b5-4352-9d14-41a3c947efec service neutron] Notify callbacks [] for port, precommit_update {{(pid=94652) _notify_loop /usr/local/lib/python3.8/dist-packages/neutron_lib/callbacks/manager.py:192}}
Aug 24 18:12:14.108871 dv-cinder-756709-5-smb neutron-server[94652]: DEBUG neutron.db.provisioning_blocks [req-7cfb89fc-8392-4431-b9ff-64a844626a31 req-dd1d292f-d7b5-4352-9d14-41a3c947efec service neutron] Transition to ACTIVE for port object 26e0d23e-0664-4e07-8c94-8bc0d399d86f will not be triggered until provisioned by entity L2. {{(pid=94652) add_provisioning_component /opt/stack/neutron/neutron/db/provisioning_blocks.py:73}}
Aug 24 18:12:14.109151 dv-cinder-756709-5-smb neutron-server[94651]: DEBUG neutron.api.rpc.handlers.resources_rpc [None req-33d70326-c5d9-4cfa-ab30-1568981ad0a2 tempest-AttachVolumeTestJSON-1290165704 tempest-AttachVolumeTestJSON-1290165704-project] Pushing event updated for resources: {'Port': ['ID=04ae64cb-6fc0-4d9f-bb25-cde92f2bd519,revision_number=1']} {{(pid=94651) push /opt/stack/neutron/neutron/api/rpc/handlers/resources_rpc.py:237}}
Aug 24 18:12:14.109151 dv-cinder-756709-5-smb neutron-server[94651]: INFO neutron.wsgi [req-0fc7a276-7747-464f-bffc-dde0aad34b30 req-425f6bd3-3449-4bb0-a1c8-6b5382111c0a service neutron] 10.222.0.15 "GET /v2.0/networks/942fdbf4-9fb6-44c5-a674-bb9a1970495e?fields=segments HTTP/1.1" status: 200 len: 212 time: 0.4926367
Aug 24 18:12:14.109151 dv-cinder-756709-5-smb neutron-server[94651]: DEBUG neutron.pecan_wsgi.hooks.policy_enforcement [req-6dcfce8e-7c43-4eaf-a507-4f35be6d160f req-13819ed3-fc5e-4441-8e58-ada98166960d tempest-DeleteServersTestJSON-1266130645 tempest-DeleteServersTestJSON-1266130645-project] Attributes excluded by policy engine: ['standard_attr_id', 'binding:profile', 'binding:host_id', 'binding:vif_type', 'binding:vif_details'] {{(pid=94651) _exclude_attributes_by_policy /opt/stack/neutron/neutron/pecan_wsgi/hooks/policy_enforcement.py:255}}
Aug 24 18:12:14.109151 dv-cinder-756709-5-smb neutron-server[94651]: INFO neutron.wsgi [req-6dcfce8e-7c43-4eaf-a507-4f35be6d160f req-13819ed3-fc5e-4441-8e58-ada98166960d tempest-DeleteServersTestJSON-1266130645 tempest-DeleteServersTestJSON-1266130645-project] 10.222.0.15 "GET /v2.0/ports?device_id=1133ed79-53fe-4b29-9a68-d974b5f27944 HTTP/1.1" status: 200 len: 943 time: 0.2113419
Aug 24 18:12:14.122044 dv-cinder-756709-5-smb neutron-server[94651]: DEBUG neutron_lib.callbacks.manager [None req-33d70326-c5d9-4cfa-ab30-1568981ad0a2 tempest-AttachVolumeTestJSON-1290165704 tempest-AttachVolumeTestJSON-1290165704-project] Notify callbacks [] for floatingip, precommit_create {{(pid=94651) _notify_loop /usr/local/lib/python3.8/dist-packages/neutron_lib/callbacks/manager.py:192}}
Aug 24 18:12:14.205756 dv-cinder-756709-5-smb neutron-server[94651]: INFO neutron.wsgi [req-6dcfce8e-7c43-4eaf-a507-4f35be6d160f req-3a62c26e-664f-4805-9e46-ce01865655a2 tempest-DeleteServersTestJSON-1266130645 tempest-DeleteServersTestJSON-1266130645-project] 10.222.0.15 "GET /v2.0/security-groups?id=f8dedbc8-2386-4026-9789-aed6fbf1dc2e&fields=id&fields=name HTTP/1.1" status: 200 len: 286 time: 0.0818875
Aug 24 18:12:14.231253 dv-cinder-756709-5-smb neutron-server[94651]: INFO neutron.wsgi [req-0fc7a276-7747-464f-bffc-dde0aad34b30 req-6353415b-9068-4776-96b8-08fb91b47c52 service neutron] 10.222.0.15 "GET /v2.0/networks/942fdbf4-9fb6-44c5-a674-bb9a1970495e?fields=provider%3Aphysical_network&fields=provider%3Anetwork_type HTTP/1.1" status: 200 len: 281 time: 0.1509409
Aug 24 18:12:14.237861 dv-cinder-756709-5-smb neutron-server[94652]: DEBUG neutron.pecan_wsgi.hooks.quota_enforcement [req-58a0fc67-0d69-42e3-8f27-4101a7acc309 req-e73c6bb2-b53b-4eda-8353-826b98f95da3 tempest-ServerRescueNegativeTestJSON-1987739490 tempest-ServerRescueNegativeTestJSON-1987739490-project] Made reservation on behalf of c0b220c67e884d38bd93b647367842b5 for: {'port': 1} {{(pid=94652) before /opt/stack/neutron/neutron/pecan_wsgi/hooks/quota_enforcement.py:53}}
Aug 24 18:12:14.243474 dv-cinder-756709-5-smb neutron-server[94652]: DEBUG neutron_lib.callbacks.manager [req-58a0fc67-0d69-42e3-8f27-4101a7acc309 req-e73c6bb2-b53b-4eda-8353-826b98f95da3 tempest-ServerRescueNegativeTestJSON-1987739490 tempest-ServerRescueNegativeTestJSON-1987739490-project] Notify callbacks ['neutron.plugins.ml2.plugin.SecurityGroupDbMixin._ensure_default_security_group_handler-4067324'] for port, before_create {{(pid=94652) _notify_loop /usr/local/lib/python3.8/dist-packages/neutron_lib/callbacks/manager.py:192}}
Aug 24 18:12:14.312262 dv-cinder-756709-5-smb neutron-server[94652]: DEBUG neutron_lib.callbacks.manager [req-7cfb89fc-8392-4431-b9ff-64a844626a31 req-dd1d292f-d7b5-4352-9d14-41a3c947efec service neutron] Notify callbacks ['neutron.plugins.ml2.plugin.SecurityGroupServerNotifierRpcMixin._notify_sg_on_port_change-4067133', 'neutron.plugins.ml2.ovo_rpc._ObjectChangeHandler.handle_event-466089', 'neutron.api.rpc.agentnotifiers.dhcp_rpc_agent_api.DhcpAgentNotifyAPI._native_event_send_dhcp_notification-780690', 'neutron.db.l3_db.L3RpcNotifierMixin._notify_gateway_port_ip_changed-8729757722853', 'neutron.db.l3_dvrscheduler_db._notify_l3_agent_port_update-8729757301450', 'neutron.db.l3_hascheduler_db._notify_l3_agent_ha_port_update-8729757301468'] for port, after_update {{(pid=94652) _notify_loop /usr/local/lib/python3.8/dist-packages/neutron_lib/callbacks/manager.py:192}}
Aug 24 18:12:14.365418 dv-cinder-756709-5-smb neutron-server[94651]: DEBUG neutron_lib.callbacks.manager [None req-33d70326-c5d9-4cfa-ab30-1568981ad0a2 tempest-AttachVolumeTestJSON-1290165704 tempest-AttachVolumeTestJSON-1290165704-project] Notify callbacks ['neutron.plugins.ml2.plugin.SecurityGroupDbMixin._ensure_default_security_group_handler-4067324'] for port, before_update {{(pid=94651) _notify_loop /usr/local/lib/python3.8/dist-packages/neutron_lib/callbacks/manager.py:192}}
Aug 24 18:12:14.394937 dv-cinder-756709-5-smb neutron-server[94652]: DEBUG neutron.api.rpc.handlers.resources_rpc [None req-dd1d292f-d7b5-4352-9d14-41a3c947efec service neutron] Pushing event updated for resources: {'Port': ['ID=26e0d23e-0664-4e07-8c94-8bc0d399d86f,revision_number=2']} {{(pid=94652) push /opt/stack/neutron/neutron/api/rpc/handlers/resources_rpc.py:237}}
Aug 24 18:12:14.469002 dv-cinder-756709-5-smb neutron-server[94652]: DEBUG neutron.plugins.ml2.managers [req-7cfb89fc-8392-4431-b9ff-64a844626a31 req-dd1d292f-d7b5-4352-9d14-41a3c947efec service neutron] Attempting to bind port 26e0d23e-0664-4e07-8c94-8bc0d399d86f on host hv-cinder-75670 for vnic_type normal with profile {{(pid=94652) bind_port /opt/stack/neutron/neutron/plugins/ml2/managers.py:790}}
Aug 24 18:12:14.469200 dv-cinder-756709-5-smb neutron-server[94652]: DEBUG neutron.plugins.ml2.managers [req-7cfb89fc-8392-4431-b9ff-64a844626a31 req-dd1d292f-d7b5-4352-9d14-41a3c947efec service neutron] Attempting to bind port 26e0d23e-0664-4e07-8c94-8bc0d399d86f by drivers openvswitch,hyperv on host hv-cinder-75670 at level 0 using segments [{'id': '4618a48c-871f-4b1d-9145-b151f5175c18', 'network_type': 'vlan', 'physical_network': 'physnet1', 'segmentation_id': 695, 'network_id': 'fc16ee20-9e36-4533-bb8d-fa4b3540535c'}] {{(pid=94652) _bind_port_level /opt/stack/neutron/neutron/plugins/ml2/managers.py:815}}
Aug 24 18:12:14.469549 dv-cinder-756709-5-smb neutron-server[94652]: DEBUG neutron.plugins.ml2.drivers.mech_agent [req-7cfb89fc-8392-4431-b9ff-64a844626a31 req-dd1d292f-d7b5-4352-9d14-41a3c947efec service neutron] Attempting to bind port 26e0d23e-0664-4e07-8c94-8bc0d399d86f on network fc16ee20-9e36-4533-bb8d-fa4b3540535c {{(pid=94652) bind_port /opt/stack/neutron/neutron/plugins/ml2/drivers/mech_agent.py:85}}
Aug 24 18:12:14.478446 dv-cinder-756709-5-smb neutron-server[94652]: DEBUG neutron.db.db_base_plugin_common [req-58a0fc67-0d69-42e3-8f27-4101a7acc309 req-e73c6bb2-b53b-4eda-8353-826b98f95da3 tempest-ServerRescueNegativeTestJSON-1987739490 tempest-ServerRescueNegativeTestJSON-1987739490-project] Allocated IP 172.20.0.5 (fc16ee20-9e36-4533-bb8d-fa4b3540535c/4a122926-86ce-4629-af83-51be5fec7a9b/c52ca429-d5c0-4c0a-84df-2f41f73f73d2) {{(pid=94652) _store_ip_allocation /opt/stack/neutron/neutron/db/db_base_plugin_common.py:131}}
Aug 24 18:12:14.481136 dv-cinder-756709-5-smb neutron-server[94652]: DEBUG neutron.plugins.ml2.drivers.mech_agent [req-7cfb89fc-8392-4431-b9ff-64a844626a31 req-dd1d292f-d7b5-4352-9d14-41a3c947efec service neutron] Port 26e0d23e-0664-4e07-8c94-8bc0d399d86f on network fc16ee20-9e36-4533-bb8d-fa4b3540535c not bound, no agent of type Open vSwitch agent registered on host hv-cinder-75670 {{(pid=94652) bind_port /opt/stack/neutron/neutron/plugins/ml2/drivers/mech_agent.py:97}}
Aug 24 18:12:14.481499 dv-cinder-756709-5-smb neutron-server[94652]: DEBUG neutron.plugins.ml2.drivers.mech_agent [req-7cfb89fc-8392-4431-b9ff-64a844626a31 req-dd1d292f-d7b5-4352-9d14-41a3c947efec service neutron] Attempting to bind port 26e0d23e-0664-4e07-8c94-8bc0d399d86f on network fc16ee20-9e36-4533-bb8d-fa4b3540535c {{(pid=94652) bind_port /opt/stack/neutron/neutron/plugins/ml2/drivers/mech_agent.py:85}}
Aug 24 18:12:14.495936 dv-cinder-756709-5-smb neutron-server[94652]: DEBUG neutron.plugins.ml2.drivers.mech_agent [req-7cfb89fc-8392-4431-b9ff-64a844626a31 req-dd1d292f-d7b5-4352-9d14-41a3c947efec service neutron] Checking agent: {'id': 'fd3ef81c-46b3-47b2-a70c-bf3ed0b42f0e', 'agent_type': 'HyperV agent', 'binary': 'neutron-hyperv-agent', 'topic': 'N/A', 'host': 'hv-cinder-75670', 'admin_state_up': True, 'created_at': datetime.datetime(2021, 8, 24, 18, 9, 47), 'started_at': datetime.datetime(2021, 8, 24, 18, 9, 47), 'heartbeat_timestamp': datetime.datetime(2021, 8, 24, 18, 11, 47), 'description': None, 'resources_synced': None, 'availability_zone': None, 'alive': True, 'configurations': {'vswitch_mappings': {'physnet1$': 'br-data'}}, 'resource_versions': {}} {{(pid=94652) bind_port /opt/stack/neutron/neutron/plugins/ml2/drivers/mech_agent.py:104}}
Aug 24 18:12:14.498126 dv-cinder-756709-5-smb neutron-server[94652]: DEBUG neutron.plugins.ml2.drivers.mech_agent [req-7cfb89fc-8392-4431-b9ff-64a844626a31 req-dd1d292f-d7b5-4352-9d14-41a3c947efec service neutron] Checking segment: {'id': '4618a48c-871f-4b1d-9145-b151f5175c18', 'network_type': 'vlan', 'physical_network': 'physnet1', 'segmentation_id': 695, 'network_id': 'fc16ee20-9e36-4533-bb8d-fa4b3540535c'} for mappings: {'physnet1$': 'br-data'} with network types: ['local', 'flat', 'vlan'] {{(pid=94652) check_segment_for_agent /opt/stack/neutron/neutron/plugins/ml2/drivers/mech_agent.py:352}}
Aug 24 18:12:14.498126 dv-cinder-756709-5-smb neutron-server[94652]: DEBUG neutron.plugins.ml2.drivers.mech_agent [req-7cfb89fc-8392-4431-b9ff-64a844626a31 req-dd1d292f-d7b5-4352-9d14-41a3c947efec service neutron] Bound using segment: {'id': '4618a48c-871f-4b1d-9145-b151f5175c18', 'network_type': 'vlan', 'physical_network': 'physnet1', 'segmentation_id': 695, 'network_id': 'fc16ee20-9e36-4533-bb8d-fa4b3540535c'} {{(pid=94652) bind_port /opt/stack/neutron/neutron/plugins/ml2/drivers/mech_agent.py:114}}
Aug 24 18:12:14.498126 dv-cinder-756709-5-smb neutron-server[94652]: DEBUG neutron.plugins.ml2.managers [req-7cfb89fc-8392-4431-b9ff-64a844626a31 req-dd1d292f-d7b5-4352-9d14-41a3c947efec service neutron] Bound port: 26e0d23e-0664-4e07-8c94-8bc0d399d86f, host: hv-cinder-75670, vif_type: hyperv, vif_details: {"connectivity": "legacy", "port_filter": false}, binding_levels: [{'bound_driver': 'hyperv', 'bound_segment': {'id': '4618a48c-871f-4b1d-9145-b151f5175c18', 'network_type': 'vlan', 'physical_network': 'physnet1', 'segmentation_id': 695, 'network_id': 'fc16ee20-9e36-4533-bb8d-fa4b3540535c'}}] {{(pid=94652) _bind_port_level /opt/stack/neutron/neutron/plugins/ml2/managers.py:928}}
Aug 24 18:12:14.498445 dv-cinder-756709-5-smb neutron-server[94652]: DEBUG neutron_lib.callbacks.manager [req-7cfb89fc-8392-4431-b9ff-64a844626a31 req-dd1d292f-d7b5-4352-9d14-41a3c947efec service neutron] Notify callbacks ['neutron.plugins.ml2.plugin.SecurityGroupDbMixin._ensure_default_security_group_handler-4067324'] for port, before_update {{(pid=94652) _notify_loop /usr/local/lib/python3.8/dist-packages/neutron_lib/callbacks/manager.py:192}}
Aug 24 18:12:14.539293 dv-cinder-756709-5-smb neutron-server[94651]: DEBUG neutron.pecan_wsgi.hooks.policy_enforcement [req-88c6e11b-d96e-46c3-ac83-2613ef935e0e req-f6bd7e1c-8ba9-4a00-a0cf-8d7375999a9f tempest-AttachVolumeNegativeTest-70032171 tempest-AttachVolumeNegativeTest-70032171-project] Attributes excluded by policy engine: ['standard_attr_id', 'binding:profile', 'binding:host_id', 'binding:vif_type', 'binding:vif_details'] {{(pid=94651) _exclude_attributes_by_policy /opt/stack/neutron/neutron/pecan_wsgi/hooks/policy_enforcement.py:255}}
Aug 24 18:12:14.540856 dv-cinder-756709-5-smb neutron-server[94651]: INFO neutron.wsgi [req-88c6e11b-d96e-46c3-ac83-2613ef935e0e req-f6bd7e1c-8ba9-4a00-a0cf-8d7375999a9f tempest-AttachVolumeNegativeTest-70032171 tempest-AttachVolumeNegativeTest-70032171-project] 10.222.0.15 "GET /v2.0/ports?device_id=ce41bc9b-fd99-4ffc-aff1-921c15c83724 HTTP/1.1" status: 200 len: 943 time: 0.1333194
Aug 24 18:12:14.653287 dv-cinder-756709-5-smb neutron-server[94652]: DEBUG neutron.plugins.ml2.db [req-7cfb89fc-8392-4431-b9ff-64a844626a31 req-dd1d292f-d7b5-4352-9d14-41a3c947efec service neutron] For port 26e0d23e-0664-4e07-8c94-8bc0d399d86f, host hv-cinder-75670, cleared binding levels {{(pid=94652) clear_binding_levels /opt/stack/neutron/neutron/plugins/ml2/db.py:87}}
Aug 24 18:12:14.676890 dv-cinder-756709-5-smb neutron-server[94652]: DEBUG neutron.plugins.ml2.db [req-7cfb89fc-8392-4431-b9ff-64a844626a31 req-dd1d292f-d7b5-4352-9d14-41a3c947efec service neutron] For port 26e0d23e-0664-4e07-8c94-8bc0d399d86f, host hv-cinder-75670, set binding levels [PortBindingLevel(driver='hyperv',host='hv-cinder-75670',level=0,port_id=26e0d23e-0664-4e07-8c94-8bc0d399d86f,segment=NetworkSegment(4618a48c-871f-4b1d-9145-b151f5175c18),segment_id=4618a48c-871f-4b1d-9145-b151f5175c18)] {{(pid=94652) set_binding_levels /opt/stack/neutron/neutron/plugins/ml2/db.py:59}}
Aug 24 18:12:14.723245 dv-cinder-756709-5-smb neutron-server[94651]: INFO neutron.wsgi [req-88c6e11b-d96e-46c3-ac83-2613ef935e0e req-aafe122e-697a-40d5-8be8-d5fd413e4022 tempest-AttachVolumeNegativeTest-70032171 tempest-AttachVolumeNegativeTest-70032171-project] 10.222.0.15 "GET /v2.0/security-groups?id=56ceb3e6-33d2-4d78-9853-51c5f1d10683&fields=id&fields=name HTTP/1.1" status: 200 len: 286 time: 0.1688175
Aug 24 18:12:14.750182 dv-cinder-756709-5-smb neutron-server[94652]: DEBUG neutron_lib.callbacks.manager [req-58a0fc67-0d69-42e3-8f27-4101a7acc309 req-e73c6bb2-b53b-4eda-8353-826b98f95da3 tempest-ServerRescueNegativeTestJSON-1987739490 tempest-ServerRescueNegativeTestJSON-1987739490-project] Notify callbacks [] for port, precommit_create {{(pid=94652) _notify_loop /usr/local/lib/python3.8/dist-packages/neutron_lib/callbacks/manager.py:192}}
Aug 24 18:12:14.769929 dv-cinder-756709-5-smb neutron-server[94652]: DEBUG neutron.wsgi [-] (94652) accepted ('10.222.0.15', 57374) {{(pid=94652) server /usr/local/lib/python3.8/dist-packages/eventlet/wsgi.py:982}}
Aug 24 18:12:14.787935 dv-cinder-756709-5-smb neutron-server[94652]: DEBUG neutron_lib.callbacks.manager [req-7cfb89fc-8392-4431-b9ff-64a844626a31 req-dd1d292f-d7b5-4352-9d14-41a3c947efec service neutron] Notify callbacks ['neutron.plugins.ml2.plugin.SecurityGroupServerNotifierRpcMixin._notify_sg_on_port_change-4067133', 'neutron.plugins.ml2.ovo_rpc._ObjectChangeHandler.handle_event-466089', 'neutron.api.rpc.agentnotifiers.dhcp_rpc_agent_api.DhcpAgentNotifyAPI._native_event_send_dhcp_notification-780690', 'neutron.db.l3_db.L3RpcNotifierMixin._notify_gateway_port_ip_changed-8729757722853', 'neutron.db.l3_dvrscheduler_db._notify_l3_agent_port_update-8729757301450', 'neutron.db.l3_hascheduler_db._notify_l3_agent_ha_port_update-8729757301468'] for port, after_update {{(pid=94652) _notify_loop /usr/local/lib/python3.8/dist-packages/neutron_lib/callbacks/manager.py:192}}
Aug 24 18:12:14.802266 dv-cinder-756709-5-smb neutron-server[94651]: INFO neutron.wsgi [req-17985445-bea0-461e-b417-5b7fd797dc01 req-5fd68a7d-6101-4dab-be32-4eee5a3e5cd2 tempest-ServerRescueNegativeTestJSON-1987739490 tempest-ServerRescueNegativeTestJSON-1987739490-project] 10.222.0.15 "GET /v2.0/ports?device_id=991c6dc3-35e0-49d0-9f70-babdae115f8a HTTP/1.1" status: 200 len: 210 time: 0.0993166
Aug 24 18:12:14.808735 dv-cinder-756709-5-smb neutron-server[94651]: DEBUG neutron.wsgi [-] (94651) accepted ('10.222.0.15', 57378) {{(pid=94651) server /usr/local/lib/python3.8/dist-packages/eventlet/wsgi.py:982}}
Aug 24 18:12:14.850364 dv-cinder-756709-5-smb neutron-server[94652]: DEBUG neutron.pecan_wsgi.hooks.policy_enforcement [req-7cfb89fc-8392-4431-b9ff-64a844626a31 req-dd1d292f-d7b5-4352-9d14-41a3c947efec service neutron] Attributes excluded by policy engine: ['standard_attr_id'] {{(pid=94652) _exclude_attributes_by_policy /opt/stack/neutron/neutron/pecan_wsgi/hooks/policy_enforcement.py:255}}
Aug 24 18:12:14.851157 dv-cinder-756709-5-smb neutron-server[94652]: DEBUG neutron_lib.callbacks.manager [req-7cfb89fc-8392-4431-b9ff-64a844626a31 req-dd1d292f-d7b5-4352-9d14-41a3c947efec service neutron] Notify callbacks ['neutron.notifiers.nova.Notifier._send_nova_notification-464770', 'neutron.api.rpc.agentnotifiers.dhcp_rpc_agent_api.DhcpAgentNotifyAPI._send_dhcp_notification-780768'] for port, before_response {{(pid=94652) _notify_loop /usr/local/lib/python3.8/dist-packages/neutron_lib/callbacks/manager.py:192}}
Aug 24 18:12:14.852742 dv-cinder-756709-5-smb neutron-server[94652]: INFO neutron.wsgi [req-7cfb89fc-8392-4431-b9ff-64a844626a31 req-dd1d292f-d7b5-4352-9d14-41a3c947efec service neutron] 10.222.0.30 "PUT /v2.0/ports/26e0d23e-0664-4e07-8c94-8bc0d399d86f HTTP/1.1" status: 200 len: 1093 time: 1.9208298
Aug 24 18:12:14.853475 dv-cinder-756709-5-smb neutron-server[94652]: DEBUG neutron.notifiers.nova [-] Sending events: [{'name': 'network-changed', 'server_uuid': 'cb50c45c-b765-4f3c-9ca3-796c4b5a1fad', 'tag': '26e0d23e-0664-4e07-8c94-8bc0d399d86f'}] {{(pid=94652) send_events /opt/stack/neutron/neutron/notifiers/nova.py:262}}
Aug 24 18:12:14.856406 dv-cinder-756709-5-smb neutron-server[94652]: DEBUG novaclient.v2.client [-] REQ: curl -g -i --cacert "/opt/stack/data/ca-bundle.pem" -X POST http://10.222.0.15/compute/v2.1/os-server-external-events -H "Accept: application/json" -H "Content-Type: application/json" -H "User-Agent: python-novaclient" -H "X-Auth-Token: {SHA256}a80394942ebf238c0c36f16a7241f1538f09b1ed30f8cc2960d8bd36ae666814" -H "X-OpenStack-Nova-API-Version: 2.1" -H "X-OpenStack-Request-ID: req-4c2a76ec-cb8e-42d5-bd81-609783c8b99c" -d '{"events": [{"name": "network-changed", "server_uuid": "cb50c45c-b765-4f3c-9ca3-796c4b5a1fad", "tag": "26e0d23e-0664-4e07-8c94-8bc0d399d86f"}]}' {{(pid=94652) _http_log_request /usr/local/lib/python3.8/dist-packages/keystoneauth1/session.py:519}}
Aug 24 18:12:14.882537 dv-cinder-756709-5-smb neutron-server[94652]: DEBUG neutron.api.rpc.handlers.resources_rpc [None req-dd1d292f-d7b5-4352-9d14-41a3c947efec service neutron] Pushing event updated for resources: {'Port': ['ID=26e0d23e-0664-4e07-8c94-8bc0d399d86f,revision_number=3']} {{(pid=94652) push /opt/stack/neutron/neutron/api/rpc/handlers/resources_rpc.py:237}}
Aug 24 18:12:14.882987 dv-cinder-756709-5-smb neutron-server[94651]: INFO neutron.wsgi [req-29a1088b-b1d7-4eda-bc26-36e158d9705c req-71c4dfe0-f944-42f8-98b4-74412b3b7665 tempest-AttachVolumeShelveTestJSON-1713646620 tempest-AttachVolumeShelveTestJSON-1713646620-project] 10.222.0.15 "GET /v2.0/ports?device_id=0d7d9efc-bea1-49e2-8380-92b3e177ba4a HTTP/1.1" status: 200 len: 210 time: 0.0739853
Aug 24 18:12:14.900609 dv-cinder-756709-5-smb neutron-server[94651]: DEBUG neutron_lib.callbacks.manager [None req-33d70326-c5d9-4cfa-ab30-1568981ad0a2 tempest-AttachVolumeTestJSON-1290165704 tempest-AttachVolumeTestJSON-1290165704-project] Notify callbacks [] for port, precommit_update {{(pid=94651) _notify_loop /usr/local/lib/python3.8/dist-packages/neutron_lib/callbacks/manager.py:192}}
Aug 24 18:12:14.921813 dv-cinder-756709-5-smb neutron-server[94652]: DEBUG novaclient.v2.client [-] RESP: [200] Connection: close Content-Length: 179 Content-Type: application/json Date: Tue, 24 Aug 2021 18:12:14 GMT OpenStack-API-Version: compute 2.1 Server: Apache/2.4.41 (Ubuntu) Vary: OpenStack-API-Version,X-OpenStack-Nova-API-Version X-OpenStack-Nova-API-Version: 2.1 x-compute-request-id: req-b558600b-68d3-4a2b-9fa7-40a618348dcf x-openstack-request-id: req-b558600b-68d3-4a2b-9fa7-40a618348dcf {{(pid=94652) _http_log_response /usr/local/lib/python3.8/dist-packages/keystoneauth1/session.py:550}}
Aug 24 18:12:14.922648 dv-cinder-756709-5-smb neutron-server[94652]: DEBUG novaclient.v2.client [-] RESP BODY: {"events": [{"name": "network-changed", "server_uuid": "cb50c45c-b765-4f3c-9ca3-796c4b5a1fad", "tag": "26e0d23e-0664-4e07-8c94-8bc0d399d86f", "status": "completed", "code": 200}]} {{(pid=94652) _http_log_response /usr/local/lib/python3.8/dist-packages/keystoneauth1/session.py:582}}
Aug 24 18:12:14.922648 dv-cinder-756709-5-smb neutron-server[94652]: DEBUG novaclient.v2.client [-] POST call to compute for http://10.222.0.15/compute/v2.1/os-server-external-events used request id req-b558600b-68d3-4a2b-9fa7-40a618348dcf {{(pid=94652) request /usr/local/lib/python3.8/dist-packages/keystoneauth1/session.py:954}}
Aug 24 18:12:14.922837 dv-cinder-756709-5-smb neutron-server[94652]: INFO neutron.notifiers.nova [-] Nova event response: {'name': 'network-changed', 'server_uuid': 'cb50c45c-b765-4f3c-9ca3-796c4b5a1fad', 'tag': '26e0d23e-0664-4e07-8c94-8bc0d399d86f', 'status': 'completed', 'code': 200}
Aug 24 18:12:14.985656 dv-cinder-756709-5-smb neutron-server[94651]: DEBUG neutron_lib.callbacks.manager [None req-f55ae03f-4bf6-4714-8e73-39d581eb4ba5 admin admin] Notify callbacks [] for security_group, before_create {{(pid=94651) _notify_loop /usr/local/lib/python3.8/dist-packages/neutron_lib/callbacks/manager.py:192}}
Aug 24 18:12:15.000958 dv-cinder-756709-5-smb neutron-server[94652]: DEBUG neutron_lib.callbacks.manager [None req-540b71da-a75c-46ae-adb7-ca8397716c5b admin admin] Notify callbacks [] for security_group, before_create {{(pid=94652) _notify_loop /usr/local/lib/python3.8/dist-packages/neutron_lib/callbacks/manager.py:192}}
Aug 24 18:12:15.004402 dv-cinder-756709-5-smb neutron-server[94651]: DEBUG neutron_lib.callbacks.manager [None req-33d70326-c5d9-4cfa-ab30-1568981ad0a2 tempest-AttachVolumeTestJSON-1290165704 tempest-AttachVolumeTestJSON-1290165704-project] Notify callbacks ['neutron.plugins.ml2.plugin.SecurityGroupServerNotifierRpcMixin._notify_sg_on_port_change-4067133', 'neutron.plugins.ml2.ovo_rpc._ObjectChangeHandler.handle_event-466089', 'neutron.api.rpc.agentnotifiers.dhcp_rpc_agent_api.DhcpAgentNotifyAPI._native_event_send_dhcp_notification-780690', 'neutron.db.l3_db.L3RpcNotifierMixin._notify_gateway_port_ip_changed-8729757722853', 'neutron.db.l3_dvrscheduler_db._notify_l3_agent_port_update-8729757301450', 'neutron.db.l3_hascheduler_db._notify_l3_agent_ha_port_update-8729757301468'] for port, after_update {{(pid=94651) _notify_loop /usr/local/lib/python3.8/dist-packages/neutron_lib/callbacks/manager.py:192}}
