Aug 18 19:14:53.192188 dv-cinder-755654-8-smb neutron-server[94032]: INFO neutron.wsgi [req-bfd243b4-0edc-4a19-9935-beb44f294bfa req-74a13468-b129-4fde-b6f3-cfdbf29157a7 tempest-AttachVolumeTestJSON-556725199 tempest-AttachVolumeTestJSON-556725199-project] 10.222.0.65 "GET /v2.0/security-groups?id=163b65ff-3fa8-475a-8633-e16b61bd6ef1&fields=id&fields=name HTTP/1.1" status: 200 len: 313 time: 0.0590434
Aug 18 19:14:53.196160 dv-cinder-755654-8-smb neutron-server[94032]: DEBUG neutron_lib.callbacks.manager [None req-65dcf438-8d92-4949-aee4-72b5d799fa01 admin admin] Notify callbacks ['neutron.plugins.ml2.ovo_rpc._ObjectChangeHandler.handle_event-133766379'] for security_group, after_delete {{(pid=94032) _notify_loop /usr/local/lib/python3.8/dist-packages/neutron_lib/callbacks/manager.py:192}}
Aug 18 19:14:53.198630 dv-cinder-755654-8-smb neutron-server[94032]: DEBUG neutron_lib.callbacks.manager [None req-65dcf438-8d92-4949-aee4-72b5d799fa01 admin admin] Notify callbacks [] for security_group, before_response {{(pid=94032) _notify_loop /usr/local/lib/python3.8/dist-packages/neutron_lib/callbacks/manager.py:192}}
Aug 18 19:14:53.202163 dv-cinder-755654-8-smb neutron-server[94032]: INFO neutron.wsgi [None req-65dcf438-8d92-4949-aee4-72b5d799fa01 admin admin] 10.222.0.65 "DELETE /v2.0/security-groups/7bd3ccc0-0b21-49d6-aa34-b7e996631f08 HTTP/1.1" status: 204 len: 168 time: 0.2459431
Aug 18 19:14:53.211968 dv-cinder-755654-8-smb neutron-server[94032]: DEBUG neutron.api.rpc.handlers.resources_rpc [None req-65dcf438-8d92-4949-aee4-72b5d799fa01 admin admin] Pushing event deleted for resources: {'SecurityGroup': ['ID=7bd3ccc0-0b21-49d6-aa34-b7e996631f08,revision_number=None']} {{(pid=94032) push /opt/stack/neutron/neutron/api/rpc/handlers/resources_rpc.py:237}}
Aug 18 19:14:53.748681 dv-cinder-755654-8-smb neutron-server[94033]: DEBUG neutron.pecan_wsgi.hooks.policy_enforcement [req-7967c784-e13e-4d9b-9528-e25e0c9eaecd req-dfe8e2f5-1e0d-48b6-951c-4f6c3aa0f500 tempest-ServerRescueNegativeTestJSON-1081390223 tempest-ServerRescueNegativeTestJSON-1081390223-project] Attributes excluded by policy engine: ['standard_attr_id', 'binding:profile', 'binding:host_id', 'binding:vif_type', 'binding:vif_details'] {{(pid=94033) _exclude_attributes_by_policy /opt/stack/neutron/neutron/pecan_wsgi/hooks/policy_enforcement.py:255}}
Aug 18 19:14:53.755258 dv-cinder-755654-8-smb neutron-server[94033]: INFO neutron.wsgi [req-7967c784-e13e-4d9b-9528-e25e0c9eaecd req-dfe8e2f5-1e0d-48b6-951c-4f6c3aa0f500 tempest-ServerRescueNegativeTestJSON-1081390223 tempest-ServerRescueNegativeTestJSON-1081390223-project] 10.222.0.65 "GET /v2.0/ports?device_id=7c31c161-749e-429e-8743-910a9b45483b HTTP/1.1" status: 200 len: 945 time: 0.0944407
Aug 18 19:14:53.821452 dv-cinder-755654-8-smb neutron-server[94033]: INFO neutron.wsgi [req-7967c784-e13e-4d9b-9528-e25e0c9eaecd req-f9a1a698-1a08-44f8-b540-a2d055e70afc tempest-ServerRescueNegativeTestJSON-1081390223 tempest-ServerRescueNegativeTestJSON-1081390223-project] 10.222.0.65 "GET /v2.0/security-groups?id=6116f839-2e57-4db0-8488-4390a052ffe0&fields=id&fields=name HTTP/1.1" status: 200 len: 286 time: 0.0599675
Aug 18 19:14:53.923589 dv-cinder-755654-8-smb neutron-server[94032]: DEBUG neutron.wsgi [-] (94032) accepted ('10.222.0.65', 54886) {{(pid=94032) server /usr/local/lib/python3.8/dist-packages/eventlet/wsgi.py:982}}
Aug 18 19:14:54.133849 dv-cinder-755654-8-smb neutron-server[94032]: DEBUG neutron_lib.callbacks.manager [None req-8d7a8593-c486-4f87-9350-0da2cf907b88 admin admin] Notify callbacks [] for security_group, before_create {{(pid=94032) _notify_loop /usr/local/lib/python3.8/dist-packages/neutron_lib/callbacks/manager.py:192}}
Aug 18 19:14:54.157030 dv-cinder-755654-8-smb neutron-server[94033]: DEBUG neutron.pecan_wsgi.hooks.policy_enforcement [req-5f1bbdf3-1bde-4630-81be-20744db2c3fa req-09afb2ec-35cb-4cfd-b518-a8e750043d16 tempest-DeleteServersTestJSON-359967946 tempest-DeleteServersTestJSON-359967946-project] Attributes excluded by policy engine: ['standard_attr_id', 'binding:profile', 'binding:host_id', 'binding:vif_type', 'binding:vif_details'] {{(pid=94033) _exclude_attributes_by_policy /opt/stack/neutron/neutron/pecan_wsgi/hooks/policy_enforcement.py:255}}
Aug 18 19:14:54.158585 dv-cinder-755654-8-smb neutron-server[94033]: INFO neutron.wsgi [req-5f1bbdf3-1bde-4630-81be-20744db2c3fa req-09afb2ec-35cb-4cfd-b518-a8e750043d16 tempest-DeleteServersTestJSON-359967946 tempest-DeleteServersTestJSON-359967946-project] 10.222.0.65 "GET /v2.0/ports?device_id=f1b07641-3455-4b1e-ba04-c2aae8a06e74 HTTP/1.1" status: 200 len: 945 time: 0.0906224
Aug 18 19:14:54.213680 dv-cinder-755654-8-smb neutron-server[94033]: INFO neutron.wsgi [req-5f1bbdf3-1bde-4630-81be-20744db2c3fa req-0be5c58d-92e5-473b-994e-3998e1194702 tempest-DeleteServersTestJSON-359967946 tempest-DeleteServersTestJSON-359967946-project] 10.222.0.65 "GET /v2.0/security-groups?id=a8c59816-98fc-4401-a0fe-273459106b08&fields=id&fields=name HTTP/1.1" status: 200 len: 286 time: 0.0438485
Aug 18 19:14:54.319015 dv-cinder-755654-8-smb neutron-server[94032]: DEBUG neutron.pecan_wsgi.hooks.policy_enforcement [req-f3396b0c-02d9-4ace-980c-706bc2d5a8b1 req-b377c06a-5ee7-49a4-91a3-570b06ea1c2e service neutron] Attributes excluded by policy engine: ['standard_attr_id'] {{(pid=94032) _exclude_attributes_by_policy /opt/stack/neutron/neutron/pecan_wsgi/hooks/policy_enforcement.py:255}}
Aug 18 19:14:54.320498 dv-cinder-755654-8-smb neutron-server[94032]: INFO neutron.wsgi [req-f3396b0c-02d9-4ace-980c-706bc2d5a8b1 req-b377c06a-5ee7-49a4-91a3-570b06ea1c2e service neutron] 10.222.0.74 "GET /v2.0/ports?tenant_id=fac2b27b4ff5486c99224a7abf387b75&device_id=7c31c161-749e-429e-8743-910a9b45483b HTTP/1.1" status: 200 len: 1098 time: 0.1095228
Aug 18 19:14:54.343321 dv-cinder-755654-8-smb neutron-server[94032]: DEBUG neutron.pecan_wsgi.hooks.policy_enforcement [req-88432990-e7e3-4174-ac0b-7c57a9eac048 req-a521a8cb-e460-4000-8f4c-474c00337b7f tempest-ServerRescueNegativeTestJSON-1081390223 tempest-ServerRescueNegativeTestJSON-1081390223-project] Attributes excluded by policy engine: ['standard_attr_id', 'binding:profile', 'binding:host_id', 'binding:vif_type', 'binding:vif_details'] {{(pid=94032) _exclude_attributes_by_policy /opt/stack/neutron/neutron/pecan_wsgi/hooks/policy_enforcement.py:255}}
Aug 18 19:14:54.344783 dv-cinder-755654-8-smb neutron-server[94032]: INFO neutron.wsgi [req-88432990-e7e3-4174-ac0b-7c57a9eac048 req-a521a8cb-e460-4000-8f4c-474c00337b7f tempest-ServerRescueNegativeTestJSON-1081390223 tempest-ServerRescueNegativeTestJSON-1081390223-project] 10.222.0.65 "GET /v2.0/ports?device_id=7c31c161-749e-429e-8743-910a9b45483b HTTP/1.1" status: 200 len: 945 time: 0.1008019
Aug 18 19:14:54.353836 dv-cinder-755654-8-smb neutron-server[94032]: DEBUG neutron_lib.callbacks.manager [None req-8d7a8593-c486-4f87-9350-0da2cf907b88 admin admin] Notify callbacks [] for security_group, precommit_create {{(pid=94032) _notify_loop /usr/local/lib/python3.8/dist-packages/neutron_lib/callbacks/manager.py:192}}
Aug 18 19:14:54.357959 dv-cinder-755654-8-smb neutron-server[94033]: DEBUG neutron.pecan_wsgi.hooks.policy_enforcement [req-8de201e6-a2d5-40e9-bc3b-c4be403da5ac req-69e9e6c9-42e4-40b2-a212-c9c156379392 tempest-AttachVolumeTestJSON-556725199 tempest-AttachVolumeTestJSON-556725199-project] Attributes excluded by policy engine: ['standard_attr_id', 'binding:profile', 'binding:host_id', 'binding:vif_type', 'binding:vif_details'] {{(pid=94033) _exclude_attributes_by_policy /opt/stack/neutron/neutron/pecan_wsgi/hooks/policy_enforcement.py:255}}
Aug 18 19:14:54.363275 dv-cinder-755654-8-smb neutron-server[94032]: DEBUG neutron_lib.callbacks.manager [None req-8d7a8593-c486-4f87-9350-0da2cf907b88 admin admin] Notify callbacks ['neutron.plugins.ml2.ovo_rpc._ObjectChangeHandler.handle_event-133766379'] for security_group, after_create {{(pid=94032) _notify_loop /usr/local/lib/python3.8/dist-packages/neutron_lib/callbacks/manager.py:192}}
Aug 18 19:14:54.363818 dv-cinder-755654-8-smb neutron-server[94033]: INFO neutron.wsgi [req-8de201e6-a2d5-40e9-bc3b-c4be403da5ac req-69e9e6c9-42e4-40b2-a212-c9c156379392 tempest-AttachVolumeTestJSON-556725199 tempest-AttachVolumeTestJSON-556725199-project] 10.222.0.65 "GET /v2.0/ports?device_id=5386cec3-640e-4174-8812-b677e41afebc HTTP/1.1" status: 200 len: 946 time: 0.0802817
Aug 18 19:14:54.409794 dv-cinder-755654-8-smb neutron-server[94033]: INFO neutron.wsgi [req-8de201e6-a2d5-40e9-bc3b-c4be403da5ac req-5b174435-7f85-4de9-a581-1a3a99a6acfb tempest-AttachVolumeTestJSON-556725199 tempest-AttachVolumeTestJSON-556725199-project] 10.222.0.65 "GET /v2.0/security-groups?id=163b65ff-3fa8-475a-8633-e16b61bd6ef1&fields=id&fields=name HTTP/1.1" status: 200 len: 313 time: 0.0408936
Aug 18 19:14:54.441944 dv-cinder-755654-8-smb neutron-server[94032]: INFO neutron.wsgi [None req-8d7a8593-c486-4f87-9350-0da2cf907b88 admin admin] 10.222.0.65 "GET /v2.0/security-groups?tenant_id=6f63f7e46b074c7093791e5f5aa2e538&name=default HTTP/1.1" status: 200 len: 2979 time: 0.5172861
Aug 18 19:14:54.444712 dv-cinder-755654-8-smb neutron-server[94033]: DEBUG neutron.wsgi [-] (94033) accepted ('10.222.0.65', 54918) {{(pid=94033) server /usr/local/lib/python3.8/dist-packages/eventlet/wsgi.py:982}}
Aug 18 19:14:54.474632 dv-cinder-755654-8-smb neutron-server[94032]: DEBUG neutron.api.rpc.handlers.resources_rpc [None req-8d7a8593-c486-4f87-9350-0da2cf907b88 admin admin] Pushing event updated for resources: {'SecurityGroup': ['ID=3b575188-a420-4aaa-8ba4-5886921d7bec,revision_number=1']} {{(pid=94032) push /opt/stack/neutron/neutron/api/rpc/handlers/resources_rpc.py:237}}
Aug 18 19:14:54.481545 dv-cinder-755654-8-smb neutron-server[94032]: INFO neutron.wsgi [req-88432990-e7e3-4174-ac0b-7c57a9eac048 req-fe2aa161-0547-4ebd-bb07-887bc05fa1b2 tempest-ServerRescueNegativeTestJSON-1081390223 tempest-ServerRescueNegativeTestJSON-1081390223-project] 10.222.0.65 "GET /v2.0/security-groups?id=6116f839-2e57-4db0-8488-4390a052ffe0&fields=id&fields=name HTTP/1.1" status: 200 len: 286 time: 0.1259096
Aug 18 19:14:54.541272 dv-cinder-755654-8-smb neutron-server[94032]: DEBUG neutron.pecan_wsgi.hooks.policy_enforcement [req-f3396b0c-02d9-4ace-980c-706bc2d5a8b1 req-239b9a2a-27cd-4992-9861-fe3b2d9dfa36 service neutron] Attributes excluded by policy engine: ['standard_attr_id', 'vlan_transparent'] {{(pid=94032) _exclude_attributes_by_policy /opt/stack/neutron/neutron/pecan_wsgi/hooks/policy_enforcement.py:255}}
Aug 18 19:14:54.543055 dv-cinder-755654-8-smb neutron-server[94032]: INFO neutron.wsgi [req-f3396b0c-02d9-4ace-980c-706bc2d5a8b1 req-239b9a2a-27cd-4992-9861-fe3b2d9dfa36 service neutron] 10.222.0.74 "GET /v2.0/networks?id=ecfdc761-3997-4390-bd65-99bc9106e5b3 HTTP/1.1" status: 200 len: 920 time: 0.1322823
Aug 18 19:14:54.562978 dv-cinder-755654-8-smb neutron-server[94033]: DEBUG neutron_lib.callbacks.manager [None req-1586e6a7-07bf-4851-a394-6422ff7e5da2 admin admin] Notify callbacks [] for security_group, before_delete {{(pid=94033) _notify_loop /usr/local/lib/python3.8/dist-packages/neutron_lib/callbacks/manager.py:192}}
Aug 18 19:14:54.594255 dv-cinder-755654-8-smb neutron-server[94032]: INFO neutron.wsgi [req-f3396b0c-02d9-4ace-980c-706bc2d5a8b1 req-c9e3adb6-1d68-4ec1-b541-a4ac6459f4f6 service neutron] 10.222.0.74 "GET /v2.0/floatingips?fixed_ip_address=172.20.0.9&port_id=326b20af-b76e-4b1f-9bb4-95256e892fa6 HTTP/1.1" status: 200 len: 217 time: 0.0436165
Aug 18 19:14:54.613508 dv-cinder-755654-8-smb neutron-server[94033]: DEBUG neutron.pecan_wsgi.hooks.policy_enforcement [req-3830ecfe-a8a5-4cba-a8f7-dd650535fd8a req-d6001d80-1d80-4337-89cf-995efb5bcbdb tempest-AttachVolumeTestJSON-556725199 tempest-AttachVolumeTestJSON-556725199-project] Attributes excluded by policy engine: ['standard_attr_id', 'binding:profile', 'binding:host_id', 'binding:vif_type', 'binding:vif_details'] {{(pid=94033) _exclude_attributes_by_policy /opt/stack/neutron/neutron/pecan_wsgi/hooks/policy_enforcement.py:255}}
Aug 18 19:14:54.615044 dv-cinder-755654-8-smb neutron-server[94033]: INFO neutron.wsgi [req-3830ecfe-a8a5-4cba-a8f7-dd650535fd8a req-d6001d80-1d80-4337-89cf-995efb5bcbdb tempest-AttachVolumeTestJSON-556725199 tempest-AttachVolumeTestJSON-556725199-project] 10.222.0.65 "GET /v2.0/ports?device_id=5386cec3-640e-4174-8812-b677e41afebc HTTP/1.1" status: 200 len: 946 time: 0.1038656
Aug 18 19:14:54.617215 dv-cinder-755654-8-smb neutron-server[94033]: DEBUG neutron_lib.callbacks.manager [None req-1586e6a7-07bf-4851-a394-6422ff7e5da2 admin admin] Notify callbacks [] for security_group, precommit_delete {{(pid=94033) _notify_loop /usr/local/lib/python3.8/dist-packages/neutron_lib/callbacks/manager.py:192}}
Aug 18 19:14:54.629150 dv-cinder-755654-8-smb neutron-server[94033]: DEBUG neutron.wsgi [-] (94033) accepted ('10.222.0.65', 54928) {{(pid=94033) server /usr/local/lib/python3.8/dist-packages/eventlet/wsgi.py:982}}
Aug 18 19:14:54.633282 dv-cinder-755654-8-smb neutron-server[94033]: DEBUG neutron.api.v2.base [None req-97d54abf-dca1-463e-a4fb-627e2aa9bd03 tempest-AttachVolumeTestJSON-556725199 tempest-AttachVolumeTestJSON-556725199-project] Request body: {'floatingip': {'port_id': '406f3cf8-4bab-4fa3-ba40-344ff7616caa'}} {{(pid=94033) prepare_request_body /opt/stack/neutron/neutron/api/v2/base.py:730}}
Aug 18 19:14:54.702012 dv-cinder-755654-8-smb neutron-server[94032]: DEBUG neutron.pecan_wsgi.hooks.policy_enforcement [req-f3396b0c-02d9-4ace-980c-706bc2d5a8b1 req-a5d91160-8f02-4463-988f-07e0dfacaf8e service neutron] Attributes excluded by policy engine: ['standard_attr_id', 'shared', 'segment_id'] {{(pid=94032) _exclude_attributes_by_policy /opt/stack/neutron/neutron/pecan_wsgi/hooks/policy_enforcement.py:255}}
Aug 18 19:14:54.704388 dv-cinder-755654-8-smb neutron-server[94032]: INFO neutron.wsgi [req-f3396b0c-02d9-4ace-980c-706bc2d5a8b1 req-a5d91160-8f02-4463-988f-07e0dfacaf8e service neutron] 10.222.0.74 "GET /v2.0/subnets?id=3acb2359-8d62-4578-8330-fd847d34fb33 HTTP/1.1" status: 200 len: 858 time: 0.0853777
Aug 18 19:14:54.722958 dv-cinder-755654-8-smb neutron-server[94033]: DEBUG neutron_lib.callbacks.manager [None req-97d54abf-dca1-463e-a4fb-627e2aa9bd03 tempest-AttachVolumeTestJSON-556725199 tempest-AttachVolumeTestJSON-556725199-project] Notify callbacks [] for floatingip, before_update {{(pid=94033) _notify_loop /usr/local/lib/python3.8/dist-packages/neutron_lib/callbacks/manager.py:192}}
Aug 18 19:14:54.862263 dv-cinder-755654-8-smb neutron-server[94032]: INFO neutron.wsgi [req-f3396b0c-02d9-4ace-980c-706bc2d5a8b1 req-d58935a4-7dca-4c23-9c2b-4845f155b6f0 service neutron] 10.222.0.74 "GET /v2.0/ports?network_id=ecfdc761-3997-4390-bd65-99bc9106e5b3&device_owner=network%3Adhcp HTTP/1.1" status: 200 len: 210 time: 0.0428455
Aug 18 19:14:54.871700 dv-cinder-755654-8-smb neutron-server[94033]: DEBUG neutron_lib.callbacks.manager [None req-1586e6a7-07bf-4851-a394-6422ff7e5da2 admin admin] Notify callbacks ['neutron.plugins.ml2.ovo_rpc._ObjectChangeHandler.handle_event-133766379'] for security_group, after_delete {{(pid=94033) _notify_loop /usr/local/lib/python3.8/dist-packages/neutron_lib/callbacks/manager.py:192}}
Aug 18 19:14:54.875182 dv-cinder-755654-8-smb neutron-server[94033]: DEBUG neutron_lib.callbacks.manager [None req-1586e6a7-07bf-4851-a394-6422ff7e5da2 admin admin] Notify callbacks [] for security_group, before_response {{(pid=94033) _notify_loop /usr/local/lib/python3.8/dist-packages/neutron_lib/callbacks/manager.py:192}}
Aug 18 19:14:54.876368 dv-cinder-755654-8-smb neutron-server[94033]: INFO neutron.wsgi [None req-1586e6a7-07bf-4851-a394-6422ff7e5da2 admin admin] 10.222.0.65 "DELETE /v2.0/security-groups/3b575188-a420-4aaa-8ba4-5886921d7bec HTTP/1.1" status: 204 len: 168 time: 0.4305243
Aug 18 19:14:54.901065 dv-cinder-755654-8-smb neutron-server[94033]: DEBUG neutron.api.rpc.handlers.resources_rpc [None req-1586e6a7-07bf-4851-a394-6422ff7e5da2 admin admin] Pushing event deleted for resources: {'SecurityGroup': ['ID=3b575188-a420-4aaa-8ba4-5886921d7bec,revision_number=None']} {{(pid=94033) push /opt/stack/neutron/neutron/api/rpc/handlers/resources_rpc.py:237}}
Aug 18 19:14:55.014286 dv-cinder-755654-8-smb neutron-server[94032]: DEBUG neutron.pecan_wsgi.hooks.policy_enforcement [req-13c2fe78-8192-43b3-ad66-39290ba9ff63 req-c46b7748-266c-4c1f-8a7f-64a52e665322 tempest-DeleteServersTestJSON-359967946 tempest-DeleteServersTestJSON-359967946-project] Attributes excluded by policy engine: ['standard_attr_id', 'binding:profile', 'binding:host_id', 'binding:vif_type', 'binding:vif_details'] {{(pid=94032) _exclude_attributes_by_policy /opt/stack/neutron/neutron/pecan_wsgi/hooks/policy_enforcement.py:255}}
Aug 18 19:14:55.016480 dv-cinder-755654-8-smb neutron-server[94032]: INFO neutron.wsgi [req-13c2fe78-8192-43b3-ad66-39290ba9ff63 req-c46b7748-266c-4c1f-8a7f-64a52e665322 tempest-DeleteServersTestJSON-359967946 tempest-DeleteServersTestJSON-359967946-project] 10.222.0.74 "GET /v2.0/ports?device_id=f1b07641-3455-4b1e-ba04-c2aae8a06e74 HTTP/1.1" status: 200 len: 945 time: 0.1959743
Aug 18 19:14:55.393306 dv-cinder-755654-8-smb neutron-server[94032]: INFO neutron.wsgi [req-f3396b0c-02d9-4ace-980c-706bc2d5a8b1 req-a4f9ee2a-dd28-4fc3-bf4e-b14cf032ca1f service neutron] 10.222.0.74 "GET /v2.0/networks/ecfdc761-3997-4390-bd65-99bc9106e5b3?fields=segments HTTP/1.1" status: 200 len: 212 time: 0.5153806
Aug 18 19:14:55.465770 dv-cinder-755654-8-smb neutron-server[94032]: DEBUG neutron.wsgi [-] (94032) accepted ('10.222.0.65', 54974) {{(pid=94032) server /usr/local/lib/python3.8/dist-packages/eventlet/wsgi.py:982}}
Aug 18 19:14:55.583455 dv-cinder-755654-8-smb neutron-server[94032]: DEBUG neutron.pecan_wsgi.hooks.policy_enforcement [req-8a7a1071-56db-46cc-a81f-7e0570e032c7 req-dcf65432-2c5e-41e6-8f56-c3aa4bc5b7f5 tempest-DeleteServersTestJSON-359967946 tempest-DeleteServersTestJSON-359967946-project] Attributes excluded by policy engine: ['standard_attr_id', 'binding:profile', 'binding:host_id', 'binding:vif_type', 'binding:vif_details'] {{(pid=94032) _exclude_attributes_by_policy /opt/stack/neutron/neutron/pecan_wsgi/hooks/policy_enforcement.py:255}}
Aug 18 19:14:55.591717 dv-cinder-755654-8-smb neutron-server[94032]: INFO neutron.wsgi [req-8a7a1071-56db-46cc-a81f-7e0570e032c7 req-dcf65432-2c5e-41e6-8f56-c3aa4bc5b7f5 tempest-DeleteServersTestJSON-359967946 tempest-DeleteServersTestJSON-359967946-project] 10.222.0.65 "GET /v2.0/ports?device_id=f1b07641-3455-4b1e-ba04-c2aae8a06e74 HTTP/1.1" status: 200 len: 945 time: 0.2441690
Aug 18 19:14:55.597395 dv-cinder-755654-8-smb neutron-server[94033]: DEBUG neutron_lib.callbacks.manager [None req-97d54abf-dca1-463e-a4fb-627e2aa9bd03 tempest-AttachVolumeTestJSON-556725199 tempest-AttachVolumeTestJSON-556725199-project] Notify callbacks [] for floatingip, precommit_update {{(pid=94033) _notify_loop /usr/local/lib/python3.8/dist-packages/neutron_lib/callbacks/manager.py:192}}
Aug 18 19:14:55.611728 dv-cinder-755654-8-smb neutron-server[94033]: DEBUG neutron_lib.callbacks.manager [None req-97d54abf-dca1-463e-a4fb-627e2aa9bd03 tempest-AttachVolumeTestJSON-556725199 tempest-AttachVolumeTestJSON-556725199-project] Notify callbacks ['neutron.services.l3_router.l3_router_plugin.DVRResourceOperationHandler._create_dvr_floating_gw_port-133805767'] for floatingip, after_update {{(pid=94033) _notify_loop /usr/local/lib/python3.8/dist-packages/neutron_lib/callbacks/manager.py:192}}
Aug 18 19:14:55.612470 dv-cinder-755654-8-smb neutron-server[94032]: DEBUG neutron_lib.callbacks.manager [None req-d6f80a10-68cf-43ef-a839-9aef556187cf admin admin] Notify callbacks [] for security_group, before_create {{(pid=94032) _notify_loop /usr/local/lib/python3.8/dist-packages/neutron_lib/callbacks/manager.py:192}}
Aug 18 19:14:55.684969 dv-cinder-755654-8-smb neutron-server[94032]: INFO neutron.wsgi [req-8a7a1071-56db-46cc-a81f-7e0570e032c7 req-aa40e733-89bb-4060-9d9e-3d52eef1bf9c tempest-DeleteServersTestJSON-359967946 tempest-DeleteServersTestJSON-359967946-project] 10.222.0.65 "GET /v2.0/security-groups?id=a8c59816-98fc-4401-a0fe-273459106b08&fields=id&fields=name HTTP/1.1" status: 200 len: 286 time: 0.0920601
Aug 18 19:14:55.766887 dv-cinder-755654-8-smb neutron-server[94032]: DEBUG neutron.plugins.ml2.plugin [req-13c2fe78-8192-43b3-ad66-39290ba9ff63 req-a1487295-b737-4673-8fd0-ac51b03cbe71 tempest-DeleteServersTestJSON-359967946 tempest-DeleteServersTestJSON-359967946-project] Deleting port c9c0bbf1-77e3-4919-9174-9ec0506214df {{(pid=94032) _pre_delete_port /opt/stack/neutron/neutron/plugins/ml2/plugin.py:1917}}
Aug 18 19:14:55.767321 dv-cinder-755654-8-smb neutron-server[94032]: DEBUG neutron_lib.callbacks.manager [req-13c2fe78-8192-43b3-ad66-39290ba9ff63 req-a1487295-b737-4673-8fd0-ac51b03cbe71 tempest-DeleteServersTestJSON-359967946 tempest-DeleteServersTestJSON-359967946-project] Notify callbacks ['neutron.db.l3_db.L3_NAT_dbonly_mixin._prevent_l3_port_delete_callback-8746768059477'] for port, before_delete {{(pid=94032) _notify_loop /usr/local/lib/python3.8/dist-packages/neutron_lib/callbacks/manager.py:192}}
Aug 18 19:14:55.797945 dv-cinder-755654-8-smb neutron-server[94032]: INFO neutron.wsgi [req-f3396b0c-02d9-4ace-980c-706bc2d5a8b1 req-b92be6d3-d98c-4eb7-978e-35bdc9c657eb service neutron] 10.222.0.74 "GET /v2.0/networks/ecfdc761-3997-4390-bd65-99bc9106e5b3?fields=provider%3Aphysical_network&fields=provider%3Anetwork_type HTTP/1.1" status: 200 len: 281 time: 0.3726745
Aug 18 19:14:55.911778 dv-cinder-755654-8-smb neutron-server[94032]: DEBUG neutron_lib.callbacks.manager [None req-d6f80a10-68cf-43ef-a839-9aef556187cf admin admin] Notify callbacks [] for security_group, precommit_create {{(pid=94032) _notify_loop /usr/local/lib/python3.8/dist-packages/neutron_lib/callbacks/manager.py:192}}
Aug 18 19:14:55.922190 dv-cinder-755654-8-smb neutron-server[94032]: DEBUG neutron_lib.callbacks.manager [None req-d6f80a10-68cf-43ef-a839-9aef556187cf admin admin] Notify callbacks ['neutron.plugins.ml2.ovo_rpc._ObjectChangeHandler.handle_event-133766379'] for security_group, after_create {{(pid=94032) _notify_loop /usr/local/lib/python3.8/dist-packages/neutron_lib/callbacks/manager.py:192}}
Aug 18 19:14:55.982551 dv-cinder-755654-8-smb neutron-server[94033]: DEBUG neutron.pecan_wsgi.hooks.policy_enforcement [req-bbeb97d6-f44f-4993-b955-c644facdacdf req-81a93237-f826-491f-91d0-3a00e4345cf1 tempest-ServerRescueNegativeTestJSON-1081390223 tempest-ServerRescueNegativeTestJSON-1081390223-project] Attributes excluded by policy engine: ['standard_attr_id', 'binding:profile', 'binding:host_id', 'binding:vif_type', 'binding:vif_details'] {{(pid=94033) _exclude_attributes_by_policy /opt/stack/neutron/neutron/pecan_wsgi/hooks/policy_enforcement.py:255}}
Aug 18 19:14:55.990894 dv-cinder-755654-8-smb neutron-server[94033]: INFO neutron.wsgi [req-bbeb97d6-f44f-4993-b955-c644facdacdf req-81a93237-f826-491f-91d0-3a00e4345cf1 tempest-ServerRescueNegativeTestJSON-1081390223 tempest-ServerRescueNegativeTestJSON-1081390223-project] 10.222.0.65 "GET /v2.0/ports?device_id=7c31c161-749e-429e-8743-910a9b45483b HTTP/1.1" status: 200 len: 945 time: 0.3900044
Aug 18 19:14:56.010375 dv-cinder-755654-8-smb neutron-server[94032]: DEBUG neutron.plugins.ml2.db [req-13c2fe78-8192-43b3-ad66-39290ba9ff63 req-a1487295-b737-4673-8fd0-ac51b03cbe71 tempest-DeleteServersTestJSON-359967946 tempest-DeleteServersTestJSON-359967946-project] For port c9c0bbf1-77e3-4919-9174-9ec0506214df, host hv-cinder-75565, got binding levels [PortBindingLevel(driver='hyperv',host='hv-cinder-75565',level=0,port_id=c9c0bbf1-77e3-4919-9174-9ec0506214df,segment=NetworkSegment(a5779345-a14f-41f8-b3aa-74f7d3852ad3),segment_id=a5779345-a14f-41f8-b3aa-74f7d3852ad3)] {{(pid=94032) get_binding_level_objs /opt/stack/neutron/neutron/plugins/ml2/db.py:74}}
Aug 18 19:14:56.012587 dv-cinder-755654-8-smb neutron-server[94032]: DEBUG neutron_lib.callbacks.manager [req-13c2fe78-8192-43b3-ad66-39290ba9ff63 req-a1487295-b737-4673-8fd0-ac51b03cbe71 tempest-DeleteServersTestJSON-359967946 tempest-DeleteServersTestJSON-359967946-project] Notify callbacks ['neutron.services.l3_router.l3_router_plugin.L3_NAT_dbonly_mixin._precommit_delete_port_callback-133803463'] for port, precommit_delete {{(pid=94032) _notify_loop /usr/local/lib/python3.8/dist-packages/neutron_lib/callbacks/manager.py:192}}
Aug 18 19:14:56.025160 dv-cinder-755654-8-smb neutron-server[94032]: INFO neutron.wsgi [None req-d6f80a10-68cf-43ef-a839-9aef556187cf admin admin] 10.222.0.65 "GET /v2.0/security-groups?tenant_id=10deeb7de1314238b7ee8f06ed69e1aa&name=default HTTP/1.1" status: 200 len: 2979 time: 0.5564983
Aug 18 19:14:56.025740 dv-cinder-755654-8-smb neutron-server[94032]: DEBUG neutron.api.rpc.handlers.resources_rpc [None req-d6f80a10-68cf-43ef-a839-9aef556187cf admin admin] Pushing event updated for resources: {'SecurityGroup': ['ID=84a00bc7-f51e-4de7-8875-893ef95aec34,revision_number=1']} {{(pid=94032) push /opt/stack/neutron/neutron/api/rpc/handlers/resources_rpc.py:237}}
Aug 18 19:14:56.028344 dv-cinder-755654-8-smb neutron-server[94033]: DEBUG neutron.wsgi [-] (94033) accepted ('10.222.0.65', 55020) {{(pid=94033) server /usr/local/lib/python3.8/dist-packages/eventlet/wsgi.py:982}}
Aug 18 19:14:56.043575 dv-cinder-755654-8-smb neutron-server[94032]: DEBUG neutron.plugins.ml2.plugin [req-13c2fe78-8192-43b3-ad66-39290ba9ff63 req-a1487295-b737-4673-8fd0-ac51b03cbe71 tempest-DeleteServersTestJSON-359967946 tempest-DeleteServersTestJSON-359967946-project] Calling delete_port for c9c0bbf1-77e3-4919-9174-9ec0506214df owned by compute:nova {{(pid=94032) delete_port /opt/stack/neutron/neutron/plugins/ml2/plugin.py:1995}}
Aug 18 19:14:56.070339 dv-cinder-755654-8-smb neutron-server[94033]: INFO neutron.wsgi [req-bbeb97d6-f44f-4993-b955-c644facdacdf req-120f51aa-f7fd-41a9-a7bb-a9ebc8b237d4 tempest-ServerRescueNegativeTestJSON-1081390223 tempest-ServerRescueNegativeTestJSON-1081390223-project] 10.222.0.65 "GET /v2.0/security-groups?id=6116f839-2e57-4db0-8488-4390a052ffe0&fields=id&fields=name HTTP/1.1" status: 200 len: 286 time: 0.0783219
Aug 18 19:14:56.078830 dv-cinder-755654-8-smb neutron-server[94033]: INFO neutron.db.l3_db [None req-97d54abf-dca1-463e-a4fb-627e2aa9bd03 tempest-AttachVolumeTestJSON-556725199 tempest-AttachVolumeTestJSON-556725199-project] Floating IP 6ce5a5b9-8182-41c6-8ab9-6f801d8e8878 associated. External IP: 172.28.0.93, port: 406f3cf8-4bab-4fa3-ba40-344ff7616caa.
Aug 18 19:14:56.135533 dv-cinder-755654-8-smb neutron-server[94033]: DEBUG neutron.wsgi [-] (94033) accepted ('10.222.0.65', 55026) {{(pid=94033) server /usr/local/lib/python3.8/dist-packages/eventlet/wsgi.py:982}}
Aug 18 19:14:56.204086 dv-cinder-755654-8-smb neutron-server[94033]: DEBUG neutron_lib.callbacks.manager [None req-cdf74b09-221d-4316-bf43-393985379034 admin admin] Notify callbacks [] for security_group, before_delete {{(pid=94033) _notify_loop /usr/local/lib/python3.8/dist-packages/neutron_lib/callbacks/manager.py:192}}
Aug 18 19:14:56.253605 dv-cinder-755654-8-smb neutron-server[94033]: DEBUG neutron_lib.callbacks.manager [None req-cdf74b09-221d-4316-bf43-393985379034 admin admin] Notify callbacks [] for security_group, precommit_delete {{(pid=94033) _notify_loop /usr/local/lib/python3.8/dist-packages/neutron_lib/callbacks/manager.py:192}}
Aug 18 19:14:56.280869 dv-cinder-755654-8-smb neutron-server[94032]: DEBUG neutron_lib.callbacks.manager [req-13c2fe78-8192-43b3-ad66-39290ba9ff63 req-a1487295-b737-4673-8fd0-ac51b03cbe71 tempest-DeleteServersTestJSON-359967946 tempest-DeleteServersTestJSON-359967946-project] Notify callbacks ['neutron.plugins.ml2.plugin.SecurityGroupServerNotifierRpcMixin._notify_sg_on_port_change-133612186', 'neutron.plugins.ml2.ovo_rpc._ObjectChangeHandler.handle_event-134203099', 'neutron.api.rpc.agentnotifiers.dhcp_rpc_agent_api.DhcpAgentNotifyAPI._native_event_send_dhcp_notification-133756871', 'neutron.db.l3_db.L3RpcNotifierMixin._notify_routers_callback-8746768067449', 'neutron.db.l3_dvrscheduler_db._notify_port_delete-8746767544899', 'neutron.services.segments.plugin.NovaSegmentNotifier._notify_port_created_or_deleted-2863820'] for port, after_delete {{(pid=94032) _notify_loop /usr/local/lib/python3.8/dist-packages/neutron_lib/callbacks/manager.py:192}}
Aug 18 19:14:56.308622 dv-cinder-755654-8-smb neutron-server[94033]: DEBUG neutron_lib.callbacks.manager [None req-ba0a68ad-9b16-4db3-afa8-957f2f708e1e admin admin] Notify callbacks [] for security_group, before_create {{(pid=94033) _notify_loop /usr/local/lib/python3.8/dist-packages/neutron_lib/callbacks/manager.py:192}}
Aug 18 19:14:56.319390 dv-cinder-755654-8-smb neutron-server[94034]: DEBUG neutron.plugins.ml2.db [None req-e0cb34e7-340a-4622-9842-d7bb0c0674fb None None] get_ports_and_sgs() called for port_ids ['c9c0bbf1-77e3-4919-9174-9ec0506214df'] {{(pid=94034) get_ports_and_sgs /opt/stack/neutron/neutron/plugins/ml2/db.py:156}}
Aug 18 19:14:56.338795 dv-cinder-755654-8-smb neutron-server[94032]: DEBUG neutron.api.rpc.handlers.resources_rpc [None req-a1487295-b737-4673-8fd0-ac51b03cbe71 tempest-DeleteServersTestJSON-359967946 tempest-DeleteServersTestJSON-359967946-project] Pushing event deleted for resources: {'Port': ['ID=c9c0bbf1-77e3-4919-9174-9ec0506214df,revision_number=None']} {{(pid=94032) push /opt/stack/neutron/neutron/api/rpc/handlers/resources_rpc.py:237}}
Aug 18 19:14:56.386736 dv-cinder-755654-8-smb neutron-server[94033]: DEBUG neutron_lib.callbacks.manager [None req-cdf74b09-221d-4316-bf43-393985379034 admin admin] Notify callbacks ['neutron.plugins.ml2.ovo_rpc._ObjectChangeHandler.handle_event-133766379'] for security_group, after_delete {{(pid=94033) _notify_loop /usr/local/lib/python3.8/dist-packages/neutron_lib/callbacks/manager.py:192}}
Aug 18 19:14:56.389245 dv-cinder-755654-8-smb neutron-server[94033]: DEBUG neutron_lib.callbacks.manager [None req-cdf74b09-221d-4316-bf43-393985379034 admin admin] Notify callbacks [] for security_group, before_response {{(pid=94033) _notify_loop /usr/local/lib/python3.8/dist-packages/neutron_lib/callbacks/manager.py:192}}
Aug 18 19:14:56.393050 dv-cinder-755654-8-smb neutron-server[94033]: INFO neutron.wsgi [None req-cdf74b09-221d-4316-bf43-393985379034 admin admin] 10.222.0.65 "DELETE /v2.0/security-groups/84a00bc7-f51e-4de7-8875-893ef95aec34 HTTP/1.1" status: 204 len: 168 time: 0.3551009
Aug 18 19:14:56.440647 dv-cinder-755654-8-smb neutron-server[94032]: DEBUG neutron.db.l3_dvrscheduler_db [req-13c2fe78-8192-43b3-ad66-39290ba9ff63 req-a1487295-b737-4673-8fd0-ac51b03cbe71 tempest-DeleteServersTestJSON-359967946 tempest-DeleteServersTestJSON-359967946-project] No DVR routers for this DVR port c9c0bbf1-77e3-4919-9174-9ec0506214df on host hv-cinder-75565 {{(pid=94032) get_dvr_routers_to_remove /opt/stack/neutron/neutron/db/l3_dvrscheduler_db.py:214}}
Aug 18 19:14:56.445139 dv-cinder-755654-8-smb neutron-server[94032]: DEBUG neutron_lib.callbacks.manager [req-13c2fe78-8192-43b3-ad66-39290ba9ff63 req-a1487295-b737-4673-8fd0-ac51b03cbe71 tempest-DeleteServersTestJSON-359967946 tempest-DeleteServersTestJSON-359967946-project] Notify callbacks ['neutron.notifiers.nova.Notifier._send_nova_notification-134097653'] for port, before_response {{(pid=94032) _notify_loop /usr/local/lib/python3.8/dist-packages/neutron_lib/callbacks/manager.py:192}}
Aug 18 19:14:56.448670 dv-cinder-755654-8-smb neutron-server[94032]: INFO neutron.wsgi [req-13c2fe78-8192-43b3-ad66-39290ba9ff63 req-a1487295-b737-4673-8fd0-ac51b03cbe71 tempest-DeleteServersTestJSON-359967946 tempest-DeleteServersTestJSON-359967946-project] 10.222.0.74 "DELETE /v2.0/ports/c9c0bbf1-77e3-4919-9174-9ec0506214df HTTP/1.1" status: 204 len: 173 time: 1.4198794
Aug 18 19:14:56.449156 dv-cinder-755654-8-smb neutron-server[94032]: DEBUG neutron.notifiers.nova [-] Sending events: [{'server_uuid': 'f1b07641-3455-4b1e-ba04-c2aae8a06e74', 'name': 'network-vif-deleted', 'tag': 'c9c0bbf1-77e3-4919-9174-9ec0506214df'}] {{(pid=94032) send_events /opt/stack/neutron/neutron/notifiers/nova.py:262}}
Aug 18 19:14:56.462058 dv-cinder-755654-8-smb neutron-server[94032]: DEBUG novaclient.v2.client [-] REQ: curl -g -i --cacert "/opt/stack/data/ca-bundle.pem" -X POST http://10.222.0.65/compute/v2.1/os-server-external-events -H "Accept: application/json" -H "Content-Type: application/json" -H "User-Agent: python-novaclient" -H "X-Auth-Token: {SHA256}c692ae272a72c767689ed9c95a9c56947a02844c820171f83c5fb05a6111c398" -H "X-OpenStack-Nova-API-Version: 2.1" -H "X-OpenStack-Request-ID: req-5ebe55e2-dc17-443d-be4b-98b56189efd1" -d '{"events": [{"server_uuid": "f1b07641-3455-4b1e-ba04-c2aae8a06e74", "name": "network-vif-deleted", "tag": "c9c0bbf1-77e3-4919-9174-9ec0506214df"}]}' {{(pid=94032) _http_log_request /usr/local/lib/python3.8/dist-packages/keystoneauth1/session.py:519}}
Aug 18 19:14:56.486061 dv-cinder-755654-8-smb neutron-server[94033]: DEBUG neutron.api.rpc.handlers.resources_rpc [None req-cdf74b09-221d-4316-bf43-393985379034 admin admin] Pushing event deleted for resources: {'SecurityGroup': ['ID=84a00bc7-f51e-4de7-8875-893ef95aec34,revision_number=None']} {{(pid=94033) push /opt/stack/neutron/neutron/api/rpc/handlers/resources_rpc.py:237}}
Aug 18 19:14:56.558802 dv-cinder-755654-8-smb neutron-server[94033]: DEBUG neutron.scheduler.l3_agent_scheduler [None req-97d54abf-dca1-463e-a4fb-627e2aa9bd03 tempest-AttachVolumeTestJSON-556725199 tempest-AttachVolumeTestJSON-556725199-project] Router ad9591e4-f69e-482a-8712-807bda5024db has already been hosted by L3 agent 1d5bcec0-a1e4-4513-bf68-14cb8d36e9fb {{(pid=94033) _get_candidates /opt/stack/neutron/neutron/scheduler/l3_agent_scheduler.py:126}}
Aug 18 19:14:56.575870 dv-cinder-755654-8-smb neutron-server[94032]: DEBUG novaclient.v2.client [-] RESP: [200] Connection: close Content-Length: 183 Content-Type: application/json Date: Wed, 18 Aug 2021 19:14:56 GMT OpenStack-API-Version: compute 2.1 Server: Apache/2.4.41 (Ubuntu) Vary: OpenStack-API-Version,X-OpenStack-Nova-API-Version X-OpenStack-Nova-API-Version: 2.1 x-compute-request-id: req-23a9555f-305b-4e81-9948-ecc8252cadb9 x-openstack-request-id: req-23a9555f-305b-4e81-9948-ecc8252cadb9 {{(pid=94032) _http_log_response /usr/local/lib/python3.8/dist-packages/keystoneauth1/session.py:550}}
Aug 18 19:14:56.576407 dv-cinder-755654-8-smb neutron-server[94032]: DEBUG novaclient.v2.client [-] RESP BODY: {"events": [{"server_uuid": "f1b07641-3455-4b1e-ba04-c2aae8a06e74", "name": "network-vif-deleted", "tag": "c9c0bbf1-77e3-4919-9174-9ec0506214df", "status": "completed", "code": 200}]} {{(pid=94032) _http_log_response /usr/local/lib/python3.8/dist-packages/keystoneauth1/session.py:582}}
Aug 18 19:14:56.576545 dv-cinder-755654-8-smb neutron-server[94032]: DEBUG novaclient.v2.client [-] POST call to compute for http://10.222.0.65/compute/v2.1/os-server-external-events used request id req-23a9555f-305b-4e81-9948-ecc8252cadb9 {{(pid=94032) request /usr/local/lib/python3.8/dist-packages/keystoneauth1/session.py:954}}
Aug 18 19:14:56.576920 dv-cinder-755654-8-smb neutron-server[94032]: INFO neutron.notifiers.nova [-] Nova event response: {'server_uuid': 'f1b07641-3455-4b1e-ba04-c2aae8a06e74', 'name': 'network-vif-deleted', 'tag': 'c9c0bbf1-77e3-4919-9174-9ec0506214df', 'status': 'completed', 'code': 200}
Aug 18 19:14:56.686365 dv-cinder-755654-8-smb neutron-server[94033]: DEBUG neutron_lib.callbacks.manager [None req-ba0a68ad-9b16-4db3-afa8-957f2f708e1e admin admin] Notify callbacks [] for security_group, precommit_create {{(pid=94033) _notify_loop /usr/local/lib/python3.8/dist-packages/neutron_lib/callbacks/manager.py:192}}
Aug 18 19:14:56.692707 dv-cinder-755654-8-smb neutron-server[94033]: DEBUG neutron_lib.callbacks.manager [None req-ba0a68ad-9b16-4db3-afa8-957f2f708e1e admin admin] Notify callbacks ['neutron.plugins.ml2.ovo_rpc._ObjectChangeHandler.handle_event-133766379'] for security_group, after_create {{(pid=94033) _notify_loop /usr/local/lib/python3.8/dist-packages/neutron_lib/callbacks/manager.py:192}}
Aug 18 19:14:56.764696 dv-cinder-755654-8-smb neutron-server[94033]: INFO neutron.wsgi [None req-ba0a68ad-9b16-4db3-afa8-957f2f708e1e admin admin] 10.222.0.65 "GET /v2.0/security-groups?tenant_id=ef80d0d652c8472785a6160511b5e284&name=default HTTP/1.1" status: 200 len: 2979 time: 0.6269040
Aug 18 19:14:56.766272 dv-cinder-755654-8-smb neutron-server[94033]: DEBUG neutron.api.rpc.agentnotifiers.l3_rpc_agent_api [None req-97d54abf-dca1-463e-a4fb-627e2aa9bd03 tempest-AttachVolumeTestJSON-556725199 tempest-AttachVolumeTestJSON-556725199-project] Notify agent at l3_agent.dv-cinder-755654-8-smb the message routers_updated {{(pid=94033) _agent_notification /opt/stack/neutron/neutron/api/rpc/agentnotifiers/l3_rpc_agent_api.py:65}}
Aug 18 19:14:56.768033 dv-cinder-755654-8-smb neutron-server[94033]: DEBUG neutron.api.rpc.handlers.resources_rpc [None req-ba0a68ad-9b16-4db3-afa8-957f2f708e1e admin admin] Pushing event updated for resources: {'SecurityGroup': ['ID=6a127237-bee6-46cf-b528-7dc4c31d08ab,revision_number=1']} {{(pid=94033) push /opt/stack/neutron/neutron/api/rpc/handlers/resources_rpc.py:237}}
Aug 18 19:14:56.771061 dv-cinder-755654-8-smb neutron-server[94032]: DEBUG neutron.wsgi [-] (94032) accepted ('10.222.0.65', 55066) {{(pid=94032) server /usr/local/lib/python3.8/dist-packages/eventlet/wsgi.py:982}}
Aug 18 19:14:56.772673 dv-cinder-755654-8-smb neutron-server[94033]: DEBUG neutron_lib.callbacks.manager [None req-97d54abf-dca1-463e-a4fb-627e2aa9bd03 tempest-AttachVolumeTestJSON-556725199 tempest-AttachVolumeTestJSON-556725199-project] Notify callbacks ['neutron.notifiers.nova.Notifier._send_nova_notification-134097653'] for floatingip, before_response {{(pid=94033) _notify_loop /usr/local/lib/python3.8/dist-packages/neutron_lib/callbacks/manager.py:192}}
Aug 18 19:14:56.800210 dv-cinder-755654-8-smb neutron-server[94035]: DEBUG neutron.api.rpc.handlers.l3_rpc [None req-0827c99d-75b9-4606-b920-fcbea7ab0881 None None] Sync routers for ids ['ad9591e4-f69e-482a-8712-807bda5024db'] in dv-cinder-755654-8-smb {{(pid=94035) sync_routers /opt/stack/neutron/neutron/api/rpc/handlers/l3_rpc.py:125}}
Aug 18 19:14:56.832264 dv-cinder-755654-8-smb neutron-server[94035]: DEBUG neutron.db.l3_dvrscheduler_db [None req-0827c99d-75b9-4606-b920-fcbea7ab0881 None None] Routers {'ad9591e4-f69e-482a-8712-807bda5024db'} bound to L3 agent in host dv-cinder-755654-8-smb {{(pid=94035) _get_router_ids_for_agent /opt/stack/neutron/neutron/db/l3_dvrscheduler_db.py:420}}
Aug 18 19:14:56.832912 dv-cinder-755654-8-smb neutron-server[94035]: DEBUG neutron.db.l3_hamode_db [None req-0827c99d-75b9-4606-b920-fcbea7ab0881 None None] neutron.services.l3_router.l3_router_plugin.L3RouterPlugin method get_ha_sync_data_for_host called with arguments (, 'dv-cinder-755654-8-smb', Agent(admin_state_up=True,agent_type='L3 agent',availability_zone='nova',binary='neutron-l3-agent',configurations={"agent_mode": "legacy", "ex_gw_ports": 3, "extensions": [], "floating_ips": 0, "handle_internal_only_routers": true, "interface_driver": "openvswitch", "interfaces": 3, "log_agent_heartbeats": false, "routers": 3},created_at=2021-08-18T19:06:16Z,description=,heartbeat_timestamp=2021-08-18T19:14:46Z,host='dv-cinder-755654-8-smb',id=1d5bcec0-a1e4-4513-bf68-14cb8d36e9fb,load=0,resource_versions=,resources_synced=,started_at=2021-08-18T19:06:16Z,topic='l3_agent')) {'router_ids': ['ad9591e4-f69e-482a-8712-807bda5024db'], 'active': True} {{(pid=94035) wrapper /usr/local/lib/python3.8/dist-packages/oslo_log/helpers.py:65}}
Aug 18 19:14:56.859869 dv-cinder-755654-8-smb neutron-server[94033]: INFO neutron.wsgi [req-b51cecb0-e835-44f7-a710-22ef9b4f2e82 req-1933e098-534a-4bed-a30b-5ca00fe8277e tempest-DeleteServersTestJSON-359967946 tempest-DeleteServersTestJSON-359967946-project] 10.222.0.65 "GET /v2.0/ports?device_id=f1b07641-3455-4b1e-ba04-c2aae8a06e74 HTTP/1.1" status: 200 len: 210 time: 0.0770240
Aug 18 19:14:56.874115 dv-cinder-755654-8-smb neutron-server[94033]: INFO neutron.wsgi [None req-97d54abf-dca1-463e-a4fb-627e2aa9bd03 tempest-AttachVolumeTestJSON-556725199 tempest-AttachVolumeTestJSON-556725199-project] 10.222.0.65 "PUT /v2.0/floatingips/6ce5a5b9-8182-41c6-8ab9-6f801d8e8878 HTTP/1.1" status: 200 len: 991 time: 2.2457793
Aug 18 19:14:56.875039 dv-cinder-755654-8-smb neutron-server[94033]: DEBUG neutron.notifiers.nova [-] Sending events: [{'name': 'network-changed', 'server_uuid': '5386cec3-640e-4174-8812-b677e41afebc', 'tag': '406f3cf8-4bab-4fa3-ba40-344ff7616caa'}] {{(pid=94033) send_events /opt/stack/neutron/neutron/notifiers/nova.py:262}}
Aug 18 19:14:56.877884 dv-cinder-755654-8-smb neutron-server[94033]: DEBUG novaclient.v2.client [-] REQ: curl -g -i --cacert "/opt/stack/data/ca-bundle.pem" -X POST http://10.222.0.65/compute/v2.1/os-server-external-events -H "Accept: application/json" -H "Content-Type: application/json" -H "User-Agent: python-novaclient" -H "X-Auth-Token: {SHA256}3674988e813c6796c74fa775539e4b3dfdb7d4df549e4073da10889c7b769438" -H "X-OpenStack-Nova-API-Version: 2.1" -H "X-OpenStack-Request-ID: req-c09011d8-b414-4e8b-85a2-db40331a1e30" -d '{"events": [{"name": "network-changed", "server_uuid": "5386cec3-640e-4174-8812-b677e41afebc", "tag": "406f3cf8-4bab-4fa3-ba40-344ff7616caa"}]}' {{(pid=94033) _http_log_request /usr/local/lib/python3.8/dist-packages/keystoneauth1/session.py:519}}
Aug 18 19:14:56.924874 dv-cinder-755654-8-smb neutron-server[94033]: DEBUG novaclient.v2.client [-] RESP: [200] Connection: close Content-Length: 179 Content-Type: application/json Date: Wed, 18 Aug 2021 19:14:56 GMT OpenStack-API-Version: compute 2.1 Server: Apache/2.4.41 (Ubuntu) Vary: OpenStack-API-Version,X-OpenStack-Nova-API-Version X-OpenStack-Nova-API-Version: 2.1 x-compute-request-id: req-3866d1e7-72ba-497e-b923-4f6d815bb97b x-openstack-request-id: req-3866d1e7-72ba-497e-b923-4f6d815bb97b {{(pid=94033) _http_log_response /usr/local/lib/python3.8/dist-packages/keystoneauth1/session.py:550}}
Aug 18 19:14:56.925314 dv-cinder-755654-8-smb neutron-server[94033]: DEBUG novaclient.v2.client [-] RESP BODY: {"events": [{"name": "network-changed", "server_uuid": "5386cec3-640e-4174-8812-b677e41afebc", "tag": "406f3cf8-4bab-4fa3-ba40-344ff7616caa", "status": "completed", "code": 200}]} {{(pid=94033) _http_log_response /usr/local/lib/python3.8/dist-packages/keystoneauth1/session.py:582}}
Aug 18 19:14:56.925427 dv-cinder-755654-8-smb neutron-server[94033]: DEBUG novaclient.v2.client [-] POST call to compute for http://10.222.0.65/compute/v2.1/os-server-external-events used request id req-3866d1e7-72ba-497e-b923-4f6d815bb97b {{(pid=94033) request /usr/local/lib/python3.8/dist-packages/keystoneauth1/session.py:954}}
Aug 18 19:14:56.925822 dv-cinder-755654-8-smb neutron-server[94033]: INFO neutron.notifiers.nova [-] Nova event response: {'name': 'network-changed', 'server_uuid': '5386cec3-640e-4174-8812-b677e41afebc', 'tag': '406f3cf8-4bab-4fa3-ba40-344ff7616caa', 'status': 'completed', 'code': 200}
Aug 18 19:14:56.968936 dv-cinder-755654-8-smb neutron-server[94032]: DEBUG neutron_lib.callbacks.manager [None req-6a68f516-9e90-4c9b-bf57-b8bd2a86cf8d admin admin] Notify callbacks [] for security_group, before_delete {{(pid=94032) _notify_loop /usr/local/lib/python3.8/dist-packages/neutron_lib/callbacks/manager.py:192}}
Aug 18 19:14:57.040213 dv-cinder-755654-8-smb neutron-server[94032]: DEBUG neutron_lib.callbacks.manager [None req-6a68f516-9e90-4c9b-bf57-b8bd2a86cf8d admin admin] Notify callbacks [] for security_group, precommit_delete {{(pid=94032) _notify_loop /usr/local/lib/python3.8/dist-packages/neutron_lib/callbacks/manager.py:192}}
Aug 18 19:14:57.059158 dv-cinder-755654-8-smb neutron-server[94035]: DEBUG neutron.db.l3_dvr_db [None req-0827c99d-75b9-4606-b920-fcbea7ab0881 None None] Set router ad9591e4-f69e-482a-8712-807bda5024db gateway port host: dv-cinder-755654-8-smb {{(pid=94035) _build_routers_list /opt/stack/neutron/neutron/db/l3_dvr_db.py:906}}
Aug 18 19:14:57.085014 dv-cinder-755654-8-smb neutron-server[94032]: DEBUG neutron.pecan_wsgi.hooks.policy_enforcement [req-c09011d8-b414-4e8b-85a2-db40331a1e30 req-d95ab07b-9861-448f-bbd2-91a70e9d9045 service neutron] Attributes excluded by policy engine: ['standard_attr_id'] {{(pid=94032) _exclude_attributes_by_policy /opt/stack/neutron/neutron/pecan_wsgi/hooks/policy_enforcement.py:255}}
Aug 18 19:14:57.086983 dv-cinder-755654-8-smb neutron-server[94032]: INFO neutron.wsgi [req-c09011d8-b414-4e8b-85a2-db40331a1e30 req-d95ab07b-9861-448f-bbd2-91a70e9d9045 service neutron] 10.222.0.74 "GET /v2.0/ports?tenant_id=0f58f3762e474f3d81f2b943eb475b3d&device_id=5386cec3-640e-4174-8812-b677e41afebc HTTP/1.1" status: 200 len: 1099 time: 0.1017144
Aug 18 19:14:57.154916 dv-cinder-755654-8-smb neutron-server[94032]: DEBUG neutron_lib.callbacks.manager [None req-6a68f516-9e90-4c9b-bf57-b8bd2a86cf8d admin admin] Notify callbacks ['neutron.plugins.ml2.ovo_rpc._ObjectChangeHandler.handle_event-133766379'] for security_group, after_delete {{(pid=94032) _notify_loop /usr/local/lib/python3.8/dist-packages/neutron_lib/callbacks/manager.py:192}}
Aug 18 19:14:57.157560 dv-cinder-755654-8-smb neutron-server[94032]: DEBUG neutron_lib.callbacks.manager [None req-6a68f516-9e90-4c9b-bf57-b8bd2a86cf8d admin admin] Notify callbacks [] for security_group, before_response {{(pid=94032) _notify_loop /usr/local/lib/python3.8/dist-packages/neutron_lib/callbacks/manager.py:192}}
Aug 18 19:14:57.159153 dv-cinder-755654-8-smb neutron-server[94032]: INFO neutron.wsgi [None req-6a68f516-9e90-4c9b-bf57-b8bd2a86cf8d admin admin] 10.222.0.65 "DELETE /v2.0/security-groups/6a127237-bee6-46cf-b528-7dc4c31d08ab HTTP/1.1" status: 204 len: 168 time: 0.3871002
Aug 18 19:14:57.176083 dv-cinder-755654-8-smb neutron-server[94032]: DEBUG neutron.api.rpc.handlers.resources_rpc [None req-6a68f516-9e90-4c9b-bf57-b8bd2a86cf8d admin admin] Pushing event deleted for resources: {'SecurityGroup': ['ID=6a127237-bee6-46cf-b528-7dc4c31d08ab,revision_number=None']} {{(pid=94032) push /opt/stack/neutron/neutron/api/rpc/handlers/resources_rpc.py:237}}
Aug 18 19:14:57.207546 dv-cinder-755654-8-smb neutron-server[94032]: DEBUG neutron.pecan_wsgi.hooks.policy_enforcement [req-c09011d8-b414-4e8b-85a2-db40331a1e30 req-4b9bba64-6e7a-4e4a-a095-3efd8e373200 service neutron] Attributes excluded by policy engine: ['standard_attr_id', 'vlan_transparent'] {{(pid=94032) _exclude_attributes_by_policy /opt/stack/neutron/neutron/pecan_wsgi/hooks/policy_enforcement.py:255}}
Aug 18 19:14:57.209691 dv-cinder-755654-8-smb neutron-server[94032]: INFO neutron.wsgi [req-c09011d8-b414-4e8b-85a2-db40331a1e30 req-4b9bba64-6e7a-4e4a-a095-3efd8e373200 service neutron] 10.222.0.74 "GET /v2.0/networks?id=e7186993-5438-45be-85c1-ac11f06128bc HTTP/1.1" status: 200 len: 913 time: 0.1149752
Aug 18 19:14:57.310970 dv-cinder-755654-8-smb neutron-server[94033]: DEBUG neutron.pecan_wsgi.hooks.policy_enforcement [req-eeaa31a1-1cb3-4a00-845c-8e79315e453a req-efe7c736-8c02-4a81-ba6f-2c78b65b8def tempest-ServerRescueNegativeTestJSON-1081390223 tempest-ServerRescueNegativeTestJSON-1081390223-project] Attributes excluded by policy engine: ['standard_attr_id', 'binding:profile', 'binding:host_id', 'binding:vif_type', 'binding:vif_details'] {{(pid=94033) _exclude_attributes_by_policy /opt/stack/neutron/neutron/pecan_wsgi/hooks/policy_enforcement.py:255}}
Aug 18 19:14:57.312752 dv-cinder-755654-8-smb neutron-server[94033]: INFO neutron.wsgi [req-eeaa31a1-1cb3-4a00-845c-8e79315e453a req-efe7c736-8c02-4a81-ba6f-2c78b65b8def tempest-ServerRescueNegativeTestJSON-1081390223 tempest-ServerRescueNegativeTestJSON-1081390223-project] 10.222.0.65 "GET /v2.0/ports?device_id=7c31c161-749e-429e-8743-910a9b45483b HTTP/1.1" status: 200 len: 945 time: 0.0623732
Aug 18 19:14:57.383083 dv-cinder-755654-8-smb neutron-server[94033]: INFO neutron.wsgi [req-eeaa31a1-1cb3-4a00-845c-8e79315e453a req-4d4aedff-817f-422b-9817-d22f1de82115 tempest-ServerRescueNegativeTestJSON-1081390223 tempest-ServerRescueNegativeTestJSON-1081390223-project] 10.222.0.65 "GET /v2.0/security-groups?id=6116f839-2e57-4db0-8488-4390a052ffe0&fields=id&fields=name HTTP/1.1" status: 200 len: 286 time: 0.0595675
Aug 18 19:14:57.411651 dv-cinder-755654-8-smb neutron-server[94032]: INFO neutron.wsgi [req-c09011d8-b414-4e8b-85a2-db40331a1e30 req-339367cb-0fd5-42cf-ac1b-a30f8d4d7c9a service neutron] 10.222.0.74 "GET /v2.0/floatingips?fixed_ip_address=172.20.0.13&port_id=406f3cf8-4bab-4fa3-ba40-344ff7616caa HTTP/1.1" status: 200 len: 999 time: 0.1820312
Aug 18 19:14:57.476790 dv-cinder-755654-8-smb neutron-server[94032]: DEBUG neutron.pecan_wsgi.hooks.policy_enforcement [req-c09011d8-b414-4e8b-85a2-db40331a1e30 req-99fc62ba-b66d-4654-8ffa-887d01130155 service neutron] Attributes excluded by policy engine: ['standard_attr_id', 'shared', 'segment_id'] {{(pid=94032) _exclude_attributes_by_policy /opt/stack/neutron/neutron/pecan_wsgi/hooks/policy_enforcement.py:255}}
Aug 18 19:14:57.478288 dv-cinder-755654-8-smb neutron-server[94032]: INFO neutron.wsgi [req-c09011d8-b414-4e8b-85a2-db40331a1e30 req-99fc62ba-b66d-4654-8ffa-887d01130155 service neutron] 10.222.0.74 "GET /v2.0/subnets?id=cf5c8b1f-6aa6-4a1b-bc21-f335392b58e6 HTTP/1.1" status: 200 len: 850 time: 0.0593565
Aug 18 19:14:57.550433 dv-cinder-755654-8-smb neutron-server[94032]: DEBUG neutron.pecan_wsgi.hooks.policy_enforcement [req-c09011d8-b414-4e8b-85a2-db40331a1e30 req-aac2f401-cbe1-4041-b6eb-dd536c06005a service neutron] Attributes excluded by policy engine: ['standard_attr_id'] {{(pid=94032) _exclude_attributes_by_policy /opt/stack/neutron/neutron/pecan_wsgi/hooks/policy_enforcement.py:255}}
