May 18 14:18:36.251290 dv-cinder-755101-9-smb neutron-server[104396]: INFO neutron.wsgi [req-5613a879-7ec9-48ec-b8f7-5ea107dd6df9 req-3aefdf87-0ce3-4b4e-a2de-3e827be2f887 tempest-DeleteServersTestJSON-229790270 tempest-DeleteServersTestJSON-229790270-project] 10.222.0.52 "GET /v2.0/ports?device_id=82852595-6c88-4c6b-92a5-63631a48397b HTTP/1.1" status: 200 len: 943 time: 0.4708102
May 18 14:18:36.300101 dv-cinder-755101-9-smb neutron-server[104396]: DEBUG neutron_lib.callbacks.manager [None req-97c8c20c-45b8-4559-9f29-89deb9dc738f admin admin] Publish callbacks [] for security_group (8f25576d-e9db-4996-abd7-6cd443013c85), precommit_delete {{(pid=104396) _notify_loop /usr/local/lib/python3.8/dist-packages/neutron_lib/callbacks/manager.py:176}}
May 18 14:18:36.365752 dv-cinder-755101-9-smb neutron-server[104397]: DEBUG dbcounter [-] [104397] Writing DB stats neutron:SELECT=88,neutron:INSERT=11,neutron:UPDATE=1 {{(pid=104397) stat_writer /usr/local/lib/python3.8/dist-packages/dbcounter.py:114}}
May 18 14:18:36.398024 dv-cinder-755101-9-smb neutron-server[104398]: DEBUG neutron.db.provisioning_blocks [None req-07ae6b85-21ec-4811-9e6f-67c5e5cce8b4 None None] Provisioning complete for port 68a43ccf-3b1c-4877-8595-1c6b5ffe7ede triggered by entity DHCP. {{(pid=104398) provisioning_complete /opt/stack/neutron/neutron/db/provisioning_blocks.py:145}}
May 18 14:18:36.421620 dv-cinder-755101-9-smb neutron-server[104398]: DEBUG neutron_lib.callbacks.manager [None req-07ae6b85-21ec-4811-9e6f-67c5e5cce8b4 None None] Publish callbacks ['neutron.plugins.ml2.plugin.Ml2Plugin._port_provisioned-640240'] for port (68a43ccf-3b1c-4877-8595-1c6b5ffe7ede), provisioning_complete {{(pid=104398) _notify_loop /usr/local/lib/python3.8/dist-packages/neutron_lib/callbacks/manager.py:176}}
May 18 14:18:36.491858 dv-cinder-755101-9-smb neutron-server[104396]: DEBUG neutron.wsgi [-] (104396) accepted ('10.222.0.25', 61498) {{(pid=104396) server /usr/local/lib/python3.8/dist-packages/eventlet/wsgi.py:1004}}
May 18 14:18:36.562577 dv-cinder-755101-9-smb neutron-server[104398]: DEBUG dbcounter [-] [104398] Writing DB stats neutron:SELECT=99,neutron:UPDATE=1 {{(pid=104398) stat_writer /usr/local/lib/python3.8/dist-packages/dbcounter.py:114}}
May 18 14:18:36.670882 dv-cinder-755101-9-smb neutron-server[104396]: DEBUG dbcounter [-] [104396] Writing DB stats neutron:SELECT=96,neutron:UPDATE=2,neutron:DELETE=2 {{(pid=104396) stat_writer /usr/local/lib/python3.8/dist-packages/dbcounter.py:114}}
May 18 14:18:36.698008 dv-cinder-755101-9-smb neutron-server[104397]: DEBUG neutron.db.db_base_plugin_common [req-68734011-e252-488f-8f75-338de61af9da req-f7657db1-0526-45e7-8468-2a534abea8ec tempest-ServerRescueNegativeTestJSON-376830014 tempest-ServerRescueNegativeTestJSON-376830014-project] Allocated IP 172.20.0.13 (f51f57b6-8cf8-4e81-b43c-2e1a19afb7da/1b678615-e563-4995-8077-321693f42152/7128303e-6891-4a33-a57e-34121938fb0b) {{(pid=104397) _store_ip_allocation /opt/stack/neutron/neutron/db/db_base_plugin_common.py:131}}
May 18 14:18:36.770285 dv-cinder-755101-9-smb neutron-server[104398]: DEBUG neutron.db.provisioning_blocks [None req-2610e1a3-e1d5-46b4-89e0-340b419f73fa None None] Provisioning complete for port 68a43ccf-3b1c-4877-8595-1c6b5ffe7ede triggered by entity L2. {{(pid=104398) provisioning_complete /opt/stack/neutron/neutron/db/provisioning_blocks.py:145}}
May 18 14:18:36.770285 dv-cinder-755101-9-smb neutron-server[104398]: DEBUG neutron_lib.callbacks.manager [None req-2610e1a3-e1d5-46b4-89e0-340b419f73fa None None] Publish callbacks ['neutron.plugins.ml2.plugin.Ml2Plugin._port_provisioned-640240'] for port (68a43ccf-3b1c-4877-8595-1c6b5ffe7ede), provisioning_complete {{(pid=104398) _notify_loop /usr/local/lib/python3.8/dist-packages/neutron_lib/callbacks/manager.py:176}}
May 18 14:18:36.890069 dv-cinder-755101-9-smb neutron-server[104398]: DEBUG neutron.db.l3_hamode_db [None req-71eae7d6-a975-47f3-8075-6d51c0bde7ca None None] neutron.services.l3_router.l3_router_plugin.L3RouterPlugin method _process_sync_ha_data called with arguments (, [{'id': 'e4246163-e101-44c2-ab77-e55fce109a81', 'name': 'tempest-ServerRescueNegativeTestJSON-1138265374-router', 'tenant_id': 'fae0bf69711a4fc3a221a86c3a0e2083', 'admin_state_up': True, 'status': 'ACTIVE', 'external_gateway_info': {'network_id': '33b530be-856b-4631-a6e1-e570c54d94e8', 'external_fixed_ips': [{'subnet_id': '3024121c-2289-4e51-92b2-0eccec32a77e', 'ip_address': '172.28.0.237'}], 'enable_snat': True}, 'gw_port_id': '0208ba43-9850-4fd4-a3ff-219b0bb5fea9', 'description': '', 'availability_zones': ['nova'], 'distributed': False, 'ha': False, 'ha_vr_id': 0, 'availability_zone_hints': [], 'routes': [], 'flavor_id': None, 'tags': [], 'created_at': '2022-05-18T14:18:06Z', 'updated_at': '2022-05-18T14:18:18Z', 'revision_number': 4, 'project_id': 'fae0bf69711a4fc3a221a86c3a0e2083', 'gw_port': {'id': '0208ba43-9850-4fd4-a3ff-219b0bb5fea9', 'name': '', 'network_id': '33b530be-856b-4631-a6e1-e570c54d94e8', 'tenant_id': '', 'mac_address': 'fa:16:3e:c0:f0:7d', 'admin_state_up': True, 'status': 'ACTIVE', 'device_id': 'e4246163-e101-44c2-ab77-e55fce109a81', 'device_owner': 'network:router_gateway', 'standard_attr_id': 77, 'fixed_ips': [{'subnet_id': '3024121c-2289-4e51-92b2-0eccec32a77e', 'ip_address': '172.28.0.237', 'prefixlen': 24}], 'allowed_address_pairs': [], 'extra_dhcp_opts': [], 'security_groups': [], 'description': '', 'binding:vnic_type': 'normal', 'binding:profile': {}, 'binding:host_id': 'dv-cinder-755101-9-smb', 'binding:vif_type': 'ovs', 'binding:vif_details': {'connectivity': 'l2', 'port_filter': True, 'ovs_hybrid_plug': False, 'datapath_type': 'system', 'bridge_name': 'br-int', 'bound_drivers': {'0': 'openvswitch'}}, 'port_security_enabled': False, 'tags': [], 'created_at': '2022-05-18T14:18:10Z', 'updated_at': '2022-05-18T14:18:25Z', 'revision_number': 4, 'project_id': '', 'subnets': [{'id': '3024121c-2289-4e51-92b2-0eccec32a77e', 'cidr': '172.28.0.0/24', 'gateway_ip': '172.28.0.1', 'dns_nameservers': [], 'ipv6_ra_mode': None, 'subnetpool_id': None}], 'extra_subnets': [], 'address_scopes': {4: None, 6: None}, 'mtu': 1500}, 'enable_snat': True, 'gw_port_host': 'dv-cinder-755101-9-smb', '_interfaces': [{'id': '68a43ccf-3b1c-4877-8595-1c6b5ffe7ede', 'name': '', 'network_id': 'f51f57b6-8cf8-4e81-b43c-2e1a19afb7da', 'tenant_id': 'fae0bf69711a4fc3a221a86c3a0e2083', 'mac_address': 'fa:16:3e:86:98:dd', 'admin_state_up': True, 'status': 'DOWN', 'device_id': 'e4246163-e101-44c2-ab77-e55fce109a81', 'device_owner': 'network:router_interface', 'standard_attr_id': 89, 'fixed_ips': [{'subnet_id': '1b678615-e563-4995-8077-321693f42152', 'ip_address': '172.20.0.1', 'prefixlen': 28}], 'allowed_address_pairs': [], 'extra_dhcp_opts': [], 'security_groups': [], 'description': '', 'binding:vnic_type': 'normal', 'binding:profile': {}, 'binding:host_id': 'dv-cinder-755101-9-smb', 'binding:vif_type': 'ovs', 'binding:vif_details': {'connectivity': 'l2', 'port_filter': True, 'ovs_hybrid_plug': False, 'datapath_type': 'system', 'bridge_name': 'br-int', 'bound_drivers': {'0': 'openvswitch'}}, 'port_security_enabled': False, 'tags': [], 'created_at': '2022-05-18T14:18:16Z', 'updated_at': '2022-05-18T14:18:34Z', 'revision_number': 4, 'project_id': 'fae0bf69711a4fc3a221a86c3a0e2083', 'subnets': [{'id': '1b678615-e563-4995-8077-321693f42152', 'cidr': '172.20.0.0/28', 'gateway_ip': '172.20.0.1', 'dns_nameservers': [], 'ipv6_ra_mode': None, 'subnetpool_id': None}], 'extra_subnets': [], 'address_scopes': {4: None, 6: None}, 'mtu': 1500}]}], 'dv-cinder-755101-9-smb', False) {} {{(pid=104398) wrapper /usr/local/lib/python3.8/dist-packages/oslo_log/helpers.py:65}}
May 18 14:18:36.968429 dv-cinder-755101-9-smb neutron-server[104397]: DEBUG neutron.pecan_wsgi.hooks.policy_enforcement [req-e9e714f6-9b9c-4b19-8a8f-303863e265eb req-545cfd1d-91ba-412e-95d4-6deb44c8c4cc tempest-AttachVolumeTestJSON-1729119203 tempest-AttachVolumeTestJSON-1729119203-project] Attributes excluded by policy engine: ['standard_attr_id', 'binding:profile', 'binding:host_id', 'binding:vif_type', 'binding:vif_details'] {{(pid=104397) _exclude_attributes_by_policy /opt/stack/neutron/neutron/pecan_wsgi/hooks/policy_enforcement.py:259}}
May 18 14:18:36.988511 dv-cinder-755101-9-smb neutron-server[104397]: INFO neutron.wsgi [req-e9e714f6-9b9c-4b19-8a8f-303863e265eb req-545cfd1d-91ba-412e-95d4-6deb44c8c4cc tempest-AttachVolumeTestJSON-1729119203 tempest-AttachVolumeTestJSON-1729119203-project] 10.222.0.52 "GET /v2.0/ports?device_id=f3bc3142-46c4-450a-8d95-add15e01b281 HTTP/1.1" status: 200 len: 932 time: 0.2517607
May 18 14:18:37.046388 dv-cinder-755101-9-smb neutron-server[104397]: INFO neutron.wsgi [req-10ddf8ab-fa64-450c-afb8-fe25a72938bf req-233cb471-eaf8-4d75-9a4a-f41760eb9c8d service neutron] 10.222.0.25 "GET /v2.0/networks/086d1f13-c3e0-4ff2-830e-c513b0d949b2?fields=provider%3Aphysical_network&fields=provider%3Anetwork_type HTTP/1.1" status: 200 len: 281 time: 1.0071242
May 18 14:18:37.087055 dv-cinder-755101-9-smb neutron-server[104398]: DEBUG neutron.plugins.ml2.plugin [None req-07ae6b85-21ec-4811-9e6f-67c5e5cce8b4 None None] Current status of the port 68a43ccf-3b1c-4877-8595-1c6b5ffe7ede is: DOWN; New status is: ACTIVE {{(pid=104398) _update_individual_port_db_status /opt/stack/neutron/neutron/plugins/ml2/plugin.py:2296}}
May 18 14:18:37.087699 dv-cinder-755101-9-smb neutron-server[104398]: DEBUG neutron_lib.callbacks.manager [None req-07ae6b85-21ec-4811-9e6f-67c5e5cce8b4 None None] Publish callbacks ['neutron.plugins.ml2.plugin.SecurityGroupDbMixin._ensure_default_security_group_handler-764000'] for port (68a43ccf-3b1c-4877-8595-1c6b5ffe7ede), before_update {{(pid=104398) _notify_loop /usr/local/lib/python3.8/dist-packages/neutron_lib/callbacks/manager.py:176}}
May 18 14:18:37.103501 dv-cinder-755101-9-smb neutron-server[104399]: DEBUG dbcounter [-] [104399] Writing DB stats neutron:SELECT=97,neutron:UPDATE=2,neutron:INSERT=1 {{(pid=104399) stat_writer /usr/local/lib/python3.8/dist-packages/dbcounter.py:114}}
May 18 14:18:37.104701 dv-cinder-755101-9-smb neutron-server[104396]: INFO neutron.wsgi [req-5613a879-7ec9-48ec-b8f7-5ea107dd6df9 req-644b05f6-7aba-446c-8ffa-a0732238ba3c tempest-DeleteServersTestJSON-229790270 tempest-DeleteServersTestJSON-229790270-project] 10.222.0.52 "GET /v2.0/security-groups?id=f79bb6d5-6784-4e9a-add5-c2364d035b1f&fields=id&fields=name HTTP/1.1" status: 200 len: 286 time: 0.8505135
May 18 14:18:37.114350 dv-cinder-755101-9-smb neutron-server[104399]: DEBUG neutron.db.agents_db [None req-12a08f4a-b3c8-4a65-8be7-1ce74aef0f13 None None] Agent healthcheck: found 6 active agents {{(pid=104399) agent_health_check /opt/stack/neutron/neutron/db/agents_db.py:317}}
May 18 14:18:37.139942 dv-cinder-755101-9-smb neutron-server[104398]: DEBUG neutron.api.rpc.handlers.l3_rpc [None req-71eae7d6-a975-47f3-8075-6d51c0bde7ca None None] The sync data for ids ['e4246163-e101-44c2-ab77-e55fce109a81'] in dv-cinder-755101-9-smb is: [{'id': 'e4246163-e101-44c2-ab77-e55fce109a81', 'name': 'tempest-ServerRescueNegativeTestJSON-1138265374-router', 'tenant_id': 'fae0bf69711a4fc3a221a86c3a0e2083', 'admin_state_up': True, 'status': 'ACTIVE', 'external_gateway_info': {'network_id': '33b530be-856b-4631-a6e1-e570c54d94e8', 'external_fixed_ips': [{'subnet_id': '3024121c-2289-4e51-92b2-0eccec32a77e', 'ip_address': '172.28.0.237'}], 'enable_snat': True}, 'gw_port_id': '0208ba43-9850-4fd4-a3ff-219b0bb5fea9', 'description': '', 'availability_zones': ['nova'], 'distributed': False, 'ha': False, 'ha_vr_id': 0, 'availability_zone_hints': [], 'routes': [], 'flavor_id': None, 'tags': [], 'created_at': '2022-05-18T14:18:06Z', 'updated_at': '2022-05-18T14:18:18Z', 'revision_number': 4, 'project_id': 'fae0bf69711a4fc3a221a86c3a0e2083', 'gw_port': {'id': '0208ba43-9850-4fd4-a3ff-219b0bb5fea9', 'name': '', 'network_id': '33b530be-856b-4631-a6e1-e570c54d94e8', 'tenant_id': '', 'mac_address': 'fa:16:3e:c0:f0:7d', 'admin_state_up': True, 'status': 'ACTIVE', 'device_id': 'e4246163-e101-44c2-ab77-e55fce109a81', 'device_owner': 'network:router_gateway', 'standard_attr_id': 77, 'fixed_ips': [{'subnet_id': '3024121c-2289-4e51-92b2-0eccec32a77e', 'ip_address': '172.28.0.237', 'prefixlen': 24}], 'allowed_address_pairs': [], 'extra_dhcp_opts': [], 'security_groups': [], 'description': '', 'binding:vnic_type': 'normal', 'binding:profile': {}, 'binding:host_id': 'dv-cinder-755101-9-smb', 'binding:vif_type': 'ovs', 'binding:vif_details': {'connectivity': 'l2', 'port_filter': True, 'ovs_hybrid_plug': False, 'datapath_type': 'system', 'bridge_name': 'br-int', 'bound_drivers': {'0': 'openvswitch'}}, 'port_security_enabled': False, 'tags': [], 'created_at': '2022-05-18T14:18:10Z', 'updated_at': '2022-05-18T14:18:25Z', 'revision_number': 4, 'project_id': '', 'subnets': [{'id': '3024121c-2289-4e51-92b2-0eccec32a77e', 'cidr': '172.28.0.0/24', 'gateway_ip': '172.28.0.1', 'dns_nameservers': [], 'ipv6_ra_mode': None, 'subnetpool_id': None}], 'extra_subnets': [], 'address_scopes': {4: None, 6: None}, 'mtu': 1500}, 'enable_snat': True, 'gw_port_host': 'dv-cinder-755101-9-smb', '_interfaces': [{'id': '68a43ccf-3b1c-4877-8595-1c6b5ffe7ede', 'name': '', 'network_id': 'f51f57b6-8cf8-4e81-b43c-2e1a19afb7da', 'tenant_id': 'fae0bf69711a4fc3a221a86c3a0e2083', 'mac_address': 'fa:16:3e:86:98:dd', 'admin_state_up': True, 'status': 'DOWN', 'device_id': 'e4246163-e101-44c2-ab77-e55fce109a81', 'device_owner': 'network:router_interface', 'standard_attr_id': 89, 'fixed_ips': [{'subnet_id': '1b678615-e563-4995-8077-321693f42152', 'ip_address': '172.20.0.1', 'prefixlen': 28}], 'allowed_address_pairs': [], 'extra_dhcp_opts': [], 'security_groups': [], 'description': '', 'binding:vnic_type': 'normal', 'binding:profile': {}, 'binding:host_id': 'dv-cinder-755101-9-smb', 'binding:vif_type': 'ovs', 'binding:vif_details': {'connectivity': 'l2', 'port_filter': True, 'ovs_hybrid_plug': False, 'datapath_type': 'system', 'bridge_name': 'br-int', 'bound_drivers': {'0': 'openvswitch'}}, 'port_security_enabled': False, 'tags': [], 'created_at': '2022-05-18T14:18:16Z', 'updated_at': '2022-05-18T14:18:34Z', 'revision_number': 4, 'project_id': 'fae0bf69711a4fc3a221a86c3a0e2083', 'subnets': [{'id': '1b678615-e563-4995-8077-321693f42152', 'cidr': '172.20.0.0/28', 'gateway_ip': '172.20.0.1', 'dns_nameservers': [], 'ipv6_ra_mode': None, 'subnetpool_id': None}], 'extra_subnets': [], 'address_scopes': {4: None, 6: None}, 'mtu': 1500}]}] {{(pid=104398) sync_routers /opt/stack/neutron/neutron/api/rpc/handlers/l3_rpc.py:137}}
May 18 14:18:37.565423 dv-cinder-755101-9-smb neutron-server[104398]: DEBUG neutron.plugins.ml2.plugin [None req-2610e1a3-e1d5-46b4-89e0-340b419f73fa None None] Current status of the port 68a43ccf-3b1c-4877-8595-1c6b5ffe7ede is: DOWN; New status is: ACTIVE {{(pid=104398) _update_individual_port_db_status /opt/stack/neutron/neutron/plugins/ml2/plugin.py:2296}}
May 18 14:18:37.570915 dv-cinder-755101-9-smb neutron-server[104398]: DEBUG neutron_lib.callbacks.manager [None req-2610e1a3-e1d5-46b4-89e0-340b419f73fa None None] Publish callbacks ['neutron.plugins.ml2.plugin.SecurityGroupDbMixin._ensure_default_security_group_handler-764000'] for port (68a43ccf-3b1c-4877-8595-1c6b5ffe7ede), before_update {{(pid=104398) _notify_loop /usr/local/lib/python3.8/dist-packages/neutron_lib/callbacks/manager.py:176}}
May 18 14:18:37.582751 dv-cinder-755101-9-smb neutron-server[104396]: DEBUG neutron.notifiers.nova [req-2ea5a386-c219-4081-a361-d7ad30145125 req-887b675f-0caf-4059-9847-d36a5146935b service neutron] Ignoring state change previous_port_status: DOWN current_port_status: DOWN port_id 68108ca3-8e26-4277-811d-e9dba5eb58e8 {{(pid=104396) record_port_status_changed /opt/stack/neutron/neutron/notifiers/nova.py:233}}
May 18 14:18:37.642272 dv-cinder-755101-9-smb neutron-server[104396]: DEBUG neutron.pecan_wsgi.hooks.policy_enforcement [req-fdb85256-1eb8-4bb3-b01d-7cfe9adbcd7f req-96669fd2-6047-4c05-b8ad-7553edf63425 tempest-AttachVolumeShelveTestJSON-2106704625 tempest-AttachVolumeShelveTestJSON-2106704625-project] Attributes excluded by policy engine: ['standard_attr_id', 'vlan_transparent', 'provider:network_type', 'provider:physical_network', 'provider:segmentation_id'] {{(pid=104396) _exclude_attributes_by_policy /opt/stack/neutron/neutron/pecan_wsgi/hooks/policy_enforcement.py:259}}
May 18 14:18:37.647489 dv-cinder-755101-9-smb neutron-server[104396]: INFO neutron.wsgi [req-fdb85256-1eb8-4bb3-b01d-7cfe9adbcd7f req-96669fd2-6047-4c05-b8ad-7553edf63425 tempest-AttachVolumeShelveTestJSON-2106704625 tempest-AttachVolumeShelveTestJSON-2106704625-project] 10.222.0.25 "GET /v2.0/networks?id=96c19beb-a4ce-4c91-bc0d-bf57558aca2c HTTP/1.1" status: 200 len: 816 time: 1.1348398
May 18 14:18:37.649414 dv-cinder-755101-9-smb neutron-server[104397]: DEBUG neutron.wsgi [-] (104397) accepted ('10.222.0.52', 42514) {{(pid=104397) server /usr/local/lib/python3.8/dist-packages/eventlet/wsgi.py:1004}}
May 18 14:18:37.654006 dv-cinder-755101-9-smb neutron-server[104396]: DEBUG neutron_lib.callbacks.manager [req-2ea5a386-c219-4081-a361-d7ad30145125 req-887b675f-0caf-4059-9847-d36a5146935b service neutron] Publish callbacks [] for port (68108ca3-8e26-4277-811d-e9dba5eb58e8), precommit_update {{(pid=104396) _notify_loop /usr/local/lib/python3.8/dist-packages/neutron_lib/callbacks/manager.py:176}}
May 18 14:18:37.681704 dv-cinder-755101-9-smb neutron-server[104398]: DEBUG neutron.plugins.ml2.db [None req-07ae6b85-21ec-4811-9e6f-67c5e5cce8b4 None None] For port 68a43ccf-3b1c-4877-8595-1c6b5ffe7ede, host dv-cinder-755101-9-smb, got binding levels [PortBindingLevel(driver='openvswitch',host='dv-cinder-755101-9-smb',level=0,port_id=68a43ccf-3b1c-4877-8595-1c6b5ffe7ede,segment=NetworkSegment(96a1e0b8-128f-4edd-926a-f4ff8cfdf363),segment_id=96a1e0b8-128f-4edd-926a-f4ff8cfdf363)] {{(pid=104398) get_binding_level_objs /opt/stack/neutron/neutron/plugins/ml2/db.py:74}}
May 18 14:18:37.778501 dv-cinder-755101-9-smb neutron-server[104397]: INFO neutron.wsgi [req-e9e714f6-9b9c-4b19-8a8f-303863e265eb req-520486fe-2a20-41fd-be76-60f3dd075922 tempest-AttachVolumeTestJSON-1729119203 tempest-AttachVolumeTestJSON-1729119203-project] 10.222.0.52 "GET /v2.0/security-groups?id=8bcfa057-7959-410f-9d02-30d6d299379d&fields=id&fields=name HTTP/1.1" status: 200 len: 313 time: 0.7885945
May 18 14:18:37.837084 dv-cinder-755101-9-smb neutron-server[104396]: INFO neutron.wsgi [req-82da1335-50e0-4f3e-809c-b6cecb717992 req-67067530-9ee7-4b44-8724-5744221d6e51 tempest-AttachVolumeShelveTestJSON-2106704625 tempest-AttachVolumeShelveTestJSON-2106704625-project] 10.222.0.52 "GET /v2.0/ports?device_id=6f66d6d5-beaa-4415-8d37-6affdc66eb3e HTTP/1.1" status: 200 len: 210 time: 0.1725910
May 18 14:18:37.842556 dv-cinder-755101-9-smb neutron-server[104398]: DEBUG neutron_lib.callbacks.manager [None req-07ae6b85-21ec-4811-9e6f-67c5e5cce8b4 None None] Publish callbacks ['neutron.plugins.ml2.plugin.SecurityGroupServerNotifierRpcMixin._notify_sg_on_port_change-764110', 'neutron.plugins.ml2.ovo_rpc._ObjectChangeHandler.handle_event-278352', 'neutron.api.rpc.agentnotifiers.dhcp_rpc_agent_api.DhcpAgentNotifyAPI._native_event_send_dhcp_notification-1629061', 'neutron.db.l3_db.L3RpcNotifierMixin._notify_gateway_port_ip_changed-8740649837707', 'neutron.db.l3_dvrscheduler_db._notify_l3_agent_port_update-8740649464387', 'neutron.db.l3_hascheduler_db._notify_l3_agent_ha_port_update-8740649464405'] for port (68a43ccf-3b1c-4877-8595-1c6b5ffe7ede), after_update {{(pid=104398) _notify_loop /usr/local/lib/python3.8/dist-packages/neutron_lib/callbacks/manager.py:176}}
May 18 14:18:37.913344 dv-cinder-755101-9-smb neutron-server[104396]: INFO neutron.wsgi [req-fdb85256-1eb8-4bb3-b01d-7cfe9adbcd7f req-51d0e6f2-d7e1-45d1-a971-acc986704b0f tempest-AttachVolumeShelveTestJSON-2106704625 tempest-AttachVolumeShelveTestJSON-2106704625-project] 10.222.0.25 "GET /v2.0/security-groups?fields=id&fields=name&tenant_id=73a17f770ee945fd9ec59084c5f8afff HTTP/1.1" status: 200 len: 380 time: 0.1908929
May 18 14:18:37.918186 dv-cinder-755101-9-smb neutron-server[104396]: DEBUG neutron.db.provisioning_blocks [req-2ea5a386-c219-4081-a361-d7ad30145125 req-887b675f-0caf-4059-9847-d36a5146935b service neutron] Transition to ACTIVE for port object 68108ca3-8e26-4277-811d-e9dba5eb58e8 will not be triggered until provisioned by entity L2. {{(pid=104396) add_provisioning_component /opt/stack/neutron/neutron/db/provisioning_blocks.py:75}}
May 18 14:18:37.934724 dv-cinder-755101-9-smb neutron-server[104396]: DEBUG neutron.api.v2.base [req-fdb85256-1eb8-4bb3-b01d-7cfe9adbcd7f req-0c7d58dc-3b14-4d03-ba71-25b50dce7c62 tempest-AttachVolumeShelveTestJSON-2106704625 tempest-AttachVolumeShelveTestJSON-2106704625-project] Request body: {'port': {'device_id': '6f66d6d5-beaa-4415-8d37-6affdc66eb3e', 'network_id': '96c19beb-a4ce-4c91-bc0d-bf57558aca2c', 'admin_state_up': True, 'tenant_id': '73a17f770ee945fd9ec59084c5f8afff', 'security_groups': ['3921dd36-0aa5-4e24-bdd4-dee51450c558']}} {{(pid=104396) prepare_request_body /opt/stack/neutron/neutron/api/v2/base.py:730}}
May 18 14:18:37.942712 dv-cinder-755101-9-smb neutron-server[104396]: DEBUG neutron_lib.callbacks.manager [None req-97c8c20c-45b8-4559-9f29-89deb9dc738f admin admin] Publish callbacks ['neutron.plugins.ml2.ovo_rpc._ObjectChangeHandler.handle_event-1583516'] for security_group (8f25576d-e9db-4996-abd7-6cd443013c85), after_delete {{(pid=104396) _notify_loop /usr/local/lib/python3.8/dist-packages/neutron_lib/callbacks/manager.py:176}}
May 18 14:18:37.961205 dv-cinder-755101-9-smb neutron-server[104397]: DEBUG neutron_lib.callbacks.manager [req-68734011-e252-488f-8f75-338de61af9da req-f7657db1-0526-45e7-8468-2a534abea8ec tempest-ServerRescueNegativeTestJSON-376830014 tempest-ServerRescueNegativeTestJSON-376830014-project] Publish callbacks [] for port (7128303e-6891-4a33-a57e-34121938fb0b), precommit_create {{(pid=104397) _notify_loop /usr/local/lib/python3.8/dist-packages/neutron_lib/callbacks/manager.py:176}}
May 18 14:18:37.963752 dv-cinder-755101-9-smb neutron-server[104396]: DEBUG neutron_lib.callbacks.manager [None req-97c8c20c-45b8-4559-9f29-89deb9dc738f admin admin] Publish callbacks [] for security_group (None), before_response {{(pid=104396) _notify_loop /usr/local/lib/python3.8/dist-packages/neutron_lib/callbacks/manager.py:176}}
May 18 14:18:37.967048 dv-cinder-755101-9-smb neutron-server[104396]: INFO neutron.wsgi [None req-97c8c20c-45b8-4559-9f29-89deb9dc738f admin admin] 10.222.0.52 "DELETE /v2.0/security-groups/8f25576d-e9db-4996-abd7-6cd443013c85 HTTP/1.1" status: 204 len: 168 time: 2.4611695
May 18 14:18:38.132732 dv-cinder-755101-9-smb neutron-server[104398]: DEBUG neutron.api.rpc.handlers.resources_rpc [None req-07ae6b85-21ec-4811-9e6f-67c5e5cce8b4 None None] Pushing event updated for resources: {'Port': ['ID=68a43ccf-3b1c-4877-8595-1c6b5ffe7ede,revision_number=5']} {{(pid=104398) push /opt/stack/neutron/neutron/api/rpc/handlers/resources_rpc.py:237}}
May 18 14:18:38.183216 dv-cinder-755101-9-smb neutron-server[104398]: DEBUG neutron_lib.db.api [None req-2610e1a3-e1d5-46b4-89e0-340b419f73fa None None] Retry wrapper got retriable exception: UPDATE statement on table 'standardattributes' expected to update 1 row(s); 0 were matched. {{(pid=104398) wrapped /usr/local/lib/python3.8/dist-packages/neutron_lib/db/api.py:188}}
May 18 14:18:38.185325 dv-cinder-755101-9-smb neutron-server[104396]: DEBUG neutron_lib.callbacks.manager [req-2ea5a386-c219-4081-a361-d7ad30145125 req-887b675f-0caf-4059-9847-d36a5146935b service neutron] Publish callbacks ['neutron.plugins.ml2.plugin.SecurityGroupServerNotifierRpcMixin._notify_sg_on_port_change-764110', 'neutron.plugins.ml2.ovo_rpc._ObjectChangeHandler.handle_event-278352', 'neutron.api.rpc.agentnotifiers.dhcp_rpc_agent_api.DhcpAgentNotifyAPI._native_event_send_dhcp_notification-1629061', 'neutron.db.l3_db.L3RpcNotifierMixin._notify_gateway_port_ip_changed-8740649837707', 'neutron.db.l3_dvrscheduler_db._notify_l3_agent_port_update-8740649464387', 'neutron.db.l3_hascheduler_db._notify_l3_agent_ha_port_update-8740649464405'] for port (68108ca3-8e26-4277-811d-e9dba5eb58e8), after_update {{(pid=104396) _notify_loop /usr/local/lib/python3.8/dist-packages/neutron_lib/callbacks/manager.py:176}}
May 18 14:18:38.187046 dv-cinder-755101-9-smb neutron-server[104398]: DEBUG oslo_db.api [None req-2610e1a3-e1d5-46b4-89e0-340b419f73fa None None] Performing DB retry for function neutron.plugins.ml2.plugin.Ml2Plugin.update_port_statuses {{(pid=104398) wrapper /usr/local/lib/python3.8/dist-packages/oslo_db/api.py:155}}
May 18 14:18:38.201536 dv-cinder-755101-9-smb neutron-server[104397]: INFO neutron.wsgi [req-b782528f-3da1-4443-a80b-eb691fb18ab9 req-e2362771-4bab-4b4e-ba02-5957bd53e454 tempest-ServerRescueNegativeTestJSON-376830014 tempest-ServerRescueNegativeTestJSON-376830014-project] 10.222.0.52 "GET /v2.0/ports?device_id=b06ed531-b1f0-46ef-8baf-a63664dbdba2 HTTP/1.1" status: 200 len: 210 time: 0.1325116
May 18 14:18:38.215277 dv-cinder-755101-9-smb neutron-server[104396]: DEBUG neutron.api.rpc.handlers.resources_rpc [None req-97c8c20c-45b8-4559-9f29-89deb9dc738f admin admin] Pushing event deleted for resources: {'SecurityGroup': ['ID=8f25576d-e9db-4996-abd7-6cd443013c85,revision_number=None']} {{(pid=104396) push /opt/stack/neutron/neutron/api/rpc/handlers/resources_rpc.py:237}}
May 18 14:18:38.259628 dv-cinder-755101-9-smb neutron-server[104397]: DEBUG neutron_lib.callbacks.manager [req-68734011-e252-488f-8f75-338de61af9da req-f7657db1-0526-45e7-8468-2a534abea8ec tempest-ServerRescueNegativeTestJSON-376830014 tempest-ServerRescueNegativeTestJSON-376830014-project] Publish callbacks ['neutron.plugins.ml2.plugin.SecurityGroupServerNotifierRpcMixin._notify_sg_on_port_change-764110', 'neutron.plugins.ml2.ovo_rpc._ObjectChangeHandler.handle_event-278352', 'neutron.api.rpc.agentnotifiers.dhcp_rpc_agent_api.DhcpAgentNotifyAPI._native_event_send_dhcp_notification-1629061', 'neutron.db.l3_dvrscheduler_db._notify_l3_agent_new_port-8740649464369'] for port (7128303e-6891-4a33-a57e-34121938fb0b), after_create {{(pid=104397) _notify_loop /usr/local/lib/python3.8/dist-packages/neutron_lib/callbacks/manager.py:176}}
May 18 14:18:38.324544 dv-cinder-755101-9-smb neutron-server[104397]: DEBUG neutron.scheduler.dhcp_agent_scheduler [req-68734011-e252-488f-8f75-338de61af9da req-f7657db1-0526-45e7-8468-2a534abea8ec tempest-ServerRescueNegativeTestJSON-376830014 tempest-ServerRescueNegativeTestJSON-376830014-project] Network f51f57b6-8cf8-4e81-b43c-2e1a19afb7da is already hosted by enough agents. {{(pid=104397) _get_dhcp_agents_hosting_network /opt/stack/neutron/neutron/scheduler/dhcp_agent_scheduler.py:275}}
May 18 14:18:38.542996 dv-cinder-755101-9-smb neutron-server[104396]: DEBUG neutron.api.rpc.handlers.resources_rpc [None req-887b675f-0caf-4059-9847-d36a5146935b service neutron] Pushing event updated for resources: {'Port': ['ID=68108ca3-8e26-4277-811d-e9dba5eb58e8,revision_number=2']} {{(pid=104396) push /opt/stack/neutron/neutron/api/rpc/handlers/resources_rpc.py:237}}
May 18 14:18:38.735997 dv-cinder-755101-9-smb neutron-server[104396]: DEBUG dbcounter [-] [104396] Writing DB stats neutron:SELECT=100 {{(pid=104396) stat_writer /usr/local/lib/python3.8/dist-packages/dbcounter.py:114}}
May 18 14:18:38.751327 dv-cinder-755101-9-smb neutron-server[104396]: DEBUG neutron.pecan_wsgi.hooks.policy_enforcement [req-b759de1f-bddd-47f7-8d59-aa0a6ad09fcc req-ecb80959-3453-4491-95ab-3067399dde63 tempest-DeleteServersTestJSON-229790270 tempest-DeleteServersTestJSON-229790270-project] Attributes excluded by policy engine: ['standard_attr_id', 'binding:profile', 'binding:host_id', 'binding:vif_type', 'binding:vif_details'] {{(pid=104396) _exclude_attributes_by_policy /opt/stack/neutron/neutron/pecan_wsgi/hooks/policy_enforcement.py:259}}
May 18 14:18:38.755055 dv-cinder-755101-9-smb neutron-server[104398]: DEBUG dbcounter [-] [104398] Writing DB stats neutron:SELECT=97,neutron:UPDATE=3 {{(pid=104398) stat_writer /usr/local/lib/python3.8/dist-packages/dbcounter.py:114}}
May 18 14:18:38.756835 dv-cinder-755101-9-smb neutron-server[104396]: INFO neutron.wsgi [req-b759de1f-bddd-47f7-8d59-aa0a6ad09fcc req-ecb80959-3453-4491-95ab-3067399dde63 tempest-DeleteServersTestJSON-229790270 tempest-DeleteServersTestJSON-229790270-project] 10.222.0.52 "GET /v2.0/ports?device_id=82852595-6c88-4c6b-92a5-63631a48397b HTTP/1.1" status: 200 len: 943 time: 0.2905798
May 18 14:18:38.901506 dv-cinder-755101-9-smb neutron-server[104398]: DEBUG neutron.plugins.ml2.plugin [None req-2610e1a3-e1d5-46b4-89e0-340b419f73fa None None] Current status of the port 68a43ccf-3b1c-4877-8595-1c6b5ffe7ede is: ACTIVE; New status is: ACTIVE {{(pid=104398) _update_individual_port_db_status /opt/stack/neutron/neutron/plugins/ml2/plugin.py:2296}}
May 18 14:18:39.143324 dv-cinder-755101-9-smb neutron-server[104396]: DEBUG neutron.plugins.ml2.managers [req-2ea5a386-c219-4081-a361-d7ad30145125 req-887b675f-0caf-4059-9847-d36a5146935b service neutron] Attempting to bind port 68108ca3-8e26-4277-811d-e9dba5eb58e8 on host hv-cinder-75510 for vnic_type normal with profile {{(pid=104396) bind_port /opt/stack/neutron/neutron/plugins/ml2/managers.py:795}}
May 18 14:18:39.143324 dv-cinder-755101-9-smb neutron-server[104396]: DEBUG neutron.plugins.ml2.managers [req-2ea5a386-c219-4081-a361-d7ad30145125 req-887b675f-0caf-4059-9847-d36a5146935b service neutron] Attempting to bind port 68108ca3-8e26-4277-811d-e9dba5eb58e8 by drivers openvswitch,hyperv on host hv-cinder-75510 at level 0 using segments [{'id': '848fd2d1-4e74-418e-a128-7f0aa126e71e', 'network_type': 'vlan', 'physical_network': 'physnet1', 'segmentation_id': 362, 'network_id': '4c1f8353-babd-435a-8883-8e1253812790'}] {{(pid=104396) _bind_port_level /opt/stack/neutron/neutron/plugins/ml2/managers.py:820}}
May 18 14:18:39.143324 dv-cinder-755101-9-smb neutron-server[104396]: DEBUG neutron.plugins.ml2.drivers.mech_agent [req-2ea5a386-c219-4081-a361-d7ad30145125 req-887b675f-0caf-4059-9847-d36a5146935b service neutron] Attempting to bind port 68108ca3-8e26-4277-811d-e9dba5eb58e8 on network 4c1f8353-babd-435a-8883-8e1253812790 {{(pid=104396) bind_port /opt/stack/neutron/neutron/plugins/ml2/drivers/mech_agent.py:91}}
May 18 14:18:39.143555 dv-cinder-755101-9-smb neutron-server[104397]: DEBUG neutron.scheduler.base_scheduler [req-68734011-e252-488f-8f75-338de61af9da req-f7657db1-0526-45e7-8468-2a534abea8ec tempest-ServerRescueNegativeTestJSON-376830014 tempest-ServerRescueNegativeTestJSON-376830014-project] Resources bound (agent type, host, resource id): {{(pid=104397) schedule /opt/stack/neutron/neutron/scheduler/base_scheduler.py:57}}
May 18 14:18:39.154530 dv-cinder-755101-9-smb neutron-server[104397]: DEBUG neutron.db.l3_dvrscheduler_db [req-68734011-e252-488f-8f75-338de61af9da req-f7657db1-0526-45e7-8468-2a534abea8ec tempest-ServerRescueNegativeTestJSON-376830014 tempest-ServerRescueNegativeTestJSON-376830014-project] Received port after_create {{(pid=104397) _notify_l3_agent_new_port /opt/stack/neutron/neutron/db/l3_dvrscheduler_db.py:536}}
May 18 14:18:39.166559 dv-cinder-755101-9-smb neutron-server[104397]: DEBUG neutron.pecan_wsgi.hooks.policy_enforcement [req-68734011-e252-488f-8f75-338de61af9da req-f7657db1-0526-45e7-8468-2a534abea8ec tempest-ServerRescueNegativeTestJSON-376830014 tempest-ServerRescueNegativeTestJSON-376830014-project] Attributes excluded by policy engine: ['standard_attr_id', 'binding:profile', 'binding:host_id', 'binding:vif_type', 'binding:vif_details', 'network'] {{(pid=104397) _exclude_attributes_by_policy /opt/stack/neutron/neutron/pecan_wsgi/hooks/policy_enforcement.py:259}}
May 18 14:18:39.167942 dv-cinder-755101-9-smb neutron-server[104397]: DEBUG neutron_lib.callbacks.manager [req-68734011-e252-488f-8f75-338de61af9da req-f7657db1-0526-45e7-8468-2a534abea8ec tempest-ServerRescueNegativeTestJSON-376830014 tempest-ServerRescueNegativeTestJSON-376830014-project] Publish callbacks ['neutron.notifiers.nova.Notifier._send_nova_notification-45626', 'neutron.api.rpc.agentnotifiers.dhcp_rpc_agent_api.DhcpAgentNotifyAPI._send_dhcp_notification-1629099'] for port (None), before_response {{(pid=104397) _notify_loop /usr/local/lib/python3.8/dist-packages/neutron_lib/callbacks/manager.py:176}}
May 18 14:18:39.198493 dv-cinder-755101-9-smb neutron-server[104397]: DEBUG dbcounter [-] [104397] Writing DB stats neutron:SELECT=96,neutron:DELETE=4 {{(pid=104397) stat_writer /usr/local/lib/python3.8/dist-packages/dbcounter.py:114}}
May 18 14:18:39.258281 dv-cinder-755101-9-smb neutron-server[104396]: DEBUG neutron.plugins.ml2.drivers.mech_agent [req-2ea5a386-c219-4081-a361-d7ad30145125 req-887b675f-0caf-4059-9847-d36a5146935b service neutron] Port 68108ca3-8e26-4277-811d-e9dba5eb58e8 on network 4c1f8353-babd-435a-8883-8e1253812790 not bound, no agent of type Open vSwitch agent registered on host hv-cinder-75510 {{(pid=104396) bind_port /opt/stack/neutron/neutron/plugins/ml2/drivers/mech_agent.py:103}}
May 18 14:18:39.259824 dv-cinder-755101-9-smb neutron-server[104396]: DEBUG neutron.plugins.ml2.drivers.mech_agent [req-2ea5a386-c219-4081-a361-d7ad30145125 req-887b675f-0caf-4059-9847-d36a5146935b service neutron] Attempting to bind port 68108ca3-8e26-4277-811d-e9dba5eb58e8 on network 4c1f8353-babd-435a-8883-8e1253812790 {{(pid=104396) bind_port /opt/stack/neutron/neutron/plugins/ml2/drivers/mech_agent.py:91}}
May 18 14:18:39.270454 dv-cinder-755101-9-smb neutron-server[104396]: INFO neutron.wsgi [req-b759de1f-bddd-47f7-8d59-aa0a6ad09fcc req-126825c3-b9bf-446d-9ef6-71937723853b tempest-DeleteServersTestJSON-229790270 tempest-DeleteServersTestJSON-229790270-project] 10.222.0.52 "GET /v2.0/security-groups?id=f79bb6d5-6784-4e9a-add5-c2364d035b1f&fields=id&fields=name HTTP/1.1" status: 200 len: 286 time: 0.4882441
May 18 14:18:39.283724 dv-cinder-755101-9-smb neutron-server[104396]: DEBUG neutron.pecan_wsgi.hooks.quota_enforcement [req-fdb85256-1eb8-4bb3-b01d-7cfe9adbcd7f req-0c7d58dc-3b14-4d03-ba71-25b50dce7c62 tempest-AttachVolumeShelveTestJSON-2106704625 tempest-AttachVolumeShelveTestJSON-2106704625-project] Made reservation on behalf of 73a17f770ee945fd9ec59084c5f8afff for: {'port': 1} {{(pid=104396) before /opt/stack/neutron/neutron/pecan_wsgi/hooks/quota_enforcement.py:53}}
May 18 14:18:39.289795 dv-cinder-755101-9-smb neutron-server[104396]: DEBUG neutron_lib.callbacks.manager [req-fdb85256-1eb8-4bb3-b01d-7cfe9adbcd7f req-0c7d58dc-3b14-4d03-ba71-25b50dce7c62 tempest-AttachVolumeShelveTestJSON-2106704625 tempest-AttachVolumeShelveTestJSON-2106704625-project] Publish callbacks ['neutron.plugins.ml2.plugin.SecurityGroupDbMixin._ensure_default_security_group_handler-764000'] for port (None), before_create {{(pid=104396) _notify_loop /usr/local/lib/python3.8/dist-packages/neutron_lib/callbacks/manager.py:176}}
May 18 14:18:39.347895 dv-cinder-755101-9-smb neutron-server[104396]: DEBUG neutron.plugins.ml2.drivers.mech_agent [req-2ea5a386-c219-4081-a361-d7ad30145125 req-887b675f-0caf-4059-9847-d36a5146935b service neutron] Checking agent: {'id': 'dd56b9cd-c974-47bd-9ed7-89ab508ad852', 'agent_type': 'HyperV agent', 'binary': 'neutron-hyperv-agent', 'topic': 'N/A', 'host': 'hv-cinder-75510', 'admin_state_up': True, 'created_at': datetime.datetime(2022, 5, 18, 14, 15, 50), 'started_at': datetime.datetime(2022, 5, 18, 14, 15, 50), 'heartbeat_timestamp': datetime.datetime(2022, 5, 18, 14, 18, 20), 'description': None, 'resources_synced': None, 'availability_zone': None, 'alive': True, 'configurations': {'vswitch_mappings': {'physnet1$': 'br-data'}}, 'resource_versions': {}} {{(pid=104396) bind_port /opt/stack/neutron/neutron/plugins/ml2/drivers/mech_agent.py:110}}
May 18 14:18:39.348537 dv-cinder-755101-9-smb neutron-server[104396]: DEBUG neutron.plugins.ml2.drivers.mech_agent [req-2ea5a386-c219-4081-a361-d7ad30145125 req-887b675f-0caf-4059-9847-d36a5146935b service neutron] Checking segment: {'id': '848fd2d1-4e74-418e-a128-7f0aa126e71e', 'network_type': 'vlan', 'physical_network': 'physnet1', 'segmentation_id': 362, 'network_id': '4c1f8353-babd-435a-8883-8e1253812790'} for mappings: {'physnet1$': 'br-data'} with network types: ['local', 'flat', 'vlan'] {{(pid=104396) check_segment_for_agent /opt/stack/neutron/neutron/plugins/ml2/drivers/mech_agent.py:373}}
May 18 14:18:39.349571 dv-cinder-755101-9-smb neutron-server[104396]: DEBUG neutron.plugins.ml2.drivers.mech_agent [req-2ea5a386-c219-4081-a361-d7ad30145125 req-887b675f-0caf-4059-9847-d36a5146935b service neutron] Bound using segment: {'id': '848fd2d1-4e74-418e-a128-7f0aa126e71e', 'network_type': 'vlan', 'physical_network': 'physnet1', 'segmentation_id': 362, 'network_id': '4c1f8353-babd-435a-8883-8e1253812790'} {{(pid=104396) bind_port /opt/stack/neutron/neutron/plugins/ml2/drivers/mech_agent.py:120}}
May 18 14:18:39.351425 dv-cinder-755101-9-smb neutron-server[104396]: DEBUG neutron.plugins.ml2.managers [req-2ea5a386-c219-4081-a361-d7ad30145125 req-887b675f-0caf-4059-9847-d36a5146935b service neutron] Bound port: 68108ca3-8e26-4277-811d-e9dba5eb58e8, host: hv-cinder-75510, vif_type: hyperv, vif_details: {"connectivity": "legacy", "port_filter": false}, binding_levels: [{'bound_driver': 'hyperv', 'bound_segment': {'id': '848fd2d1-4e74-418e-a128-7f0aa126e71e', 'network_type': 'vlan', 'physical_network': 'physnet1', 'segmentation_id': 362, 'network_id': '4c1f8353-babd-435a-8883-8e1253812790'}}] {{(pid=104396) _bind_port_level /opt/stack/neutron/neutron/plugins/ml2/managers.py:932}}
May 18 14:18:39.351998 dv-cinder-755101-9-smb neutron-server[104396]: DEBUG neutron_lib.callbacks.manager [req-2ea5a386-c219-4081-a361-d7ad30145125 req-887b675f-0caf-4059-9847-d36a5146935b service neutron] Publish callbacks ['neutron.plugins.ml2.plugin.SecurityGroupDbMixin._ensure_default_security_group_handler-764000'] for port (68108ca3-8e26-4277-811d-e9dba5eb58e8), before_update {{(pid=104396) _notify_loop /usr/local/lib/python3.8/dist-packages/neutron_lib/callbacks/manager.py:176}}
May 18 14:18:39.444472 dv-cinder-755101-9-smb neutron-server[104397]: DEBUG neutron_lib.callbacks.manager [None req-23cb1bd9-0dd6-4abb-9b2e-c88504828468 admin admin] Publish callbacks [] for security_group (None), before_create {{(pid=104397) _notify_loop /usr/local/lib/python3.8/dist-packages/neutron_lib/callbacks/manager.py:176}}
May 18 14:18:39.496398 dv-cinder-755101-9-smb neutron-server[104397]: DEBUG neutron.pecan_wsgi.hooks.policy_enforcement [req-a1922a05-53b7-488e-8857-491852170e39 req-53ce3b47-0a17-4f09-865a-5f536016ef85 tempest-AttachVolumeTestJSON-1729119203 tempest-AttachVolumeTestJSON-1729119203-project] Attributes excluded by policy engine: ['standard_attr_id', 'binding:profile', 'binding:host_id', 'binding:vif_type', 'binding:vif_details'] {{(pid=104397) _exclude_attributes_by_policy /opt/stack/neutron/neutron/pecan_wsgi/hooks/policy_enforcement.py:259}}
May 18 14:18:39.508453 dv-cinder-755101-9-smb neutron-server[104397]: INFO neutron.wsgi [req-a1922a05-53b7-488e-8857-491852170e39 req-53ce3b47-0a17-4f09-865a-5f536016ef85 tempest-AttachVolumeTestJSON-1729119203 tempest-AttachVolumeTestJSON-1729119203-project] 10.222.0.52 "GET /v2.0/ports?device_id=f3bc3142-46c4-450a-8d95-add15e01b281 HTTP/1.1" status: 200 len: 944 time: 0.3581333
May 18 14:18:39.514722 dv-cinder-755101-9-smb neutron-server[104397]: DEBUG neutron.api.rpc.handlers.resources_rpc [None req-f7657db1-0526-45e7-8468-2a534abea8ec tempest-ServerRescueNegativeTestJSON-376830014 tempest-ServerRescueNegativeTestJSON-376830014-project] Pushing event updated for resources: {'Port': ['ID=7128303e-6891-4a33-a57e-34121938fb0b,revision_number=1']} {{(pid=104397) push /opt/stack/neutron/neutron/api/rpc/handlers/resources_rpc.py:237}}
May 18 14:18:39.532275 dv-cinder-755101-9-smb neutron-server[104398]: DEBUG neutron.plugins.ml2.rpc [None req-2610e1a3-e1d5-46b4-89e0-340b419f73fa None None] Device 68a43ccf-3b1c-4877-8595-1c6b5ffe7ede up at agent ovs-agent-dv-cinder-755101-9-smb {{(pid=104398) update_device_up /opt/stack/neutron/neutron/plugins/ml2/rpc.py:296}}
May 18 14:18:39.642455 dv-cinder-755101-9-smb neutron-server[104396]: INFO neutron.wsgi [req-f234b307-5984-423d-9e03-a81cdf43f6c0 req-c7d735f1-45cd-43df-9a24-1155d2431bbd tempest-AttachVolumeShelveTestJSON-2106704625 tempest-AttachVolumeShelveTestJSON-2106704625-project] 10.222.0.52 "GET /v2.0/ports?device_id=6f66d6d5-beaa-4415-8d37-6affdc66eb3e HTTP/1.1" status: 200 len: 210 time: 0.1477089
May 18 14:18:39.670559 dv-cinder-755101-9-smb neutron-server[104396]: DEBUG neutron.plugins.ml2.db [req-2ea5a386-c219-4081-a361-d7ad30145125 req-887b675f-0caf-4059-9847-d36a5146935b service neutron] For port 68108ca3-8e26-4277-811d-e9dba5eb58e8, host hv-cinder-75510, cleared binding levels {{(pid=104396) clear_binding_levels /opt/stack/neutron/neutron/plugins/ml2/db.py:87}}
May 18 14:18:39.677885 dv-cinder-755101-9-smb neutron-server[104396]: DEBUG neutron.plugins.ml2.db [req-2ea5a386-c219-4081-a361-d7ad30145125 req-887b675f-0caf-4059-9847-d36a5146935b service neutron] For port 68108ca3-8e26-4277-811d-e9dba5eb58e8, host hv-cinder-75510, set binding levels [PortBindingLevel(driver='hyperv',host='hv-cinder-75510',level=0,port_id=68108ca3-8e26-4277-811d-e9dba5eb58e8,segment=NetworkSegment(848fd2d1-4e74-418e-a128-7f0aa126e71e),segment_id=848fd2d1-4e74-418e-a128-7f0aa126e71e)] {{(pid=104396) set_binding_levels /opt/stack/neutron/neutron/plugins/ml2/db.py:59}}
May 18 14:18:39.697704 dv-cinder-755101-9-smb neutron-server[104396]: DEBUG neutron.db.db_base_plugin_common [req-fdb85256-1eb8-4bb3-b01d-7cfe9adbcd7f req-0c7d58dc-3b14-4d03-ba71-25b50dce7c62 tempest-AttachVolumeShelveTestJSON-2106704625 tempest-AttachVolumeShelveTestJSON-2106704625-project] Allocated IP 172.20.0.4 (96c19beb-a4ce-4c91-bc0d-bf57558aca2c/c3654717-ee2e-4e40-ba5a-dcf3798ed0ca/c147b002-1d12-41f6-820d-70ce14e0ae1e) {{(pid=104396) _store_ip_allocation /opt/stack/neutron/neutron/db/db_base_plugin_common.py:131}}
May 18 14:18:39.698268 dv-cinder-755101-9-smb neutron-server[104398]: DEBUG neutron.db.provisioning_blocks [None req-2610e1a3-e1d5-46b4-89e0-340b419f73fa None None] Provisioning complete for port 68a43ccf-3b1c-4877-8595-1c6b5ffe7ede triggered by entity L2. {{(pid=104398) provisioning_complete /opt/stack/neutron/neutron/db/provisioning_blocks.py:145}}
May 18 14:18:39.701386 dv-cinder-755101-9-smb neutron-server[104398]: DEBUG neutron_lib.callbacks.manager [None req-2610e1a3-e1d5-46b4-89e0-340b419f73fa None None] Publish callbacks ['neutron.plugins.ml2.plugin.Ml2Plugin._port_provisioned-640240'] for port (68a43ccf-3b1c-4877-8595-1c6b5ffe7ede), provisioning_complete {{(pid=104398) _notify_loop /usr/local/lib/python3.8/dist-packages/neutron_lib/callbacks/manager.py:176}}
May 18 14:18:39.787302 dv-cinder-755101-9-smb neutron-server[104398]: DEBUG neutron.db.provisioning_blocks [None req-188e61e0-9537-4c15-b027-8e4d32bab769 None None] Provisioning complete for port 7128303e-6891-4a33-a57e-34121938fb0b triggered by entity DHCP. {{(pid=104398) provisioning_complete /opt/stack/neutron/neutron/db/provisioning_blocks.py:145}}
May 18 14:18:39.789630 dv-cinder-755101-9-smb neutron-server[104398]: DEBUG neutron_lib.callbacks.manager [None req-188e61e0-9537-4c15-b027-8e4d32bab769 None None] Publish callbacks ['neutron.plugins.ml2.plugin.Ml2Plugin._port_provisioned-640240'] for port (7128303e-6891-4a33-a57e-34121938fb0b), provisioning_complete {{(pid=104398) _notify_loop /usr/local/lib/python3.8/dist-packages/neutron_lib/callbacks/manager.py:176}}
May 18 14:18:39.804917 dv-cinder-755101-9-smb neutron-server[104397]: INFO neutron.wsgi [req-a1922a05-53b7-488e-8857-491852170e39 req-37dba7ee-d437-4f5c-822e-f35bdda6891d tempest-AttachVolumeTestJSON-1729119203 tempest-AttachVolumeTestJSON-1729119203-project] 10.222.0.52 "GET /v2.0/security-groups?id=8bcfa057-7959-410f-9d02-30d6d299379d&fields=id&fields=name HTTP/1.1" status: 200 len: 313 time: 0.2949345
May 18 14:18:39.843689 dv-cinder-755101-9-smb neutron-server[104397]: INFO neutron.wsgi [req-68734011-e252-488f-8f75-338de61af9da req-f7657db1-0526-45e7-8468-2a534abea8ec tempest-ServerRescueNegativeTestJSON-376830014 tempest-ServerRescueNegativeTestJSON-376830014-project] 10.222.0.25 "POST /v2.0/ports HTTP/1.1" status: 201 len: 934 time: 4.6913307
May 18 14:18:39.864200 dv-cinder-755101-9-smb neutron-server[104398]: DEBUG neutron.plugins.ml2.plugin [None req-188e61e0-9537-4c15-b027-8e4d32bab769 None None] Port 7128303e-6891-4a33-a57e-34121938fb0b cannot update to ACTIVE because it is not bound. {{(pid=104398) _port_provisioned /opt/stack/neutron/neutron/plugins/ml2/plugin.py:352}}
May 18 14:18:39.888379 dv-cinder-755101-9-smb neutron-server[104397]: DEBUG neutron_lib.callbacks.manager [None req-23cb1bd9-0dd6-4abb-9b2e-c88504828468 admin admin] Publish callbacks [] for security_group (ad7ddb34-6539-482b-b8b2-63725de4c2fd), precommit_create {{(pid=104397) _notify_loop /usr/local/lib/python3.8/dist-packages/neutron_lib/callbacks/manager.py:176}}
May 18 14:18:39.904918 dv-cinder-755101-9-smb neutron-server[104398]: DEBUG neutron.plugins.ml2.plugin [None req-2610e1a3-e1d5-46b4-89e0-340b419f73fa None None] Current status of the port 68a43ccf-3b1c-4877-8595-1c6b5ffe7ede is: ACTIVE; New status is: ACTIVE {{(pid=104398) _update_individual_port_db_status /opt/stack/neutron/neutron/plugins/ml2/plugin.py:2296}}
May 18 14:18:39.906114 dv-cinder-755101-9-smb neutron-server[104396]: DEBUG neutron_lib.callbacks.manager [req-2ea5a386-c219-4081-a361-d7ad30145125 req-887b675f-0caf-4059-9847-d36a5146935b service neutron] Publish callbacks ['neutron.plugins.ml2.plugin.SecurityGroupServerNotifierRpcMixin._notify_sg_on_port_change-764110', 'neutron.plugins.ml2.ovo_rpc._ObjectChangeHandler.handle_event-278352', 'neutron.api.rpc.agentnotifiers.dhcp_rpc_agent_api.DhcpAgentNotifyAPI._native_event_send_dhcp_notification-1629061', 'neutron.db.l3_db.L3RpcNotifierMixin._notify_gateway_port_ip_changed-8740649837707', 'neutron.db.l3_dvrscheduler_db._notify_l3_agent_port_update-8740649464387', 'neutron.db.l3_hascheduler_db._notify_l3_agent_ha_port_update-8740649464405'] for port (68108ca3-8e26-4277-811d-e9dba5eb58e8), after_update {{(pid=104396) _notify_loop /usr/local/lib/python3.8/dist-packages/neutron_lib/callbacks/manager.py:176}}
May 18 14:18:39.915724 dv-cinder-755101-9-smb neutron-server[104396]: INFO neutron.wsgi [req-163b8fed-481d-4283-83d6-9b83ada48c9e req-9a13fd84-c97a-4ecf-9af6-62059161e3e0 tempest-ServerRescueNegativeTestJSON-376830014 tempest-ServerRescueNegativeTestJSON-376830014-project] 10.222.0.52 "GET /v2.0/ports?device_id=b06ed531-b1f0-46ef-8baf-a63664dbdba2 HTTP/1.1" status: 200 len: 210 time: 0.0662947
May 18 14:18:39.973032 dv-cinder-755101-9-smb neutron-server[104396]: DEBUG neutron.pecan_wsgi.hooks.policy_enforcement [req-2ea5a386-c219-4081-a361-d7ad30145125 req-887b675f-0caf-4059-9847-d36a5146935b service neutron] Attributes excluded by policy engine: ['standard_attr_id'] {{(pid=104396) _exclude_attributes_by_policy /opt/stack/neutron/neutron/pecan_wsgi/hooks/policy_enforcement.py:259}}
May 18 14:18:39.973604 dv-cinder-755101-9-smb neutron-server[104396]: DEBUG neutron_lib.callbacks.manager [req-2ea5a386-c219-4081-a361-d7ad30145125 req-887b675f-0caf-4059-9847-d36a5146935b service neutron] Publish callbacks ['neutron.notifiers.nova.Notifier._send_nova_notification-45626', 'neutron.api.rpc.agentnotifiers.dhcp_rpc_agent_api.DhcpAgentNotifyAPI._send_dhcp_notification-1629099'] for port (None), before_response {{(pid=104396) _notify_loop /usr/local/lib/python3.8/dist-packages/neutron_lib/callbacks/manager.py:176}}
May 18 14:18:39.975545 dv-cinder-755101-9-smb neutron-server[104396]: INFO neutron.wsgi [req-2ea5a386-c219-4081-a361-d7ad30145125 req-887b675f-0caf-4059-9847-d36a5146935b service neutron] 10.222.0.25 "PUT /v2.0/ports/68108ca3-8e26-4277-811d-e9dba5eb58e8 HTTP/1.1" status: 200 len: 1094 time: 5.5454400
May 18 14:18:39.978918 dv-cinder-755101-9-smb neutron-server[104396]: DEBUG neutron.notifiers.nova [-] Sending events: [{'name': 'network-changed', 'server_uuid': 'f3bc3142-46c4-450a-8d95-add15e01b281', 'tag': '68108ca3-8e26-4277-811d-e9dba5eb58e8'}] {{(pid=104396) send_events /opt/stack/neutron/neutron/notifiers/nova.py:271}}
May 18 14:18:40.036553 dv-cinder-755101-9-smb neutron-server[104397]: DEBUG neutron_lib.callbacks.manager [None req-23cb1bd9-0dd6-4abb-9b2e-c88504828468 admin admin] Publish callbacks ['neutron.plugins.ml2.ovo_rpc._ObjectChangeHandler.handle_event-1583516'] for security_group (ad7ddb34-6539-482b-b8b2-63725de4c2fd), after_create {{(pid=104397) _notify_loop /usr/local/lib/python3.8/dist-packages/neutron_lib/callbacks/manager.py:176}}
May 18 14:18:40.121925 dv-cinder-755101-9-smb neutron-server[104396]: DEBUG dbcounter [-] [104396] Writing DB stats neutron:SELECT=87,neutron:INSERT=9,neutron:UPDATE=4 {{(pid=104396) stat_writer /usr/local/lib/python3.8/dist-packages/dbcounter.py:114}}
May 18 14:18:40.197189 dv-cinder-755101-9-smb neutron-server[104397]: INFO neutron.wsgi [None req-23cb1bd9-0dd6-4abb-9b2e-c88504828468 admin admin] 10.222.0.52 "GET /v2.0/security-groups?tenant_id=898be84a8f794cf4ac0a5a2b59c64a9d&name=default HTTP/1.1" status: 200 len: 2996 time: 2.5450053
May 18 14:18:40.203196 dv-cinder-755101-9-smb neutron-server[104396]: DEBUG neutron.wsgi [-] (104396) accepted ('10.222.0.52', 42576) {{(pid=104396) server /usr/local/lib/python3.8/dist-packages/eventlet/wsgi.py:1004}}
May 18 14:18:40.212714 dv-cinder-755101-9-smb neutron-server[104397]: DEBUG neutron.api.rpc.handlers.resources_rpc [None req-23cb1bd9-0dd6-4abb-9b2e-c88504828468 admin admin] Pushing event updated for resources: {'SecurityGroup': ['ID=ad7ddb34-6539-482b-b8b2-63725de4c2fd,revision_number=1']} {{(pid=104397) push /opt/stack/neutron/neutron/api/rpc/handlers/resources_rpc.py:237}}
