May 18 13:55:31.100690 dv-cinder-755101-9-iscsi devstack@keystone.service[80331]: [pid: 80331|app: 0|req: 185/355] 10.222.0.71 () {56 vars in 1376 bytes} [Wed May 18 13:55:30 2022] GET /identity/v3/role_assignments?group.id=1a70ea76bbfb4c7db21cc2dee38724fa&scope.project.id=d1d3cbbf04054e2fb4f841d3f285788d&role.id=fdc0b94e97b748159f3e6d678394e34e => generated 260 bytes in 336 msecs (HTTP/1.1 200) 5 headers in 177 bytes (1 switches on core 0)
May 18 13:55:31.105036 dv-cinder-755101-9-iscsi devstack@keystone.service[80331]: DEBUG keystone.server.flask.request_processing.middleware.auth_context [None req-c3f06ab5-eb49-425c-9c75-c1314e08d486 None admin] Authenticating user token {{(pid=80331) process_request /usr/local/lib/python3.8/dist-packages/keystonemiddleware/auth_token/__init__.py:407}}
May 18 13:55:31.126277 dv-cinder-755101-9-iscsi devstack@keystone.service[80330]: DEBUG keystone.server.flask.request_processing.middleware.auth_context [None req-dee0c439-40e6-4aa5-9ce8-21aaf0a680f3 None admin] Validating token access rules against request {{(pid=80330) validate_allowed_request /usr/local/lib/python3.8/dist-packages/keystonemiddleware/auth_token/__init__.py:545}}
May 18 13:55:31.145155 dv-cinder-755101-9-iscsi devstack@keystone.service[80331]: DEBUG dbcounter [-] [80331] Writing DB stats keystone:SELECT=100 {{(pid=80331) stat_writer /usr/local/lib/python3.8/dist-packages/dbcounter.py:114}}
May 18 13:55:31.211353 dv-cinder-755101-9-iscsi devstack@keystone.service[80330]: DEBUG keystone.server.flask.request_processing.middleware.auth_context [None req-54937064-9a99-46dc-88fa-f6ce265d1454 None admin] RBAC: auth_context: {'token': , 'domain_id': None, 'trust_id': None, 'trustor_id': None, 'trustee_id': None, 'domain_name': None, 'group_ids': [], 'user_id': '532c808ad3044d808c9b3565bd851ce1', 'user_domain_id': 'default', 'system_scope': 'all', 'project_id': None, 'project_domain_id': None, 'roles': ['admin', 'member', 'reader'], 'is_admin_project': True, 'service_user_id': None, 'service_user_domain_id': None, 'service_project_id': None, 'service_project_domain_id': None, 'service_roles': []} {{(pid=80330) fill_context /opt/stack/keystone/keystone/server/flask/request_processing/middleware/auth_context.py:478}}
May 18 13:55:31.212177 dv-cinder-755101-9-iscsi devstack@keystone.service[80330]: DEBUG keystone.server.flask.request_processing.req_logging [None req-54937064-9a99-46dc-88fa-f6ce265d1454 None admin] REQUEST_METHOD: `GET` {{(pid=80330) log_request_info /opt/stack/keystone/keystone/server/flask/request_processing/req_logging.py:27}}
May 18 13:55:31.212460 dv-cinder-755101-9-iscsi devstack@keystone.service[80330]: DEBUG keystone.server.flask.request_processing.req_logging [None req-54937064-9a99-46dc-88fa-f6ce265d1454 None admin] SCRIPT_NAME: `/identity` {{(pid=80330) log_request_info /opt/stack/keystone/keystone/server/flask/request_processing/req_logging.py:28}}
May 18 13:55:31.212732 dv-cinder-755101-9-iscsi devstack@keystone.service[80330]: DEBUG keystone.server.flask.request_processing.req_logging [None req-54937064-9a99-46dc-88fa-f6ce265d1454 None admin] PATH_INFO: `/v3/roles/member` {{(pid=80330) log_request_info /opt/stack/keystone/keystone/server/flask/request_processing/req_logging.py:29}}
May 18 13:55:31.253119 dv-cinder-755101-9-iscsi devstack@keystone.service[80330]: DEBUG keystone.common.rbac_enforcer.enforcer [None req-54937064-9a99-46dc-88fa-f6ce265d1454 None admin] Extracting inferred target data resulted in "NOT FOUND (404)". {{(pid=80330) enforce_call /opt/stack/keystone/keystone/common/rbac_enforcer/enforcer.py:409}}
May 18 13:55:31.269253 dv-cinder-755101-9-iscsi devstack@keystone.service[80330]: ERROR keystone.server.flask.application [None req-54937064-9a99-46dc-88fa-f6ce265d1454 None admin] Could not find role: member.: keystone.exception.RoleNotFound: Could not find role: member.
May 18 13:55:31.269253 dv-cinder-755101-9-iscsi devstack@keystone.service[80330]: ERROR keystone.server.flask.application
Traceback (most recent call last):
May 18 13:55:31.269253 dv-cinder-755101-9-iscsi devstack@keystone.service[80330]: ERROR keystone.server.flask.application
File "/usr/local/lib/python3.8/dist-packages/flask/app.py", line 1523, in full_dispatch_request
May 18 13:55:31.269253 dv-cinder-755101-9-iscsi devstack@keystone.service[80330]: ERROR keystone.server.flask.application rv = self.dispatch_request()
May 18 13:55:31.269253 dv-cinder-755101-9-iscsi devstack@keystone.service[80330]: ERROR keystone.server.flask.application
File "/usr/local/lib/python3.8/dist-packages/flask/app.py", line 1509, in dispatch_request
May 18 13:55:31.269253 dv-cinder-755101-9-iscsi devstack@keystone.service[80330]: ERROR keystone.server.flask.application return self.ensure_sync(self.view_functions[rule.endpoint])(**req.view_args)
May 18 13:55:31.269253 dv-cinder-755101-9-iscsi devstack@keystone.service[80330]: ERROR keystone.server.flask.application
File "/usr/local/lib/python3.8/dist-packages/flask_restful/__init__.py", line 467, in wrapper
May 18 13:55:31.269253 dv-cinder-755101-9-iscsi devstack@keystone.service[80330]: ERROR keystone.server.flask.application resp = resource(*args, **kwargs)
May 18 13:55:31.269253 dv-cinder-755101-9-iscsi devstack@keystone.service[80330]: ERROR keystone.server.flask.application
File "/usr/local/lib/python3.8/dist-packages/flask/views.py", line 84, in view
May 18 13:55:31.269253 dv-cinder-755101-9-iscsi devstack@keystone.service[80330]: ERROR keystone.server.flask.application return current_app.ensure_sync(self.dispatch_request)(*args, **kwargs)
May 18 13:55:31.269253 dv-cinder-755101-9-iscsi devstack@keystone.service[80330]: ERROR keystone.server.flask.application
File "/usr/local/lib/python3.8/dist-packages/flask_restful/__init__.py", line 582, in dispatch_request
May 18 13:55:31.269253 dv-cinder-755101-9-iscsi devstack@keystone.service[80330]: ERROR keystone.server.flask.application resp = meth(*args, **kwargs)
May 18 13:55:31.269253 dv-cinder-755101-9-iscsi devstack@keystone.service[80330]: ERROR keystone.server.flask.application
File "/opt/stack/keystone/keystone/api/roles.py", line 50, in get
May 18 13:55:31.269253 dv-cinder-755101-9-iscsi devstack@keystone.service[80330]: ERROR keystone.server.flask.application return self._get_role(role_id)
May 18 13:55:31.269253 dv-cinder-755101-9-iscsi devstack@keystone.service[80330]: ERROR keystone.server.flask.application
File "/opt/stack/keystone/keystone/api/roles.py", line 70, in _get_role
May 18 13:55:31.269253 dv-cinder-755101-9-iscsi devstack@keystone.service[80330]: ERROR keystone.server.flask.application ENFORCER.enforce_call(action='identity:get_role')
May 18 13:55:31.270221 dv-cinder-755101-9-iscsi devstack@keystone.service[80330]: ERROR keystone.server.flask.application
File "/opt/stack/keystone/keystone/common/rbac_enforcer/enforcer.py", line 402, in enforce_call
May 18 13:55:31.270221 dv-cinder-755101-9-iscsi devstack@keystone.service[80330]: ERROR keystone.server.flask.application policy_dict.update(cls._extract_member_target_data(
May 18 13:55:31.270221 dv-cinder-755101-9-iscsi devstack@keystone.service[80330]: ERROR keystone.server.flask.application
File "/opt/stack/keystone/keystone/common/rbac_enforcer/enforcer.py", line 234, in _extract_member_target_data
May 18 13:55:31.270221 dv-cinder-755101-9-iscsi devstack@keystone.service[80330]: ERROR keystone.server.flask.application member_name: func(flask.request.view_args[key])
May 18 13:55:31.270221 dv-cinder-755101-9-iscsi devstack@keystone.service[80330]: ERROR keystone.server.flask.application
File "/opt/stack/keystone/keystone/common/manager.py", line 115, in wrapped
May 18 13:55:31.270221 dv-cinder-755101-9-iscsi devstack@keystone.service[80330]: ERROR keystone.server.flask.application __ret_val = __f(*args, **kwargs)
May 18 13:55:31.270221 dv-cinder-755101-9-iscsi devstack@keystone.service[80330]: ERROR keystone.server.flask.application
File "/usr/local/lib/python3.8/dist-packages/decorator.py", line 232, in fun
May 18 13:55:31.270221 dv-cinder-755101-9-iscsi devstack@keystone.service[80330]: ERROR keystone.server.flask.application return caller(func, *(extras + args), **kw)
May 18 13:55:31.270221 dv-cinder-755101-9-iscsi devstack@keystone.service[80330]: ERROR keystone.server.flask.application
File "/usr/local/lib/python3.8/dist-packages/dogpile/cache/region.py", line 1577, in get_or_create_for_user_func
May 18 13:55:31.270221 dv-cinder-755101-9-iscsi devstack@keystone.service[80330]: ERROR keystone.server.flask.application return self.get_or_create(
May 18 13:55:31.270221 dv-cinder-755101-9-iscsi devstack@keystone.service[80330]: ERROR keystone.server.flask.application
File "/usr/local/lib/python3.8/dist-packages/dogpile/cache/region.py", line 1042, in get_or_create
May 18 13:55:31.270221 dv-cinder-755101-9-iscsi devstack@keystone.service[80330]: ERROR keystone.server.flask.application with Lock(
May 18 13:55:31.270221 dv-cinder-755101-9-iscsi devstack@keystone.service[80330]: ERROR keystone.server.flask.application
File "/usr/local/lib/python3.8/dist-packages/dogpile/lock.py", line 185, in __enter__
May 18 13:55:31.270221 dv-cinder-755101-9-iscsi devstack@keystone.service[80330]: ERROR keystone.server.flask.application return self._enter()
May 18 13:55:31.270221 dv-cinder-755101-9-iscsi devstack@keystone.service[80330]: ERROR keystone.server.flask.application
File "/usr/local/lib/python3.8/dist-packages/dogpile/lock.py", line 94, in _enter
May 18 13:55:31.270221 dv-cinder-755101-9-iscsi devstack@keystone.service[80330]: ERROR keystone.server.flask.application generated = self._enter_create(value, createdtime)
May 18 13:55:31.271019 dv-cinder-755101-9-iscsi devstack@keystone.service[80330]: ERROR keystone.server.flask.application
File "/usr/local/lib/python3.8/dist-packages/dogpile/lock.py", line 178, in _enter_create
May 18 13:55:31.271019 dv-cinder-755101-9-iscsi devstack@keystone.service[80330]: ERROR keystone.server.flask.application return self.creator()
May 18 13:55:31.271019 dv-cinder-755101-9-iscsi devstack@keystone.service[80330]: ERROR keystone.server.flask.application
File "/usr/local/lib/python3.8/dist-packages/dogpile/cache/region.py", line 995, in gen_value
May 18 13:55:31.271019 dv-cinder-755101-9-iscsi devstack@keystone.service[80330]: ERROR keystone.server.flask.application created_value = creator(
May 18 13:55:31.271019 dv-cinder-755101-9-iscsi devstack@keystone.service[80330]: ERROR keystone.server.flask.application
File "/opt/stack/keystone/keystone/assignment/core.py", line 1276, in get_role
May 18 13:55:31.271019 dv-cinder-755101-9-iscsi devstack@keystone.service[80330]: ERROR keystone.server.flask.application return self.driver.get_role(role_id)
May 18 13:55:31.271019 dv-cinder-755101-9-iscsi devstack@keystone.service[80330]: ERROR keystone.server.flask.application
File "/opt/stack/keystone/keystone/assignment/role_backends/sql.py", line 70, in get_role
May 18 13:55:31.271019 dv-cinder-755101-9-iscsi devstack@keystone.service[80330]: ERROR keystone.server.flask.application return self._get_role(session, role_id).to_dict()
May 18 13:55:31.271019 dv-cinder-755101-9-iscsi devstack@keystone.service[80330]: ERROR keystone.server.flask.application
File "/opt/stack/keystone/keystone/assignment/role_backends/sql.py", line 65, in _get_role
May 18 13:55:31.271019 dv-cinder-755101-9-iscsi devstack@keystone.service[80330]: ERROR keystone.server.flask.application raise exception.RoleNotFound(role_id=role_id)
May 18 13:55:31.271019 dv-cinder-755101-9-iscsi devstack@keystone.service[80330]: ERROR keystone.server.flask.application keystone.exception.RoleNotFound: Could not find role: member.
May 18 13:55:31.271019 dv-cinder-755101-9-iscsi devstack@keystone.service[80330]: ERROR keystone.server.flask.application
May 18 13:55:31.271019 dv-cinder-755101-9-iscsi devstack@keystone.service[80330]: [pid: 80330|app: 0|req: 171/356] 10.222.0.71 () {56 vars in 1099 bytes} [Wed May 18 13:55:30 2022] GET /identity/v3/roles/member => generated 84 bytes in 385 msecs (HTTP/1.1 404) 5 headers in 183 bytes (1 switches on core 0)
May 18 13:55:31.276860 dv-cinder-755101-9-iscsi devstack@keystone.service[80330]: DEBUG keystone.server.flask.request_processing.middleware.auth_context [None req-54937064-9a99-46dc-88fa-f6ce265d1454 None admin] Authenticating user token {{(pid=80330) process_request /usr/local/lib/python3.8/dist-packages/keystonemiddleware/auth_token/__init__.py:407}}
May 18 13:55:31.285648 dv-cinder-755101-9-iscsi devstack@keystone.service[80331]: DEBUG keystone.server.flask.request_processing.middleware.auth_context [None req-c3f06ab5-eb49-425c-9c75-c1314e08d486 None admin] Validating token access rules against request {{(pid=80331) validate_allowed_request /usr/local/lib/python3.8/dist-packages/keystonemiddleware/auth_token/__init__.py:545}}
May 18 13:55:31.335880 dv-cinder-755101-9-iscsi devstack@keystone.service[80331]: DEBUG keystone.server.flask.request_processing.middleware.auth_context [None req-848db0a8-9723-4a1a-b904-2f8a8ba5d9ce None admin] RBAC: auth_context: {'token': , 'domain_id': None, 'trust_id': None, 'trustor_id': None, 'trustee_id': None, 'domain_name': None, 'group_ids': [], 'user_id': '532c808ad3044d808c9b3565bd851ce1', 'user_domain_id': 'default', 'system_scope': 'all', 'project_id': None, 'project_domain_id': None, 'roles': ['admin', 'member', 'reader'], 'is_admin_project': True, 'service_user_id': None, 'service_user_domain_id': None, 'service_project_id': None, 'service_project_domain_id': None, 'service_roles': []} {{(pid=80331) fill_context /opt/stack/keystone/keystone/server/flask/request_processing/middleware/auth_context.py:478}}
May 18 13:55:31.336586 dv-cinder-755101-9-iscsi devstack@keystone.service[80331]: DEBUG keystone.server.flask.request_processing.req_logging [None req-848db0a8-9723-4a1a-b904-2f8a8ba5d9ce None admin] REQUEST_METHOD: `GET` {{(pid=80331) log_request_info /opt/stack/keystone/keystone/server/flask/request_processing/req_logging.py:27}}
May 18 13:55:31.336895 dv-cinder-755101-9-iscsi devstack@keystone.service[80331]: DEBUG keystone.server.flask.request_processing.req_logging [None req-848db0a8-9723-4a1a-b904-2f8a8ba5d9ce None admin] SCRIPT_NAME: `/identity` {{(pid=80331) log_request_info /opt/stack/keystone/keystone/server/flask/request_processing/req_logging.py:28}}
May 18 13:55:31.337172 dv-cinder-755101-9-iscsi devstack@keystone.service[80331]: DEBUG keystone.server.flask.request_processing.req_logging [None req-848db0a8-9723-4a1a-b904-2f8a8ba5d9ce None admin] PATH_INFO: `/v3/roles` {{(pid=80331) log_request_info /opt/stack/keystone/keystone/server/flask/request_processing/req_logging.py:29}}
May 18 13:55:31.338247 dv-cinder-755101-9-iscsi devstack@keystone.service[80331]: DEBUG keystone.common.rbac_enforcer.enforcer [None req-848db0a8-9723-4a1a-b904-2f8a8ba5d9ce None admin] RBAC: Adding query filter params (name=anotherrole) {{(pid=80331) _extract_filter_values /opt/stack/keystone/keystone/common/rbac_enforcer/enforcer.py:167}}
May 18 13:55:31.338569 dv-cinder-755101-9-iscsi devstack@keystone.service[80331]: DEBUG keystone.common.rbac_enforcer.enforcer [None req-848db0a8-9723-4a1a-b904-2f8a8ba5d9ce None admin] RBAC: Authorizing `identity:list_roles()` {{(pid=80331) enforce_call /opt/stack/keystone/keystone/common/rbac_enforcer/enforcer.py:449}}
May 18 13:55:31.340148 dv-cinder-755101-9-iscsi devstack@keystone.service[80331]: DEBUG keystone.common.rbac_enforcer.enforcer [None req-848db0a8-9723-4a1a-b904-2f8a8ba5d9ce None admin] RBAC: Authorization granted {{(pid=80331) enforce_call /opt/stack/keystone/keystone/common/rbac_enforcer/enforcer.py:457}}
May 18 13:55:31.357894 dv-cinder-755101-9-iscsi devstack@keystone.service[80331]: [pid: 80331|app: 0|req: 186/357] 10.222.0.71 () {56 vars in 1111 bytes} [Wed May 18 13:55:31 2022] GET /identity/v3/roles?name=anotherrole => generated 334 bytes in 253 msecs (HTTP/1.1 200) 5 headers in 177 bytes (1 switches on core 0)
May 18 13:55:31.363514 dv-cinder-755101-9-iscsi devstack@keystone.service[80331]: DEBUG keystone.server.flask.request_processing.middleware.auth_context [None req-848db0a8-9723-4a1a-b904-2f8a8ba5d9ce None admin] Authenticating user token {{(pid=80331) process_request /usr/local/lib/python3.8/dist-packages/keystonemiddleware/auth_token/__init__.py:407}}
May 18 13:55:31.502116 dv-cinder-755101-9-iscsi devstack@keystone.service[80331]: DEBUG dbcounter [-] [80331] Writing DB stats keystone:SELECT=100 {{(pid=80331) stat_writer /usr/local/lib/python3.8/dist-packages/dbcounter.py:114}}
May 18 13:55:31.536161 dv-cinder-755101-9-iscsi devstack@keystone.service[80331]: DEBUG keystone.server.flask.request_processing.middleware.auth_context [None req-848db0a8-9723-4a1a-b904-2f8a8ba5d9ce None admin] Validating token access rules against request {{(pid=80331) validate_allowed_request /usr/local/lib/python3.8/dist-packages/keystonemiddleware/auth_token/__init__.py:545}}
May 18 13:55:31.552820 dv-cinder-755101-9-iscsi devstack@keystone.service[80330]: DEBUG keystone.server.flask.request_processing.middleware.auth_context [None req-54937064-9a99-46dc-88fa-f6ce265d1454 None admin] Validating token access rules against request {{(pid=80330) validate_allowed_request /usr/local/lib/python3.8/dist-packages/keystonemiddleware/auth_token/__init__.py:545}}
May 18 13:55:31.589769 dv-cinder-755101-9-iscsi devstack@keystone.service[80331]: DEBUG keystone.server.flask.request_processing.middleware.auth_context [None req-2bec34d0-ce23-4079-8d5b-a923865490a3 None admin] RBAC: auth_context: {'token': , 'domain_id': None, 'trust_id': None, 'trustor_id': None, 'trustee_id': None, 'domain_name': None, 'group_ids': [], 'user_id': '532c808ad3044d808c9b3565bd851ce1', 'user_domain_id': 'default', 'system_scope': 'all', 'project_id': None, 'project_domain_id': None, 'roles': ['admin', 'member', 'reader'], 'is_admin_project': True, 'service_user_id': None, 'service_user_domain_id': None, 'service_project_id': None, 'service_project_domain_id': None, 'service_roles': []} {{(pid=80331) fill_context /opt/stack/keystone/keystone/server/flask/request_processing/middleware/auth_context.py:478}}
May 18 13:55:31.590472 dv-cinder-755101-9-iscsi devstack@keystone.service[80331]: DEBUG keystone.server.flask.request_processing.req_logging [None req-2bec34d0-ce23-4079-8d5b-a923865490a3 None admin] REQUEST_METHOD: `GET` {{(pid=80331) log_request_info /opt/stack/keystone/keystone/server/flask/request_processing/req_logging.py:27}}
May 18 13:55:31.590755 dv-cinder-755101-9-iscsi devstack@keystone.service[80331]: DEBUG keystone.server.flask.request_processing.req_logging [None req-2bec34d0-ce23-4079-8d5b-a923865490a3 None admin] SCRIPT_NAME: `/identity` {{(pid=80331) log_request_info /opt/stack/keystone/keystone/server/flask/request_processing/req_logging.py:28}}
May 18 13:55:31.591030 dv-cinder-755101-9-iscsi devstack@keystone.service[80331]: DEBUG keystone.server.flask.request_processing.req_logging [None req-2bec34d0-ce23-4079-8d5b-a923865490a3 None admin] PATH_INFO: `/v3/auth/tokens` {{(pid=80331) log_request_info /opt/stack/keystone/keystone/server/flask/request_processing/req_logging.py:29}}
May 18 13:55:31.604575 dv-cinder-755101-9-iscsi devstack@keystone.service[80330]: DEBUG keystone.server.flask.request_processing.middleware.auth_context [None req-5e6f814f-d45c-44c7-80bc-63159faa32f7 None admin] RBAC: auth_context: {'token': , 'domain_id': None, 'trust_id': None, 'trustor_id': None, 'trustee_id': None, 'domain_name': None, 'group_ids': [], 'user_id': '532c808ad3044d808c9b3565bd851ce1', 'user_domain_id': 'default', 'system_scope': 'all', 'project_id': None, 'project_domain_id': None, 'roles': ['admin', 'member', 'reader'], 'is_admin_project': True, 'service_user_id': None, 'service_user_domain_id': None, 'service_project_id': None, 'service_project_domain_id': None, 'service_roles': []} {{(pid=80330) fill_context /opt/stack/keystone/keystone/server/flask/request_processing/middleware/auth_context.py:478}}
May 18 13:55:31.605320 dv-cinder-755101-9-iscsi devstack@keystone.service[80330]: DEBUG keystone.server.flask.request_processing.req_logging [None req-5e6f814f-d45c-44c7-80bc-63159faa32f7 None admin] REQUEST_METHOD: `GET` {{(pid=80330) log_request_info /opt/stack/keystone/keystone/server/flask/request_processing/req_logging.py:27}}
May 18 13:55:31.605608 dv-cinder-755101-9-iscsi devstack@keystone.service[80330]: DEBUG keystone.server.flask.request_processing.req_logging [None req-5e6f814f-d45c-44c7-80bc-63159faa32f7 None admin] SCRIPT_NAME: `/identity` {{(pid=80330) log_request_info /opt/stack/keystone/keystone/server/flask/request_processing/req_logging.py:28}}
May 18 13:55:31.605889 dv-cinder-755101-9-iscsi devstack@keystone.service[80330]: DEBUG keystone.server.flask.request_processing.req_logging [None req-5e6f814f-d45c-44c7-80bc-63159faa32f7 None admin] PATH_INFO: `/v3/roles` {{(pid=80330) log_request_info /opt/stack/keystone/keystone/server/flask/request_processing/req_logging.py:29}}
May 18 13:55:31.606715 dv-cinder-755101-9-iscsi devstack@keystone.service[80330]: DEBUG keystone.common.rbac_enforcer.enforcer [None req-5e6f814f-d45c-44c7-80bc-63159faa32f7 None admin] RBAC: Adding query filter params (name=member) {{(pid=80330) _extract_filter_values /opt/stack/keystone/keystone/common/rbac_enforcer/enforcer.py:167}}
May 18 13:55:31.607027 dv-cinder-755101-9-iscsi devstack@keystone.service[80330]: DEBUG keystone.common.rbac_enforcer.enforcer [None req-5e6f814f-d45c-44c7-80bc-63159faa32f7 None admin] RBAC: Authorizing `identity:list_roles()` {{(pid=80330) enforce_call /opt/stack/keystone/keystone/common/rbac_enforcer/enforcer.py:449}}
May 18 13:55:31.608564 dv-cinder-755101-9-iscsi devstack@keystone.service[80330]: DEBUG keystone.common.rbac_enforcer.enforcer [None req-5e6f814f-d45c-44c7-80bc-63159faa32f7 None admin] RBAC: Authorization granted {{(pid=80330) enforce_call /opt/stack/keystone/keystone/common/rbac_enforcer/enforcer.py:457}}
May 18 13:55:31.623265 dv-cinder-755101-9-iscsi devstack@keystone.service[80330]: [pid: 80330|app: 0|req: 172/358] 10.222.0.71 () {56 vars in 1101 bytes} [Wed May 18 13:55:31 2022] GET /identity/v3/roles?name=member => generated 341 bytes in 347 msecs (HTTP/1.1 200) 5 headers in 177 bytes (1 switches on core 0)
May 18 13:55:31.629858 dv-cinder-755101-9-iscsi devstack@keystone.service[80330]: DEBUG keystone.server.flask.request_processing.middleware.auth_context [None req-5e6f814f-d45c-44c7-80bc-63159faa32f7 None admin] Authenticating user token {{(pid=80330) process_request /usr/local/lib/python3.8/dist-packages/keystonemiddleware/auth_token/__init__.py:407}}
May 18 13:55:31.644367 dv-cinder-755101-9-iscsi devstack@keystone.service[80330]: DEBUG dbcounter [-] [80330] Writing DB stats keystone:SELECT=100 {{(pid=80330) stat_writer /usr/local/lib/python3.8/dist-packages/dbcounter.py:114}}
May 18 13:55:31.700222 dv-cinder-755101-9-iscsi devstack@keystone.service[80331]: DEBUG keystone.common.rbac_enforcer.enforcer [None req-2bec34d0-ce23-4079-8d5b-a923865490a3 None admin] RBAC: Authorizing `identity:validate_token()` {{(pid=80331) enforce_call /opt/stack/keystone/keystone/common/rbac_enforcer/enforcer.py:449}}
May 18 13:55:31.702183 dv-cinder-755101-9-iscsi devstack@keystone.service[80331]: DEBUG keystone.common.rbac_enforcer.enforcer [None req-2bec34d0-ce23-4079-8d5b-a923865490a3 None admin] RBAC: Authorization granted {{(pid=80331) enforce_call /opt/stack/keystone/keystone/common/rbac_enforcer/enforcer.py:457}}
May 18 13:55:31.770221 dv-cinder-755101-9-iscsi devstack@keystone.service[80330]: DEBUG keystone.server.flask.request_processing.middleware.auth_context [None req-5e6f814f-d45c-44c7-80bc-63159faa32f7 None admin] Validating token access rules against request {{(pid=80330) validate_allowed_request /usr/local/lib/python3.8/dist-packages/keystonemiddleware/auth_token/__init__.py:545}}
May 18 13:55:31.822284 dv-cinder-755101-9-iscsi devstack@keystone.service[80331]: DEBUG dbcounter [-] [80331] Writing DB stats keystone:SELECT=100 {{(pid=80331) stat_writer /usr/local/lib/python3.8/dist-packages/dbcounter.py:114}}
May 18 13:55:31.824024 dv-cinder-755101-9-iscsi devstack@keystone.service[80330]: DEBUG keystone.server.flask.request_processing.middleware.auth_context [None req-13a87d9b-fbf0-466d-882c-5ef708241ae0 None admin] RBAC: auth_context: {'token': , 'domain_id': None, 'trust_id': None, 'trustor_id': None, 'trustee_id': None, 'domain_name': None, 'group_ids': [], 'user_id': '532c808ad3044d808c9b3565bd851ce1', 'user_domain_id': 'default', 'system_scope': 'all', 'project_id': None, 'project_domain_id': None, 'roles': ['admin', 'member', 'reader'], 'is_admin_project': True, 'service_user_id': None, 'service_user_domain_id': None, 'service_project_id': None, 'service_project_domain_id': None, 'service_roles': []} {{(pid=80330) fill_context /opt/stack/keystone/keystone/server/flask/request_processing/middleware/auth_context.py:478}}
May 18 13:55:31.824706 dv-cinder-755101-9-iscsi devstack@keystone.service[80330]: DEBUG keystone.server.flask.request_processing.req_logging [None req-13a87d9b-fbf0-466d-882c-5ef708241ae0 None admin] REQUEST_METHOD: `GET` {{(pid=80330) log_request_info /opt/stack/keystone/keystone/server/flask/request_processing/req_logging.py:27}}
May 18 13:55:31.825020 dv-cinder-755101-9-iscsi devstack@keystone.service[80330]: DEBUG keystone.server.flask.request_processing.req_logging [None req-13a87d9b-fbf0-466d-882c-5ef708241ae0 None admin] SCRIPT_NAME: `/identity` {{(pid=80330) log_request_info /opt/stack/keystone/keystone/server/flask/request_processing/req_logging.py:28}}
May 18 13:55:31.825298 dv-cinder-755101-9-iscsi devstack@keystone.service[80330]: DEBUG keystone.server.flask.request_processing.req_logging [None req-13a87d9b-fbf0-466d-882c-5ef708241ae0 None admin] PATH_INFO: `/v3/auth/tokens` {{(pid=80330) log_request_info /opt/stack/keystone/keystone/server/flask/request_processing/req_logging.py:29}}
May 18 13:55:31.864734 dv-cinder-755101-9-iscsi devstack@keystone.service[80331]: [pid: 80331|app: 0|req: 187/359] 10.222.0.71 () {58 vars in 1282 bytes} [Wed May 18 13:55:31 2022] GET /identity/v3/auth/tokens => generated 799 bytes in 502 msecs (HTTP/1.1 200) 6 headers in 358 bytes (2 switches on core 0)
May 18 13:55:31.870461 dv-cinder-755101-9-iscsi devstack@keystone.service[80331]: DEBUG keystone.server.flask.request_processing.middleware.auth_context [None req-2bec34d0-ce23-4079-8d5b-a923865490a3 None admin] Authenticating user token {{(pid=80331) process_request /usr/local/lib/python3.8/dist-packages/keystonemiddleware/auth_token/__init__.py:407}}
May 18 13:55:31.926728 dv-cinder-755101-9-iscsi devstack@keystone.service[80330]: DEBUG keystone.common.rbac_enforcer.enforcer [None req-13a87d9b-fbf0-466d-882c-5ef708241ae0 None admin] RBAC: Authorizing `identity:validate_token()` {{(pid=80330) enforce_call /opt/stack/keystone/keystone/common/rbac_enforcer/enforcer.py:449}}
May 18 13:55:31.928209 dv-cinder-755101-9-iscsi devstack@keystone.service[80330]: DEBUG keystone.common.rbac_enforcer.enforcer [None req-13a87d9b-fbf0-466d-882c-5ef708241ae0 None admin] RBAC: Authorization granted {{(pid=80330) enforce_call /opt/stack/keystone/keystone/common/rbac_enforcer/enforcer.py:457}}
May 18 13:55:31.939819 dv-cinder-755101-9-iscsi devstack@keystone.service[80330]: DEBUG dbcounter [-] [80330] Writing DB stats keystone:SELECT=100 {{(pid=80330) stat_writer /usr/local/lib/python3.8/dist-packages/dbcounter.py:114}}
May 18 13:55:32.027897 dv-cinder-755101-9-iscsi devstack@keystone.service[80331]: DEBUG keystone.server.flask.request_processing.middleware.auth_context [None req-2bec34d0-ce23-4079-8d5b-a923865490a3 None admin] Validating token access rules against request {{(pid=80331) validate_allowed_request /usr/local/lib/python3.8/dist-packages/keystonemiddleware/auth_token/__init__.py:545}}
May 18 13:55:32.044560 dv-cinder-755101-9-iscsi devstack@keystone.service[80330]: [pid: 80330|app: 0|req: 173/360] 10.222.0.71 () {58 vars in 1282 bytes} [Wed May 18 13:55:31 2022] GET /identity/v3/auth/tokens => generated 799 bytes in 415 msecs (HTTP/1.1 200) 6 headers in 358 bytes (2 switches on core 0)
May 18 13:55:32.046239 dv-cinder-755101-9-iscsi devstack@keystone.service[80330]: DEBUG keystone.server.flask.request_processing.req_logging [None req-00006ed9-e53f-43aa-8f3d-9dcadb76c9bd None None] REQUEST_METHOD: `GET` {{(pid=80330) log_request_info /opt/stack/keystone/keystone/server/flask/request_processing/req_logging.py:27}}
May 18 13:55:32.046689 dv-cinder-755101-9-iscsi devstack@keystone.service[80330]: DEBUG keystone.server.flask.request_processing.req_logging [None req-00006ed9-e53f-43aa-8f3d-9dcadb76c9bd None None] SCRIPT_NAME: `/identity` {{(pid=80330) log_request_info /opt/stack/keystone/keystone/server/flask/request_processing/req_logging.py:28}}
May 18 13:55:32.047107 dv-cinder-755101-9-iscsi devstack@keystone.service[80330]: DEBUG keystone.server.flask.request_processing.req_logging [None req-00006ed9-e53f-43aa-8f3d-9dcadb76c9bd None None] PATH_INFO: `/` {{(pid=80330) log_request_info /opt/stack/keystone/keystone/server/flask/request_processing/req_logging.py:29}}
May 18 13:55:32.053501 dv-cinder-755101-9-iscsi devstack@keystone.service[80330]: [pid: 80330|app: 0|req: 174/361] 10.222.0.71 () {54 vars in 926 bytes} [Wed May 18 13:55:32 2022] GET /identity => generated 270 bytes in 8 msecs (HTTP/1.1 300) 6 headers in 234 bytes (1 switches on core 0)
May 18 13:55:32.057808 dv-cinder-755101-9-iscsi devstack@keystone.service[80330]: DEBUG keystone.server.flask.request_processing.middleware.auth_context [None req-00006ed9-e53f-43aa-8f3d-9dcadb76c9bd None None] Authenticating user token {{(pid=80330) process_request /usr/local/lib/python3.8/dist-packages/keystonemiddleware/auth_token/__init__.py:407}}
May 18 13:55:32.092464 dv-cinder-755101-9-iscsi devstack@keystone.service[80331]: DEBUG keystone.server.flask.request_processing.middleware.auth_context [None req-5c6578d9-6ba5-4a94-b05d-878bc4f1f358 None admin] RBAC: auth_context: {'token': , 'domain_id': None, 'trust_id': None, 'trustor_id': None, 'trustee_id': None, 'domain_name': None, 'group_ids': [], 'user_id': '532c808ad3044d808c9b3565bd851ce1', 'user_domain_id': 'default', 'system_scope': 'all', 'project_id': None, 'project_domain_id': None, 'roles': ['admin', 'member', 'reader'], 'is_admin_project': True, 'service_user_id': None, 'service_user_domain_id': None, 'service_project_id': None, 'service_project_domain_id': None, 'service_roles': []} {{(pid=80331) fill_context /opt/stack/keystone/keystone/server/flask/request_processing/middleware/auth_context.py:478}}
May 18 13:55:32.093413 dv-cinder-755101-9-iscsi devstack@keystone.service[80331]: DEBUG keystone.server.flask.request_processing.req_logging [None req-5c6578d9-6ba5-4a94-b05d-878bc4f1f358 None admin] REQUEST_METHOD: `GET` {{(pid=80331) log_request_info /opt/stack/keystone/keystone/server/flask/request_processing/req_logging.py:27}}
May 18 13:55:32.093697 dv-cinder-755101-9-iscsi devstack@keystone.service[80331]: DEBUG keystone.server.flask.request_processing.req_logging [None req-5c6578d9-6ba5-4a94-b05d-878bc4f1f358 None admin] SCRIPT_NAME: `/identity` {{(pid=80331) log_request_info /opt/stack/keystone/keystone/server/flask/request_processing/req_logging.py:28}}
May 18 13:55:32.094216 dv-cinder-755101-9-iscsi devstack@keystone.service[80331]: DEBUG keystone.server.flask.request_processing.req_logging [None req-5c6578d9-6ba5-4a94-b05d-878bc4f1f358 None admin] PATH_INFO: `/v3/projects/21845fc9a556433e86038123077c8a82` {{(pid=80331) log_request_info /opt/stack/keystone/keystone/server/flask/request_processing/req_logging.py:29}}
May 18 13:55:32.095616 dv-cinder-755101-9-iscsi devstack@keystone.service[80331]: DEBUG keystone.common.rbac_enforcer.enforcer [None req-5c6578d9-6ba5-4a94-b05d-878bc4f1f358 None admin] RBAC: Authorizing `identity:get_project(project_id=21845fc9a556433e86038123077c8a82)` {{(pid=80331) enforce_call /opt/stack/keystone/keystone/common/rbac_enforcer/enforcer.py:449}}
May 18 13:55:32.097120 dv-cinder-755101-9-iscsi devstack@keystone.service[80331]: DEBUG keystone.common.rbac_enforcer.enforcer [None req-5c6578d9-6ba5-4a94-b05d-878bc4f1f358 None admin] RBAC: Authorization granted {{(pid=80331) enforce_call /opt/stack/keystone/keystone/common/rbac_enforcer/enforcer.py:457}}
May 18 13:55:32.098927 dv-cinder-755101-9-iscsi devstack@keystone.service[80331]: [pid: 80331|app: 0|req: 188/362] 10.222.0.71 () {56 vars in 1186 bytes} [Wed May 18 13:55:31 2022] GET /identity/v3/projects/21845fc9a556433e86038123077c8a82 => generated 302 bytes in 229 msecs (HTTP/1.1 200) 5 headers in 177 bytes (2 switches on core 0)
May 18 13:55:32.104933 dv-cinder-755101-9-iscsi devstack@keystone.service[80331]: DEBUG keystone.server.flask.request_processing.req_logging [None req-00268c97-7758-48ad-8acf-eeb8e7066ff0 None None] REQUEST_METHOD: `POST` {{(pid=80331) log_request_info /opt/stack/keystone/keystone/server/flask/request_processing/req_logging.py:27}}
May 18 13:55:32.105221 dv-cinder-755101-9-iscsi devstack@keystone.service[80331]: DEBUG keystone.server.flask.request_processing.req_logging [None req-00268c97-7758-48ad-8acf-eeb8e7066ff0 None None] SCRIPT_NAME: `/identity` {{(pid=80331) log_request_info /opt/stack/keystone/keystone/server/flask/request_processing/req_logging.py:28}}
May 18 13:55:32.105498 dv-cinder-755101-9-iscsi devstack@keystone.service[80331]: DEBUG keystone.server.flask.request_processing.req_logging [None req-00268c97-7758-48ad-8acf-eeb8e7066ff0 None None] PATH_INFO: `/v3/auth/tokens` {{(pid=80331) log_request_info /opt/stack/keystone/keystone/server/flask/request_processing/req_logging.py:29}}
May 18 13:55:32.133619 dv-cinder-755101-9-iscsi devstack@keystone.service[80331]: DEBUG keystone.auth.core [None req-00268c97-7758-48ad-8acf-eeb8e7066ff0 None None] MFA Rules not processed for user `532c808ad3044d808c9b3565bd851ce1`. Rule list: `[]` (Enabled: `True`). {{(pid=80331) check_auth_methods_against_rules /opt/stack/keystone/keystone/auth/core.py:438}}
May 18 13:55:32.135753 dv-cinder-755101-9-iscsi devstack@keystone.service[80331]: DEBUG keystone.common.fernet_utils [None req-00268c97-7758-48ad-8acf-eeb8e7066ff0 None None] Loaded 2 Fernet keys from /etc/keystone/fernet-keys/, but `[fernet_tokens] max_active_keys = 3`; perhaps there have not been enough key rotations to reach `max_active_keys` yet? {{(pid=80331) load_keys /opt/stack/keystone/keystone/common/fernet_utils.py:286}}
May 18 13:55:32.184570 dv-cinder-755101-9-iscsi devstack@keystone.service[80330]: DEBUG keystone.server.flask.request_processing.middleware.auth_context [None req-00006ed9-e53f-43aa-8f3d-9dcadb76c9bd None None] Validating token access rules against request {{(pid=80330) validate_allowed_request /usr/local/lib/python3.8/dist-packages/keystonemiddleware/auth_token/__init__.py:545}}
May 18 13:55:32.197969 dv-cinder-755101-9-iscsi devstack@keystone.service[80330]: DEBUG dbcounter [-] [80330] Writing DB stats keystone:SELECT=100 {{(pid=80330) stat_writer /usr/local/lib/python3.8/dist-packages/dbcounter.py:114}}
May 18 13:55:32.248884 dv-cinder-755101-9-iscsi devstack@keystone.service[80330]: DEBUG keystone.server.flask.request_processing.middleware.auth_context [None req-a9d1ae04-1340-4ace-bc94-47e4e7c9a0c1 None admin] RBAC: auth_context: {'token': , 'domain_id': None, 'trust_id': None, 'trustor_id': None, 'trustee_id': None, 'domain_name': None, 'group_ids': [], 'user_id': '532c808ad3044d808c9b3565bd851ce1', 'user_domain_id': 'default', 'system_scope': 'all', 'project_id': None, 'project_domain_id': None, 'roles': ['admin', 'member', 'reader'], 'is_admin_project': True, 'service_user_id': None, 'service_user_domain_id': None, 'service_project_id': None, 'service_project_domain_id': None, 'service_roles': []} {{(pid=80330) fill_context /opt/stack/keystone/keystone/server/flask/request_processing/middleware/auth_context.py:478}}
May 18 13:55:32.248884 dv-cinder-755101-9-iscsi devstack@keystone.service[80330]: DEBUG keystone.server.flask.request_processing.req_logging [None req-a9d1ae04-1340-4ace-bc94-47e4e7c9a0c1 None admin] REQUEST_METHOD: `GET` {{(pid=80330) log_request_info /opt/stack/keystone/keystone/server/flask/request_processing/req_logging.py:27}}
May 18 13:55:32.248884 dv-cinder-755101-9-iscsi devstack@keystone.service[80330]: DEBUG keystone.server.flask.request_processing.req_logging [None req-a9d1ae04-1340-4ace-bc94-47e4e7c9a0c1 None admin] SCRIPT_NAME: `/identity` {{(pid=80330) log_request_info /opt/stack/keystone/keystone/server/flask/request_processing/req_logging.py:28}}
May 18 13:55:32.248884 dv-cinder-755101-9-iscsi devstack@keystone.service[80330]: DEBUG keystone.server.flask.request_processing.req_logging [None req-a9d1ae04-1340-4ace-bc94-47e4e7c9a0c1 None admin] PATH_INFO: `/v3/projects/21845fc9a556433e86038123077c8a82` {{(pid=80330) log_request_info /opt/stack/keystone/keystone/server/flask/request_processing/req_logging.py:29}}
May 18 13:55:32.250360 dv-cinder-755101-9-iscsi devstack@keystone.service[80331]: DEBUG dbcounter [-] [80331] Writing DB stats keystone:SELECT=100 {{(pid=80331) stat_writer /usr/local/lib/python3.8/dist-packages/dbcounter.py:114}}
May 18 13:55:32.258321 dv-cinder-755101-9-iscsi devstack@keystone.service[80330]: DEBUG keystone.common.rbac_enforcer.enforcer [None req-a9d1ae04-1340-4ace-bc94-47e4e7c9a0c1 None admin] RBAC: Authorizing `identity:get_project(project_id=21845fc9a556433e86038123077c8a82)` {{(pid=80330) enforce_call /opt/stack/keystone/keystone/common/rbac_enforcer/enforcer.py:449}}
May 18 13:55:32.261101 dv-cinder-755101-9-iscsi devstack@keystone.service[80330]: DEBUG keystone.common.rbac_enforcer.enforcer [None req-a9d1ae04-1340-4ace-bc94-47e4e7c9a0c1 None admin] RBAC: Authorization granted {{(pid=80330) enforce_call /opt/stack/keystone/keystone/common/rbac_enforcer/enforcer.py:457}}
May 18 13:55:32.265075 dv-cinder-755101-9-iscsi devstack@keystone.service[80330]: [pid: 80330|app: 0|req: 175/363] 10.222.0.71 () {56 vars in 1186 bytes} [Wed May 18 13:55:32 2022] GET /identity/v3/projects/21845fc9a556433e86038123077c8a82 => generated 302 bytes in 207 msecs (HTTP/1.1 200) 5 headers in 177 bytes (1 switches on core 0)
May 18 13:55:32.267166 dv-cinder-755101-9-iscsi devstack@keystone.service[80330]: DEBUG keystone.server.flask.request_processing.middleware.auth_context [None req-a9d1ae04-1340-4ace-bc94-47e4e7c9a0c1 None admin] Authenticating user token {{(pid=80330) process_request /usr/local/lib/python3.8/dist-packages/keystonemiddleware/auth_token/__init__.py:407}}
May 18 13:55:32.307413 dv-cinder-755101-9-iscsi devstack@keystone.service[80331]: [pid: 80331|app: 0|req: 189/364] 10.222.0.71 () {58 vars in 1023 bytes} [Wed May 18 13:55:32 2022] POST /identity/v3/auth/tokens => generated 799 bytes in 208 msecs (HTTP/1.1 201) 6 headers in 363 bytes (1 switches on core 0)
May 18 13:55:32.310835 dv-cinder-755101-9-iscsi devstack@keystone.service[80331]: DEBUG keystone.server.flask.request_processing.req_logging [None req-143b00a7-0619-43ca-82dc-283ae607ffb4 None None] REQUEST_METHOD: `GET` {{(pid=80331) log_request_info /opt/stack/keystone/keystone/server/flask/request_processing/req_logging.py:27}}
May 18 13:55:32.311574 dv-cinder-755101-9-iscsi devstack@keystone.service[80331]: DEBUG keystone.server.flask.request_processing.req_logging [None req-143b00a7-0619-43ca-82dc-283ae607ffb4 None None] SCRIPT_NAME: `/identity` {{(pid=80331) log_request_info /opt/stack/keystone/keystone/server/flask/request_processing/req_logging.py:28}}
May 18 13:55:32.312243 dv-cinder-755101-9-iscsi devstack@keystone.service[80331]: DEBUG keystone.server.flask.request_processing.req_logging [None req-143b00a7-0619-43ca-82dc-283ae607ffb4 None None] PATH_INFO: `/` {{(pid=80331) log_request_info /opt/stack/keystone/keystone/server/flask/request_processing/req_logging.py:29}}
May 18 13:55:32.316586 dv-cinder-755101-9-iscsi devstack@keystone.service[80331]: [pid: 80331|app: 0|req: 190/365] 10.222.0.71 () {54 vars in 926 bytes} [Wed May 18 13:55:32 2022] GET /identity => generated 270 bytes in 8 msecs (HTTP/1.1 300) 6 headers in 234 bytes (1 switches on core 0)
May 18 13:55:32.318514 dv-cinder-755101-9-iscsi devstack@keystone.service[80331]: DEBUG keystone.server.flask.request_processing.middleware.auth_context [None req-143b00a7-0619-43ca-82dc-283ae607ffb4 None None] Authenticating user token {{(pid=80331) process_request /usr/local/lib/python3.8/dist-packages/keystonemiddleware/auth_token/__init__.py:407}}
May 18 13:55:32.449391 dv-cinder-755101-9-iscsi devstack@keystone.service[80330]: DEBUG keystone.server.flask.request_processing.middleware.auth_context [None req-a9d1ae04-1340-4ace-bc94-47e4e7c9a0c1 None admin] Validating token access rules against request {{(pid=80330) validate_allowed_request /usr/local/lib/python3.8/dist-packages/keystonemiddleware/auth_token/__init__.py:545}}
May 18 13:55:32.493172 dv-cinder-755101-9-iscsi devstack@keystone.service[80331]: DEBUG keystone.server.flask.request_processing.middleware.auth_context [None req-143b00a7-0619-43ca-82dc-283ae607ffb4 None None] Validating token access rules against request {{(pid=80331) validate_allowed_request /usr/local/lib/python3.8/dist-packages/keystonemiddleware/auth_token/__init__.py:545}}
May 18 13:55:32.518079 dv-cinder-755101-9-iscsi devstack@keystone.service[80330]: DEBUG keystone.server.flask.request_processing.middleware.auth_context [None req-29a98acf-8641-4177-a33d-085c4ab856df None admin] RBAC: auth_context: {'token': , 'domain_id': None, 'trust_id': None, 'trustor_id': None, 'trustee_id': None, 'domain_name': None, 'group_ids': [], 'user_id': '532c808ad3044d808c9b3565bd851ce1', 'user_domain_id': 'default', 'system_scope': 'all', 'project_id': None, 'project_domain_id': None, 'roles': ['admin', 'member', 'reader'], 'is_admin_project': True, 'service_user_id': None, 'service_user_domain_id': None, 'service_project_id': None, 'service_project_domain_id': None, 'service_roles': []} {{(pid=80330) fill_context /opt/stack/keystone/keystone/server/flask/request_processing/middleware/auth_context.py:478}}
May 18 13:55:32.519472 dv-cinder-755101-9-iscsi devstack@keystone.service[80330]: DEBUG keystone.server.flask.request_processing.req_logging [None req-29a98acf-8641-4177-a33d-085c4ab856df None admin] REQUEST_METHOD: `GET` {{(pid=80330) log_request_info /opt/stack/keystone/keystone/server/flask/request_processing/req_logging.py:27}}
May 18 13:55:32.519901 dv-cinder-755101-9-iscsi devstack@keystone.service[80330]: DEBUG keystone.server.flask.request_processing.req_logging [None req-29a98acf-8641-4177-a33d-085c4ab856df None admin] SCRIPT_NAME: `/identity` {{(pid=80330) log_request_info /opt/stack/keystone/keystone/server/flask/request_processing/req_logging.py:28}}
May 18 13:55:32.520326 dv-cinder-755101-9-iscsi devstack@keystone.service[80330]: DEBUG keystone.server.flask.request_processing.req_logging [None req-29a98acf-8641-4177-a33d-085c4ab856df None admin] PATH_INFO: `/v3/groups/1a70ea76bbfb4c7db21cc2dee38724fa` {{(pid=80330) log_request_info /opt/stack/keystone/keystone/server/flask/request_processing/req_logging.py:29}}
May 18 13:55:32.523209 dv-cinder-755101-9-iscsi devstack@keystone.service[80330]: DEBUG keystone.common.rbac_enforcer.enforcer [None req-29a98acf-8641-4177-a33d-085c4ab856df None admin] RBAC: Authorizing `identity:get_group(group_id=1a70ea76bbfb4c7db21cc2dee38724fa)` {{(pid=80330) enforce_call /opt/stack/keystone/keystone/common/rbac_enforcer/enforcer.py:449}}
May 18 13:55:32.525794 dv-cinder-755101-9-iscsi devstack@keystone.service[80330]: DEBUG keystone.common.rbac_enforcer.enforcer [None req-29a98acf-8641-4177-a33d-085c4ab856df None admin] RBAC: Authorization granted {{(pid=80330) enforce_call /opt/stack/keystone/keystone/common/rbac_enforcer/enforcer.py:457}}
May 18 13:55:32.528822 dv-cinder-755101-9-iscsi devstack@keystone.service[80330]: [pid: 80330|app: 0|req: 176/366] 10.222.0.71 () {56 vars in 1180 bytes} [Wed May 18 13:55:32 2022] GET /identity/v3/groups/1a70ea76bbfb4c7db21cc2dee38724fa => generated 226 bytes in 263 msecs (HTTP/1.1 200) 5 headers in 177 bytes (1 switches on core 0)
May 18 13:55:32.530945 dv-cinder-755101-9-iscsi devstack@keystone.service[80330]: DEBUG keystone.server.flask.request_processing.req_logging [None req-2cbd4d7f-f6e5-4d6c-9fcb-538b8a5f33da None None] REQUEST_METHOD: `POST` {{(pid=80330) log_request_info /opt/stack/keystone/keystone/server/flask/request_processing/req_logging.py:27}}
May 18 13:55:32.531442 dv-cinder-755101-9-iscsi devstack@keystone.service[80330]: DEBUG keystone.server.flask.request_processing.req_logging [None req-2cbd4d7f-f6e5-4d6c-9fcb-538b8a5f33da None None] SCRIPT_NAME: `/identity` {{(pid=80330) log_request_info /opt/stack/keystone/keystone/server/flask/request_processing/req_logging.py:28}}
May 18 13:55:32.531917 dv-cinder-755101-9-iscsi devstack@keystone.service[80330]: DEBUG keystone.server.flask.request_processing.req_logging [None req-2cbd4d7f-f6e5-4d6c-9fcb-538b8a5f33da None None] PATH_INFO: `/v3/auth/tokens` {{(pid=80330) log_request_info /opt/stack/keystone/keystone/server/flask/request_processing/req_logging.py:29}}
May 18 13:55:32.542756 dv-cinder-755101-9-iscsi devstack@keystone.service[80331]: DEBUG keystone.server.flask.request_processing.middleware.auth_context [None req-283d3ff4-89ee-4c41-ad20-423073906cb2 None admin] RBAC: auth_context: {'token': , 'domain_id': None, 'trust_id': None, 'trustor_id': None, 'trustee_id': None, 'domain_name': None, 'group_ids': [], 'user_id': '532c808ad3044d808c9b3565bd851ce1', 'user_domain_id': 'default', 'system_scope': 'all', 'project_id': None, 'project_domain_id': None, 'roles': ['admin', 'member', 'reader'], 'is_admin_project': True, 'service_user_id': None, 'service_user_domain_id': None, 'service_project_id': None, 'service_project_domain_id': None, 'service_roles': []} {{(pid=80331) fill_context /opt/stack/keystone/keystone/server/flask/request_processing/middleware/auth_context.py:478}}
May 18 13:55:32.544127 dv-cinder-755101-9-iscsi devstack@keystone.service[80331]: DEBUG keystone.server.flask.request_processing.req_logging [None req-283d3ff4-89ee-4c41-ad20-423073906cb2 None admin] REQUEST_METHOD: `GET` {{(pid=80331) log_request_info /opt/stack/keystone/keystone/server/flask/request_processing/req_logging.py:27}}
May 18 13:55:32.544631 dv-cinder-755101-9-iscsi devstack@keystone.service[80331]: DEBUG keystone.server.flask.request_processing.req_logging [None req-283d3ff4-89ee-4c41-ad20-423073906cb2 None admin] SCRIPT_NAME: `/identity` {{(pid=80331) log_request_info /opt/stack/keystone/keystone/server/flask/request_processing/req_logging.py:28}}
May 18 13:55:32.545137 dv-cinder-755101-9-iscsi devstack@keystone.service[80331]: DEBUG keystone.server.flask.request_processing.req_logging [None req-283d3ff4-89ee-4c41-ad20-423073906cb2 None admin] PATH_INFO: `/v3/groups/1a70ea76bbfb4c7db21cc2dee38724fa` {{(pid=80331) log_request_info /opt/stack/keystone/keystone/server/flask/request_processing/req_logging.py:29}}
May 18 13:55:32.546623 dv-cinder-755101-9-iscsi devstack@keystone.service[80331]: DEBUG keystone.common.rbac_enforcer.enforcer [None req-283d3ff4-89ee-4c41-ad20-423073906cb2 None admin] RBAC: Authorizing `identity:get_group(group_id=1a70ea76bbfb4c7db21cc2dee38724fa)` {{(pid=80331) enforce_call /opt/stack/keystone/keystone/common/rbac_enforcer/enforcer.py:449}}
May 18 13:55:32.548506 dv-cinder-755101-9-iscsi devstack@keystone.service[80331]: DEBUG keystone.common.rbac_enforcer.enforcer [None req-283d3ff4-89ee-4c41-ad20-423073906cb2 None admin] RBAC: Authorization granted {{(pid=80331) enforce_call /opt/stack/keystone/keystone/common/rbac_enforcer/enforcer.py:457}}
May 18 13:55:32.550498 dv-cinder-755101-9-iscsi devstack@keystone.service[80331]: [pid: 80331|app: 0|req: 191/367] 10.222.0.71 () {56 vars in 1180 bytes} [Wed May 18 13:55:32 2022] GET /identity/v3/groups/1a70ea76bbfb4c7db21cc2dee38724fa => generated 226 bytes in 233 msecs (HTTP/1.1 200) 5 headers in 177 bytes (1 switches on core 0)
May 18 13:55:32.551626 dv-cinder-755101-9-iscsi devstack@keystone.service[80331]: DEBUG keystone.server.flask.request_processing.middleware.auth_context [None req-283d3ff4-89ee-4c41-ad20-423073906cb2 None admin] Authenticating user token {{(pid=80331) process_request /usr/local/lib/python3.8/dist-packages/keystonemiddleware/auth_token/__init__.py:407}}
May 18 13:55:32.572774 dv-cinder-755101-9-iscsi devstack@keystone.service[80330]: DEBUG keystone.auth.core [None req-2cbd4d7f-f6e5-4d6c-9fcb-538b8a5f33da None None] MFA Rules not processed for user `532c808ad3044d808c9b3565bd851ce1`. Rule list: `[]` (Enabled: `True`). {{(pid=80330) check_auth_methods_against_rules /opt/stack/keystone/keystone/auth/core.py:438}}
May 18 13:55:32.574968 dv-cinder-755101-9-iscsi devstack@keystone.service[80330]: DEBUG keystone.common.fernet_utils [None req-2cbd4d7f-f6e5-4d6c-9fcb-538b8a5f33da None None] Loaded 2 Fernet keys from /etc/keystone/fernet-keys/, but `[fernet_tokens] max_active_keys = 3`; perhaps there have not been enough key rotations to reach `max_active_keys` yet? {{(pid=80330) load_keys /opt/stack/keystone/keystone/common/fernet_utils.py:286}}
May 18 13:55:32.617215 dv-cinder-755101-9-iscsi devstack@keystone.service[80331]: DEBUG dbcounter [-] [80331] Writing DB stats keystone:SELECT=100 {{(pid=80331) stat_writer /usr/local/lib/python3.8/dist-packages/dbcounter.py:114}}
May 18 13:55:32.664015 dv-cinder-755101-9-iscsi devstack@keystone.service[80330]: DEBUG dbcounter [-] [80330] Writing DB stats keystone:SELECT=100 {{(pid=80330) stat_writer /usr/local/lib/python3.8/dist-packages/dbcounter.py:114}}
