Mar 25 19:20:33.555317 dv-cinder-755101-7-iscsi neutron-server[103197]: DEBUG neutron.pecan_wsgi.hooks.policy_enforcement [req-3543a2a1-2c22-451d-9f28-1e0d915e9c3e req-6ea0613f-7253-4292-9e63-3fb3937284da tempest-ServerRescueNegativeTestJSON-1012675621 tempest-ServerRescueNegativeTestJSON-1012675621-project] Attributes excluded by policy engine: ['standard_attr_id', 'binding:profile', 'binding:host_id', 'binding:vif_type', 'binding:vif_details'] {{(pid=103197) _exclude_attributes_by_policy /opt/stack/neutron/neutron/pecan_wsgi/hooks/policy_enforcement.py:255}}
Mar 25 19:20:33.557364 dv-cinder-755101-7-iscsi neutron-server[103197]: INFO neutron.wsgi [req-3543a2a1-2c22-451d-9f28-1e0d915e9c3e req-6ea0613f-7253-4292-9e63-3fb3937284da tempest-ServerRescueNegativeTestJSON-1012675621 tempest-ServerRescueNegativeTestJSON-1012675621-project] 10.222.0.18 "GET /v2.0/ports?device_id=2e98d9a4-7bc3-4128-b4ae-768498a633da HTTP/1.1" status: 200 len: 944 time: 0.2092936
Mar 25 19:20:33.584187 dv-cinder-755101-7-iscsi neutron-server[103197]: DEBUG neutron.pecan_wsgi.hooks.policy_enforcement [req-b6924fdc-395a-43c4-ac70-b08cc1e5ad8f req-c10ab22c-6eed-4ee2-a1cc-99b7a063fe58 service neutron] Attributes excluded by policy engine: ['standard_attr_id', 'shared', 'segment_id'] {{(pid=103197) _exclude_attributes_by_policy /opt/stack/neutron/neutron/pecan_wsgi/hooks/policy_enforcement.py:255}}
Mar 25 19:20:33.585666 dv-cinder-755101-7-iscsi neutron-server[103197]: INFO neutron.wsgi [req-b6924fdc-395a-43c4-ac70-b08cc1e5ad8f req-c10ab22c-6eed-4ee2-a1cc-99b7a063fe58 service neutron] 10.222.0.26 "GET /v2.0/subnets?id=d8fb3102-0026-42d9-a683-15415ae64f68 HTTP/1.1" status: 200 len: 858 time: 0.1124589
Mar 25 19:20:33.599856 dv-cinder-755101-7-iscsi neutron-server[103196]: DEBUG neutron.pecan_wsgi.hooks.policy_enforcement [req-1fd91a29-720c-43d7-84b8-e8e09e65fdef req-fa212855-8342-4962-a07e-fa9d0af63c80 service neutron] Attributes excluded by policy engine: ['standard_attr_id'] {{(pid=103196) _exclude_attributes_by_policy /opt/stack/neutron/neutron/pecan_wsgi/hooks/policy_enforcement.py:255}}
Mar 25 19:20:33.601193 dv-cinder-755101-7-iscsi neutron-server[103196]: INFO neutron.wsgi [req-1fd91a29-720c-43d7-84b8-e8e09e65fdef req-fa212855-8342-4962-a07e-fa9d0af63c80 service neutron] 10.222.0.26 "GET /v2.0/ports?network_id=aa37333a-1101-47b7-acc7-f21479cd1d95&device_owner=network%3Adhcp HTTP/1.1" status: 200 len: 1212 time: 0.4106867
Mar 25 19:20:33.627750 dv-cinder-755101-7-iscsi neutron-server[103196]: DEBUG neutron_lib.callbacks.manager [None req-754cee8d-6f3e-472e-95c0-7f3e08a445f3 admin admin] Publish callbacks [] for security_group (fff40cd7-23ab-4589-a15e-8f563b9c0459), precommit_delete {{(pid=103196) _notify_loop /usr/local/lib/python3.8/dist-packages/neutron_lib/callbacks/manager.py:176}}
Mar 25 19:20:33.633312 dv-cinder-755101-7-iscsi neutron-server[103197]: DEBUG neutron_lib.callbacks.manager [None req-758adfff-48d6-4ad0-b551-554b6ff880a4 admin admin] Publish callbacks [] for security_group (ef38a124-46ef-4c0d-aec3-69bc18b0bd65), before_delete {{(pid=103197) _notify_loop /usr/local/lib/python3.8/dist-packages/neutron_lib/callbacks/manager.py:176}}
Mar 25 19:20:33.641443 dv-cinder-755101-7-iscsi neutron-server[103196]: INFO neutron.wsgi [req-901fa40c-b57f-4b2a-bd76-dfc369dae274 req-f8b9312d-972f-48f1-a362-80b6fad289b8 tempest-DeleteServersTestJSON-630511010 tempest-DeleteServersTestJSON-630511010-project] 10.222.0.18 "GET /v2.0/security-groups?id=d5c330d0-a6f0-4d62-a482-38972d204a8a&fields=id&fields=name HTTP/1.1" status: 200 len: 286 time: 0.3679414
Mar 25 19:20:33.677514 dv-cinder-755101-7-iscsi neutron-server[103196]: DEBUG neutron.notifiers.nova [-] Sending events: [{'name': 'network-changed', 'server_uuid': 'c2f22826-2512-4bee-8ddc-2e80d6e63d45', 'tag': 'd5017eb3-7c1a-4acd-b3e7-abbf54ea28c0'}] {{(pid=103196) send_events /opt/stack/neutron/neutron/notifiers/nova.py:271}}
Mar 25 19:20:33.680071 dv-cinder-755101-7-iscsi neutron-server[103196]: DEBUG novaclient.v2.client [-] REQ: curl -g -i --cacert "/opt/stack/data/ca-bundle.pem" -X POST http://10.222.0.18/compute/v2.1/os-server-external-events -H "Accept: application/json" -H "Content-Type: application/json" -H "User-Agent: python-novaclient" -H "X-Auth-Token: {SHA256}5aab9b3bfb8b62b9c439d2baea07b5fa53a515b81dc2b4d2d70d2153c83a947a" -H "X-OpenStack-Nova-API-Version: 2.1" -H "X-OpenStack-Request-ID: req-7ecb7d24-3376-4894-96f6-f545080b7f37" -d '{"events": [{"name": "network-changed", "server_uuid": "c2f22826-2512-4bee-8ddc-2e80d6e63d45", "tag": "d5017eb3-7c1a-4acd-b3e7-abbf54ea28c0"}]}' {{(pid=103196) _http_log_request /usr/local/lib/python3.8/dist-packages/keystoneauth1/session.py:519}}
Mar 25 19:20:33.703743 dv-cinder-755101-7-iscsi neutron-server[103196]: DEBUG neutron.pecan_wsgi.hooks.policy_enforcement [req-7fa3c3be-ddfd-4f2c-91f2-f94d0d5294a9 req-97738cc3-b3b1-496a-af6c-8c83a0739538 service neutron] Attributes excluded by policy engine: ['standard_attr_id', 'shared'] {{(pid=103196) _exclude_attributes_by_policy /opt/stack/neutron/neutron/pecan_wsgi/hooks/policy_enforcement.py:255}}
Mar 25 19:20:33.705179 dv-cinder-755101-7-iscsi neutron-server[103196]: INFO neutron.wsgi [req-7fa3c3be-ddfd-4f2c-91f2-f94d0d5294a9 req-97738cc3-b3b1-496a-af6c-8c83a0739538 service neutron] 10.222.0.26 "GET /v2.0/subnets?id=5f5dde36-3194-44e6-b8cf-733c65400f3b HTTP/1.1" status: 200 len: 850 time: 0.3474050
Mar 25 19:20:33.705338 dv-cinder-755101-7-iscsi neutron-server[103197]: INFO neutron.wsgi [req-3543a2a1-2c22-451d-9f28-1e0d915e9c3e req-23a7879f-ce0f-4565-a80a-c7eea7c4bea1 tempest-ServerRescueNegativeTestJSON-1012675621 tempest-ServerRescueNegativeTestJSON-1012675621-project] 10.222.0.18 "GET /v2.0/security-groups?id=316ae13e-57e7-48d9-a090-8e2f46504143&fields=id&fields=name HTTP/1.1" status: 200 len: 286 time: 0.1402705
Mar 25 19:20:33.715776 dv-cinder-755101-7-iscsi neutron-server[103197]: DEBUG neutron_lib.callbacks.manager [None req-758adfff-48d6-4ad0-b551-554b6ff880a4 admin admin] Publish callbacks [] for security_group (ef38a124-46ef-4c0d-aec3-69bc18b0bd65), precommit_delete {{(pid=103197) _notify_loop /usr/local/lib/python3.8/dist-packages/neutron_lib/callbacks/manager.py:176}}
Mar 25 19:20:33.743480 dv-cinder-755101-7-iscsi neutron-server[103197]: DEBUG neutron.pecan_wsgi.hooks.policy_enforcement [req-b6924fdc-395a-43c4-ac70-b08cc1e5ad8f req-b3a24da9-8000-4b6c-af38-b73dd5627cb6 service neutron] Attributes excluded by policy engine: ['standard_attr_id'] {{(pid=103197) _exclude_attributes_by_policy /opt/stack/neutron/neutron/pecan_wsgi/hooks/policy_enforcement.py:255}}
Mar 25 19:20:33.745085 dv-cinder-755101-7-iscsi neutron-server[103197]: INFO neutron.wsgi [req-b6924fdc-395a-43c4-ac70-b08cc1e5ad8f req-b3a24da9-8000-4b6c-af38-b73dd5627cb6 service neutron] 10.222.0.26 "GET /v2.0/ports?network_id=aa37333a-1101-47b7-acc7-f21479cd1d95&device_owner=network%3Adhcp HTTP/1.1" status: 200 len: 1212 time: 0.1465158
Mar 25 19:20:33.761439 dv-cinder-755101-7-iscsi neutron-server[103196]: DEBUG novaclient.v2.client [-] RESP: [200] Connection: close Content-Length: 179 Content-Type: application/json Date: Fri, 25 Mar 2022 19:20:33 GMT OpenStack-API-Version: compute 2.1 Server: Apache/2.4.41 (Ubuntu) Vary: OpenStack-API-Version,X-OpenStack-Nova-API-Version X-OpenStack-Nova-API-Version: 2.1 x-compute-request-id: req-abfc50fe-c31b-4e31-a57f-4f0764e26e60 x-openstack-request-id: req-abfc50fe-c31b-4e31-a57f-4f0764e26e60 {{(pid=103196) _http_log_response /usr/local/lib/python3.8/dist-packages/keystoneauth1/session.py:550}}
Mar 25 19:20:33.761757 dv-cinder-755101-7-iscsi neutron-server[103196]: DEBUG novaclient.v2.client [-] RESP BODY: {"events": [{"name": "network-changed", "server_uuid": "c2f22826-2512-4bee-8ddc-2e80d6e63d45", "tag": "d5017eb3-7c1a-4acd-b3e7-abbf54ea28c0", "status": "completed", "code": 200}]} {{(pid=103196) _http_log_response /usr/local/lib/python3.8/dist-packages/keystoneauth1/session.py:582}}
Mar 25 19:20:33.762014 dv-cinder-755101-7-iscsi neutron-server[103196]: DEBUG novaclient.v2.client [-] POST call to compute for http://10.222.0.18/compute/v2.1/os-server-external-events used request id req-abfc50fe-c31b-4e31-a57f-4f0764e26e60 {{(pid=103196) request /usr/local/lib/python3.8/dist-packages/keystoneauth1/session.py:954}}
Mar 25 19:20:33.762366 dv-cinder-755101-7-iscsi neutron-server[103196]: INFO neutron.notifiers.nova [-] Nova event matching ['req-abfc50fe-c31b-4e31-a57f-4f0764e26e60'] response: {'name': 'network-changed', 'server_uuid': 'c2f22826-2512-4bee-8ddc-2e80d6e63d45', 'tag': 'd5017eb3-7c1a-4acd-b3e7-abbf54ea28c0', 'status': 'completed', 'code': 200}
Mar 25 19:20:33.786459 dv-cinder-755101-7-iscsi neutron-server[103196]: DEBUG neutron_lib.callbacks.manager [None req-754cee8d-6f3e-472e-95c0-7f3e08a445f3 admin admin] Publish callbacks ['neutron.plugins.ml2.ovo_rpc._ObjectChangeHandler.handle_event-3687199'] for security_group (fff40cd7-23ab-4589-a15e-8f563b9c0459), after_delete {{(pid=103196) _notify_loop /usr/local/lib/python3.8/dist-packages/neutron_lib/callbacks/manager.py:176}}
Mar 25 19:20:33.788968 dv-cinder-755101-7-iscsi neutron-server[103196]: DEBUG neutron_lib.callbacks.manager [None req-754cee8d-6f3e-472e-95c0-7f3e08a445f3 admin admin] Publish callbacks [] for security_group (None), before_response {{(pid=103196) _notify_loop /usr/local/lib/python3.8/dist-packages/neutron_lib/callbacks/manager.py:176}}
Mar 25 19:20:33.793312 dv-cinder-755101-7-iscsi neutron-server[103196]: INFO neutron.wsgi [None req-754cee8d-6f3e-472e-95c0-7f3e08a445f3 admin admin] 10.222.0.18 "DELETE /v2.0/security-groups/fff40cd7-23ab-4589-a15e-8f563b9c0459 HTTP/1.1" status: 204 len: 168 time: 0.7806792
Mar 25 19:20:33.802426 dv-cinder-755101-7-iscsi neutron-server[103196]: INFO neutron.wsgi [req-1fd91a29-720c-43d7-84b8-e8e09e65fdef req-945bf4a4-05d3-48f0-b031-8fc82a194f76 service neutron] 10.222.0.26 "GET /v2.0/networks/aa37333a-1101-47b7-acc7-f21479cd1d95?fields=segments HTTP/1.1" status: 200 len: 212 time: 0.1883485
Mar 25 19:20:33.811804 dv-cinder-755101-7-iscsi neutron-server[103196]: DEBUG neutron.pecan_wsgi.hooks.policy_enforcement [req-7fa3c3be-ddfd-4f2c-91f2-f94d0d5294a9 req-e772d8f1-25aa-478e-9776-72002a3608a7 service neutron] Attributes excluded by policy engine: ['standard_attr_id'] {{(pid=103196) _exclude_attributes_by_policy /opt/stack/neutron/neutron/pecan_wsgi/hooks/policy_enforcement.py:255}}
Mar 25 19:20:33.813571 dv-cinder-755101-7-iscsi neutron-server[103196]: INFO neutron.wsgi [req-7fa3c3be-ddfd-4f2c-91f2-f94d0d5294a9 req-e772d8f1-25aa-478e-9776-72002a3608a7 service neutron] 10.222.0.26 "GET /v2.0/ports?network_id=547b5db8-9a10-4506-ba92-acf96e89ae8e&device_owner=network%3Adhcp HTTP/1.1" status: 200 len: 1212 time: 0.0993721
Mar 25 19:20:33.814275 dv-cinder-755101-7-iscsi neutron-server[103196]: DEBUG neutron.api.rpc.handlers.resources_rpc [None req-754cee8d-6f3e-472e-95c0-7f3e08a445f3 admin admin] Pushing event deleted for resources: {'SecurityGroup': ['ID=fff40cd7-23ab-4589-a15e-8f563b9c0459,revision_number=None']} {{(pid=103196) push /opt/stack/neutron/neutron/api/rpc/handlers/resources_rpc.py:237}}
Mar 25 19:20:33.880796 dv-cinder-755101-7-iscsi neutron-server[103197]: DEBUG neutron_lib.callbacks.manager [None req-758adfff-48d6-4ad0-b551-554b6ff880a4 admin admin] Publish callbacks ['neutron.plugins.ml2.ovo_rpc._ObjectChangeHandler.handle_event-3687199'] for security_group (ef38a124-46ef-4c0d-aec3-69bc18b0bd65), after_delete {{(pid=103197) _notify_loop /usr/local/lib/python3.8/dist-packages/neutron_lib/callbacks/manager.py:176}}
Mar 25 19:20:33.885532 dv-cinder-755101-7-iscsi neutron-server[103197]: DEBUG neutron_lib.callbacks.manager [None req-758adfff-48d6-4ad0-b551-554b6ff880a4 admin admin] Publish callbacks [] for security_group (None), before_response {{(pid=103197) _notify_loop /usr/local/lib/python3.8/dist-packages/neutron_lib/callbacks/manager.py:176}}
Mar 25 19:20:33.888391 dv-cinder-755101-7-iscsi neutron-server[103197]: INFO neutron.wsgi [None req-758adfff-48d6-4ad0-b551-554b6ff880a4 admin admin] 10.222.0.18 "DELETE /v2.0/security-groups/ef38a124-46ef-4c0d-aec3-69bc18b0bd65 HTTP/1.1" status: 204 len: 168 time: 0.4229715
Mar 25 19:20:33.912719 dv-cinder-755101-7-iscsi neutron-server[103197]: INFO neutron.wsgi [req-b6924fdc-395a-43c4-ac70-b08cc1e5ad8f req-c89fba83-109a-40b2-a3d5-16d672cecaee service neutron] 10.222.0.26 "GET /v2.0/networks/aa37333a-1101-47b7-acc7-f21479cd1d95?fields=segments HTTP/1.1" status: 200 len: 212 time: 0.1559210
Mar 25 19:20:33.913454 dv-cinder-755101-7-iscsi neutron-server[103197]: DEBUG neutron.api.rpc.handlers.resources_rpc [None req-758adfff-48d6-4ad0-b551-554b6ff880a4 admin admin] Pushing event deleted for resources: {'SecurityGroup': ['ID=ef38a124-46ef-4c0d-aec3-69bc18b0bd65,revision_number=None']} {{(pid=103197) push /opt/stack/neutron/neutron/api/rpc/handlers/resources_rpc.py:237}}
Mar 25 19:20:33.996662 dv-cinder-755101-7-iscsi neutron-server[103196]: INFO neutron.wsgi [req-7fa3c3be-ddfd-4f2c-91f2-f94d0d5294a9 req-bee4f35a-047c-487c-abf2-63ff1b15d631 service neutron] 10.222.0.26 "GET /v2.0/networks/547b5db8-9a10-4506-ba92-acf96e89ae8e?fields=segments HTTP/1.1" status: 200 len: 212 time: 0.1734705
Mar 25 19:20:34.000471 dv-cinder-755101-7-iscsi neutron-server[103196]: INFO neutron.wsgi [req-1fd91a29-720c-43d7-84b8-e8e09e65fdef req-10eff2c9-1fe3-4f15-8eae-a38421171e0c service neutron] 10.222.0.26 "GET /v2.0/networks/aa37333a-1101-47b7-acc7-f21479cd1d95?fields=provider%3Aphysical_network&fields=provider%3Anetwork_type HTTP/1.1" status: 200 len: 281 time: 0.1911850
Mar 25 19:20:34.129860 dv-cinder-755101-7-iscsi neutron-server[103197]: DEBUG neutron.pecan_wsgi.hooks.policy_enforcement [req-1cb46d41-463a-4a92-88cb-9be85f843afb req-46b9174f-7df3-45a7-8b01-ed6b0a938f9f tempest-AttachVolumeTestJSON-933742233 tempest-AttachVolumeTestJSON-933742233-project] Attributes excluded by policy engine: ['standard_attr_id', 'binding:profile', 'binding:host_id', 'binding:vif_type', 'binding:vif_details'] {{(pid=103197) _exclude_attributes_by_policy /opt/stack/neutron/neutron/pecan_wsgi/hooks/policy_enforcement.py:255}}
Mar 25 19:20:34.131528 dv-cinder-755101-7-iscsi neutron-server[103197]: INFO neutron.wsgi [req-1cb46d41-463a-4a92-88cb-9be85f843afb req-46b9174f-7df3-45a7-8b01-ed6b0a938f9f tempest-AttachVolumeTestJSON-933742233 tempest-AttachVolumeTestJSON-933742233-project] 10.222.0.18 "GET /v2.0/ports?device_id=c2f22826-2512-4bee-8ddc-2e80d6e63d45 HTTP/1.1" status: 200 len: 944 time: 0.1867745
Mar 25 19:20:34.135286 dv-cinder-755101-7-iscsi neutron-server[103197]: INFO neutron.wsgi [req-b6924fdc-395a-43c4-ac70-b08cc1e5ad8f req-8510d6f4-349a-402f-94d8-b7032d5fd561 service neutron] 10.222.0.26 "GET /v2.0/networks/aa37333a-1101-47b7-acc7-f21479cd1d95?fields=provider%3Aphysical_network&fields=provider%3Anetwork_type HTTP/1.1" status: 200 len: 281 time: 0.1992936
Mar 25 19:20:34.182657 dv-cinder-755101-7-iscsi neutron-server[103196]: DEBUG neutron.pecan_wsgi.hooks.policy_enforcement [req-5b696ae9-85ab-4f16-8b4d-b22fdebfdbe7 req-04ae0bf9-1b08-4b36-b0db-7e8f5e380e06 tempest-AttachVolumeShelveTestJSON-452322138 tempest-AttachVolumeShelveTestJSON-452322138-project] Attributes excluded by policy engine: ['standard_attr_id', 'binding:profile', 'binding:host_id', 'binding:vif_type', 'binding:vif_details'] {{(pid=103196) _exclude_attributes_by_policy /opt/stack/neutron/neutron/pecan_wsgi/hooks/policy_enforcement.py:255}}
Mar 25 19:20:34.192548 dv-cinder-755101-7-iscsi neutron-server[103196]: INFO neutron.wsgi [req-5b696ae9-85ab-4f16-8b4d-b22fdebfdbe7 req-04ae0bf9-1b08-4b36-b0db-7e8f5e380e06 tempest-AttachVolumeShelveTestJSON-452322138 tempest-AttachVolumeShelveTestJSON-452322138-project] 10.222.0.18 "GET /v2.0/ports?device_id=60b11edc-ce3f-48f7-ac37-bc15cd882254 HTTP/1.1" status: 200 len: 944 time: 0.1151044
Mar 25 19:20:34.205288 dv-cinder-755101-7-iscsi neutron-server[103197]: INFO neutron.wsgi [req-1cb46d41-463a-4a92-88cb-9be85f843afb req-ef38daca-a8c0-430a-b3d0-d51dbc9c5227 tempest-AttachVolumeTestJSON-933742233 tempest-AttachVolumeTestJSON-933742233-project] 10.222.0.18 "GET /v2.0/security-groups?id=a346db11-a1aa-49ea-9798-167075247d8c&fields=id&fields=name HTTP/1.1" status: 200 len: 313 time: 0.0669279
Mar 25 19:20:34.233979 dv-cinder-755101-7-iscsi neutron-server[103196]: INFO neutron.wsgi [req-7fa3c3be-ddfd-4f2c-91f2-f94d0d5294a9 req-a8fc0499-19a8-4fce-b3ab-02792f9a826e service neutron] 10.222.0.26 "GET /v2.0/networks/547b5db8-9a10-4506-ba92-acf96e89ae8e?fields=provider%3Aphysical_network&fields=provider%3Anetwork_type HTTP/1.1" status: 200 len: 281 time: 0.2241209
Mar 25 19:20:34.240211 dv-cinder-755101-7-iscsi neutron-server[103196]: DEBUG neutron.pecan_wsgi.hooks.policy_enforcement [req-be6a81db-f481-4291-9d22-20a466f507c0 req-c4de1607-64ce-4133-86cc-ac334599d153 service neutron] Attributes excluded by policy engine: ['standard_attr_id'] {{(pid=103196) _exclude_attributes_by_policy /opt/stack/neutron/neutron/pecan_wsgi/hooks/policy_enforcement.py:255}}
Mar 25 19:20:34.241646 dv-cinder-755101-7-iscsi neutron-server[103196]: INFO neutron.wsgi [req-be6a81db-f481-4291-9d22-20a466f507c0 req-c4de1607-64ce-4133-86cc-ac334599d153 service neutron] 10.222.0.26 "GET /v2.0/ports?tenant_id=155e7b1bde6b4fb1ba768c2d6ab00159&device_id=2e98d9a4-7bc3-4128-b4ae-768498a633da HTTP/1.1" status: 200 len: 1128 time: 0.1656005
Mar 25 19:20:34.248788 dv-cinder-755101-7-iscsi neutron-server[103196]: DEBUG neutron.wsgi [-] (103196) accepted ('10.222.0.18', 58398) {{(pid=103196) server /usr/local/lib/python3.8/dist-packages/eventlet/wsgi.py:1004}}
Mar 25 19:20:34.341442 dv-cinder-755101-7-iscsi neutron-server[103196]: DEBUG neutron_lib.callbacks.manager [None req-c3ddae5b-69c0-4447-91b8-a27ce811f905 admin admin] Publish callbacks [] for security_group (None), before_create {{(pid=103196) _notify_loop /usr/local/lib/python3.8/dist-packages/neutron_lib/callbacks/manager.py:176}}
Mar 25 19:20:34.383253 dv-cinder-755101-7-iscsi neutron-server[103196]: INFO neutron.wsgi [req-5b696ae9-85ab-4f16-8b4d-b22fdebfdbe7 req-8cf83894-c502-4e23-a64e-42b1fa8e8746 tempest-AttachVolumeShelveTestJSON-452322138 tempest-AttachVolumeShelveTestJSON-452322138-project] 10.222.0.18 "GET /v2.0/security-groups?id=ece6d36a-8c2c-423d-886b-e23866ad66ec&fields=id&fields=name HTTP/1.1" status: 200 len: 313 time: 0.1896064
Mar 25 19:20:34.461072 dv-cinder-755101-7-iscsi neutron-server[103197]: DEBUG neutron.wsgi [-] (103197) accepted ('10.222.0.18', 58406) {{(pid=103197) server /usr/local/lib/python3.8/dist-packages/eventlet/wsgi.py:1004}}
Mar 25 19:20:34.478737 dv-cinder-755101-7-iscsi neutron-server[103197]: DEBUG neutron_lib.callbacks.manager [None req-9023a2d2-1b25-40c6-8abb-cdd3dadf12a6 admin admin] Publish callbacks [] for security_group (None), before_create {{(pid=103197) _notify_loop /usr/local/lib/python3.8/dist-packages/neutron_lib/callbacks/manager.py:176}}
Mar 25 19:20:34.488538 dv-cinder-755101-7-iscsi neutron-server[103198]: DEBUG neutron.plugins.ml2.rpc [None req-e49d7d41-a0d9-4d9f-94e4-882a05ca244e None None] Device 3c0bc78a-5461-4c6b-9a9a-3f89dd130fc1 details requested by agent hyperv_hv-cinder-75510 with host hv-cinder-75510 {{(pid=103198) get_device_details /opt/stack/neutron/neutron/plugins/ml2/rpc.py:102}}
Mar 25 19:20:34.494908 dv-cinder-755101-7-iscsi neutron-server[103196]: DEBUG neutron.pecan_wsgi.hooks.policy_enforcement [req-be6a81db-f481-4291-9d22-20a466f507c0 req-ac08b783-1b36-4cc7-9651-d379e766ba4f service neutron] Attributes excluded by policy engine: ['standard_attr_id', 'vlan_transparent'] {{(pid=103196) _exclude_attributes_by_policy /opt/stack/neutron/neutron/pecan_wsgi/hooks/policy_enforcement.py:255}}
Mar 25 19:20:34.496436 dv-cinder-755101-7-iscsi neutron-server[103196]: INFO neutron.wsgi [req-be6a81db-f481-4291-9d22-20a466f507c0 req-ac08b783-1b36-4cc7-9651-d379e766ba4f service neutron] 10.222.0.26 "GET /v2.0/networks?id=aa37333a-1101-47b7-acc7-f21479cd1d95 HTTP/1.1" status: 200 len: 920 time: 0.2484756
Mar 25 19:20:34.525884 dv-cinder-755101-7-iscsi neutron-server[103196]: DEBUG neutron.pecan_wsgi.hooks.policy_enforcement [req-7ecb7d24-3376-4894-96f6-f545080b7f37 req-559c722d-7f63-4ab3-b48d-0a6d4db1c3ac service neutron] Attributes excluded by policy engine: ['standard_attr_id'] {{(pid=103196) _exclude_attributes_by_policy /opt/stack/neutron/neutron/pecan_wsgi/hooks/policy_enforcement.py:255}}
Mar 25 19:20:34.527771 dv-cinder-755101-7-iscsi neutron-server[103196]: INFO neutron.wsgi [req-7ecb7d24-3376-4894-96f6-f545080b7f37 req-559c722d-7f63-4ab3-b48d-0a6d4db1c3ac service neutron] 10.222.0.26 "GET /v2.0/ports?tenant_id=511b62f595874a80ab2449c4446c40d6&device_id=c2f22826-2512-4bee-8ddc-2e80d6e63d45 HTTP/1.1" status: 200 len: 1128 time: 0.2315719
Mar 25 19:20:34.565259 dv-cinder-755101-7-iscsi neutron-server[103197]: DEBUG neutron_lib.callbacks.manager [None req-9023a2d2-1b25-40c6-8abb-cdd3dadf12a6 admin admin] Publish callbacks [] for security_group (f72dffb7-17e8-40cb-ada4-fb6803a5c64f), precommit_create {{(pid=103197) _notify_loop /usr/local/lib/python3.8/dist-packages/neutron_lib/callbacks/manager.py:176}}
Mar 25 19:20:34.568418 dv-cinder-755101-7-iscsi neutron-server[103196]: INFO neutron.wsgi [req-be6a81db-f481-4291-9d22-20a466f507c0 req-b0e4d817-7911-4926-a4dc-0d75adbbb747 service neutron] 10.222.0.26 "GET /v2.0/floatingips?fixed_ip_address=172.20.0.11&port_id=eccc2666-aab1-47fb-824f-6146f634c584 HTTP/1.1" status: 200 len: 217 time: 0.0621989
Mar 25 19:20:34.571356 dv-cinder-755101-7-iscsi neutron-server[103197]: DEBUG neutron_lib.callbacks.manager [None req-9023a2d2-1b25-40c6-8abb-cdd3dadf12a6 admin admin] Publish callbacks ['neutron.plugins.ml2.ovo_rpc._ObjectChangeHandler.handle_event-3687199'] for security_group (f72dffb7-17e8-40cb-ada4-fb6803a5c64f), after_create {{(pid=103197) _notify_loop /usr/local/lib/python3.8/dist-packages/neutron_lib/callbacks/manager.py:176}}
Mar 25 19:20:34.610745 dv-cinder-755101-7-iscsi neutron-server[103198]: DEBUG neutron.plugins.ml2.db [None req-e49d7d41-a0d9-4d9f-94e4-882a05ca244e None None] For port 3c0bc78a-5461-4c6b-9a9a-3f89dd130fc1, host hv-cinder-75510, got binding levels [PortBindingLevel(driver='hyperv',host='hv-cinder-75510',level=0,port_id=3c0bc78a-5461-4c6b-9a9a-3f89dd130fc1,segment=NetworkSegment(541ac455-136c-4743-9e72-e1540521f447),segment_id=541ac455-136c-4743-9e72-e1540521f447)] {{(pid=103198) get_binding_level_objs /opt/stack/neutron/neutron/plugins/ml2/db.py:74}}
Mar 25 19:20:34.614931 dv-cinder-755101-7-iscsi neutron-server[103197]: INFO neutron.wsgi [None req-9023a2d2-1b25-40c6-8abb-cdd3dadf12a6 admin admin] 10.222.0.18 "GET /v2.0/security-groups?tenant_id=6a7722771304471aa94e4624f80f3f8b&name=default HTTP/1.1" status: 200 len: 2996 time: 0.1500947
Mar 25 19:20:34.614931 dv-cinder-755101-7-iscsi neutron-server[103197]: DEBUG neutron.api.rpc.handlers.resources_rpc [None req-9023a2d2-1b25-40c6-8abb-cdd3dadf12a6 admin admin] Pushing event updated for resources: {'SecurityGroup': ['ID=f72dffb7-17e8-40cb-ada4-fb6803a5c64f,revision_number=1']} {{(pid=103197) push /opt/stack/neutron/neutron/api/rpc/handlers/resources_rpc.py:237}}
Mar 25 19:20:34.615980 dv-cinder-755101-7-iscsi neutron-server[103197]: DEBUG neutron.wsgi [-] (103197) accepted ('10.222.0.18', 58408) {{(pid=103197) server /usr/local/lib/python3.8/dist-packages/eventlet/wsgi.py:1004}}
Mar 25 19:20:34.627463 dv-cinder-755101-7-iscsi neutron-server[103198]: DEBUG neutron.plugins.ml2.rpc [None req-e49d7d41-a0d9-4d9f-94e4-882a05ca244e None None] Returning: {'device': '3c0bc78a-5461-4c6b-9a9a-3f89dd130fc1', 'network_id': 'aa37333a-1101-47b7-acc7-f21479cd1d95', 'port_id': '3c0bc78a-5461-4c6b-9a9a-3f89dd130fc1', 'mac_address': 'fa:16:3e:99:1b:5f', 'admin_state_up': True, 'network_type': 'vlan', 'segmentation_id': 285, 'physical_network': 'physnet1', 'mtu': 1500, 'fixed_ips': [{'subnet_id': 'd8fb3102-0026-42d9-a683-15415ae64f68', 'ip_address': '172.20.0.14'}], 'device_owner': 'compute:nova', 'allowed_address_pairs': [], 'port_security_enabled': True, 'qos_policy_id': None, 'network_qos_policy_id': None, 'profile': {}, 'propagate_uplink_status': False} {{(pid=103198) _get_device_details /opt/stack/neutron/neutron/plugins/ml2/rpc.py:184}}
Mar 25 19:20:34.668058 dv-cinder-755101-7-iscsi neutron-server[103198]: DEBUG neutron.plugins.ml2.plugin [None req-e49d7d41-a0d9-4d9f-94e4-882a05ca244e None None] Current status of the port 3c0bc78a-5461-4c6b-9a9a-3f89dd130fc1 is: DOWN; New status is: BUILD {{(pid=103198) _update_individual_port_db_status /opt/stack/neutron/neutron/plugins/ml2/plugin.py:2256}}
Mar 25 19:20:34.668504 dv-cinder-755101-7-iscsi neutron-server[103198]: DEBUG neutron_lib.callbacks.manager [None req-e49d7d41-a0d9-4d9f-94e4-882a05ca244e None None] Publish callbacks ['neutron.plugins.ml2.plugin.SecurityGroupDbMixin._ensure_default_security_group_handler-1293263'] for port (3c0bc78a-5461-4c6b-9a9a-3f89dd130fc1), before_update {{(pid=103198) _notify_loop /usr/local/lib/python3.8/dist-packages/neutron_lib/callbacks/manager.py:176}}
Mar 25 19:20:34.673077 dv-cinder-755101-7-iscsi neutron-server[103197]: DEBUG neutron_lib.callbacks.manager [None req-4a1efe3b-95c3-4423-b51b-1018ed1ca90f admin admin] Publish callbacks [] for security_group (f72dffb7-17e8-40cb-ada4-fb6803a5c64f), before_delete {{(pid=103197) _notify_loop /usr/local/lib/python3.8/dist-packages/neutron_lib/callbacks/manager.py:176}}
Mar 25 19:20:34.687021 dv-cinder-755101-7-iscsi neutron-server[103196]: DEBUG neutron.pecan_wsgi.hooks.policy_enforcement [req-be6a81db-f481-4291-9d22-20a466f507c0 req-e20c53a2-d5e6-4506-8483-61cb87717c04 service neutron] Attributes excluded by policy engine: ['standard_attr_id', 'shared'] {{(pid=103196) _exclude_attributes_by_policy /opt/stack/neutron/neutron/pecan_wsgi/hooks/policy_enforcement.py:255}}
Mar 25 19:20:34.689260 dv-cinder-755101-7-iscsi neutron-server[103196]: INFO neutron.wsgi [req-be6a81db-f481-4291-9d22-20a466f507c0 req-e20c53a2-d5e6-4506-8483-61cb87717c04 service neutron] 10.222.0.26 "GET /v2.0/subnets?id=d8fb3102-0026-42d9-a683-15415ae64f68 HTTP/1.1" status: 200 len: 858 time: 0.1022251
Mar 25 19:20:34.693789 dv-cinder-755101-7-iscsi neutron-server[103198]: DEBUG neutron.notifiers.nova [None req-e49d7d41-a0d9-4d9f-94e4-882a05ca244e None None] Ignoring state change previous_port_status: DOWN current_port_status: BUILD port_id 3c0bc78a-5461-4c6b-9a9a-3f89dd130fc1 {{(pid=103198) record_port_status_changed /opt/stack/neutron/neutron/notifiers/nova.py:233}}
Mar 25 19:20:34.700083 dv-cinder-755101-7-iscsi neutron-server[103197]: DEBUG neutron_lib.callbacks.manager [None req-4a1efe3b-95c3-4423-b51b-1018ed1ca90f admin admin] Publish callbacks [] for security_group (f72dffb7-17e8-40cb-ada4-fb6803a5c64f), precommit_delete {{(pid=103197) _notify_loop /usr/local/lib/python3.8/dist-packages/neutron_lib/callbacks/manager.py:176}}
Mar 25 19:20:34.716503 dv-cinder-755101-7-iscsi neutron-server[103198]: DEBUG neutron.plugins.ml2.db [None req-e49d7d41-a0d9-4d9f-94e4-882a05ca244e None None] For port 3c0bc78a-5461-4c6b-9a9a-3f89dd130fc1, host hv-cinder-75510, got binding levels [PortBindingLevel(driver='hyperv',host='hv-cinder-75510',level=0,port_id=3c0bc78a-5461-4c6b-9a9a-3f89dd130fc1,segment=NetworkSegment(541ac455-136c-4743-9e72-e1540521f447),segment_id=541ac455-136c-4743-9e72-e1540521f447)] {{(pid=103198) get_binding_level_objs /opt/stack/neutron/neutron/plugins/ml2/db.py:74}}
Mar 25 19:20:34.724510 dv-cinder-755101-7-iscsi neutron-server[103198]: DEBUG neutron_lib.callbacks.manager [None req-e49d7d41-a0d9-4d9f-94e4-882a05ca244e None None] Publish callbacks ['neutron.plugins.ml2.plugin.SecurityGroupServerNotifierRpcMixin._notify_sg_on_port_change-1293196', 'neutron.plugins.ml2.ovo_rpc._ObjectChangeHandler.handle_event-56612', 'neutron.api.rpc.agentnotifiers.dhcp_rpc_agent_api.DhcpAgentNotifyAPI._native_event_send_dhcp_notification-3692877', 'neutron.db.l3_db.L3RpcNotifierMixin._notify_gateway_port_ip_changed-8741036679572', 'neutron.db.l3_dvrscheduler_db._notify_l3_agent_port_update-8741036190733', 'neutron.db.l3_hascheduler_db._notify_l3_agent_ha_port_update-8741036190751'] for port (3c0bc78a-5461-4c6b-9a9a-3f89dd130fc1), after_update {{(pid=103198) _notify_loop /usr/local/lib/python3.8/dist-packages/neutron_lib/callbacks/manager.py:176}}
Mar 25 19:20:34.725565 dv-cinder-755101-7-iscsi neutron-server[103198]: DEBUG neutron.plugins.ml2.rpc [None req-e49d7d41-a0d9-4d9f-94e4-882a05ca244e None None] Device b11e0829-8e77-4884-be37-f7605d1d55af details requested by agent hyperv_hv-cinder-75510 with host hv-cinder-75510 {{(pid=103198) get_device_details /opt/stack/neutron/neutron/plugins/ml2/rpc.py:102}}
Mar 25 19:20:34.771939 dv-cinder-755101-7-iscsi neutron-server[103196]: DEBUG neutron_lib.callbacks.manager [None req-c3ddae5b-69c0-4447-91b8-a27ce811f905 admin admin] Publish callbacks [] for security_group (ea330d5d-9c0e-43b1-afff-80d68c669c84), precommit_create {{(pid=103196) _notify_loop /usr/local/lib/python3.8/dist-packages/neutron_lib/callbacks/manager.py:176}}
Mar 25 19:20:34.775790 dv-cinder-755101-7-iscsi neutron-server[103196]: DEBUG neutron.pecan_wsgi.hooks.policy_enforcement [req-7ecb7d24-3376-4894-96f6-f545080b7f37 req-aae83b0f-0204-4756-8835-90aafde33739 service neutron] Attributes excluded by policy engine: ['standard_attr_id', 'vlan_transparent'] {{(pid=103196) _exclude_attributes_by_policy /opt/stack/neutron/neutron/pecan_wsgi/hooks/policy_enforcement.py:255}}
Mar 25 19:20:34.777635 dv-cinder-755101-7-iscsi neutron-server[103196]: INFO neutron.wsgi [req-7ecb7d24-3376-4894-96f6-f545080b7f37 req-aae83b0f-0204-4756-8835-90aafde33739 service neutron] 10.222.0.26 "GET /v2.0/networks?id=547b5db8-9a10-4506-ba92-acf96e89ae8e HTTP/1.1" status: 200 len: 912 time: 0.2210042
Mar 25 19:20:34.782586 dv-cinder-755101-7-iscsi neutron-server[103196]: DEBUG neutron_lib.callbacks.manager [None req-c3ddae5b-69c0-4447-91b8-a27ce811f905 admin admin] Publish callbacks ['neutron.plugins.ml2.ovo_rpc._ObjectChangeHandler.handle_event-3687199'] for security_group (ea330d5d-9c0e-43b1-afff-80d68c669c84), after_create {{(pid=103196) _notify_loop /usr/local/lib/python3.8/dist-packages/neutron_lib/callbacks/manager.py:176}}
Mar 25 19:20:34.815336 dv-cinder-755101-7-iscsi neutron-server[103197]: DEBUG neutron.pecan_wsgi.hooks.policy_enforcement [req-893a9e21-3a3f-47cd-83e2-905d6c8500ad req-94be6ae3-658f-49f4-9416-56d4df09e0d3 tempest-DeleteServersTestJSON-630511010 tempest-DeleteServersTestJSON-630511010-project] Attributes excluded by policy engine: ['standard_attr_id', 'binding:profile', 'binding:host_id', 'binding:vif_type', 'binding:vif_details'] {{(pid=103197) _exclude_attributes_by_policy /opt/stack/neutron/neutron/pecan_wsgi/hooks/policy_enforcement.py:255}}
Mar 25 19:20:34.817239 dv-cinder-755101-7-iscsi neutron-server[103197]: INFO neutron.wsgi [req-893a9e21-3a3f-47cd-83e2-905d6c8500ad req-94be6ae3-658f-49f4-9416-56d4df09e0d3 tempest-DeleteServersTestJSON-630511010 tempest-DeleteServersTestJSON-630511010-project] 10.222.0.18 "GET /v2.0/ports?device_id=9df5ca96-e2d4-4758-9ddb-4aa505cf1a35 HTTP/1.1" status: 200 len: 943 time: 0.0853357
Mar 25 19:20:34.824552 dv-cinder-755101-7-iscsi neutron-server[103197]: DEBUG neutron_lib.callbacks.manager [None req-4a1efe3b-95c3-4423-b51b-1018ed1ca90f admin admin] Publish callbacks ['neutron.plugins.ml2.ovo_rpc._ObjectChangeHandler.handle_event-3687199'] for security_group (f72dffb7-17e8-40cb-ada4-fb6803a5c64f), after_delete {{(pid=103197) _notify_loop /usr/local/lib/python3.8/dist-packages/neutron_lib/callbacks/manager.py:176}}
Mar 25 19:20:34.824834 dv-cinder-755101-7-iscsi neutron-server[103196]: INFO neutron.wsgi [None req-c3ddae5b-69c0-4447-91b8-a27ce811f905 admin admin] 10.222.0.18 "GET /v2.0/security-groups?tenant_id=b8d9b763a632476698057ba2c95329b1&name=default HTTP/1.1" status: 200 len: 2996 time: 0.5751235
Mar 25 19:20:34.829860 dv-cinder-755101-7-iscsi neutron-server[103197]: DEBUG neutron_lib.callbacks.manager [None req-4a1efe3b-95c3-4423-b51b-1018ed1ca90f admin admin] Publish callbacks [] for security_group (None), before_response {{(pid=103197) _notify_loop /usr/local/lib/python3.8/dist-packages/neutron_lib/callbacks/manager.py:176}}
Mar 25 19:20:34.831194 dv-cinder-755101-7-iscsi neutron-server[103197]: INFO neutron.wsgi [None req-4a1efe3b-95c3-4423-b51b-1018ed1ca90f admin admin] 10.222.0.18 "DELETE /v2.0/security-groups/f72dffb7-17e8-40cb-ada4-fb6803a5c64f HTTP/1.1" status: 204 len: 168 time: 0.2143004
Mar 25 19:20:34.833124 dv-cinder-755101-7-iscsi neutron-server[103197]: DEBUG neutron.wsgi [-] (103197) accepted ('10.222.0.18', 58418) {{(pid=103197) server /usr/local/lib/python3.8/dist-packages/eventlet/wsgi.py:1004}}
Mar 25 19:20:34.857637 dv-cinder-755101-7-iscsi neutron-server[103197]: DEBUG neutron.api.rpc.handlers.resources_rpc [None req-4a1efe3b-95c3-4423-b51b-1018ed1ca90f admin admin] Pushing event deleted for resources: {'SecurityGroup': ['ID=f72dffb7-17e8-40cb-ada4-fb6803a5c64f,revision_number=None']} {{(pid=103197) push /opt/stack/neutron/neutron/api/rpc/handlers/resources_rpc.py:237}}
Mar 25 19:20:34.897765 dv-cinder-755101-7-iscsi neutron-server[103196]: INFO neutron.wsgi [req-7ecb7d24-3376-4894-96f6-f545080b7f37 req-72ba6213-5857-4422-b7c1-813c19ec48ad service neutron] 10.222.0.26 "GET /v2.0/floatingips?fixed_ip_address=172.20.0.14&port_id=d5017eb3-7c1a-4acd-b3e7-abbf54ea28c0 HTTP/1.1" status: 200 len: 217 time: 0.0833340
Mar 25 19:20:34.918782 dv-cinder-755101-7-iscsi neutron-server[103197]: DEBUG neutron_lib.callbacks.manager [None req-fa2ac5c5-0874-48fb-a6f6-d390277a2953 admin admin] Publish callbacks [] for security_group (ea330d5d-9c0e-43b1-afff-80d68c669c84), before_delete {{(pid=103197) _notify_loop /usr/local/lib/python3.8/dist-packages/neutron_lib/callbacks/manager.py:176}}
Mar 25 19:20:34.931508 dv-cinder-755101-7-iscsi neutron-server[103198]: DEBUG neutron.plugins.ml2.db [None req-e49d7d41-a0d9-4d9f-94e4-882a05ca244e None None] For port b11e0829-8e77-4884-be37-f7605d1d55af, host hv-cinder-75510, got binding levels [PortBindingLevel(driver='hyperv',host='hv-cinder-75510',level=0,port_id=b11e0829-8e77-4884-be37-f7605d1d55af,segment=NetworkSegment(98907f1f-3df8-47ea-a63f-ed9b1dc9d713),segment_id=98907f1f-3df8-47ea-a63f-ed9b1dc9d713)] {{(pid=103198) get_binding_level_objs /opt/stack/neutron/neutron/plugins/ml2/db.py:74}}
Mar 25 19:20:34.946492 dv-cinder-755101-7-iscsi neutron-server[103197]: INFO neutron.wsgi [req-893a9e21-3a3f-47cd-83e2-905d6c8500ad req-ca878130-2ae7-4bea-951c-0acff386eaa3 tempest-DeleteServersTestJSON-630511010 tempest-DeleteServersTestJSON-630511010-project] 10.222.0.18 "GET /v2.0/security-groups?id=d5c330d0-a6f0-4d62-a482-38972d204a8a&fields=id&fields=name HTTP/1.1" status: 200 len: 286 time: 0.1134782
Mar 25 19:20:34.956782 dv-cinder-755101-7-iscsi neutron-server[103197]: DEBUG neutron_lib.callbacks.manager [None req-fa2ac5c5-0874-48fb-a6f6-d390277a2953 admin admin] Publish callbacks [] for security_group (ea330d5d-9c0e-43b1-afff-80d68c669c84), precommit_delete {{(pid=103197) _notify_loop /usr/local/lib/python3.8/dist-packages/neutron_lib/callbacks/manager.py:176}}
Mar 25 19:20:34.966469 dv-cinder-755101-7-iscsi neutron-server[103198]: DEBUG neutron.plugins.ml2.rpc [None req-e49d7d41-a0d9-4d9f-94e4-882a05ca244e None None] Returning: {'device': 'b11e0829-8e77-4884-be37-f7605d1d55af', 'network_id': 'ffddfb87-b9e1-4b51-8018-42d9ab6c3ad8', 'port_id': 'b11e0829-8e77-4884-be37-f7605d1d55af', 'mac_address': 'fa:16:3e:d0:ab:f2', 'admin_state_up': True, 'network_type': 'vlan', 'segmentation_id': 253, 'physical_network': 'physnet1', 'mtu': 1500, 'fixed_ips': [{'subnet_id': '08275f5a-05cf-469a-a79e-d56942db469a', 'ip_address': '172.20.0.3'}], 'device_owner': 'compute:nova', 'allowed_address_pairs': [], 'port_security_enabled': True, 'qos_policy_id': None, 'network_qos_policy_id': None, 'profile': {}, 'propagate_uplink_status': False} {{(pid=103198) _get_device_details /opt/stack/neutron/neutron/plugins/ml2/rpc.py:184}}
Mar 25 19:20:34.982741 dv-cinder-755101-7-iscsi neutron-server[103196]: DEBUG neutron.pecan_wsgi.hooks.policy_enforcement [req-be6a81db-f481-4291-9d22-20a466f507c0 req-743216b3-45a0-4575-88f1-ef8f794f90cb service neutron] Attributes excluded by policy engine: ['standard_attr_id'] {{(pid=103196) _exclude_attributes_by_policy /opt/stack/neutron/neutron/pecan_wsgi/hooks/policy_enforcement.py:255}}
Mar 25 19:20:34.984392 dv-cinder-755101-7-iscsi neutron-server[103196]: INFO neutron.wsgi [req-be6a81db-f481-4291-9d22-20a466f507c0 req-743216b3-45a0-4575-88f1-ef8f794f90cb service neutron] 10.222.0.26 "GET /v2.0/ports?network_id=aa37333a-1101-47b7-acc7-f21479cd1d95&device_owner=network%3Adhcp HTTP/1.1" status: 200 len: 1212 time: 0.2820873
Mar 25 19:20:34.988164 dv-cinder-755101-7-iscsi neutron-server[103196]: DEBUG neutron.api.rpc.handlers.resources_rpc [None req-c3ddae5b-69c0-4447-91b8-a27ce811f905 admin admin] Pushing event updated for resources: {'SecurityGroup': ['ID=ea330d5d-9c0e-43b1-afff-80d68c669c84,revision_number=1']} {{(pid=103196) push /opt/stack/neutron/neutron/api/rpc/handlers/resources_rpc.py:237}}
Mar 25 19:20:35.018408 dv-cinder-755101-7-iscsi neutron-server[103198]: DEBUG neutron.api.rpc.handlers.resources_rpc [None req-e49d7d41-a0d9-4d9f-94e4-882a05ca244e None None] Pushing event updated for resources: {'Port': ['ID=3c0bc78a-5461-4c6b-9a9a-3f89dd130fc1,revision_number=4']} {{(pid=103198) push /opt/stack/neutron/neutron/api/rpc/handlers/resources_rpc.py:237}}
Mar 25 19:20:35.025817 dv-cinder-755101-7-iscsi neutron-server[103197]: DEBUG neutron_lib.callbacks.manager [None req-fa2ac5c5-0874-48fb-a6f6-d390277a2953 admin admin] Publish callbacks ['neutron.plugins.ml2.ovo_rpc._ObjectChangeHandler.handle_event-3687199'] for security_group (ea330d5d-9c0e-43b1-afff-80d68c669c84), after_delete {{(pid=103197) _notify_loop /usr/local/lib/python3.8/dist-packages/neutron_lib/callbacks/manager.py:176}}
Mar 25 19:20:35.028893 dv-cinder-755101-7-iscsi neutron-server[103197]: DEBUG neutron_lib.callbacks.manager [None req-fa2ac5c5-0874-48fb-a6f6-d390277a2953 admin admin] Publish callbacks [] for security_group (None), before_response {{(pid=103197) _notify_loop /usr/local/lib/python3.8/dist-packages/neutron_lib/callbacks/manager.py:176}}
Mar 25 19:20:35.030288 dv-cinder-755101-7-iscsi neutron-server[103197]: INFO neutron.wsgi [None req-fa2ac5c5-0874-48fb-a6f6-d390277a2953 admin admin] 10.222.0.18 "DELETE /v2.0/security-groups/ea330d5d-9c0e-43b1-afff-80d68c669c84 HTTP/1.1" status: 204 len: 168 time: 0.1946065
Mar 25 19:20:35.041158 dv-cinder-755101-7-iscsi neutron-server[103197]: DEBUG neutron.api.rpc.handlers.resources_rpc [None req-fa2ac5c5-0874-48fb-a6f6-d390277a2953 admin admin] Pushing event deleted for resources: {'SecurityGroup': ['ID=ea330d5d-9c0e-43b1-afff-80d68c669c84,revision_number=None']} {{(pid=103197) push /opt/stack/neutron/neutron/api/rpc/handlers/resources_rpc.py:237}}
Mar 25 19:20:35.089317 dv-cinder-755101-7-iscsi neutron-server[103196]: DEBUG neutron.pecan_wsgi.hooks.policy_enforcement [req-7ecb7d24-3376-4894-96f6-f545080b7f37 req-1df0ab7f-7eac-4055-a978-1ad44f487a0f service neutron] Attributes excluded by policy engine: ['standard_attr_id', 'shared'] {{(pid=103196) _exclude_attributes_by_policy /opt/stack/neutron/neutron/pecan_wsgi/hooks/policy_enforcement.py:255}}
Mar 25 19:20:35.091402 dv-cinder-755101-7-iscsi neutron-server[103196]: INFO neutron.wsgi [req-7ecb7d24-3376-4894-96f6-f545080b7f37 req-1df0ab7f-7eac-4055-a978-1ad44f487a0f service neutron] 10.222.0.26 "GET /v2.0/subnets?id=5f5dde36-3194-44e6-b8cf-733c65400f3b HTTP/1.1" status: 200 len: 850 time: 0.1609848
Mar 25 19:20:35.107749 dv-cinder-755101-7-iscsi neutron-server[103198]: DEBUG neutron.plugins.ml2.plugin [None req-e49d7d41-a0d9-4d9f-94e4-882a05ca244e None None] Current status of the port b11e0829-8e77-4884-be37-f7605d1d55af is: DOWN; New status is: BUILD {{(pid=103198) _update_individual_port_db_status /opt/stack/neutron/neutron/plugins/ml2/plugin.py:2256}}
Mar 25 19:20:35.108262 dv-cinder-755101-7-iscsi neutron-server[103198]: DEBUG neutron_lib.callbacks.manager [None req-e49d7d41-a0d9-4d9f-94e4-882a05ca244e None None] Publish callbacks ['neutron.plugins.ml2.plugin.SecurityGroupDbMixin._ensure_default_security_group_handler-1293263'] for port (b11e0829-8e77-4884-be37-f7605d1d55af), before_update {{(pid=103198) _notify_loop /usr/local/lib/python3.8/dist-packages/neutron_lib/callbacks/manager.py:176}}
Mar 25 19:20:35.133572 dv-cinder-755101-7-iscsi neutron-server[103198]: DEBUG neutron.notifiers.nova [None req-e49d7d41-a0d9-4d9f-94e4-882a05ca244e None None] Ignoring state change previous_port_status: DOWN current_port_status: BUILD port_id b11e0829-8e77-4884-be37-f7605d1d55af {{(pid=103198) record_port_status_changed /opt/stack/neutron/neutron/notifiers/nova.py:233}}
Mar 25 19:20:35.159540 dv-cinder-755101-7-iscsi neutron-server[103196]: DEBUG neutron.pecan_wsgi.hooks.policy_enforcement [req-16f400c8-7d5d-4ad0-add4-ea6f33b3156d req-fb893d44-8245-4284-bc56-9e1686cffc3f tempest-ServerRescueNegativeTestJSON-1012675621 tempest-ServerRescueNegativeTestJSON-1012675621-project] Attributes excluded by policy engine: ['standard_attr_id', 'binding:profile', 'binding:host_id', 'binding:vif_type', 'binding:vif_details'] {{(pid=103196) _exclude_attributes_by_policy /opt/stack/neutron/neutron/pecan_wsgi/hooks/policy_enforcement.py:255}}
Mar 25 19:20:35.160377 dv-cinder-755101-7-iscsi neutron-server[103198]: DEBUG neutron.plugins.ml2.db [None req-e49d7d41-a0d9-4d9f-94e4-882a05ca244e None None] For port b11e0829-8e77-4884-be37-f7605d1d55af, host hv-cinder-75510, got binding levels [PortBindingLevel(driver='hyperv',host='hv-cinder-75510',level=0,port_id=b11e0829-8e77-4884-be37-f7605d1d55af,segment=NetworkSegment(98907f1f-3df8-47ea-a63f-ed9b1dc9d713),segment_id=98907f1f-3df8-47ea-a63f-ed9b1dc9d713)] {{(pid=103198) get_binding_level_objs /opt/stack/neutron/neutron/plugins/ml2/db.py:74}}
Mar 25 19:20:35.161190 dv-cinder-755101-7-iscsi neutron-server[103196]: INFO neutron.wsgi [req-16f400c8-7d5d-4ad0-add4-ea6f33b3156d req-fb893d44-8245-4284-bc56-9e1686cffc3f tempest-ServerRescueNegativeTestJSON-1012675621 tempest-ServerRescueNegativeTestJSON-1012675621-project] 10.222.0.18 "GET /v2.0/ports?device_id=2e98d9a4-7bc3-4128-b4ae-768498a633da HTTP/1.1" status: 200 len: 944 time: 0.2884529
Mar 25 19:20:35.171996 dv-cinder-755101-7-iscsi neutron-server[103198]: DEBUG neutron_lib.callbacks.manager [None req-e49d7d41-a0d9-4d9f-94e4-882a05ca244e None None] Publish callbacks ['neutron.plugins.ml2.plugin.SecurityGroupServerNotifierRpcMixin._notify_sg_on_port_change-1293196', 'neutron.plugins.ml2.ovo_rpc._ObjectChangeHandler.handle_event-56612', 'neutron.api.rpc.agentnotifiers.dhcp_rpc_agent_api.DhcpAgentNotifyAPI._native_event_send_dhcp_notification-3692877', 'neutron.db.l3_db.L3RpcNotifierMixin._notify_gateway_port_ip_changed-8741036679572', 'neutron.db.l3_dvrscheduler_db._notify_l3_agent_port_update-8741036190733', 'neutron.db.l3_hascheduler_db._notify_l3_agent_ha_port_update-8741036190751'] for port (b11e0829-8e77-4884-be37-f7605d1d55af), after_update {{(pid=103198) _notify_loop /usr/local/lib/python3.8/dist-packages/neutron_lib/callbacks/manager.py:176}}
Mar 25 19:20:35.200804 dv-cinder-755101-7-iscsi neutron-server[103196]: INFO neutron.wsgi [req-be6a81db-f481-4291-9d22-20a466f507c0 req-887ef124-957b-47d9-9478-d6de22e9ee5b service neutron] 10.222.0.26 "GET /v2.0/networks/aa37333a-1101-47b7-acc7-f21479cd1d95?fields=segments HTTP/1.1" status: 200 len: 212 time: 0.2092979
Mar 25 19:20:35.253087 dv-cinder-755101-7-iscsi neutron-server[103198]: DEBUG neutron.api.rpc.handlers.resources_rpc [None req-e49d7d41-a0d9-4d9f-94e4-882a05ca244e None None] Pushing event updated for resources: {'Port': ['ID=b11e0829-8e77-4884-be37-f7605d1d55af,revision_number=4']} {{(pid=103198) push /opt/stack/neutron/neutron/api/rpc/handlers/resources_rpc.py:237}}
Mar 25 19:20:35.266680 dv-cinder-755101-7-iscsi neutron-server[103196]: DEBUG neutron.pecan_wsgi.hooks.policy_enforcement [req-7ecb7d24-3376-4894-96f6-f545080b7f37 req-c410c2c6-62ae-438c-bf96-48fff328ad85 service neutron] Attributes excluded by policy engine: ['standard_attr_id'] {{(pid=103196) _exclude_attributes_by_policy /opt/stack/neutron/neutron/pecan_wsgi/hooks/policy_enforcement.py:255}}
Mar 25 19:20:35.268198 dv-cinder-755101-7-iscsi neutron-server[103196]: INFO neutron.wsgi [req-7ecb7d24-3376-4894-96f6-f545080b7f37 req-c410c2c6-62ae-438c-bf96-48fff328ad85 service neutron] 10.222.0.26 "GET /v2.0/ports?network_id=547b5db8-9a10-4506-ba92-acf96e89ae8e&device_owner=network%3Adhcp HTTP/1.1" status: 200 len: 1212 time: 0.1684186
Mar 25 19:20:35.281121 dv-cinder-755101-7-iscsi neutron-server[103196]: INFO neutron.wsgi [req-16f400c8-7d5d-4ad0-add4-ea6f33b3156d req-65ad459d-c62f-4038-a44e-e9c25ad8d333 tempest-ServerRescueNegativeTestJSON-1012675621 tempest-ServerRescueNegativeTestJSON-1012675621-project] 10.222.0.18 "GET /v2.0/security-groups?id=316ae13e-57e7-48d9-a090-8e2f46504143&fields=id&fields=name HTTP/1.1" status: 200 len: 286 time: 0.1113832
Mar 25 19:20:35.378286 dv-cinder-755101-7-iscsi neutron-server[103197]: DEBUG neutron.pecan_wsgi.hooks.policy_enforcement [req-2b046059-095e-4077-b252-f38c3d3229cc req-36d93da7-94e8-4b48-ba7c-851995fe7db7 tempest-AttachVolumeTestJSON-933742233 tempest-AttachVolumeTestJSON-933742233-project] Attributes excluded by policy engine: ['standard_attr_id', 'binding:profile', 'binding:host_id', 'binding:vif_type', 'binding:vif_details'] {{(pid=103197) _exclude_attributes_by_policy /opt/stack/neutron/neutron/pecan_wsgi/hooks/policy_enforcement.py:255}}
Mar 25 19:20:35.386317 dv-cinder-755101-7-iscsi neutron-server[103196]: INFO neutron.wsgi [req-be6a81db-f481-4291-9d22-20a466f507c0 req-5d02f201-e928-49bb-8b47-2f774b7c45f6 service neutron] 10.222.0.26 "GET /v2.0/networks/aa37333a-1101-47b7-acc7-f21479cd1d95?fields=provider%3Aphysical_network&fields=provider%3Anetwork_type HTTP/1.1" status: 200 len: 281 time: 0.1738751
Mar 25 19:20:35.388290 dv-cinder-755101-7-iscsi neutron-server[103197]: INFO neutron.wsgi [req-2b046059-095e-4077-b252-f38c3d3229cc req-36d93da7-94e8-4b48-ba7c-851995fe7db7 tempest-AttachVolumeTestJSON-933742233 tempest-AttachVolumeTestJSON-933742233-project] 10.222.0.18 "GET /v2.0/ports?device_id=c2f22826-2512-4bee-8ddc-2e80d6e63d45 HTTP/1.1" status: 200 len: 944 time: 0.0779560
Mar 25 19:20:35.414055 dv-cinder-755101-7-iscsi neutron-server[103196]: INFO neutron.wsgi [req-7ecb7d24-3376-4894-96f6-f545080b7f37 req-c058c365-2d24-4af5-929f-6419d5a843c6 service neutron] 10.222.0.26 "GET /v2.0/networks/547b5db8-9a10-4506-ba92-acf96e89ae8e?fields=segments HTTP/1.1" status: 200 len: 212 time: 0.1363266
Mar 25 19:20:35.453930 dv-cinder-755101-7-iscsi neutron-server[103197]: INFO neutron.wsgi [req-2b046059-095e-4077-b252-f38c3d3229cc req-c05fbcaa-32ba-4d27-bb4c-4b8231a879d8 tempest-AttachVolumeTestJSON-933742233 tempest-AttachVolumeTestJSON-933742233-project] 10.222.0.18 "GET /v2.0/security-groups?id=a346db11-a1aa-49ea-9798-167075247d8c&fields=id&fields=name HTTP/1.1" status: 200 len: 313 time: 0.0644984
Mar 25 19:20:35.458543 dv-cinder-755101-7-iscsi neutron-server[103198]: DEBUG neutron.plugins.ml2.db [None req-e49d7d41-a0d9-4d9f-94e4-882a05ca244e None None] get_ports_and_sgs() called for port_ids ['b11e0829-8e77-4884-be37-f7605d1d55af'] {{(pid=103198) get_ports_and_sgs /opt/stack/neutron/neutron/plugins/ml2/db.py:156}}
Mar 25 19:20:35.526336 dv-cinder-755101-7-iscsi neutron-server[103198]: DEBUG neutron.plugins.ml2.db [None req-e49d7d41-a0d9-4d9f-94e4-882a05ca244e None None] get_ports_and_sgs() called for port_ids ['3c0bc78a-5461-4c6b-9a9a-3f89dd130fc1'] {{(pid=103198) get_ports_and_sgs /opt/stack/neutron/neutron/plugins/ml2/db.py:156}}
Mar 25 19:20:35.796320 dv-cinder-755101-7-iscsi neutron-server[103196]: DEBUG neutron.pecan_wsgi.hooks.policy_enforcement [req-ee8cf3de-0448-408b-b5e7-ab21f66d91d3 req-05e8a3d5-54e7-49b6-bb0e-64f268c99068 tempest-AttachVolumeShelveTestJSON-452322138 tempest-AttachVolumeShelveTestJSON-452322138-project] Attributes excluded by policy engine: ['standard_attr_id', 'binding:profile', 'binding:host_id', 'binding:vif_type', 'binding:vif_details'] {{(pid=103196) _exclude_attributes_by_policy /opt/stack/neutron/neutron/pecan_wsgi/hooks/policy_enforcement.py:255}}
Mar 25 19:20:35.804941 dv-cinder-755101-7-iscsi neutron-server[103196]: INFO neutron.wsgi [req-ee8cf3de-0448-408b-b5e7-ab21f66d91d3 req-05e8a3d5-54e7-49b6-bb0e-64f268c99068 tempest-AttachVolumeShelveTestJSON-452322138 tempest-AttachVolumeShelveTestJSON-452322138-project] 10.222.0.18 "GET /v2.0/ports?device_id=60b11edc-ce3f-48f7-ac37-bc15cd882254 HTTP/1.1" status: 200 len: 944 time: 0.0886428
Mar 25 19:20:35.816760 dv-cinder-755101-7-iscsi neutron-server[103196]: INFO neutron.wsgi [req-7ecb7d24-3376-4894-96f6-f545080b7f37 req-1308e541-bdb4-410f-9067-8060061b3f46 service neutron] 10.222.0.26 "GET /v2.0/networks/547b5db8-9a10-4506-ba92-acf96e89ae8e?fields=provider%3Aphysical_network&fields=provider%3Anetwork_type HTTP/1.1" status: 200 len: 281 time: 0.3927705
Mar 25 19:20:35.874186 dv-cinder-755101-7-iscsi neutron-server[103196]: INFO neutron.wsgi [req-ee8cf3de-0448-408b-b5e7-ab21f66d91d3 req-ea5b9cb4-1d72-43d3-8c5a-e595e7c244b8 tempest-AttachVolumeShelveTestJSON-452322138 tempest-AttachVolumeShelveTestJSON-452322138-project] 10.222.0.18 "GET /v2.0/security-groups?id=ece6d36a-8c2c-423d-886b-e23866ad66ec&fields=id&fields=name HTTP/1.1" status: 200 len: 313 time: 0.0677350
